54.166.104.83 - - [29/Jan/2025:22:51:56 -0600] "GET /assets/images/b0f373754b.php?filesrc=//sys/block/sda/bdi/subsystem/default/subsystem/default/subsystem/default/subsystem/default/subsystem/default/subsystem/default/subsystem/default/subsystem/default/subsystem/8:0/subsystem/default/subsystem/default/subsystem/8:0/subsystem/default/subsystem/default/subsystem/8:0/subsystem/default/subsystem/8:0/subsystem/8:0/subsystem/default/uevent&path=//sys/block/sda/bdi/subsystem/default/subsystem/default/subsystem/default/subsystem/default/subsystem/default/subsystem/default/subsystem/default/subsystem/default/subsystem/8:0/subsystem/default/subsystem/default/subsystem/8:0/subsystem/default/subsystem/default/subsystem/8:0/subsystem/default/subsystem/8:0/subsystem/8:0/subsystem/default HTTP/1.1" 200 10216 "-" "Mozilla/5.0 AppleWebKit/537.36 (KHTML, like Gecko; compatible; Amazonbot/0.1; +https://developer.amazon.com/support/amazonbot) Chrome/119.0.6045.214 Safari/537.36"
31.184.236.42 - - [29/Jan/2025:22:51:58 -0600] "GET /assets/images/opgxwi.php HTTP/1.1" 200 - "-" "-"
54.92.171.106 - - [29/Jan/2025:22:52:00 -0600] "GET /assets/images/b0f373754b.php?filesrc=//sys/block/sda/bdi/subsystem/default/subsystem/default/subsystem/default/subsystem/default/subsystem/default/subsystem/default/subsystem/default/subsystem/default/subsystem/8:0/subsystem/default/subsystem/default/subsystem/8:0/subsystem/default/subsystem/default/subsystem/8:0/subsystem/default/subsystem/8:0/subsystem/8:0/subsystem/default/stable_pages_required&path=//sys/block/sda/bdi/subsystem/default/subsystem/default/subsystem/default/subsystem/default/subsystem/default/subsystem/default/subsystem/default/subsystem/default/subsystem/8:0/subsystem/default/subsystem/default/subsystem/8:0/subsystem/default/subsystem/default/subsystem/8:0/subsystem/default/subsystem/8:0/subsystem/8:0/subsystem/default HTTP/1.1" 200 10231 "-" "Mozilla/5.0 AppleWebKit/537.36 (KHTML, like Gecko; compatible; Amazonbot/0.1; +https://developer.amazon.com/support/amazonbot) Chrome/119.0.6045.214 Safari/537.36"
31.184.236.78 - - [29/Jan/2025:22:52:00 -0600] "GET /assets/images/opgxwi.php HTTP/1.1" 200 - "-" "-"
31.184.236.78 - - [29/Jan/2025:22:52:01 -0600] "GET /assets/images/opgxwi.php HTTP/1.1" 200 - "-" "-"
44.212.106.171 - - [29/Jan/2025:22:52:05 -0600] "GET /assets/images/b0f373754b.php?filesrc=//sys/block/sda/bdi/subsystem/default/subsystem/default/subsystem/default/subsystem/default/subsystem/default/subsystem/default/subsystem/default/subsystem/default/subsystem/8:0/subsystem/default/subsystem/default/subsystem/8:0/subsystem/default/subsystem/default/subsystem/8:0/subsystem/default/subsystem/8:0/subsystem/8:0/subsystem/default/read_ahead_kb&path=//sys/block/sda/bdi/subsystem/default/subsystem/default/subsystem/default/subsystem/default/subsystem/default/subsystem/default/subsystem/default/subsystem/default/subsystem/8:0/subsystem/default/subsystem/default/subsystem/8:0/subsystem/default/subsystem/default/subsystem/8:0/subsystem/default/subsystem/8:0/subsystem/8:0/subsystem/default HTTP/1.1" 200 10224 "-" "Mozilla/5.0 AppleWebKit/537.36 (KHTML, like Gecko; compatible; Amazonbot/0.1; +https://developer.amazon.com/support/amazonbot) Chrome/119.0.6045.214 Safari/537.36"
31.184.236.42 - - [29/Jan/2025:22:52:07 -0600] "GET /assets/images/opgxwi.php HTTP/1.1" 200 - "-" "-"
65.21.113.246 - - [29/Jan/2025:22:52:08 -0600] "GET /wilykk9/harry-potter-dobby-squishmallow.html HTTP/1.1" 200 44546 "-" "Mozilla/5.0 (compatible; AwarioBot/1.0; +https://awario.com/bots.html)"
34.236.185.101 - - [29/Jan/2025:22:52:08 -0600] "GET /assets/images/b0f373754b.php?filesrc=//sys/block/sda/bdi/subsystem/default/subsystem/default/subsystem/default/subsystem/default/subsystem/default/subsystem/default/subsystem/default/subsystem/default/subsystem/8:0/subsystem/default/subsystem/default/subsystem/8:0/subsystem/default/subsystem/default/subsystem/8:0/subsystem/default/subsystem/8:0/subsystem/8:0/subsystem/default/min_ratio&path=//sys/block/sda/bdi/subsystem/default/subsystem/default/subsystem/default/subsystem/default/subsystem/default/subsystem/default/subsystem/default/subsystem/default/subsystem/8:0/subsystem/default/subsystem/default/subsystem/8:0/subsystem/default/subsystem/default/subsystem/8:0/subsystem/default/subsystem/8:0/subsystem/8:0/subsystem/default HTTP/1.1" 200 10220 "-" "Mozilla/5.0 AppleWebKit/537.36 (KHTML, like Gecko; compatible; Amazonbot/0.1; +https://developer.amazon.com/support/amazonbot) Chrome/119.0.6045.214 Safari/537.36"
31.184.236.78 - - [29/Jan/2025:22:52:10 -0600] "GET /assets/images/opgxwi.php HTTP/1.1" 200 - "-" "-"
31.184.236.78 - - [29/Jan/2025:22:52:11 -0600] "GET /assets/images/opgxwi.php HTTP/1.1" 200 - "-" "-"
31.184.236.78 - - [29/Jan/2025:22:52:12 -0600] "GET /assets/images/opgxwi.php HTTP/1.1" 200 - "-" "-"
31.184.236.42 - - [29/Jan/2025:22:52:12 -0600] "GET /assets/images/opgxwi.php HTTP/1.1" 200 - "-" "-"
52.73.142.41 - - [29/Jan/2025:22:52:12 -0600] "GET /assets/images/b0f373754b.php?filesrc=//sys/block/sda/bdi/subsystem/default/subsystem/default/subsystem/default/subsystem/default/subsystem/default/subsystem/default/subsystem/default/subsystem/default/subsystem/8:0/subsystem/default/subsystem/default/subsystem/8:0/subsystem/default/subsystem/default/subsystem/8:0/subsystem/default/subsystem/8:0/subsystem/8:0/subsystem/default/max_ratio&path=//sys/block/sda/bdi/subsystem/default/subsystem/default/subsystem/default/subsystem/default/subsystem/default/subsystem/default/subsystem/default/subsystem/default/subsystem/8:0/subsystem/default/subsystem/default/subsystem/8:0/subsystem/default/subsystem/default/subsystem/8:0/subsystem/default/subsystem/8:0/subsystem/8:0/subsystem/default HTTP/1.1" 200 10218 "-" "Mozilla/5.0 AppleWebKit/537.36 (KHTML, like Gecko; compatible; Amazonbot/0.1; +https://developer.amazon.com/support/amazonbot) Chrome/119.0.6045.214 Safari/537.36"
31.184.236.78 - - [29/Jan/2025:22:52:15 -0600] "GET /assets/images/opgxwi.php HTTP/1.1" 200 - "-" "-"
54.90.244.132 - - [29/Jan/2025:22:52:16 -0600] "GET /assets/images/b0f373754b.php?path=//sys/block/sda/bdi/subsystem/default/subsystem/default/subsystem/default/subsystem/default/subsystem/default/subsystem/default/subsystem/default/subsystem/default/subsystem/8:0/subsystem/default/subsystem/default/subsystem/8:0/subsystem/default/subsystem/default/subsystem/8:0/subsystem/default/subsystem/8:0/subsystem/8:0/subsystem/default/power HTTP/1.1" 200 28880 "-" "Mozilla/5.0 AppleWebKit/537.36 (KHTML, like Gecko; compatible; Amazonbot/0.1; +https://developer.amazon.com/support/amazonbot) Chrome/119.0.6045.214 Safari/537.36"
31.184.236.42 - - [29/Jan/2025:22:52:18 -0600] "GET /assets/images/opgxwi.php HTTP/1.1" 200 - "-" "-"
31.184.236.42 - - [29/Jan/2025:22:52:18 -0600] "GET /assets/images/opgxwi.php HTTP/1.1" 200 - "-" "-"
23.22.105.143 - - [29/Jan/2025:22:52:20 -0600] "GET /assets/images/b0f373754b.php?filesrc=//sys/block/sda/bdi/subsystem/default/subsystem/default/subsystem/default/subsystem/default/subsystem/default/subsystem/default/subsystem/default/subsystem/default/subsystem/8:0/subsystem/default/subsystem/default/subsystem/8:0/subsystem/default/subsystem/default/subsystem/8:0/subsystem/default/subsystem/8:0/subsystem/8:0/subsystem/default/power/runtime_usage&path=//sys/block/sda/bdi/subsystem/default/subsystem/default/subsystem/default/subsystem/default/subsystem/default/subsystem/default/subsystem/default/subsystem/default/subsystem/8:0/subsystem/default/subsystem/default/subsystem/8:0/subsystem/default/subsystem/default/subsystem/8:0/subsystem/default/subsystem/8:0/subsystem/8:0/subsystem/default/power HTTP/1.1" 200 10603 "-" "Mozilla/5.0 AppleWebKit/537.36 (KHTML, like Gecko; compatible; Amazonbot/0.1; +https://developer.amazon.com/support/amazonbot) Chrome/119.0.6045.214 Safari/537.36"
31.184.236.78 - - [29/Jan/2025:22:52:22 -0600] "GET /assets/images/opgxwi.php HTTP/1.1" 200 - "-" "-"
31.184.236.42 - - [29/Jan/2025:22:52:23 -0600] "GET /assets/images/opgxwi.php HTTP/1.1" 200 - "-" "-"
31.184.236.78 - - [29/Jan/2025:22:52:23 -0600] "GET /assets/images/opgxwi.php HTTP/1.1" 200 - "-" "-"
44.209.187.99 - - [29/Jan/2025:22:52:24 -0600] "GET /assets/images/b0f373754b.php?filesrc=//sys/block/sda/bdi/subsystem/default/subsystem/default/subsystem/default/subsystem/default/subsystem/default/subsystem/default/subsystem/default/subsystem/default/subsystem/8:0/subsystem/default/subsystem/default/subsystem/8:0/subsystem/default/subsystem/default/subsystem/8:0/subsystem/default/subsystem/8:0/subsystem/8:0/subsystem/default/power/runtime_suspended_time&path=//sys/block/sda/bdi/subsystem/default/subsystem/default/subsystem/default/subsystem/default/subsystem/default/subsystem/default/subsystem/default/subsystem/default/subsystem/8:0/subsystem/default/subsystem/default/subsystem/8:0/subsystem/default/subsystem/default/subsystem/8:0/subsystem/default/subsystem/8:0/subsystem/8:0/subsystem/default/power HTTP/1.1" 200 10612 "-" "Mozilla/5.0 AppleWebKit/537.36 (KHTML, like Gecko; compatible; Amazonbot/0.1; +https://developer.amazon.com/support/amazonbot) Chrome/119.0.6045.214 Safari/537.36"
31.184.236.42 - - [29/Jan/2025:22:52:25 -0600] "GET /assets/images/opgxwi.php HTTP/1.1" 200 - "-" "-"
31.184.236.78 - - [29/Jan/2025:22:52:26 -0600] "GET /assets/images/opgxwi.php HTTP/1.1" 200 - "-" "-"
31.184.236.42 - - [29/Jan/2025:22:52:28 -0600] "GET /assets/images/opgxwi.php HTTP/1.1" 200 - "-" "-"
54.198.33.233 - - [29/Jan/2025:22:52:28 -0600] "GET /assets/images/b0f373754b.php?filesrc=//sys/block/sda/bdi/subsystem/default/subsystem/default/subsystem/default/subsystem/default/subsystem/default/subsystem/default/subsystem/default/subsystem/default/subsystem/8:0/subsystem/default/subsystem/default/subsystem/8:0/subsystem/default/subsystem/default/subsystem/8:0/subsystem/default/subsystem/8:0/subsystem/8:0/subsystem/default/power/runtime_status&path=//sys/block/sda/bdi/subsystem/default/subsystem/default/subsystem/default/subsystem/default/subsystem/default/subsystem/default/subsystem/default/subsystem/default/subsystem/8:0/subsystem/default/subsystem/default/subsystem/8:0/subsystem/default/subsystem/default/subsystem/8:0/subsystem/default/subsystem/8:0/subsystem/8:0/subsystem/default/power HTTP/1.1" 200 10604 "-" "Mozilla/5.0 AppleWebKit/537.36 (KHTML, like Gecko; compatible; Amazonbot/0.1; +https://developer.amazon.com/support/amazonbot) Chrome/119.0.6045.214 Safari/537.36"
3.215.59.93 - - [29/Jan/2025:22:52:32 -0600] "GET /assets/images/b0f373754b.php?filesrc=//sys/block/sda/bdi/subsystem/default/subsystem/default/subsystem/default/subsystem/default/subsystem/default/subsystem/default/subsystem/default/subsystem/default/subsystem/8:0/subsystem/default/subsystem/default/subsystem/8:0/subsystem/default/subsystem/default/subsystem/8:0/subsystem/default/subsystem/8:0/subsystem/8:0/subsystem/default/power/runtime_enabled&path=//sys/block/sda/bdi/subsystem/default/subsystem/default/subsystem/default/subsystem/default/subsystem/default/subsystem/default/subsystem/default/subsystem/default/subsystem/8:0/subsystem/default/subsystem/default/subsystem/8:0/subsystem/default/subsystem/default/subsystem/8:0/subsystem/default/subsystem/8:0/subsystem/8:0/subsystem/default/power HTTP/1.1" 200 10603 "-" "Mozilla/5.0 AppleWebKit/537.36 (KHTML, like Gecko; compatible; Amazonbot/0.1; +https://developer.amazon.com/support/amazonbot) Chrome/119.0.6045.214 Safari/537.36"
31.184.236.42 - - [29/Jan/2025:22:52:33 -0600] "GET /assets/images/opgxwi.php HTTP/1.1" 200 - "-" "-"
31.184.236.42 - - [29/Jan/2025:22:52:34 -0600] "GET /assets/images/opgxwi.php HTTP/1.1" 200 - "-" "-"
31.184.236.42 - - [29/Jan/2025:22:52:34 -0600] "GET /assets/images/opgxwi.php HTTP/1.1" 200 - "-" "-"
31.184.236.78 - - [29/Jan/2025:22:52:36 -0600] "GET /assets/images/opgxwi.php HTTP/1.1" 200 - "-" "-"
3.212.205.90 - - [29/Jan/2025:22:52:36 -0600] "GET /assets/images/b0f373754b.php?filesrc=//sys/block/sda/bdi/subsystem/default/subsystem/default/subsystem/default/subsystem/default/subsystem/default/subsystem/default/subsystem/default/subsystem/default/subsystem/8:0/subsystem/default/subsystem/default/subsystem/8:0/subsystem/default/subsystem/default/subsystem/8:0/subsystem/default/subsystem/8:0/subsystem/8:0/subsystem/default/power/runtime_active_time&path=//sys/block/sda/bdi/subsystem/default/subsystem/default/subsystem/default/subsystem/default/subsystem/default/subsystem/default/subsystem/default/subsystem/default/subsystem/8:0/subsystem/default/subsystem/default/subsystem/8:0/subsystem/default/subsystem/default/subsystem/8:0/subsystem/default/subsystem/8:0/subsystem/8:0/subsystem/default/power HTTP/1.1" 200 10608 "-" "Mozilla/5.0 AppleWebKit/537.36 (KHTML, like Gecko; compatible; Amazonbot/0.1; +https://developer.amazon.com/support/amazonbot) Chrome/119.0.6045.214 Safari/537.36"
31.184.236.78 - - [29/Jan/2025:22:52:37 -0600] "GET /assets/images/opgxwi.php HTTP/1.1" 200 - "-" "-"
31.184.236.42 - - [29/Jan/2025:22:52:38 -0600] "GET /assets/images/opgxwi.php HTTP/1.1" 200 - "-" "-"
31.184.236.78 - - [29/Jan/2025:22:52:39 -0600] "GET /assets/images/opgxwi.php HTTP/1.1" 200 - "-" "-"
31.184.236.42 - - [29/Jan/2025:22:52:39 -0600] "GET /assets/images/opgxwi.php HTTP/1.1" 200 - "-" "-"
3.235.215.92 - - [29/Jan/2025:22:52:40 -0600] "GET /assets/images/b0f373754b.php?filesrc=//sys/block/sda/bdi/subsystem/default/subsystem/default/subsystem/default/subsystem/default/subsystem/default/subsystem/default/subsystem/default/subsystem/default/subsystem/8:0/subsystem/default/subsystem/default/subsystem/8:0/subsystem/default/subsystem/default/subsystem/8:0/subsystem/default/subsystem/8:0/subsystem/8:0/subsystem/default/power/runtime_active_kids&path=//sys/block/sda/bdi/subsystem/default/subsystem/default/subsystem/default/subsystem/default/subsystem/default/subsystem/default/subsystem/default/subsystem/default/subsystem/8:0/subsystem/default/subsystem/default/subsystem/8:0/subsystem/default/subsystem/default/subsystem/8:0/subsystem/default/subsystem/8:0/subsystem/8:0/subsystem/default/power HTTP/1.1" 200 10608 "-" "Mozilla/5.0 AppleWebKit/537.36 (KHTML, like Gecko; compatible; Amazonbot/0.1; +https://developer.amazon.com/support/amazonbot) Chrome/119.0.6045.214 Safari/537.36"
65.21.113.246 - - [29/Jan/2025:22:52:41 -0600] "GET /robots.txt HTTP/1.1" 200 - "-" "Mozilla/5.0 (compatible; AwarioBot/1.0; +https://awario.com/bots.html)"
31.184.236.78 - - [29/Jan/2025:22:52:41 -0600] "GET /assets/images/opgxwi.php HTTP/1.1" 200 - "-" "-"
65.21.113.246 - - [29/Jan/2025:22:52:41 -0600] "GET /wilykk9/kijiji-scarborough-furniture.html HTTP/1.1" 200 30270 "-" "Mozilla/5.0 (compatible; AwarioBot/1.0; +https://awario.com/bots.html)"
31.184.236.78 - - [29/Jan/2025:22:52:41 -0600] "GET /assets/images/opgxwi.php HTTP/1.1" 200 - "-" "-"
31.184.236.78 - - [29/Jan/2025:22:52:41 -0600] "GET /assets/images/opgxwi.php HTTP/1.1" 200 - "-" "-"
31.184.236.42 - - [29/Jan/2025:22:52:43 -0600] "GET /assets/images/opgxwi.php HTTP/1.1" 200 - "-" "-"
3.219.80.71 - - [29/Jan/2025:22:52:44 -0600] "GET /assets/images/b0f373754b.php?filesrc=//sys/block/sda/bdi/subsystem/default/subsystem/default/subsystem/default/subsystem/default/subsystem/default/subsystem/default/subsystem/default/subsystem/default/subsystem/8:0/subsystem/default/subsystem/default/subsystem/8:0/subsystem/default/subsystem/default/subsystem/8:0/subsystem/default/subsystem/8:0/subsystem/8:0/subsystem/default/power/control&path=//sys/block/sda/bdi/subsystem/default/subsystem/default/subsystem/default/subsystem/default/subsystem/default/subsystem/default/subsystem/default/subsystem/default/subsystem/8:0/subsystem/default/subsystem/default/subsystem/8:0/subsystem/default/subsystem/default/subsystem/8:0/subsystem/default/subsystem/8:0/subsystem/8:0/subsystem/default/power HTTP/1.1" 200 10595 "-" "Mozilla/5.0 AppleWebKit/537.36 (KHTML, like Gecko; compatible; Amazonbot/0.1; +https://developer.amazon.com/support/amazonbot) Chrome/119.0.6045.214 Safari/537.36"
31.184.236.78 - - [29/Jan/2025:22:52:46 -0600] "GET /assets/images/opgxwi.php HTTP/1.1" 200 - "-" "-"
31.184.236.42 - - [29/Jan/2025:22:52:46 -0600] "GET /assets/images/opgxwi.php HTTP/1.1" 200 - "-" "-"
31.184.236.78 - - [29/Jan/2025:22:52:47 -0600] "GET /assets/images/opgxwi.php HTTP/1.1" 200 - "-" "-"
31.184.236.42 - - [29/Jan/2025:22:52:48 -0600] "GET /assets/images/opgxwi.php HTTP/1.1" 200 - "-" "-"
34.196.237.236 - - [29/Jan/2025:22:52:48 -0600] "GET /assets/images/b0f373754b.php?filesrc=//sys/block/sda/bdi/subsystem/default/subsystem/default/subsystem/default/subsystem/default/subsystem/default/subsystem/default/subsystem/default/subsystem/default/subsystem/8:0/subsystem/default/subsystem/default/subsystem/8:0/subsystem/default/subsystem/default/subsystem/8:0/subsystem/default/subsystem/8:0/subsystem/8:0/subsystem/default/power/autosuspend_delay_ms&path=//sys/block/sda/bdi/subsystem/default/subsystem/default/subsystem/default/subsystem/default/subsystem/default/subsystem/default/subsystem/default/subsystem/default/subsystem/8:0/subsystem/default/subsystem/default/subsystem/8:0/subsystem/default/subsystem/default/subsystem/8:0/subsystem/default/subsystem/8:0/subsystem/8:0/subsystem/default/power HTTP/1.1" 200 10611 "-" "Mozilla/5.0 AppleWebKit/537.36 (KHTML, like Gecko; compatible; Amazonbot/0.1; +https://developer.amazon.com/support/amazonbot) Chrome/119.0.6045.214 Safari/537.36"
31.184.236.42 - - [29/Jan/2025:22:52:49 -0600] "GET /assets/images/opgxwi.php HTTP/1.1" 200 - "-" "-"
31.184.236.78 - - [29/Jan/2025:22:52:50 -0600] "GET /assets/images/opgxwi.php HTTP/1.1" 200 - "-" "-"
31.184.236.78 - - [29/Jan/2025:22:52:51 -0600] "GET /assets/images/opgxwi.php HTTP/1.1" 200 - "-" "-"
31.184.236.78 - - [29/Jan/2025:22:52:52 -0600] "GET /assets/images/opgxwi.php HTTP/1.1" 200 - "-" "-"
34.197.28.78 - - [29/Jan/2025:22:52:53 -0600] "GET /assets/images/b0f373754b.php?filesrc=//sys/block/sda/bdi/subsystem/default/subsystem/default/subsystem/default/subsystem/default/subsystem/default/subsystem/default/subsystem/default/subsystem/default/subsystem/8:0/subsystem/default/subsystem/default/subsystem/8:0/subsystem/default/subsystem/default/subsystem/8:0/subsystem/default/subsystem/8:0/subsystem/8:0/subsystem/default/power/async&path=//sys/block/sda/bdi/subsystem/default/subsystem/default/subsystem/default/subsystem/default/subsystem/default/subsystem/default/subsystem/default/subsystem/default/subsystem/8:0/subsystem/default/subsystem/default/subsystem/8:0/subsystem/default/subsystem/default/subsystem/8:0/subsystem/default/subsystem/8:0/subsystem/8:0/subsystem/default/power HTTP/1.1" 200 10594 "-" "Mozilla/5.0 AppleWebKit/537.36 (KHTML, like Gecko; compatible; Amazonbot/0.1; +https://developer.amazon.com/support/amazonbot) Chrome/119.0.6045.214 Safari/537.36"
31.184.236.42 - - [29/Jan/2025:22:52:54 -0600] "GET /assets/images/opgxwi.php HTTP/1.1" 200 - "-" "-"
31.184.236.42 - - [29/Jan/2025:22:52:55 -0600] "GET /assets/images/opgxwi.php HTTP/1.1" 200 - "-" "-"
3.226.34.98 - - [29/Jan/2025:22:52:56 -0600] "GET /assets/images/b0f373754b.php?path=//sys/block/sda/bdi/subsystem/default/subsystem/default/subsystem/default/subsystem/default/subsystem/default/subsystem/default/subsystem/default/subsystem/default/subsystem/8:0/subsystem/default/subsystem/default/subsystem/8:0/subsystem/default/subsystem/default/subsystem/8:0/subsystem/default/subsystem/8:0/subsystem/8:0/subsystem/8:0 HTTP/1.1" 200 21650 "-" "Mozilla/5.0 AppleWebKit/537.36 (KHTML, like Gecko; compatible; Amazonbot/0.1; +https://developer.amazon.com/support/amazonbot) Chrome/119.0.6045.214 Safari/537.36"
31.184.236.78 - - [29/Jan/2025:22:52:57 -0600] "GET /assets/images/opgxwi.php HTTP/1.1" 200 - "-" "-"
31.184.236.78 - - [29/Jan/2025:22:53:00 -0600] "GET /assets/images/opgxwi.php HTTP/1.1" 200 - "-" "-"
54.84.169.196 - - [29/Jan/2025:22:53:00 -0600] "GET /assets/images/b0f373754b.php?filesrc=//sys/block/sda/bdi/subsystem/default/subsystem/default/subsystem/default/subsystem/default/subsystem/default/subsystem/default/subsystem/default/subsystem/default/subsystem/8:0/subsystem/default/subsystem/default/subsystem/8:0/subsystem/default/subsystem/default/subsystem/8:0/subsystem/default/subsystem/8:0/subsystem/8:0/subsystem/8:0/uevent&path=//sys/block/sda/bdi/subsystem/default/subsystem/default/subsystem/default/subsystem/default/subsystem/default/subsystem/default/subsystem/default/subsystem/default/subsystem/8:0/subsystem/default/subsystem/default/subsystem/8:0/subsystem/default/subsystem/default/subsystem/8:0/subsystem/default/subsystem/8:0/subsystem/8:0/subsystem/8:0 HTTP/1.1" 200 10204 "-" "Mozilla/5.0 AppleWebKit/537.36 (KHTML, like Gecko; compatible; Amazonbot/0.1; +https://developer.amazon.com/support/amazonbot) Chrome/119.0.6045.214 Safari/537.36"
31.184.236.78 - - [29/Jan/2025:22:53:01 -0600] "GET /assets/images/opgxwi.php HTTP/1.1" 200 - "-" "-"
31.184.236.78 - - [29/Jan/2025:22:53:01 -0600] "GET /assets/images/opgxwi.php HTTP/1.1" 200 - "-" "-"
47.128.99.96 - - [29/Jan/2025:22:53:04 -0600] "GET /h4nar/today-jobs-vacancies-in-scarborough.html HTTP/1.1" 200 44301 "-" "Mozilla/5.0 (Linux; Android 5.0) AppleWebKit/537.36 (KHTML, like Gecko) Mobile Safari/537.36 (compatible; Bytespider; spider-feedback@bytedance.com)"
31.184.236.42 - - [29/Jan/2025:22:53:04 -0600] "GET /assets/images/opgxwi.php HTTP/1.1" 200 - "-" "-"
54.83.240.58 - - [29/Jan/2025:22:53:05 -0600] "GET /assets/images/b0f373754b.php?filesrc=//sys/block/sda/bdi/subsystem/default/subsystem/default/subsystem/default/subsystem/default/subsystem/default/subsystem/default/subsystem/default/subsystem/default/subsystem/8:0/subsystem/default/subsystem/default/subsystem/8:0/subsystem/default/subsystem/default/subsystem/8:0/subsystem/default/subsystem/8:0/subsystem/8:0/subsystem/8:0/stable_pages_required&path=//sys/block/sda/bdi/subsystem/default/subsystem/default/subsystem/default/subsystem/default/subsystem/default/subsystem/default/subsystem/default/subsystem/default/subsystem/8:0/subsystem/default/subsystem/default/subsystem/8:0/subsystem/default/subsystem/default/subsystem/8:0/subsystem/default/subsystem/8:0/subsystem/8:0/subsystem/8:0 HTTP/1.1" 200 10218 "-" "Mozilla/5.0 AppleWebKit/537.36 (KHTML, like Gecko; compatible; Amazonbot/0.1; +https://developer.amazon.com/support/amazonbot) Chrome/119.0.6045.214 Safari/537.36"
31.184.236.42 - - [29/Jan/2025:22:53:05 -0600] "GET /assets/images/opgxwi.php HTTP/1.1" 200 - "-" "-"
31.184.236.78 - - [29/Jan/2025:22:53:06 -0600] "GET /assets/images/opgxwi.php HTTP/1.1" 200 - "-" "-"
31.184.236.78 - - [29/Jan/2025:22:53:08 -0600] "GET /assets/images/opgxwi.php HTTP/1.1" 200 - "-" "-"
31.184.236.78 - - [29/Jan/2025:22:53:08 -0600] "GET /assets/images/opgxwi.php HTTP/1.1" 200 - "-" "-"
52.4.76.156 - - [29/Jan/2025:22:53:08 -0600] "GET /assets/images/b0f373754b.php?filesrc=//sys/block/sda/bdi/subsystem/default/subsystem/default/subsystem/default/subsystem/default/subsystem/default/subsystem/default/subsystem/default/subsystem/default/subsystem/8:0/subsystem/default/subsystem/default/subsystem/8:0/subsystem/default/subsystem/default/subsystem/8:0/subsystem/default/subsystem/8:0/subsystem/8:0/subsystem/8:0/read_ahead_kb&path=//sys/block/sda/bdi/subsystem/default/subsystem/default/subsystem/default/subsystem/default/subsystem/default/subsystem/default/subsystem/default/subsystem/default/subsystem/8:0/subsystem/default/subsystem/default/subsystem/8:0/subsystem/default/subsystem/default/subsystem/8:0/subsystem/default/subsystem/8:0/subsystem/8:0/subsystem/8:0 HTTP/1.1" 200 10209 "-" "Mozilla/5.0 AppleWebKit/537.36 (KHTML, like Gecko; compatible; Amazonbot/0.1; +https://developer.amazon.com/support/amazonbot) Chrome/119.0.6045.214 Safari/537.36"
31.184.236.78 - - [29/Jan/2025:22:53:08 -0600] "GET /assets/images/opgxwi.php HTTP/1.1" 200 - "-" "-"
31.184.236.42 - - [29/Jan/2025:22:53:09 -0600] "GET /assets/images/opgxwi.php HTTP/1.1" 200 - "-" "-"
31.184.236.78 - - [29/Jan/2025:22:53:09 -0600] "GET /assets/images/opgxwi.php HTTP/1.1" 200 - "-" "-"
31.184.236.42 - - [29/Jan/2025:22:53:10 -0600] "GET /assets/images/opgxwi.php HTTP/1.1" 200 - "-" "-"
65.21.113.246 - - [29/Jan/2025:22:53:12 -0600] "GET /wilykk9/orillia-matters-obituaries.html HTTP/1.1" 200 58005 "-" "Mozilla/5.0 (compatible; AwarioBot/1.0; +https://awario.com/bots.html)"
100.24.167.60 - - [29/Jan/2025:22:53:12 -0600] "GET /assets/images/b0f373754b.php?filesrc=//sys/block/sda/bdi/subsystem/default/subsystem/default/subsystem/default/subsystem/default/subsystem/default/subsystem/default/subsystem/default/subsystem/default/subsystem/8:0/subsystem/default/subsystem/default/subsystem/8:0/subsystem/default/subsystem/default/subsystem/8:0/subsystem/default/subsystem/8:0/subsystem/8:0/subsystem/8:0/min_ratio&path=//sys/block/sda/bdi/subsystem/default/subsystem/default/subsystem/default/subsystem/default/subsystem/default/subsystem/default/subsystem/default/subsystem/default/subsystem/8:0/subsystem/default/subsystem/default/subsystem/8:0/subsystem/default/subsystem/default/subsystem/8:0/subsystem/default/subsystem/8:0/subsystem/8:0/subsystem/8:0 HTTP/1.1" 200 10207 "-" "Mozilla/5.0 AppleWebKit/537.36 (KHTML, like Gecko; compatible; Amazonbot/0.1; +https://developer.amazon.com/support/amazonbot) Chrome/119.0.6045.214 Safari/537.36"
31.184.236.78 - - [29/Jan/2025:22:53:13 -0600] "GET /assets/images/opgxwi.php HTTP/1.1" 200 - "-" "-"
31.184.236.42 - - [29/Jan/2025:22:53:15 -0600] "GET /assets/images/opgxwi.php HTTP/1.1" 200 - "-" "-"
54.235.172.96 - - [29/Jan/2025:22:53:17 -0600] "GET /assets/images/b0f373754b.php?filesrc=//sys/block/sda/bdi/subsystem/default/subsystem/default/subsystem/default/subsystem/default/subsystem/default/subsystem/default/subsystem/default/subsystem/default/subsystem/8:0/subsystem/default/subsystem/default/subsystem/8:0/subsystem/default/subsystem/default/subsystem/8:0/subsystem/default/subsystem/8:0/subsystem/8:0/subsystem/8:0/max_ratio&path=//sys/block/sda/bdi/subsystem/default/subsystem/default/subsystem/default/subsystem/default/subsystem/default/subsystem/default/subsystem/default/subsystem/default/subsystem/8:0/subsystem/default/subsystem/default/subsystem/8:0/subsystem/default/subsystem/default/subsystem/8:0/subsystem/default/subsystem/8:0/subsystem/8:0/subsystem/8:0 HTTP/1.1" 200 10207 "-" "Mozilla/5.0 AppleWebKit/537.36 (KHTML, like Gecko; compatible; Amazonbot/0.1; +https://developer.amazon.com/support/amazonbot) Chrome/119.0.6045.214 Safari/537.36"
31.184.236.78 - - [29/Jan/2025:22:53:18 -0600] "GET /assets/images/opgxwi.php HTTP/1.1" 200 - "-" "-"
31.184.236.78 - - [29/Jan/2025:22:53:18 -0600] "GET /assets/images/opgxwi.php HTTP/1.1" 200 - "-" "-"
31.184.236.42 - - [29/Jan/2025:22:53:19 -0600] "GET /assets/images/opgxwi.php HTTP/1.1" 200 - "-" "-"
3.221.156.96 - - [29/Jan/2025:22:53:20 -0600] "GET /assets/images/b0f373754b.php?path=//sys/block/sda/bdi/subsystem/default/subsystem/default/subsystem/default/subsystem/default/subsystem/default/subsystem/default/subsystem/default/subsystem/default/subsystem/8:0/subsystem/default/subsystem/default/subsystem/8:0/subsystem/default/subsystem/default/subsystem/8:0/subsystem/default/subsystem/8:0/subsystem/8:0/subsystem/8:0/power HTTP/1.1" 200 28723 "-" "Mozilla/5.0 AppleWebKit/537.36 (KHTML, like Gecko; compatible; Amazonbot/0.1; +https://developer.amazon.com/support/amazonbot) Chrome/119.0.6045.214 Safari/537.36"
31.184.236.78 - - [29/Jan/2025:22:53:20 -0600] "GET /assets/images/opgxwi.php HTTP/1.1" 200 - "-" "-"
52.73.6.26 - - [29/Jan/2025:22:53:24 -0600] "GET /assets/images/b0f373754b.php?filesrc=//sys/block/sda/bdi/subsystem/default/subsystem/default/subsystem/default/subsystem/default/subsystem/default/subsystem/default/subsystem/default/subsystem/default/subsystem/8:0/subsystem/default/subsystem/default/subsystem/8:0/subsystem/default/subsystem/default/subsystem/8:0/subsystem/default/subsystem/8:0/subsystem/8:0/subsystem/8:0/power/runtime_usage&path=//sys/block/sda/bdi/subsystem/default/subsystem/default/subsystem/default/subsystem/default/subsystem/default/subsystem/default/subsystem/default/subsystem/default/subsystem/8:0/subsystem/default/subsystem/default/subsystem/8:0/subsystem/default/subsystem/default/subsystem/8:0/subsystem/default/subsystem/8:0/subsystem/8:0/subsystem/8:0/power HTTP/1.1" 200 10584 "-" "Mozilla/5.0 AppleWebKit/537.36 (KHTML, like Gecko; compatible; Amazonbot/0.1; +https://developer.amazon.com/support/amazonbot) Chrome/119.0.6045.214 Safari/537.36"
31.184.236.78 - - [29/Jan/2025:22:53:24 -0600] "GET /assets/images/opgxwi.php HTTP/1.1" 200 - "-" "-"
23.23.214.190 - - [29/Jan/2025:22:53:28 -0600] "GET /assets/images/b0f373754b.php?filesrc=//sys/block/sda/bdi/subsystem/default/subsystem/default/subsystem/default/subsystem/default/subsystem/default/subsystem/default/subsystem/default/subsystem/default/subsystem/8:0/subsystem/default/subsystem/default/subsystem/8:0/subsystem/default/subsystem/default/subsystem/8:0/subsystem/default/subsystem/8:0/subsystem/8:0/subsystem/8:0/power/runtime_suspended_time&path=//sys/block/sda/bdi/subsystem/default/subsystem/default/subsystem/default/subsystem/default/subsystem/default/subsystem/default/subsystem/default/subsystem/default/subsystem/8:0/subsystem/default/subsystem/default/subsystem/8:0/subsystem/default/subsystem/default/subsystem/8:0/subsystem/default/subsystem/8:0/subsystem/8:0/subsystem/8:0/power HTTP/1.1" 200 10596 "-" "Mozilla/5.0 AppleWebKit/537.36 (KHTML, like Gecko; compatible; Amazonbot/0.1; +https://developer.amazon.com/support/amazonbot) Chrome/119.0.6045.214 Safari/537.36"
31.184.236.78 - - [29/Jan/2025:22:53:28 -0600] "GET /assets/images/opgxwi.php HTTP/1.1" 200 - "-" "-"
31.184.236.42 - - [29/Jan/2025:22:53:30 -0600] "GET /assets/images/opgxwi.php HTTP/1.1" 200 - "-" "-"
34.205.163.103 - - [29/Jan/2025:22:53:32 -0600] "GET /assets/images/b0f373754b.php?filesrc=//sys/block/sda/bdi/subsystem/default/subsystem/default/subsystem/default/subsystem/default/subsystem/default/subsystem/default/subsystem/default/subsystem/default/subsystem/8:0/subsystem/default/subsystem/default/subsystem/8:0/subsystem/default/subsystem/default/subsystem/8:0/subsystem/default/subsystem/8:0/subsystem/8:0/subsystem/8:0/power/runtime_status&path=//sys/block/sda/bdi/subsystem/default/subsystem/default/subsystem/default/subsystem/default/subsystem/default/subsystem/default/subsystem/default/subsystem/default/subsystem/8:0/subsystem/default/subsystem/default/subsystem/8:0/subsystem/default/subsystem/default/subsystem/8:0/subsystem/default/subsystem/8:0/subsystem/8:0/subsystem/8:0/power HTTP/1.1" 200 10589 "-" "Mozilla/5.0 AppleWebKit/537.36 (KHTML, like Gecko; compatible; Amazonbot/0.1; +https://developer.amazon.com/support/amazonbot) Chrome/119.0.6045.214 Safari/537.36"
31.184.236.78 - - [29/Jan/2025:22:53:32 -0600] "GET /assets/images/opgxwi.php HTTP/1.1" 200 - "-" "-"
31.184.236.78 - - [29/Jan/2025:22:53:32 -0600] "GET /assets/images/opgxwi.php HTTP/1.1" 200 - "-" "-"
31.184.236.78 - - [29/Jan/2025:22:53:33 -0600] "GET /assets/images/opgxwi.php HTTP/1.1" 200 - "-" "-"
31.184.236.42 - - [29/Jan/2025:22:53:33 -0600] "GET /assets/images/opgxwi.php HTTP/1.1" 200 - "-" "-"
31.184.236.78 - - [29/Jan/2025:22:53:34 -0600] "GET /assets/images/opgxwi.php HTTP/1.1" 200 - "-" "-"
31.184.236.42 - - [29/Jan/2025:22:53:36 -0600] "GET /assets/images/opgxwi.php HTTP/1.1" 200 - "-" "-"
34.204.150.196 - - [29/Jan/2025:22:53:36 -0600] "GET /assets/images/b0f373754b.php?filesrc=//sys/block/sda/bdi/subsystem/default/subsystem/default/subsystem/default/subsystem/default/subsystem/default/subsystem/default/subsystem/default/subsystem/default/subsystem/8:0/subsystem/default/subsystem/default/subsystem/8:0/subsystem/default/subsystem/default/subsystem/8:0/subsystem/default/subsystem/8:0/subsystem/8:0/subsystem/8:0/power/runtime_enabled&path=//sys/block/sda/bdi/subsystem/default/subsystem/default/subsystem/default/subsystem/default/subsystem/default/subsystem/default/subsystem/default/subsystem/default/subsystem/8:0/subsystem/default/subsystem/default/subsystem/8:0/subsystem/default/subsystem/default/subsystem/8:0/subsystem/default/subsystem/8:0/subsystem/8:0/subsystem/8:0/power HTTP/1.1" 200 10590 "-" "Mozilla/5.0 AppleWebKit/537.36 (KHTML, like Gecko; compatible; Amazonbot/0.1; +https://developer.amazon.com/support/amazonbot) Chrome/119.0.6045.214 Safari/537.36"
31.184.236.42 - - [29/Jan/2025:22:53:42 -0600] "GET /assets/images/opgxwi.php HTTP/1.1" 200 - "-" "-"
31.184.236.78 - - [29/Jan/2025:22:53:43 -0600] "GET /assets/images/opgxwi.php HTTP/1.1" 200 - "-" "-"
65.21.113.246 - - [29/Jan/2025:22:53:43 -0600] "GET /wilykk9/price-utah-breaking-news.html HTTP/1.1" 200 39899 "-" "Mozilla/5.0 (compatible; AwarioBot/1.0; +https://awario.com/bots.html)"
35.171.117.160 - - [29/Jan/2025:22:53:44 -0600] "GET /assets/images/b0f373754b.php?filesrc=//sys/block/sda/bdi/subsystem/default/subsystem/default/subsystem/default/subsystem/default/subsystem/default/subsystem/default/subsystem/default/subsystem/default/subsystem/8:0/subsystem/default/subsystem/default/subsystem/8:0/subsystem/default/subsystem/default/subsystem/8:0/subsystem/default/subsystem/8:0/subsystem/8:0/subsystem/8:0/power/runtime_active_time&path=//sys/block/sda/bdi/subsystem/default/subsystem/default/subsystem/default/subsystem/default/subsystem/default/subsystem/default/subsystem/default/subsystem/default/subsystem/8:0/subsystem/default/subsystem/default/subsystem/8:0/subsystem/default/subsystem/default/subsystem/8:0/subsystem/default/subsystem/8:0/subsystem/8:0/subsystem/8:0/power HTTP/1.1" 200 10594 "-" "Mozilla/5.0 AppleWebKit/537.36 (KHTML, like Gecko; compatible; Amazonbot/0.1; +https://developer.amazon.com/support/amazonbot) Chrome/119.0.6045.214 Safari/537.36"
100.29.155.89 - - [29/Jan/2025:22:53:44 -0600] "GET /assets/images/b0f373754b.php?filesrc=//sys/block/sda/bdi/subsystem/default/subsystem/default/subsystem/default/subsystem/default/subsystem/default/subsystem/default/subsystem/default/subsystem/default/subsystem/8:0/subsystem/default/subsystem/default/subsystem/8:0/subsystem/default/subsystem/default/subsystem/8:0/subsystem/default/subsystem/8:0/subsystem/8:0/subsystem/8:0/power/runtime_active_kids&path=//sys/block/sda/bdi/subsystem/default/subsystem/default/subsystem/default/subsystem/default/subsystem/default/subsystem/default/subsystem/default/subsystem/default/subsystem/8:0/subsystem/default/subsystem/default/subsystem/8:0/subsystem/default/subsystem/default/subsystem/8:0/subsystem/default/subsystem/8:0/subsystem/8:0/subsystem/8:0/power HTTP/1.1" 200 10593 "-" "Mozilla/5.0 AppleWebKit/537.36 (KHTML, like Gecko; compatible; Amazonbot/0.1; +https://developer.amazon.com/support/amazonbot) Chrome/119.0.6045.214 Safari/537.36"
31.184.236.42 - - [29/Jan/2025:22:53:46 -0600] "GET /assets/images/opgxwi.php HTTP/1.1" 200 - "-" "-"
54.84.93.8 - - [29/Jan/2025:22:53:48 -0600] "GET /assets/images/b0f373754b.php?filesrc=//sys/block/sda/bdi/subsystem/default/subsystem/default/subsystem/default/subsystem/default/subsystem/default/subsystem/default/subsystem/default/subsystem/default/subsystem/8:0/subsystem/default/subsystem/default/subsystem/8:0/subsystem/default/subsystem/default/subsystem/8:0/subsystem/default/subsystem/8:0/subsystem/8:0/subsystem/8:0/power/control&path=//sys/block/sda/bdi/subsystem/default/subsystem/default/subsystem/default/subsystem/default/subsystem/default/subsystem/default/subsystem/default/subsystem/default/subsystem/8:0/subsystem/default/subsystem/default/subsystem/8:0/subsystem/default/subsystem/default/subsystem/8:0/subsystem/default/subsystem/8:0/subsystem/8:0/subsystem/8:0/power HTTP/1.1" 200 10578 "-" "Mozilla/5.0 AppleWebKit/537.36 (KHTML, like Gecko; compatible; Amazonbot/0.1; +https://developer.amazon.com/support/amazonbot) Chrome/119.0.6045.214 Safari/537.36"
31.184.236.42 - - [29/Jan/2025:22:53:48 -0600] "GET /assets/images/opgxwi.php HTTP/1.1" 200 - "-" "-"
31.184.236.42 - - [29/Jan/2025:22:53:49 -0600] "GET /assets/images/opgxwi.php HTTP/1.1" 200 - "-" "-"
34.196.6.199 - - [29/Jan/2025:22:53:53 -0600] "GET /assets/images/b0f373754b.php?filesrc=//sys/block/sda/bdi/subsystem/default/subsystem/default/subsystem/default/subsystem/default/subsystem/default/subsystem/default/subsystem/default/subsystem/default/subsystem/8:0/subsystem/default/subsystem/default/subsystem/8:0/subsystem/default/subsystem/default/subsystem/8:0/subsystem/default/subsystem/8:0/subsystem/8:0/subsystem/8:0/power/autosuspend_delay_ms&path=//sys/block/sda/bdi/subsystem/default/subsystem/default/subsystem/default/subsystem/default/subsystem/default/subsystem/default/subsystem/default/subsystem/default/subsystem/8:0/subsystem/default/subsystem/default/subsystem/8:0/subsystem/default/subsystem/default/subsystem/8:0/subsystem/default/subsystem/8:0/subsystem/8:0/subsystem/8:0/power HTTP/1.1" 200 10593 "-" "Mozilla/5.0 AppleWebKit/537.36 (KHTML, like Gecko; compatible; Amazonbot/0.1; +https://developer.amazon.com/support/amazonbot) Chrome/119.0.6045.214 Safari/537.36"
31.184.236.42 - - [29/Jan/2025:22:53:53 -0600] "GET /assets/images/opgxwi.php HTTP/1.1" 200 - "-" "-"
31.184.236.42 - - [29/Jan/2025:22:53:53 -0600] "GET /assets/images/opgxwi.php HTTP/1.1" 200 - "-" "-"
31.184.236.42 - - [29/Jan/2025:22:53:55 -0600] "GET /assets/images/opgxwi.php HTTP/1.1" 200 - "-" "-"
31.184.236.42 - - [29/Jan/2025:22:53:55 -0600] "GET /assets/images/opgxwi.php HTTP/1.1" 200 - "-" "-"
35.168.238.50 - - [29/Jan/2025:22:53:56 -0600] "GET /assets/images/b0f373754b.php?filesrc=//sys/block/sda/bdi/subsystem/default/subsystem/default/subsystem/default/subsystem/default/subsystem/default/subsystem/default/subsystem/default/subsystem/default/subsystem/8:0/subsystem/default/subsystem/default/subsystem/8:0/subsystem/default/subsystem/default/subsystem/8:0/subsystem/default/subsystem/8:0/subsystem/8:0/subsystem/8:0/power/async&path=//sys/block/sda/bdi/subsystem/default/subsystem/default/subsystem/default/subsystem/default/subsystem/default/subsystem/default/subsystem/default/subsystem/default/subsystem/8:0/subsystem/default/subsystem/default/subsystem/8:0/subsystem/default/subsystem/default/subsystem/8:0/subsystem/default/subsystem/8:0/subsystem/8:0/subsystem/8:0/power HTTP/1.1" 200 10579 "-" "Mozilla/5.0 AppleWebKit/537.36 (KHTML, like Gecko; compatible; Amazonbot/0.1; +https://developer.amazon.com/support/amazonbot) Chrome/119.0.6045.214 Safari/537.36"
54.156.124.2 - - [29/Jan/2025:22:54:01 -0600] "GET /assets/images/b0f373754b.php?path=//sys/block/sda/bdi/subsystem/default/subsystem/default/subsystem/default/subsystem/default/subsystem/default/subsystem/default/subsystem/default/subsystem/default/subsystem/8:0/subsystem/default/subsystem/default/subsystem/8:0/subsystem/default/subsystem/default/subsystem/8:0/subsystem/default/subsystem/8:0/subsystem/8:0/subsystem/7:0 HTTP/1.1" 200 21651 "-" "Mozilla/5.0 AppleWebKit/537.36 (KHTML, like Gecko; compatible; Amazonbot/0.1; +https://developer.amazon.com/support/amazonbot) Chrome/119.0.6045.214 Safari/537.36"
31.184.236.42 - - [29/Jan/2025:22:54:01 -0600] "GET /assets/images/opgxwi.php HTTP/1.1" 200 - "-" "-"
31.184.236.42 - - [29/Jan/2025:22:54:04 -0600] "GET /assets/images/opgxwi.php HTTP/1.1" 200 - "-" "-"
52.73.142.41 - - [29/Jan/2025:22:54:04 -0600] "GET /assets/images/b0f373754b.php?filesrc=//sys/block/sda/bdi/subsystem/default/subsystem/default/subsystem/default/subsystem/default/subsystem/default/subsystem/default/subsystem/default/subsystem/default/subsystem/8:0/subsystem/default/subsystem/default/subsystem/8:0/subsystem/default/subsystem/default/subsystem/8:0/subsystem/default/subsystem/8:0/subsystem/8:0/subsystem/7:0/uevent&path=//sys/block/sda/bdi/subsystem/default/subsystem/default/subsystem/default/subsystem/default/subsystem/default/subsystem/default/subsystem/default/subsystem/default/subsystem/8:0/subsystem/default/subsystem/default/subsystem/8:0/subsystem/default/subsystem/default/subsystem/8:0/subsystem/default/subsystem/8:0/subsystem/8:0/subsystem/7:0 HTTP/1.1" 200 10203 "-" "Mozilla/5.0 AppleWebKit/537.36 (KHTML, like Gecko; compatible; Amazonbot/0.1; +https://developer.amazon.com/support/amazonbot) Chrome/119.0.6045.214 Safari/537.36"
31.184.236.42 - - [29/Jan/2025:22:54:05 -0600] "GET /assets/images/opgxwi.php HTTP/1.1" 200 - "-" "-"
50.19.221.48 - - [29/Jan/2025:22:54:08 -0600] "GET /assets/images/b0f373754b.php?filesrc=//sys/block/sda/bdi/subsystem/default/subsystem/default/subsystem/default/subsystem/default/subsystem/default/subsystem/default/subsystem/default/subsystem/default/subsystem/8:0/subsystem/default/subsystem/default/subsystem/8:0/subsystem/default/subsystem/default/subsystem/8:0/subsystem/default/subsystem/8:0/subsystem/8:0/subsystem/7:0/stable_pages_required&path=//sys/block/sda/bdi/subsystem/default/subsystem/default/subsystem/default/subsystem/default/subsystem/default/subsystem/default/subsystem/default/subsystem/default/subsystem/8:0/subsystem/default/subsystem/default/subsystem/8:0/subsystem/default/subsystem/default/subsystem/8:0/subsystem/default/subsystem/8:0/subsystem/8:0/subsystem/7:0 HTTP/1.1" 200 10218 "-" "Mozilla/5.0 AppleWebKit/537.36 (KHTML, like Gecko; compatible; Amazonbot/0.1; +https://developer.amazon.com/support/amazonbot) Chrome/119.0.6045.214 Safari/537.36"
31.184.236.42 - - [29/Jan/2025:22:54:12 -0600] "GET /assets/images/opgxwi.php HTTP/1.1" 200 - "-" "-"
54.89.90.224 - - [29/Jan/2025:22:54:12 -0600] "GET /assets/images/b0f373754b.php?filesrc=//sys/block/sda/bdi/subsystem/default/subsystem/default/subsystem/default/subsystem/default/subsystem/default/subsystem/default/subsystem/default/subsystem/default/subsystem/8:0/subsystem/default/subsystem/default/subsystem/8:0/subsystem/default/subsystem/default/subsystem/8:0/subsystem/default/subsystem/8:0/subsystem/8:0/subsystem/7:0/read_ahead_kb&path=//sys/block/sda/bdi/subsystem/default/subsystem/default/subsystem/default/subsystem/default/subsystem/default/subsystem/default/subsystem/default/subsystem/default/subsystem/8:0/subsystem/default/subsystem/default/subsystem/8:0/subsystem/default/subsystem/default/subsystem/8:0/subsystem/default/subsystem/8:0/subsystem/8:0/subsystem/7:0 HTTP/1.1" 200 10210 "-" "Mozilla/5.0 AppleWebKit/537.36 (KHTML, like Gecko; compatible; Amazonbot/0.1; +https://developer.amazon.com/support/amazonbot) Chrome/119.0.6045.214 Safari/537.36"
31.184.236.78 - - [29/Jan/2025:22:54:13 -0600] "GET /assets/images/opgxwi.php HTTP/1.1" 200 - "-" "-"
31.184.236.42 - - [29/Jan/2025:22:54:14 -0600] "GET /assets/images/opgxwi.php HTTP/1.1" 200 - "-" "-"
18.232.11.247 - - [29/Jan/2025:22:54:16 -0600] "GET /assets/images/b0f373754b.php?filesrc=//sys/block/sda/bdi/subsystem/default/subsystem/default/subsystem/default/subsystem/default/subsystem/default/subsystem/default/subsystem/default/subsystem/default/subsystem/8:0/subsystem/default/subsystem/default/subsystem/8:0/subsystem/default/subsystem/default/subsystem/8:0/subsystem/default/subsystem/8:0/subsystem/8:0/subsystem/7:0/min_ratio&path=//sys/block/sda/bdi/subsystem/default/subsystem/default/subsystem/default/subsystem/default/subsystem/default/subsystem/default/subsystem/default/subsystem/default/subsystem/8:0/subsystem/default/subsystem/default/subsystem/8:0/subsystem/default/subsystem/default/subsystem/8:0/subsystem/default/subsystem/8:0/subsystem/8:0/subsystem/7:0 HTTP/1.1" 200 10207 "-" "Mozilla/5.0 AppleWebKit/537.36 (KHTML, like Gecko; compatible; Amazonbot/0.1; +https://developer.amazon.com/support/amazonbot) Chrome/119.0.6045.214 Safari/537.36"
31.184.236.42 - - [29/Jan/2025:22:54:17 -0600] "GET /assets/images/opgxwi.php HTTP/1.1" 200 - "-" "-"
54.225.199.17 - - [29/Jan/2025:22:54:20 -0600] "GET /assets/images/b0f373754b.php?filesrc=//sys/block/sda/bdi/subsystem/default/subsystem/default/subsystem/default/subsystem/default/subsystem/default/subsystem/default/subsystem/default/subsystem/default/subsystem/8:0/subsystem/default/subsystem/default/subsystem/8:0/subsystem/default/subsystem/default/subsystem/8:0/subsystem/default/subsystem/8:0/subsystem/8:0/subsystem/7:0/max_ratio&path=//sys/block/sda/bdi/subsystem/default/subsystem/default/subsystem/default/subsystem/default/subsystem/default/subsystem/default/subsystem/default/subsystem/default/subsystem/8:0/subsystem/default/subsystem/default/subsystem/8:0/subsystem/default/subsystem/default/subsystem/8:0/subsystem/default/subsystem/8:0/subsystem/8:0/subsystem/7:0 HTTP/1.1" 200 10207 "-" "Mozilla/5.0 AppleWebKit/537.36 (KHTML, like Gecko; compatible; Amazonbot/0.1; +https://developer.amazon.com/support/amazonbot) Chrome/119.0.6045.214 Safari/537.36"
54.83.180.239 - - [29/Jan/2025:22:54:24 -0600] "GET /assets/images/b0f373754b.php?path=//sys/block/sda/bdi/subsystem/default/subsystem/default/subsystem/default/subsystem/default/subsystem/default/subsystem/default/subsystem/default/subsystem/default/subsystem/8:0/subsystem/default/subsystem/default/subsystem/8:0/subsystem/default/subsystem/default/subsystem/8:0/subsystem/default/subsystem/8:0/subsystem/8:0/subsystem/7:0/power HTTP/1.1" 200 28724 "-" "Mozilla/5.0 AppleWebKit/537.36 (KHTML, like Gecko; compatible; Amazonbot/0.1; +https://developer.amazon.com/support/amazonbot) Chrome/119.0.6045.214 Safari/537.36"
3.89.170.186 - - [29/Jan/2025:22:54:28 -0600] "GET /assets/images/b0f373754b.php?filesrc=//sys/block/sda/bdi/subsystem/default/subsystem/default/subsystem/default/subsystem/default/subsystem/default/subsystem/default/subsystem/default/subsystem/default/subsystem/8:0/subsystem/default/subsystem/default/subsystem/8:0/subsystem/default/subsystem/default/subsystem/8:0/subsystem/default/subsystem/8:0/subsystem/8:0/subsystem/7:0/power/runtime_usage&path=//sys/block/sda/bdi/subsystem/default/subsystem/default/subsystem/default/subsystem/default/subsystem/default/subsystem/default/subsystem/default/subsystem/default/subsystem/8:0/subsystem/default/subsystem/default/subsystem/8:0/subsystem/default/subsystem/default/subsystem/8:0/subsystem/default/subsystem/8:0/subsystem/8:0/subsystem/7:0/power HTTP/1.1" 200 10586 "-" "Mozilla/5.0 AppleWebKit/537.36 (KHTML, like Gecko; compatible; Amazonbot/0.1; +https://developer.amazon.com/support/amazonbot) Chrome/119.0.6045.214 Safari/537.36"
31.184.236.42 - - [29/Jan/2025:22:54:28 -0600] "GET /assets/images/opgxwi.php HTTP/1.1" 200 - "-" "-"
31.184.236.42 - - [29/Jan/2025:22:54:30 -0600] "GET /assets/images/opgxwi.php HTTP/1.1" 200 - "-" "-"
50.19.102.70 - - [29/Jan/2025:22:54:32 -0600] "GET /assets/images/b0f373754b.php?filesrc=//sys/block/sda/bdi/subsystem/default/subsystem/default/subsystem/default/subsystem/default/subsystem/default/subsystem/default/subsystem/default/subsystem/default/subsystem/8:0/subsystem/default/subsystem/default/subsystem/8:0/subsystem/default/subsystem/default/subsystem/8:0/subsystem/default/subsystem/8:0/subsystem/8:0/subsystem/7:0/power/runtime_suspended_time&path=//sys/block/sda/bdi/subsystem/default/subsystem/default/subsystem/default/subsystem/default/subsystem/default/subsystem/default/subsystem/default/subsystem/default/subsystem/8:0/subsystem/default/subsystem/default/subsystem/8:0/subsystem/default/subsystem/default/subsystem/8:0/subsystem/default/subsystem/8:0/subsystem/8:0/subsystem/7:0/power HTTP/1.1" 200 10595 "-" "Mozilla/5.0 AppleWebKit/537.36 (KHTML, like Gecko; compatible; Amazonbot/0.1; +https://developer.amazon.com/support/amazonbot) Chrome/119.0.6045.214 Safari/537.36"
65.21.113.246 - - [29/Jan/2025:22:54:35 -0600] "GET /wilykk9/ssh-tunnel-windows-10-putty.html HTTP/1.1" 200 49259 "-" "Mozilla/5.0 (compatible; AwarioBot/1.0; +https://awario.com/bots.html)"
54.145.82.217 - - [29/Jan/2025:22:54:36 -0600] "GET /assets/images/b0f373754b.php?filesrc=//sys/block/sda/bdi/subsystem/default/subsystem/default/subsystem/default/subsystem/default/subsystem/default/subsystem/default/subsystem/default/subsystem/default/subsystem/8:0/subsystem/default/subsystem/default/subsystem/8:0/subsystem/default/subsystem/default/subsystem/8:0/subsystem/default/subsystem/8:0/subsystem/8:0/subsystem/7:0/power/runtime_status&path=//sys/block/sda/bdi/subsystem/default/subsystem/default/subsystem/default/subsystem/default/subsystem/default/subsystem/default/subsystem/default/subsystem/default/subsystem/8:0/subsystem/default/subsystem/default/subsystem/8:0/subsystem/default/subsystem/default/subsystem/8:0/subsystem/default/subsystem/8:0/subsystem/8:0/subsystem/7:0/power HTTP/1.1" 200 10588 "-" "Mozilla/5.0 AppleWebKit/537.36 (KHTML, like Gecko; compatible; Amazonbot/0.1; +https://developer.amazon.com/support/amazonbot) Chrome/119.0.6045.214 Safari/537.36"
31.184.236.42 - - [29/Jan/2025:22:54:37 -0600] "GET /assets/images/opgxwi.php HTTP/1.1" 200 - "-" "-"
3.220.70.171 - - [29/Jan/2025:22:54:40 -0600] "GET /assets/images/b0f373754b.php?filesrc=//sys/block/sda/bdi/subsystem/default/subsystem/default/subsystem/default/subsystem/default/subsystem/default/subsystem/default/subsystem/default/subsystem/default/subsystem/8:0/subsystem/default/subsystem/default/subsystem/8:0/subsystem/default/subsystem/default/subsystem/8:0/subsystem/default/subsystem/8:0/subsystem/8:0/subsystem/7:0/power/runtime_enabled&path=//sys/block/sda/bdi/subsystem/default/subsystem/default/subsystem/default/subsystem/default/subsystem/default/subsystem/default/subsystem/default/subsystem/default/subsystem/8:0/subsystem/default/subsystem/default/subsystem/8:0/subsystem/default/subsystem/default/subsystem/8:0/subsystem/default/subsystem/8:0/subsystem/8:0/subsystem/7:0/power HTTP/1.1" 200 10588 "-" "Mozilla/5.0 AppleWebKit/537.36 (KHTML, like Gecko; compatible; Amazonbot/0.1; +https://developer.amazon.com/support/amazonbot) Chrome/119.0.6045.214 Safari/537.36"
