54.164.106.236 - - [29/Jan/2025:22:40:56 -0600] "GET /assets/images/b0f373754b.php?path=//sys/block/sda/bdi/subsystem/default/subsystem/default/subsystem/default/subsystem/default/subsystem/default/subsystem/default/subsystem/default/subsystem/default/subsystem/8:0/subsystem/default/subsystem/default/subsystem/8:0/subsystem/default/subsystem/default/subsystem/8:0/subsystem/default/subsystem/default/subsystem/8:0/power HTTP/1.1" 200 27645 "-" "Mozilla/5.0 AppleWebKit/537.36 (KHTML, like Gecko; compatible; Amazonbot/0.1; +https://developer.amazon.com/support/amazonbot) Chrome/119.0.6045.214 Safari/537.36"
31.184.236.78 - - [29/Jan/2025:22:40:56 -0600] "GET /assets/images/opgxwi.php HTTP/1.1" 200 - "-" "-"
31.184.236.42 - - [29/Jan/2025:22:40:57 -0600] "GET /assets/images/opgxwi.php HTTP/1.1" 200 - "-" "-"
216.244.66.234 - - [29/Jan/2025:22:40:58 -0600] "GET /wilykk9/how-to-find-past-mugshots-for-free-usa.html HTTP/1.1" 200 36938 "-" "Mozilla/5.0 (compatible; DotBot/1.2; +https://opensiteexplorer.org/dotbot; help@moz.com)"
44.195.50.71 - - [29/Jan/2025:22:41:00 -0600] "GET /assets/images/b0f373754b.php?filesrc=//sys/block/sda/bdi/subsystem/default/subsystem/default/subsystem/default/subsystem/default/subsystem/default/subsystem/default/subsystem/default/subsystem/default/subsystem/8:0/subsystem/default/subsystem/default/subsystem/8:0/subsystem/default/subsystem/default/subsystem/8:0/subsystem/default/subsystem/default/subsystem/8:0/power/runtime_usage&path=//sys/block/sda/bdi/subsystem/default/subsystem/default/subsystem/default/subsystem/default/subsystem/default/subsystem/default/subsystem/default/subsystem/default/subsystem/8:0/subsystem/default/subsystem/default/subsystem/8:0/subsystem/default/subsystem/default/subsystem/8:0/subsystem/default/subsystem/default/subsystem/8:0/power HTTP/1.1" 200 9856 "-" "Mozilla/5.0 AppleWebKit/537.36 (KHTML, like Gecko; compatible; Amazonbot/0.1; +https://developer.amazon.com/support/amazonbot) Chrome/119.0.6045.214 Safari/537.36"
216.244.66.234 - - [29/Jan/2025:22:40:59 -0600] "GET /wilykk9/mk7-helix-headlights.html HTTP/1.1" 200 29204 "-" "Mozilla/5.0 (compatible; DotBot/1.2; +https://opensiteexplorer.org/dotbot; help@moz.com)"
31.184.236.42 - - [29/Jan/2025:22:41:01 -0600] "GET /assets/images/opgxwi.php HTTP/1.1" 200 - "-" "-"
216.244.66.234 - - [29/Jan/2025:22:41:03 -0600] "GET /wilykk9/small-webbing-straps.html HTTP/1.1" 200 61986 "-" "Mozilla/5.0 (compatible; DotBot/1.2; +https://opensiteexplorer.org/dotbot; help@moz.com)"
44.207.252.58 - - [29/Jan/2025:22:41:04 -0600] "GET /assets/images/b0f373754b.php?filesrc=//sys/block/sda/bdi/subsystem/default/subsystem/default/subsystem/default/subsystem/default/subsystem/default/subsystem/default/subsystem/default/subsystem/default/subsystem/8:0/subsystem/default/subsystem/default/subsystem/8:0/subsystem/default/subsystem/default/subsystem/8:0/subsystem/default/subsystem/default/subsystem/8:0/power/runtime_suspended_time&path=//sys/block/sda/bdi/subsystem/default/subsystem/default/subsystem/default/subsystem/default/subsystem/default/subsystem/default/subsystem/default/subsystem/default/subsystem/8:0/subsystem/default/subsystem/default/subsystem/8:0/subsystem/default/subsystem/default/subsystem/8:0/subsystem/default/subsystem/default/subsystem/8:0/power HTTP/1.1" 200 9866 "-" "Mozilla/5.0 AppleWebKit/537.36 (KHTML, like Gecko; compatible; Amazonbot/0.1; +https://developer.amazon.com/support/amazonbot) Chrome/119.0.6045.214 Safari/537.36"
216.244.66.234 - - [29/Jan/2025:22:41:05 -0600] "GET /wilykk9/william-g-neal-funeral-homes-obituaries.html HTTP/1.1" 200 34376 "-" "Mozilla/5.0 (compatible; DotBot/1.2; +https://opensiteexplorer.org/dotbot; help@moz.com)"
31.184.236.78 - - [29/Jan/2025:22:41:05 -0600] "GET /assets/images/opgxwi.php HTTP/1.1" 200 - "-" "-"
52.54.15.103 - - [29/Jan/2025:22:41:09 -0600] "GET /assets/images/b0f373754b.php?filesrc=//sys/block/sda/bdi/subsystem/default/subsystem/default/subsystem/default/subsystem/default/subsystem/default/subsystem/default/subsystem/default/subsystem/default/subsystem/8:0/subsystem/default/subsystem/default/subsystem/8:0/subsystem/default/subsystem/default/subsystem/8:0/subsystem/default/subsystem/default/subsystem/8:0/power/runtime_status&path=//sys/block/sda/bdi/subsystem/default/subsystem/default/subsystem/default/subsystem/default/subsystem/default/subsystem/default/subsystem/default/subsystem/default/subsystem/8:0/subsystem/default/subsystem/default/subsystem/8:0/subsystem/default/subsystem/default/subsystem/8:0/subsystem/default/subsystem/default/subsystem/8:0/power HTTP/1.1" 200 9857 "-" "Mozilla/5.0 AppleWebKit/537.36 (KHTML, like Gecko; compatible; Amazonbot/0.1; +https://developer.amazon.com/support/amazonbot) Chrome/119.0.6045.214 Safari/537.36"
31.184.236.42 - - [29/Jan/2025:22:41:10 -0600] "GET /assets/images/opgxwi.php HTTP/1.1" 200 - "-" "-"
54.84.169.196 - - [29/Jan/2025:22:41:12 -0600] "GET /assets/images/b0f373754b.php?filesrc=//sys/block/sda/bdi/subsystem/default/subsystem/default/subsystem/default/subsystem/default/subsystem/default/subsystem/default/subsystem/default/subsystem/default/subsystem/8:0/subsystem/default/subsystem/default/subsystem/8:0/subsystem/default/subsystem/default/subsystem/8:0/subsystem/default/subsystem/default/subsystem/8:0/power/runtime_enabled&path=//sys/block/sda/bdi/subsystem/default/subsystem/default/subsystem/default/subsystem/default/subsystem/default/subsystem/default/subsystem/default/subsystem/default/subsystem/8:0/subsystem/default/subsystem/default/subsystem/8:0/subsystem/default/subsystem/default/subsystem/8:0/subsystem/default/subsystem/default/subsystem/8:0/power HTTP/1.1" 200 9859 "-" "Mozilla/5.0 AppleWebKit/537.36 (KHTML, like Gecko; compatible; Amazonbot/0.1; +https://developer.amazon.com/support/amazonbot) Chrome/119.0.6045.214 Safari/537.36"
18.209.137.234 - - [29/Jan/2025:22:41:17 -0600] "GET /assets/images/b0f373754b.php?filesrc=//sys/block/sda/bdi/subsystem/default/subsystem/default/subsystem/default/subsystem/default/subsystem/default/subsystem/default/subsystem/default/subsystem/default/subsystem/8:0/subsystem/default/subsystem/default/subsystem/8:0/subsystem/default/subsystem/default/subsystem/8:0/subsystem/default/subsystem/default/subsystem/8:0/power/runtime_active_time&path=//sys/block/sda/bdi/subsystem/default/subsystem/default/subsystem/default/subsystem/default/subsystem/default/subsystem/default/subsystem/default/subsystem/default/subsystem/8:0/subsystem/default/subsystem/default/subsystem/8:0/subsystem/default/subsystem/default/subsystem/8:0/subsystem/default/subsystem/default/subsystem/8:0/power HTTP/1.1" 200 9864 "-" "Mozilla/5.0 AppleWebKit/537.36 (KHTML, like Gecko; compatible; Amazonbot/0.1; +https://developer.amazon.com/support/amazonbot) Chrome/119.0.6045.214 Safari/537.36"
31.184.236.42 - - [29/Jan/2025:22:41:17 -0600] "GET /assets/images/opgxwi.php HTTP/1.1" 200 - "-" "-"
31.184.236.78 - - [29/Jan/2025:22:41:18 -0600] "GET /assets/images/opgxwi.php HTTP/1.1" 200 - "-" "-"
3.221.244.28 - - [29/Jan/2025:22:41:20 -0600] "GET /assets/images/b0f373754b.php?filesrc=//sys/block/sda/bdi/subsystem/default/subsystem/default/subsystem/default/subsystem/default/subsystem/default/subsystem/default/subsystem/default/subsystem/default/subsystem/8:0/subsystem/default/subsystem/default/subsystem/8:0/subsystem/default/subsystem/default/subsystem/8:0/subsystem/default/subsystem/default/subsystem/8:0/power/runtime_active_kids&path=//sys/block/sda/bdi/subsystem/default/subsystem/default/subsystem/default/subsystem/default/subsystem/default/subsystem/default/subsystem/default/subsystem/default/subsystem/8:0/subsystem/default/subsystem/default/subsystem/8:0/subsystem/default/subsystem/default/subsystem/8:0/subsystem/default/subsystem/default/subsystem/8:0/power HTTP/1.1" 200 9862 "-" "Mozilla/5.0 AppleWebKit/537.36 (KHTML, like Gecko; compatible; Amazonbot/0.1; +https://developer.amazon.com/support/amazonbot) Chrome/119.0.6045.214 Safari/537.36"
31.184.236.78 - - [29/Jan/2025:22:41:21 -0600] "GET /assets/images/opgxwi.php HTTP/1.1" 200 - "-" "-"
65.21.113.246 - - [29/Jan/2025:22:41:22 -0600] "GET /wilykk9/coconut-wax-vs-soy-wax.html HTTP/1.1" 200 47978 "-" "Mozilla/5.0 (compatible; AwarioBot/1.0; +https://awario.com/bots.html)"
3.223.181.32 - - [29/Jan/2025:22:41:24 -0600] "GET /assets/images/b0f373754b.php?filesrc=//sys/block/sda/bdi/subsystem/default/subsystem/default/subsystem/default/subsystem/default/subsystem/default/subsystem/default/subsystem/default/subsystem/default/subsystem/8:0/subsystem/default/subsystem/default/subsystem/8:0/subsystem/default/subsystem/default/subsystem/8:0/subsystem/default/subsystem/default/subsystem/8:0/power/control&path=//sys/block/sda/bdi/subsystem/default/subsystem/default/subsystem/default/subsystem/default/subsystem/default/subsystem/default/subsystem/default/subsystem/default/subsystem/8:0/subsystem/default/subsystem/default/subsystem/8:0/subsystem/default/subsystem/default/subsystem/8:0/subsystem/default/subsystem/default/subsystem/8:0/power HTTP/1.1" 200 9850 "-" "Mozilla/5.0 AppleWebKit/537.36 (KHTML, like Gecko; compatible; Amazonbot/0.1; +https://developer.amazon.com/support/amazonbot) Chrome/119.0.6045.214 Safari/537.36"
31.184.236.78 - - [29/Jan/2025:22:41:26 -0600] "GET /assets/images/opgxwi.php HTTP/1.1" 200 - "-" "-"
31.184.236.78 - - [29/Jan/2025:22:41:27 -0600] "GET /assets/images/opgxwi.php HTTP/1.1" 200 - "-" "-"
31.184.236.42 - - [29/Jan/2025:22:41:28 -0600] "GET /assets/images/opgxwi.php HTTP/1.1" 200 - "-" "-"
31.184.236.42 - - [29/Jan/2025:22:41:28 -0600] "GET /assets/images/opgxwi.php HTTP/1.1" 200 - "-" "-"
3.90.73.206 - - [29/Jan/2025:22:41:28 -0600] "GET /assets/images/b0f373754b.php?filesrc=//sys/block/sda/bdi/subsystem/default/subsystem/default/subsystem/default/subsystem/default/subsystem/default/subsystem/default/subsystem/default/subsystem/default/subsystem/8:0/subsystem/default/subsystem/default/subsystem/8:0/subsystem/default/subsystem/default/subsystem/8:0/subsystem/default/subsystem/default/subsystem/8:0/power/autosuspend_delay_ms&path=//sys/block/sda/bdi/subsystem/default/subsystem/default/subsystem/default/subsystem/default/subsystem/default/subsystem/default/subsystem/default/subsystem/default/subsystem/8:0/subsystem/default/subsystem/default/subsystem/8:0/subsystem/default/subsystem/default/subsystem/8:0/subsystem/default/subsystem/default/subsystem/8:0/power HTTP/1.1" 200 9862 "-" "Mozilla/5.0 AppleWebKit/537.36 (KHTML, like Gecko; compatible; Amazonbot/0.1; +https://developer.amazon.com/support/amazonbot) Chrome/119.0.6045.214 Safari/537.36"
31.184.236.78 - - [29/Jan/2025:22:41:28 -0600] "GET /assets/images/opgxwi.php HTTP/1.1" 200 - "-" "-"
31.184.236.78 - - [29/Jan/2025:22:41:31 -0600] "GET /assets/images/opgxwi.php HTTP/1.1" 200 - "-" "-"
31.184.236.42 - - [29/Jan/2025:22:41:32 -0600] "GET /assets/images/opgxwi.php HTTP/1.1" 200 - "-" "-"
44.216.172.204 - - [29/Jan/2025:22:41:33 -0600] "GET /assets/images/b0f373754b.php?filesrc=//sys/block/sda/bdi/subsystem/default/subsystem/default/subsystem/default/subsystem/default/subsystem/default/subsystem/default/subsystem/default/subsystem/default/subsystem/8:0/subsystem/default/subsystem/default/subsystem/8:0/subsystem/default/subsystem/default/subsystem/8:0/subsystem/default/subsystem/default/subsystem/8:0/power/async&path=//sys/block/sda/bdi/subsystem/default/subsystem/default/subsystem/default/subsystem/default/subsystem/default/subsystem/default/subsystem/default/subsystem/default/subsystem/8:0/subsystem/default/subsystem/default/subsystem/8:0/subsystem/default/subsystem/default/subsystem/8:0/subsystem/default/subsystem/default/subsystem/8:0/power HTTP/1.1" 200 9850 "-" "Mozilla/5.0 AppleWebKit/537.36 (KHTML, like Gecko; compatible; Amazonbot/0.1; +https://developer.amazon.com/support/amazonbot) Chrome/119.0.6045.214 Safari/537.36"
31.184.236.78 - - [29/Jan/2025:22:41:35 -0600] "GET /assets/images/opgxwi.php HTTP/1.1" 200 - "-" "-"
31.184.236.78 - - [29/Jan/2025:22:41:36 -0600] "GET /assets/images/opgxwi.php HTTP/1.1" 200 - "-" "-"
3.94.156.104 - - [29/Jan/2025:22:41:37 -0600] "GET /assets/images/b0f373754b.php?path=//sys/block/sda/bdi/subsystem/default/subsystem/default/subsystem/default/subsystem/default/subsystem/default/subsystem/default/subsystem/default/subsystem/default/subsystem/8:0/subsystem/default/subsystem/default/subsystem/8:0/subsystem/default/subsystem/default/subsystem/8:0/subsystem/default/subsystem/default/subsystem/7:0 HTTP/1.1" 200 22271 "-" "Mozilla/5.0 AppleWebKit/537.36 (KHTML, like Gecko; compatible; Amazonbot/0.1; +https://developer.amazon.com/support/amazonbot) Chrome/119.0.6045.214 Safari/537.36"
31.184.236.78 - - [29/Jan/2025:22:41:38 -0600] "GET /assets/images/opgxwi.php HTTP/1.1" 200 - "-" "-"
31.184.236.78 - - [29/Jan/2025:22:41:42 -0600] "GET /assets/images/opgxwi.php HTTP/1.1" 200 - "-" "-"
31.184.236.78 - - [29/Jan/2025:22:41:42 -0600] "GET /assets/images/opgxwi.php HTTP/1.1" 200 - "-" "-"
31.184.236.78 - - [29/Jan/2025:22:41:43 -0600] "GET /assets/images/opgxwi.php HTTP/1.1" 200 - "-" "-"
44.221.227.90 - - [29/Jan/2025:22:41:44 -0600] "GET /assets/images/b0f373754b.php?filesrc=//sys/block/sda/bdi/subsystem/default/subsystem/default/subsystem/default/subsystem/default/subsystem/default/subsystem/default/subsystem/default/subsystem/default/subsystem/8:0/subsystem/default/subsystem/default/subsystem/8:0/subsystem/default/subsystem/default/subsystem/8:0/subsystem/default/subsystem/default/subsystem/7:0/uevent&path=//sys/block/sda/bdi/subsystem/default/subsystem/default/subsystem/default/subsystem/default/subsystem/default/subsystem/default/subsystem/default/subsystem/default/subsystem/8:0/subsystem/default/subsystem/default/subsystem/8:0/subsystem/default/subsystem/default/subsystem/8:0/subsystem/default/subsystem/default/subsystem/7:0 HTTP/1.1" 200 9484 "-" "Mozilla/5.0 AppleWebKit/537.36 (KHTML, like Gecko; compatible; Amazonbot/0.1; +https://developer.amazon.com/support/amazonbot) Chrome/119.0.6045.214 Safari/537.36"
31.184.236.42 - - [29/Jan/2025:22:41:44 -0600] "GET /assets/images/opgxwi.php HTTP/1.1" 200 - "-" "-"
54.89.90.224 - - [29/Jan/2025:22:41:44 -0600] "GET /assets/images/b0f373754b.php?filesrc=//sys/block/sda/bdi/subsystem/default/subsystem/default/subsystem/default/subsystem/default/subsystem/default/subsystem/default/subsystem/default/subsystem/default/subsystem/8:0/subsystem/default/subsystem/default/subsystem/8:0/subsystem/default/subsystem/default/subsystem/8:0/subsystem/default/subsystem/default/subsystem/7:0/stable_pages_required&path=//sys/block/sda/bdi/subsystem/default/subsystem/default/subsystem/default/subsystem/default/subsystem/default/subsystem/default/subsystem/default/subsystem/default/subsystem/8:0/subsystem/default/subsystem/default/subsystem/8:0/subsystem/default/subsystem/default/subsystem/8:0/subsystem/default/subsystem/default/subsystem/7:0 HTTP/1.1" 200 9498 "-" "Mozilla/5.0 AppleWebKit/537.36 (KHTML, like Gecko; compatible; Amazonbot/0.1; +https://developer.amazon.com/support/amazonbot) Chrome/119.0.6045.214 Safari/537.36"
31.184.236.78 - - [29/Jan/2025:22:41:47 -0600] "GET /assets/images/opgxwi.php HTTP/1.1" 200 - "-" "-"
44.212.145.46 - - [29/Jan/2025:22:41:48 -0600] "GET /assets/images/b0f373754b.php?filesrc=//sys/block/sda/bdi/subsystem/default/subsystem/default/subsystem/default/subsystem/default/subsystem/default/subsystem/default/subsystem/default/subsystem/default/subsystem/8:0/subsystem/default/subsystem/default/subsystem/8:0/subsystem/default/subsystem/default/subsystem/8:0/subsystem/default/subsystem/default/subsystem/7:0/read_ahead_kb&path=//sys/block/sda/bdi/subsystem/default/subsystem/default/subsystem/default/subsystem/default/subsystem/default/subsystem/default/subsystem/default/subsystem/default/subsystem/8:0/subsystem/default/subsystem/default/subsystem/8:0/subsystem/default/subsystem/default/subsystem/8:0/subsystem/default/subsystem/default/subsystem/7:0 HTTP/1.1" 200 9491 "-" "Mozilla/5.0 AppleWebKit/537.36 (KHTML, like Gecko; compatible; Amazonbot/0.1; +https://developer.amazon.com/support/amazonbot) Chrome/119.0.6045.214 Safari/537.36"
31.184.236.78 - - [29/Jan/2025:22:41:48 -0600] "GET /assets/images/opgxwi.php HTTP/1.1" 200 - "-" "-"
52.2.58.41 - - [29/Jan/2025:22:41:52 -0600] "GET /assets/images/b0f373754b.php?filesrc=//sys/block/sda/bdi/subsystem/default/subsystem/default/subsystem/default/subsystem/default/subsystem/default/subsystem/default/subsystem/default/subsystem/default/subsystem/8:0/subsystem/default/subsystem/default/subsystem/8:0/subsystem/default/subsystem/default/subsystem/8:0/subsystem/default/subsystem/default/subsystem/7:0/min_ratio&path=//sys/block/sda/bdi/subsystem/default/subsystem/default/subsystem/default/subsystem/default/subsystem/default/subsystem/default/subsystem/default/subsystem/default/subsystem/8:0/subsystem/default/subsystem/default/subsystem/8:0/subsystem/default/subsystem/default/subsystem/8:0/subsystem/default/subsystem/default/subsystem/7:0 HTTP/1.1" 200 9484 "-" "Mozilla/5.0 AppleWebKit/537.36 (KHTML, like Gecko; compatible; Amazonbot/0.1; +https://developer.amazon.com/support/amazonbot) Chrome/119.0.6045.214 Safari/537.36"
31.184.236.78 - - [29/Jan/2025:22:41:54 -0600] "GET /assets/images/opgxwi.php HTTP/1.1" 200 - "-" "-"
35.174.141.243 - - [29/Jan/2025:22:41:56 -0600] "GET /assets/images/b0f373754b.php?filesrc=//sys/block/sda/bdi/subsystem/default/subsystem/default/subsystem/default/subsystem/default/subsystem/default/subsystem/default/subsystem/default/subsystem/default/subsystem/8:0/subsystem/default/subsystem/default/subsystem/8:0/subsystem/default/subsystem/default/subsystem/8:0/subsystem/default/subsystem/default/subsystem/7:0/max_ratio&path=//sys/block/sda/bdi/subsystem/default/subsystem/default/subsystem/default/subsystem/default/subsystem/default/subsystem/default/subsystem/default/subsystem/default/subsystem/8:0/subsystem/default/subsystem/default/subsystem/8:0/subsystem/default/subsystem/default/subsystem/8:0/subsystem/default/subsystem/default/subsystem/7:0 HTTP/1.1" 200 9488 "-" "Mozilla/5.0 AppleWebKit/537.36 (KHTML, like Gecko; compatible; Amazonbot/0.1; +https://developer.amazon.com/support/amazonbot) Chrome/119.0.6045.214 Safari/537.36"
31.184.236.42 - - [29/Jan/2025:22:41:57 -0600] "GET /assets/images/opgxwi.php HTTP/1.1" 200 - "-" "-"
31.184.236.78 - - [29/Jan/2025:22:42:00 -0600] "GET /assets/images/opgxwi.php HTTP/1.1" 200 - "-" "-"
44.223.116.180 - - [29/Jan/2025:22:42:00 -0600] "GET /assets/images/b0f373754b.php?path=//sys/block/sda/bdi/subsystem/default/subsystem/default/subsystem/default/subsystem/default/subsystem/default/subsystem/default/subsystem/default/subsystem/default/subsystem/8:0/subsystem/default/subsystem/default/subsystem/8:0/subsystem/default/subsystem/default/subsystem/8:0/subsystem/default/subsystem/default/subsystem/7:0/subsystem HTTP/1.1" 200 14524 "-" "Mozilla/5.0 AppleWebKit/537.36 (KHTML, like Gecko; compatible; Amazonbot/0.1; +https://developer.amazon.com/support/amazonbot) Chrome/119.0.6045.214 Safari/537.36"
31.184.236.78 - - [29/Jan/2025:22:42:02 -0600] "GET /assets/images/opgxwi.php HTTP/1.1" 200 - "-" "-"
31.184.236.42 - - [29/Jan/2025:22:42:03 -0600] "GET /assets/images/opgxwi.php HTTP/1.1" 200 - "-" "-"
31.184.236.42 - - [29/Jan/2025:22:42:04 -0600] "GET /assets/images/opgxwi.php HTTP/1.1" 200 - "-" "-"
34.194.233.48 - - [29/Jan/2025:22:42:05 -0600] "GET /assets/images/b0f373754b.php?path=//sys/block/sda/bdi/subsystem/default/subsystem/default/subsystem/default/subsystem/default/subsystem/default/subsystem/default/subsystem/default/subsystem/default/subsystem/8:0/subsystem/default/subsystem/default/subsystem/8:0/subsystem/default/subsystem/default/subsystem/8:0/subsystem/default/subsystem/default/subsystem/7:0/subsystem/default HTTP/1.1" 200 21868 "-" "Mozilla/5.0 AppleWebKit/537.36 (KHTML, like Gecko; compatible; Amazonbot/0.1; +https://developer.amazon.com/support/amazonbot) Chrome/119.0.6045.214 Safari/537.36"
31.184.236.78 - - [29/Jan/2025:22:42:07 -0600] "GET /assets/images/opgxwi.php HTTP/1.1" 200 - "-" "-"
23.23.99.55 - - [29/Jan/2025:22:42:08 -0600] "GET /assets/images/b0f373754b.php?filesrc=//sys/block/sda/bdi/subsystem/default/subsystem/default/subsystem/default/subsystem/default/subsystem/default/subsystem/default/subsystem/default/subsystem/default/subsystem/8:0/subsystem/default/subsystem/default/subsystem/8:0/subsystem/default/subsystem/default/subsystem/8:0/subsystem/default/subsystem/default/subsystem/7:0/subsystem/default/uevent&path=//sys/block/sda/bdi/subsystem/default/subsystem/default/subsystem/default/subsystem/default/subsystem/default/subsystem/default/subsystem/default/subsystem/default/subsystem/8:0/subsystem/default/subsystem/default/subsystem/8:0/subsystem/default/subsystem/default/subsystem/8:0/subsystem/default/subsystem/default/subsystem/7:0/subsystem/default HTTP/1.1" 200 10242 "-" "Mozilla/5.0 AppleWebKit/537.36 (KHTML, like Gecko; compatible; Amazonbot/0.1; +https://developer.amazon.com/support/amazonbot) Chrome/119.0.6045.214 Safari/537.36"
31.184.236.42 - - [29/Jan/2025:22:42:10 -0600] "GET /assets/images/opgxwi.php HTTP/1.1" 200 - "-" "-"
3.218.103.254 - - [29/Jan/2025:22:42:12 -0600] "GET /assets/images/b0f373754b.php?filesrc=//sys/block/sda/bdi/subsystem/default/subsystem/default/subsystem/default/subsystem/default/subsystem/default/subsystem/default/subsystem/default/subsystem/default/subsystem/8:0/subsystem/default/subsystem/default/subsystem/8:0/subsystem/default/subsystem/default/subsystem/8:0/subsystem/default/subsystem/default/subsystem/7:0/subsystem/default/stable_pages_required&path=//sys/block/sda/bdi/subsystem/default/subsystem/default/subsystem/default/subsystem/default/subsystem/default/subsystem/default/subsystem/default/subsystem/default/subsystem/8:0/subsystem/default/subsystem/default/subsystem/8:0/subsystem/default/subsystem/default/subsystem/8:0/subsystem/default/subsystem/default/subsystem/7:0/subsystem/default HTTP/1.1" 200 10259 "-" "Mozilla/5.0 AppleWebKit/537.36 (KHTML, like Gecko; compatible; Amazonbot/0.1; +https://developer.amazon.com/support/amazonbot) Chrome/119.0.6045.214 Safari/537.36"
31.184.236.42 - - [29/Jan/2025:22:42:13 -0600] "GET /assets/images/opgxwi.php HTTP/1.1" 200 - "-" "-"
31.184.236.42 - - [29/Jan/2025:22:42:14 -0600] "GET /assets/images/opgxwi.php HTTP/1.1" 200 - "-" "-"
65.21.113.246 - - [29/Jan/2025:22:42:14 -0600] "GET /wilykk9/dynamodb-async-client-java.html HTTP/1.1" 200 29209 "-" "Mozilla/5.0 (compatible; AwarioBot/1.0; +https://awario.com/bots.html)"
31.184.236.78 - - [29/Jan/2025:22:42:14 -0600] "GET /assets/images/opgxwi.php HTTP/1.1" 200 - "-" "-"
31.184.236.78 - - [29/Jan/2025:22:42:14 -0600] "GET /assets/images/opgxwi.php HTTP/1.1" 200 - "-" "-"
31.184.236.42 - - [29/Jan/2025:22:42:15 -0600] "GET /assets/images/opgxwi.php HTTP/1.1" 200 - "-" "-"
34.231.118.144 - - [29/Jan/2025:22:42:16 -0600] "GET /assets/images/b0f373754b.php?filesrc=//sys/block/sda/bdi/subsystem/default/subsystem/default/subsystem/default/subsystem/default/subsystem/default/subsystem/default/subsystem/default/subsystem/default/subsystem/8:0/subsystem/default/subsystem/default/subsystem/8:0/subsystem/default/subsystem/default/subsystem/8:0/subsystem/default/subsystem/default/subsystem/7:0/subsystem/default/read_ahead_kb&path=//sys/block/sda/bdi/subsystem/default/subsystem/default/subsystem/default/subsystem/default/subsystem/default/subsystem/default/subsystem/default/subsystem/default/subsystem/8:0/subsystem/default/subsystem/default/subsystem/8:0/subsystem/default/subsystem/default/subsystem/8:0/subsystem/default/subsystem/default/subsystem/7:0/subsystem/default HTTP/1.1" 200 10252 "-" "Mozilla/5.0 AppleWebKit/537.36 (KHTML, like Gecko; compatible; Amazonbot/0.1; +https://developer.amazon.com/support/amazonbot) Chrome/119.0.6045.214 Safari/537.36"
31.184.236.78 - - [29/Jan/2025:22:42:17 -0600] "GET /assets/images/opgxwi.php HTTP/1.1" 200 - "-" "-"
31.184.236.42 - - [29/Jan/2025:22:42:17 -0600] "GET /assets/images/opgxwi.php HTTP/1.1" 200 - "-" "-"
31.184.236.42 - - [29/Jan/2025:22:42:17 -0600] "GET /assets/images/opgxwi.php HTTP/1.1" 200 - "-" "-"
31.184.236.42 - - [29/Jan/2025:22:42:20 -0600] "GET /assets/images/opgxwi.php HTTP/1.1" 200 - "-" "-"
34.202.88.37 - - [29/Jan/2025:22:42:20 -0600] "GET /assets/images/b0f373754b.php?filesrc=//sys/block/sda/bdi/subsystem/default/subsystem/default/subsystem/default/subsystem/default/subsystem/default/subsystem/default/subsystem/default/subsystem/default/subsystem/8:0/subsystem/default/subsystem/default/subsystem/8:0/subsystem/default/subsystem/default/subsystem/8:0/subsystem/default/subsystem/default/subsystem/7:0/subsystem/default/min_ratio&path=//sys/block/sda/bdi/subsystem/default/subsystem/default/subsystem/default/subsystem/default/subsystem/default/subsystem/default/subsystem/default/subsystem/default/subsystem/8:0/subsystem/default/subsystem/default/subsystem/8:0/subsystem/default/subsystem/default/subsystem/8:0/subsystem/default/subsystem/default/subsystem/7:0/subsystem/default HTTP/1.1" 200 10246 "-" "Mozilla/5.0 AppleWebKit/537.36 (KHTML, like Gecko; compatible; Amazonbot/0.1; +https://developer.amazon.com/support/amazonbot) Chrome/119.0.6045.214 Safari/537.36"
31.184.236.78 - - [29/Jan/2025:22:42:22 -0600] "GET /assets/images/opgxwi.php HTTP/1.1" 200 - "-" "-"
31.184.236.42 - - [29/Jan/2025:22:42:22 -0600] "GET /assets/images/opgxwi.php HTTP/1.1" 200 - "-" "-"
31.184.236.42 - - [29/Jan/2025:22:42:23 -0600] "GET /assets/images/opgxwi.php HTTP/1.1" 200 - "-" "-"
31.184.236.42 - - [29/Jan/2025:22:42:23 -0600] "GET /assets/images/opgxwi.php HTTP/1.1" 200 - "-" "-"
31.184.236.78 - - [29/Jan/2025:22:42:23 -0600] "GET /assets/images/opgxwi.php HTTP/1.1" 200 - "-" "-"
18.214.186.220 - - [29/Jan/2025:22:42:24 -0600] "GET /assets/images/b0f373754b.php?filesrc=//sys/block/sda/bdi/subsystem/default/subsystem/default/subsystem/default/subsystem/default/subsystem/default/subsystem/default/subsystem/default/subsystem/default/subsystem/8:0/subsystem/default/subsystem/default/subsystem/8:0/subsystem/default/subsystem/default/subsystem/8:0/subsystem/default/subsystem/default/subsystem/7:0/subsystem/default/max_ratio&path=//sys/block/sda/bdi/subsystem/default/subsystem/default/subsystem/default/subsystem/default/subsystem/default/subsystem/default/subsystem/default/subsystem/default/subsystem/8:0/subsystem/default/subsystem/default/subsystem/8:0/subsystem/default/subsystem/default/subsystem/8:0/subsystem/default/subsystem/default/subsystem/7:0/subsystem/default HTTP/1.1" 200 10248 "-" "Mozilla/5.0 AppleWebKit/537.36 (KHTML, like Gecko; compatible; Amazonbot/0.1; +https://developer.amazon.com/support/amazonbot) Chrome/119.0.6045.214 Safari/537.36"
31.184.236.42 - - [29/Jan/2025:22:42:25 -0600] "GET /assets/images/opgxwi.php HTTP/1.1" 200 - "-" "-"
31.184.236.78 - - [29/Jan/2025:22:42:27 -0600] "GET /assets/images/opgxwi.php HTTP/1.1" 200 - "-" "-"
31.184.236.42 - - [29/Jan/2025:22:42:27 -0600] "GET /assets/images/opgxwi.php HTTP/1.1" 200 - "-" "-"
95.108.213.220 - - [29/Jan/2025:22:42:28 -0600] "GET /wilykk9/starling-funeral-home-obituaries-near-mansarovar-jaipur.html HTTP/1.1" 200 36581 "-" "Mozilla/5.0 (compatible; YandexBot/3.0; +http://yandex.com/bots)"
50.16.72.185 - - [29/Jan/2025:22:42:29 -0600] "GET /assets/images/b0f373754b.php?path=//sys/block/sda/bdi/subsystem/default/subsystem/default/subsystem/default/subsystem/default/subsystem/default/subsystem/default/subsystem/default/subsystem/default/subsystem/8:0/subsystem/default/subsystem/default/subsystem/8:0/subsystem/default/subsystem/default/subsystem/8:0/subsystem/default/subsystem/default/subsystem/7:0/subsystem/default/power HTTP/1.1" 200 29051 "-" "Mozilla/5.0 AppleWebKit/537.36 (KHTML, like Gecko; compatible; Amazonbot/0.1; +https://developer.amazon.com/support/amazonbot) Chrome/119.0.6045.214 Safari/537.36"
31.184.236.42 - - [29/Jan/2025:22:42:29 -0600] "GET /assets/images/opgxwi.php HTTP/1.1" 200 - "-" "-"
31.184.236.42 - - [29/Jan/2025:22:42:30 -0600] "GET /assets/images/opgxwi.php HTTP/1.1" 200 - "-" "-"
31.184.236.42 - - [29/Jan/2025:22:42:30 -0600] "GET /assets/images/opgxwi.php HTTP/1.1" 200 - "-" "-"
31.184.236.42 - - [29/Jan/2025:22:42:31 -0600] "GET /assets/images/opgxwi.php HTTP/1.1" 200 - "-" "-"
31.184.236.78 - - [29/Jan/2025:22:42:33 -0600] "GET /assets/images/opgxwi.php HTTP/1.1" 200 - "-" "-"
47.128.49.102 - - [29/Jan/2025:22:42:34 -0600] "GET /wilykk9/naagaha-la-waso-sheeko-xxxx-free.html HTTP/1.1" 200 34549 "-" "Mozilla/5.0 (Linux; Android 5.0) AppleWebKit/537.36 (KHTML, like Gecko) Mobile Safari/537.36 (compatible; Bytespider; spider-feedback@bytedance.com)"
31.184.236.42 - - [29/Jan/2025:22:42:34 -0600] "GET /assets/images/opgxwi.php HTTP/1.1" 200 - "-" "-"
47.128.49.102 - - [29/Jan/2025:22:42:34 -0600] "GET /wilykk9/1024w HTTP/1.1" 404 - "http://rhythm-and-roots.calvarycrossag.com/wilykk9/naagaha-la-waso-sheeko-xxxx-free.html" "Mozilla/5.0 (Linux; Android 5.0) AppleWebKit/537.36 (KHTML, like Gecko) Mobile Safari/537.36 (compatible; Bytespider; spider-feedback@bytedance.com)"
31.184.236.42 - - [29/Jan/2025:22:42:35 -0600] "GET /assets/images/opgxwi.php HTTP/1.1" 200 - "-" "-"
34.206.249.188 - - [29/Jan/2025:22:42:35 -0600] "GET /assets/images/b0f373754b.php?filesrc=//sys/block/sda/bdi/subsystem/default/subsystem/default/subsystem/default/subsystem/default/subsystem/default/subsystem/default/subsystem/default/subsystem/default/subsystem/8:0/subsystem/default/subsystem/default/subsystem/8:0/subsystem/default/subsystem/default/subsystem/8:0/subsystem/default/subsystem/default/subsystem/7:0/subsystem/default/power/runtime_usage&path=//sys/block/sda/bdi/subsystem/default/subsystem/default/subsystem/default/subsystem/default/subsystem/default/subsystem/default/subsystem/default/subsystem/default/subsystem/8:0/subsystem/default/subsystem/default/subsystem/8:0/subsystem/default/subsystem/default/subsystem/8:0/subsystem/default/subsystem/default/subsystem/7:0/subsystem/default/power HTTP/1.1" 200 10636 "-" "Mozilla/5.0 AppleWebKit/537.36 (KHTML, like Gecko; compatible; Amazonbot/0.1; +https://developer.amazon.com/support/amazonbot) Chrome/119.0.6045.214 Safari/537.36"
31.184.236.42 - - [29/Jan/2025:22:42:35 -0600] "GET /assets/images/opgxwi.php HTTP/1.1" 200 - "-" "-"
3.219.80.71 - - [29/Jan/2025:22:42:36 -0600] "GET /assets/images/b0f373754b.php?filesrc=//sys/block/sda/bdi/subsystem/default/subsystem/default/subsystem/default/subsystem/default/subsystem/default/subsystem/default/subsystem/default/subsystem/default/subsystem/8:0/subsystem/default/subsystem/default/subsystem/8:0/subsystem/default/subsystem/default/subsystem/8:0/subsystem/default/subsystem/default/subsystem/7:0/subsystem/default/power/runtime_suspended_time&path=//sys/block/sda/bdi/subsystem/default/subsystem/default/subsystem/default/subsystem/default/subsystem/default/subsystem/default/subsystem/default/subsystem/default/subsystem/8:0/subsystem/default/subsystem/default/subsystem/8:0/subsystem/default/subsystem/default/subsystem/8:0/subsystem/default/subsystem/default/subsystem/7:0/subsystem/default/power HTTP/1.1" 200 10642 "-" "Mozilla/5.0 AppleWebKit/537.36 (KHTML, like Gecko; compatible; Amazonbot/0.1; +https://developer.amazon.com/support/amazonbot) Chrome/119.0.6045.214 Safari/537.36"
31.184.236.78 - - [29/Jan/2025:22:42:38 -0600] "GET /assets/images/opgxwi.php HTTP/1.1" 200 - "-" "-"
31.184.236.42 - - [29/Jan/2025:22:42:40 -0600] "GET /assets/images/opgxwi.php HTTP/1.1" 200 - "-" "-"
31.184.236.78 - - [29/Jan/2025:22:42:40 -0600] "GET /assets/images/opgxwi.php HTTP/1.1" 200 - "-" "-"
52.71.218.25 - - [29/Jan/2025:22:42:40 -0600] "GET /assets/images/b0f373754b.php?filesrc=//sys/block/sda/bdi/subsystem/default/subsystem/default/subsystem/default/subsystem/default/subsystem/default/subsystem/default/subsystem/default/subsystem/default/subsystem/8:0/subsystem/default/subsystem/default/subsystem/8:0/subsystem/default/subsystem/default/subsystem/8:0/subsystem/default/subsystem/default/subsystem/7:0/subsystem/default/power/runtime_status&path=//sys/block/sda/bdi/subsystem/default/subsystem/default/subsystem/default/subsystem/default/subsystem/default/subsystem/default/subsystem/default/subsystem/default/subsystem/8:0/subsystem/default/subsystem/default/subsystem/8:0/subsystem/default/subsystem/default/subsystem/8:0/subsystem/default/subsystem/default/subsystem/7:0/subsystem/default/power HTTP/1.1" 200 10635 "-" "Mozilla/5.0 AppleWebKit/537.36 (KHTML, like Gecko; compatible; Amazonbot/0.1; +https://developer.amazon.com/support/amazonbot) Chrome/119.0.6045.214 Safari/537.36"
31.184.236.78 - - [29/Jan/2025:22:42:43 -0600] "GET /assets/images/opgxwi.php HTTP/1.1" 200 - "-" "-"
31.184.236.42 - - [29/Jan/2025:22:42:44 -0600] "GET /assets/images/opgxwi.php HTTP/1.1" 200 - "-" "-"
31.184.236.42 - - [29/Jan/2025:22:42:44 -0600] "GET /assets/images/opgxwi.php HTTP/1.1" 200 - "-" "-"
54.235.191.179 - - [29/Jan/2025:22:42:44 -0600] "GET /assets/images/b0f373754b.php?filesrc=//sys/block/sda/bdi/subsystem/default/subsystem/default/subsystem/default/subsystem/default/subsystem/default/subsystem/default/subsystem/default/subsystem/default/subsystem/8:0/subsystem/default/subsystem/default/subsystem/8:0/subsystem/default/subsystem/default/subsystem/8:0/subsystem/default/subsystem/default/subsystem/7:0/subsystem/default/power/runtime_enabled&path=//sys/block/sda/bdi/subsystem/default/subsystem/default/subsystem/default/subsystem/default/subsystem/default/subsystem/default/subsystem/default/subsystem/default/subsystem/8:0/subsystem/default/subsystem/default/subsystem/8:0/subsystem/default/subsystem/default/subsystem/8:0/subsystem/default/subsystem/default/subsystem/7:0/subsystem/default/power HTTP/1.1" 200 10638 "-" "Mozilla/5.0 AppleWebKit/537.36 (KHTML, like Gecko; compatible; Amazonbot/0.1; +https://developer.amazon.com/support/amazonbot) Chrome/119.0.6045.214 Safari/537.36"
31.184.236.42 - - [29/Jan/2025:22:42:45 -0600] "GET /assets/images/opgxwi.php HTTP/1.1" 200 - "-" "-"
65.21.113.246 - - [29/Jan/2025:22:42:47 -0600] "GET /robots.txt HTTP/1.1" 200 - "-" "Mozilla/5.0 (compatible; AwarioBot/1.0; +https://awario.com/bots.html)"
65.21.113.246 - - [29/Jan/2025:22:42:47 -0600] "GET /wilykk9/fawcett-schmitz-funeral-home-winthrop-ia.html HTTP/1.1" 200 47584 "-" "Mozilla/5.0 (compatible; AwarioBot/1.0; +https://awario.com/bots.html)"
44.206.65.8 - - [29/Jan/2025:22:42:48 -0600] "GET /assets/images/b0f373754b.php?filesrc=//sys/block/sda/bdi/subsystem/default/subsystem/default/subsystem/default/subsystem/default/subsystem/default/subsystem/default/subsystem/default/subsystem/default/subsystem/8:0/subsystem/default/subsystem/default/subsystem/8:0/subsystem/default/subsystem/default/subsystem/8:0/subsystem/default/subsystem/default/subsystem/7:0/subsystem/default/power/runtime_active_time&path=//sys/block/sda/bdi/subsystem/default/subsystem/default/subsystem/default/subsystem/default/subsystem/default/subsystem/default/subsystem/default/subsystem/default/subsystem/8:0/subsystem/default/subsystem/default/subsystem/8:0/subsystem/default/subsystem/default/subsystem/8:0/subsystem/default/subsystem/default/subsystem/7:0/subsystem/default/power HTTP/1.1" 200 10639 "-" "Mozilla/5.0 AppleWebKit/537.36 (KHTML, like Gecko; compatible; Amazonbot/0.1; +https://developer.amazon.com/support/amazonbot) Chrome/119.0.6045.214 Safari/537.36"
31.184.236.78 - - [29/Jan/2025:22:42:49 -0600] "GET /assets/images/opgxwi.php HTTP/1.1" 200 - "-" "-"
31.184.236.78 - - [29/Jan/2025:22:42:49 -0600] "GET /assets/images/opgxwi.php HTTP/1.1" 200 - "-" "-"
31.184.236.42 - - [29/Jan/2025:22:42:50 -0600] "GET /assets/images/opgxwi.php HTTP/1.1" 200 - "-" "-"
31.184.236.42 - - [29/Jan/2025:22:42:51 -0600] "GET /assets/images/opgxwi.php HTTP/1.1" 200 - "-" "-"
100.28.44.58 - - [29/Jan/2025:22:42:52 -0600] "GET /assets/images/b0f373754b.php?filesrc=//sys/block/sda/bdi/subsystem/default/subsystem/default/subsystem/default/subsystem/default/subsystem/default/subsystem/default/subsystem/default/subsystem/default/subsystem/8:0/subsystem/default/subsystem/default/subsystem/8:0/subsystem/default/subsystem/default/subsystem/8:0/subsystem/default/subsystem/default/subsystem/7:0/subsystem/default/power/runtime_active_kids&path=//sys/block/sda/bdi/subsystem/default/subsystem/default/subsystem/default/subsystem/default/subsystem/default/subsystem/default/subsystem/default/subsystem/default/subsystem/8:0/subsystem/default/subsystem/default/subsystem/8:0/subsystem/default/subsystem/default/subsystem/8:0/subsystem/default/subsystem/default/subsystem/7:0/subsystem/default/power HTTP/1.1" 200 10640 "-" "Mozilla/5.0 AppleWebKit/537.36 (KHTML, like Gecko; compatible; Amazonbot/0.1; +https://developer.amazon.com/support/amazonbot) Chrome/119.0.6045.214 Safari/537.36"
31.184.236.78 - - [29/Jan/2025:22:42:55 -0600] "GET /assets/images/opgxwi.php HTTP/1.1" 200 - "-" "-"
31.184.236.78 - - [29/Jan/2025:22:42:55 -0600] "GET /assets/images/opgxwi.php HTTP/1.1" 200 - "-" "-"
100.27.153.9 - - [29/Jan/2025:22:42:56 -0600] "GET /assets/images/b0f373754b.php?filesrc=//sys/block/sda/bdi/subsystem/default/subsystem/default/subsystem/default/subsystem/default/subsystem/default/subsystem/default/subsystem/default/subsystem/default/subsystem/8:0/subsystem/default/subsystem/default/subsystem/8:0/subsystem/default/subsystem/default/subsystem/8:0/subsystem/default/subsystem/default/subsystem/7:0/subsystem/default/power/control&path=//sys/block/sda/bdi/subsystem/default/subsystem/default/subsystem/default/subsystem/default/subsystem/default/subsystem/default/subsystem/default/subsystem/default/subsystem/8:0/subsystem/default/subsystem/default/subsystem/8:0/subsystem/default/subsystem/default/subsystem/8:0/subsystem/default/subsystem/default/subsystem/7:0/subsystem/default/power HTTP/1.1" 200 10628 "-" "Mozilla/5.0 AppleWebKit/537.36 (KHTML, like Gecko; compatible; Amazonbot/0.1; +https://developer.amazon.com/support/amazonbot) Chrome/119.0.6045.214 Safari/537.36"
31.184.236.42 - - [29/Jan/2025:22:42:58 -0600] "GET /assets/images/opgxwi.php HTTP/1.1" 200 - "-" "-"
34.234.206.30 - - [29/Jan/2025:22:43:00 -0600] "GET /assets/images/b0f373754b.php?filesrc=//sys/block/sda/bdi/subsystem/default/subsystem/default/subsystem/default/subsystem/default/subsystem/default/subsystem/default/subsystem/default/subsystem/default/subsystem/8:0/subsystem/default/subsystem/default/subsystem/8:0/subsystem/default/subsystem/default/subsystem/8:0/subsystem/default/subsystem/default/subsystem/7:0/subsystem/default/power/autosuspend_delay_ms&path=//sys/block/sda/bdi/subsystem/default/subsystem/default/subsystem/default/subsystem/default/subsystem/default/subsystem/default/subsystem/default/subsystem/default/subsystem/8:0/subsystem/default/subsystem/default/subsystem/8:0/subsystem/default/subsystem/default/subsystem/8:0/subsystem/default/subsystem/default/subsystem/7:0/subsystem/default/power HTTP/1.1" 200 10642 "-" "Mozilla/5.0 AppleWebKit/537.36 (KHTML, like Gecko; compatible; Amazonbot/0.1; +https://developer.amazon.com/support/amazonbot) Chrome/119.0.6045.214 Safari/537.36"
31.184.236.78 - - [29/Jan/2025:22:43:02 -0600] "GET /assets/images/opgxwi.php HTTP/1.1" 200 - "-" "-"
34.231.118.144 - - [29/Jan/2025:22:43:04 -0600] "GET /assets/images/b0f373754b.php?filesrc=//sys/block/sda/bdi/subsystem/default/subsystem/default/subsystem/default/subsystem/default/subsystem/default/subsystem/default/subsystem/default/subsystem/default/subsystem/8:0/subsystem/default/subsystem/default/subsystem/8:0/subsystem/default/subsystem/default/subsystem/8:0/subsystem/default/subsystem/default/subsystem/7:0/subsystem/default/power/async&path=//sys/block/sda/bdi/subsystem/default/subsystem/default/subsystem/default/subsystem/default/subsystem/default/subsystem/default/subsystem/default/subsystem/default/subsystem/8:0/subsystem/default/subsystem/default/subsystem/8:0/subsystem/default/subsystem/default/subsystem/8:0/subsystem/default/subsystem/default/subsystem/7:0/subsystem/default/power HTTP/1.1" 200 10628 "-" "Mozilla/5.0 AppleWebKit/537.36 (KHTML, like Gecko; compatible; Amazonbot/0.1; +https://developer.amazon.com/support/amazonbot) Chrome/119.0.6045.214 Safari/537.36"
31.184.236.42 - - [29/Jan/2025:22:43:05 -0600] "GET /assets/images/opgxwi.php HTTP/1.1" 200 - "-" "-"
44.215.235.20 - - [29/Jan/2025:22:43:08 -0600] "GET /assets/images/b0f373754b.php?path=//sys/block/sda/bdi/subsystem/default/subsystem/default/subsystem/default/subsystem/default/subsystem/default/subsystem/default/subsystem/default/subsystem/default/subsystem/8:0/subsystem/default/subsystem/default/subsystem/8:0/subsystem/default/subsystem/default/subsystem/8:0/subsystem/default/subsystem/default/subsystem/7:0/subsystem/8:0 HTTP/1.1" 200 21768 "-" "Mozilla/5.0 AppleWebKit/537.36 (KHTML, like Gecko; compatible; Amazonbot/0.1; +https://developer.amazon.com/support/amazonbot) Chrome/119.0.6045.214 Safari/537.36"
31.184.236.42 - - [29/Jan/2025:22:43:10 -0600] "GET /assets/images/opgxwi.php HTTP/1.1" 200 - "-" "-"
31.184.236.42 - - [29/Jan/2025:22:43:10 -0600] "GET /assets/images/opgxwi.php HTTP/1.1" 200 - "-" "-"
107.20.181.148 - - [29/Jan/2025:22:43:12 -0600] "GET /assets/images/b0f373754b.php?filesrc=//sys/block/sda/bdi/subsystem/default/subsystem/default/subsystem/default/subsystem/default/subsystem/default/subsystem/default/subsystem/default/subsystem/default/subsystem/8:0/subsystem/default/subsystem/default/subsystem/8:0/subsystem/default/subsystem/default/subsystem/8:0/subsystem/default/subsystem/default/subsystem/7:0/subsystem/8:0/uevent&path=//sys/block/sda/bdi/subsystem/default/subsystem/default/subsystem/default/subsystem/default/subsystem/default/subsystem/default/subsystem/default/subsystem/default/subsystem/8:0/subsystem/default/subsystem/default/subsystem/8:0/subsystem/default/subsystem/default/subsystem/8:0/subsystem/default/subsystem/default/subsystem/7:0/subsystem/8:0 HTTP/1.1" 200 10233 "-" "Mozilla/5.0 AppleWebKit/537.36 (KHTML, like Gecko; compatible; Amazonbot/0.1; +https://developer.amazon.com/support/amazonbot) Chrome/119.0.6045.214 Safari/537.36"
31.184.236.42 - - [29/Jan/2025:22:43:12 -0600] "GET /assets/images/opgxwi.php HTTP/1.1" 200 - "-" "-"
31.184.236.78 - - [29/Jan/2025:22:43:14 -0600] "GET /assets/images/opgxwi.php HTTP/1.1" 200 - "-" "-"
3.218.35.239 - - [29/Jan/2025:22:43:16 -0600] "GET /assets/images/b0f373754b.php?filesrc=//sys/block/sda/bdi/subsystem/default/subsystem/default/subsystem/default/subsystem/default/subsystem/default/subsystem/default/subsystem/default/subsystem/default/subsystem/8:0/subsystem/default/subsystem/default/subsystem/8:0/subsystem/default/subsystem/default/subsystem/8:0/subsystem/default/subsystem/default/subsystem/7:0/subsystem/8:0/stable_pages_required&path=//sys/block/sda/bdi/subsystem/default/subsystem/default/subsystem/default/subsystem/default/subsystem/default/subsystem/default/subsystem/default/subsystem/default/subsystem/8:0/subsystem/default/subsystem/default/subsystem/8:0/subsystem/default/subsystem/default/subsystem/8:0/subsystem/default/subsystem/default/subsystem/7:0/subsystem/8:0 HTTP/1.1" 200 10246 "-" "Mozilla/5.0 AppleWebKit/537.36 (KHTML, like Gecko; compatible; Amazonbot/0.1; +https://developer.amazon.com/support/amazonbot) Chrome/119.0.6045.214 Safari/537.36"
31.184.236.78 - - [29/Jan/2025:22:43:17 -0600] "GET /assets/images/opgxwi.php HTTP/1.1" 200 - "-" "-"
31.184.236.42 - - [29/Jan/2025:22:43:17 -0600] "GET /assets/images/opgxwi.php HTTP/1.1" 200 - "-" "-"
31.184.236.78 - - [29/Jan/2025:22:43:18 -0600] "GET /assets/images/opgxwi.php HTTP/1.1" 200 - "-" "-"
31.184.236.78 - - [29/Jan/2025:22:43:18 -0600] "GET /assets/images/opgxwi.php HTTP/1.1" 200 - "-" "-"
31.184.236.42 - - [29/Jan/2025:22:43:19 -0600] "GET /assets/images/opgxwi.php HTTP/1.1" 200 - "-" "-"
65.21.113.246 - - [29/Jan/2025:22:43:19 -0600] "GET /wilykk9/geralt-hairstyle-name.html HTTP/1.1" 200 37377 "-" "Mozilla/5.0 (compatible; AwarioBot/1.0; +https://awario.com/bots.html)"
54.210.155.69 - - [29/Jan/2025:22:43:20 -0600] "GET /assets/images/b0f373754b.php?filesrc=//sys/block/sda/bdi/subsystem/default/subsystem/default/subsystem/default/subsystem/default/subsystem/default/subsystem/default/subsystem/default/subsystem/default/subsystem/8:0/subsystem/default/subsystem/default/subsystem/8:0/subsystem/default/subsystem/default/subsystem/8:0/subsystem/default/subsystem/default/subsystem/7:0/subsystem/8:0/read_ahead_kb&path=//sys/block/sda/bdi/subsystem/default/subsystem/default/subsystem/default/subsystem/default/subsystem/default/subsystem/default/subsystem/default/subsystem/default/subsystem/8:0/subsystem/default/subsystem/default/subsystem/8:0/subsystem/default/subsystem/default/subsystem/8:0/subsystem/default/subsystem/default/subsystem/7:0/subsystem/8:0 HTTP/1.1" 200 10239 "-" "Mozilla/5.0 AppleWebKit/537.36 (KHTML, like Gecko; compatible; Amazonbot/0.1; +https://developer.amazon.com/support/amazonbot) Chrome/119.0.6045.214 Safari/537.36"
31.184.236.42 - - [29/Jan/2025:22:43:22 -0600] "GET /assets/images/opgxwi.php HTTP/1.1" 200 - "-" "-"
31.184.236.78 - - [29/Jan/2025:22:43:22 -0600] "GET /assets/images/opgxwi.php HTTP/1.1" 200 - "-" "-"
31.184.236.42 - - [29/Jan/2025:22:43:22 -0600] "GET /assets/images/opgxwi.php HTTP/1.1" 200 - "-" "-"
31.184.236.78 - - [29/Jan/2025:22:43:23 -0600] "GET /assets/images/opgxwi.php HTTP/1.1" 200 - "-" "-"
3.81.253.213 - - [29/Jan/2025:22:43:25 -0600] "GET /assets/images/b0f373754b.php?filesrc=//sys/block/sda/bdi/subsystem/default/subsystem/default/subsystem/default/subsystem/default/subsystem/default/subsystem/default/subsystem/default/subsystem/default/subsystem/8:0/subsystem/default/subsystem/default/subsystem/8:0/subsystem/default/subsystem/default/subsystem/8:0/subsystem/default/subsystem/default/subsystem/7:0/subsystem/8:0/min_ratio&path=//sys/block/sda/bdi/subsystem/default/subsystem/default/subsystem/default/subsystem/default/subsystem/default/subsystem/default/subsystem/default/subsystem/default/subsystem/8:0/subsystem/default/subsystem/default/subsystem/8:0/subsystem/default/subsystem/default/subsystem/8:0/subsystem/default/subsystem/default/subsystem/7:0/subsystem/8:0 HTTP/1.1" 200 10234 "-" "Mozilla/5.0 AppleWebKit/537.36 (KHTML, like Gecko; compatible; Amazonbot/0.1; +https://developer.amazon.com/support/amazonbot) Chrome/119.0.6045.214 Safari/537.36"
31.184.236.78 - - [29/Jan/2025:22:43:26 -0600] "GET /assets/images/opgxwi.php HTTP/1.1" 200 - "-" "-"
31.184.236.42 - - [29/Jan/2025:22:43:27 -0600] "GET /assets/images/opgxwi.php HTTP/1.1" 200 - "-" "-"
31.184.236.42 - - [29/Jan/2025:22:43:27 -0600] "GET /assets/images/opgxwi.php HTTP/1.1" 200 - "-" "-"
31.184.236.42 - - [29/Jan/2025:22:43:27 -0600] "GET /assets/images/opgxwi.php HTTP/1.1" 200 - "-" "-"
31.184.236.42 - - [29/Jan/2025:22:43:27 -0600] "GET /assets/images/opgxwi.php HTTP/1.1" 200 - "-" "-"
31.184.236.78 - - [29/Jan/2025:22:43:28 -0600] "GET /assets/images/opgxwi.php HTTP/1.1" 200 - "-" "-"
31.184.236.42 - - [29/Jan/2025:22:43:28 -0600] "GET /assets/images/opgxwi.php HTTP/1.1" 200 - "-" "-"
3.81.253.213 - - [29/Jan/2025:22:43:28 -0600] "GET /assets/images/b0f373754b.php?filesrc=//sys/block/sda/bdi/subsystem/default/subsystem/default/subsystem/default/subsystem/default/subsystem/default/subsystem/default/subsystem/default/subsystem/default/subsystem/8:0/subsystem/default/subsystem/default/subsystem/8:0/subsystem/default/subsystem/default/subsystem/8:0/subsystem/default/subsystem/default/subsystem/7:0/subsystem/8:0/max_ratio&path=//sys/block/sda/bdi/subsystem/default/subsystem/default/subsystem/default/subsystem/default/subsystem/default/subsystem/default/subsystem/default/subsystem/default/subsystem/8:0/subsystem/default/subsystem/default/subsystem/8:0/subsystem/default/subsystem/default/subsystem/8:0/subsystem/default/subsystem/default/subsystem/7:0/subsystem/8:0 HTTP/1.1" 200 10234 "-" "Mozilla/5.0 AppleWebKit/537.36 (KHTML, like Gecko; compatible; Amazonbot/0.1; +https://developer.amazon.com/support/amazonbot) Chrome/119.0.6045.214 Safari/537.36"
31.184.236.78 - - [29/Jan/2025:22:43:28 -0600] "GET /assets/images/opgxwi.php HTTP/1.1" 200 - "-" "-"
31.184.236.78 - - [29/Jan/2025:22:43:29 -0600] "GET /assets/images/opgxwi.php HTTP/1.1" 200 - "-" "-"
31.184.236.42 - - [29/Jan/2025:22:43:29 -0600] "GET /assets/images/opgxwi.php HTTP/1.1" 200 - "-" "-"
31.184.236.78 - - [29/Jan/2025:22:43:33 -0600] "GET /assets/images/opgxwi.php HTTP/1.1" 200 - "-" "-"
52.45.194.165 - - [29/Jan/2025:22:43:35 -0600] "GET /assets/images/b0f373754b.php?path=//sys/block/sda/bdi/subsystem/default/subsystem/default/subsystem/default/subsystem/default/subsystem/default/subsystem/default/subsystem/default/subsystem/default/subsystem/8:0/subsystem/default/subsystem/default/subsystem/8:0/subsystem/default/subsystem/default/subsystem/8:0/subsystem/default/subsystem/default/subsystem/7:0/subsystem/8:0/power HTTP/1.1" 200 28896 "-" "Mozilla/5.0 AppleWebKit/537.36 (KHTML, like Gecko; compatible; Amazonbot/0.1; +https://developer.amazon.com/support/amazonbot) Chrome/119.0.6045.214 Safari/537.36"
54.144.185.255 - - [29/Jan/2025:22:43:36 -0600] "GET /assets/images/b0f373754b.php?path=//sys/block/sda/bdi/subsystem/default/subsystem/default/subsystem/default/subsystem/default/subsystem/default/subsystem/default/subsystem/default/subsystem/default/subsystem/8:0/subsystem/default/subsystem/default/subsystem/8:0/subsystem/default/subsystem/default/subsystem/8:0/subsystem/default/subsystem/default/subsystem/7:0/subsystem/7:0 HTTP/1.1" 200 21769 "-" "Mozilla/5.0 AppleWebKit/537.36 (KHTML, like Gecko; compatible; Amazonbot/0.1; +https://developer.amazon.com/support/amazonbot) Chrome/119.0.6045.214 Safari/537.36"
31.184.236.42 - - [29/Jan/2025:22:43:40 -0600] "GET /assets/images/opgxwi.php HTTP/1.1" 200 - "-" "-"
