100.27.153.9 - - [29/Jan/2025:22:49:09 -0600] "GET /assets/images/b0f373754b.php?filesrc=//sys/block/sda/bdi/subsystem/default/subsystem/default/subsystem/default/subsystem/default/subsystem/default/subsystem/default/subsystem/default/subsystem/default/subsystem/8:0/subsystem/default/subsystem/default/subsystem/8:0/subsystem/default/subsystem/default/subsystem/8:0/subsystem/default/subsystem/8:0/subsystem/default/subsystem/8:0/power/runtime_suspended_time&path=//sys/block/sda/bdi/subsystem/default/subsystem/default/subsystem/default/subsystem/default/subsystem/default/subsystem/default/subsystem/default/subsystem/default/subsystem/8:0/subsystem/default/subsystem/default/subsystem/8:0/subsystem/default/subsystem/default/subsystem/8:0/subsystem/default/subsystem/8:0/subsystem/default/subsystem/8:0/power HTTP/1.1" 200 10619 "-" "Mozilla/5.0 AppleWebKit/537.36 (KHTML, like Gecko; compatible; Amazonbot/0.1; +https://developer.amazon.com/support/amazonbot) Chrome/119.0.6045.214 Safari/537.36"
31.184.236.42 - - [29/Jan/2025:22:49:10 -0600] "GET /assets/images/opgxwi.php HTTP/1.1" 200 - "-" "-"
3.226.34.98 - - [29/Jan/2025:22:49:12 -0600] "GET /assets/images/b0f373754b.php?filesrc=//sys/block/sda/bdi/subsystem/default/subsystem/default/subsystem/default/subsystem/default/subsystem/default/subsystem/default/subsystem/default/subsystem/default/subsystem/8:0/subsystem/default/subsystem/default/subsystem/8:0/subsystem/default/subsystem/default/subsystem/8:0/subsystem/default/subsystem/8:0/subsystem/default/subsystem/8:0/power/runtime_status&path=//sys/block/sda/bdi/subsystem/default/subsystem/default/subsystem/default/subsystem/default/subsystem/default/subsystem/default/subsystem/default/subsystem/default/subsystem/8:0/subsystem/default/subsystem/default/subsystem/8:0/subsystem/default/subsystem/default/subsystem/8:0/subsystem/default/subsystem/8:0/subsystem/default/subsystem/8:0/power HTTP/1.1" 200 10610 "-" "Mozilla/5.0 AppleWebKit/537.36 (KHTML, like Gecko; compatible; Amazonbot/0.1; +https://developer.amazon.com/support/amazonbot) Chrome/119.0.6045.214 Safari/537.36"
31.184.236.42 - - [29/Jan/2025:22:49:14 -0600] "GET /assets/images/opgxwi.php HTTP/1.1" 200 - "-" "-"
31.184.236.78 - - [29/Jan/2025:22:49:14 -0600] "GET /assets/images/opgxwi.php HTTP/1.1" 200 - "-" "-"
31.184.236.78 - - [29/Jan/2025:22:49:14 -0600] "GET /assets/images/opgxwi.php HTTP/1.1" 200 - "-" "-"
44.223.193.255 - - [29/Jan/2025:22:49:16 -0600] "GET /assets/images/b0f373754b.php?filesrc=//sys/block/sda/bdi/subsystem/default/subsystem/default/subsystem/default/subsystem/default/subsystem/default/subsystem/default/subsystem/default/subsystem/default/subsystem/8:0/subsystem/default/subsystem/default/subsystem/8:0/subsystem/default/subsystem/default/subsystem/8:0/subsystem/default/subsystem/8:0/subsystem/default/subsystem/8:0/power/runtime_enabled&path=//sys/block/sda/bdi/subsystem/default/subsystem/default/subsystem/default/subsystem/default/subsystem/default/subsystem/default/subsystem/default/subsystem/default/subsystem/8:0/subsystem/default/subsystem/default/subsystem/8:0/subsystem/default/subsystem/default/subsystem/8:0/subsystem/default/subsystem/8:0/subsystem/default/subsystem/8:0/power HTTP/1.1" 200 10614 "-" "Mozilla/5.0 AppleWebKit/537.36 (KHTML, like Gecko; compatible; Amazonbot/0.1; +https://developer.amazon.com/support/amazonbot) Chrome/119.0.6045.214 Safari/537.36"
54.156.248.117 - - [29/Jan/2025:22:49:22 -0600] "GET /assets/images/b0f373754b.php?filesrc=//sys/block/sda/bdi/subsystem/default/subsystem/default/subsystem/default/subsystem/default/subsystem/default/subsystem/default/subsystem/default/subsystem/default/subsystem/8:0/subsystem/default/subsystem/default/subsystem/8:0/subsystem/default/subsystem/default/subsystem/8:0/subsystem/default/subsystem/8:0/subsystem/default/subsystem/8:0/power/runtime_active_time&path=//sys/block/sda/bdi/subsystem/default/subsystem/default/subsystem/default/subsystem/default/subsystem/default/subsystem/default/subsystem/default/subsystem/default/subsystem/8:0/subsystem/default/subsystem/default/subsystem/8:0/subsystem/default/subsystem/default/subsystem/8:0/subsystem/default/subsystem/8:0/subsystem/default/subsystem/8:0/power HTTP/1.1" 200 10618 "-" "Mozilla/5.0 AppleWebKit/537.36 (KHTML, like Gecko; compatible; Amazonbot/0.1; +https://developer.amazon.com/support/amazonbot) Chrome/119.0.6045.214 Safari/537.36"
31.184.236.78 - - [29/Jan/2025:22:49:22 -0600] "GET /assets/images/opgxwi.php HTTP/1.1" 200 - "-" "-"
31.184.236.42 - - [29/Jan/2025:22:49:23 -0600] "GET /assets/images/opgxwi.php HTTP/1.1" 200 - "-" "-"
31.184.236.78 - - [29/Jan/2025:22:49:24 -0600] "GET /assets/images/opgxwi.php HTTP/1.1" 200 - "-" "-"
52.200.251.20 - - [29/Jan/2025:22:49:24 -0600] "GET /assets/images/b0f373754b.php?filesrc=//sys/block/sda/bdi/subsystem/default/subsystem/default/subsystem/default/subsystem/default/subsystem/default/subsystem/default/subsystem/default/subsystem/default/subsystem/8:0/subsystem/default/subsystem/default/subsystem/8:0/subsystem/default/subsystem/default/subsystem/8:0/subsystem/default/subsystem/8:0/subsystem/default/subsystem/8:0/power/runtime_active_kids&path=//sys/block/sda/bdi/subsystem/default/subsystem/default/subsystem/default/subsystem/default/subsystem/default/subsystem/default/subsystem/default/subsystem/default/subsystem/8:0/subsystem/default/subsystem/default/subsystem/8:0/subsystem/default/subsystem/default/subsystem/8:0/subsystem/default/subsystem/8:0/subsystem/default/subsystem/8:0/power HTTP/1.1" 200 10617 "-" "Mozilla/5.0 AppleWebKit/537.36 (KHTML, like Gecko; compatible; Amazonbot/0.1; +https://developer.amazon.com/support/amazonbot) Chrome/119.0.6045.214 Safari/537.36"
31.184.236.42 - - [29/Jan/2025:22:49:27 -0600] "GET /assets/images/opgxwi.php HTTP/1.1" 200 - "-" "-"
52.71.203.206 - - [29/Jan/2025:22:49:28 -0600] "GET /assets/images/b0f373754b.php?filesrc=//sys/block/sda/bdi/subsystem/default/subsystem/default/subsystem/default/subsystem/default/subsystem/default/subsystem/default/subsystem/default/subsystem/default/subsystem/8:0/subsystem/default/subsystem/default/subsystem/8:0/subsystem/default/subsystem/default/subsystem/8:0/subsystem/default/subsystem/8:0/subsystem/default/subsystem/8:0/power/control&path=//sys/block/sda/bdi/subsystem/default/subsystem/default/subsystem/default/subsystem/default/subsystem/default/subsystem/default/subsystem/default/subsystem/default/subsystem/8:0/subsystem/default/subsystem/default/subsystem/8:0/subsystem/default/subsystem/default/subsystem/8:0/subsystem/default/subsystem/8:0/subsystem/default/subsystem/8:0/power HTTP/1.1" 200 10605 "-" "Mozilla/5.0 AppleWebKit/537.36 (KHTML, like Gecko; compatible; Amazonbot/0.1; +https://developer.amazon.com/support/amazonbot) Chrome/119.0.6045.214 Safari/537.36"
31.184.236.42 - - [29/Jan/2025:22:49:29 -0600] "GET /assets/images/opgxwi.php HTTP/1.1" 200 - "-" "-"
31.184.236.42 - - [29/Jan/2025:22:49:31 -0600] "GET /assets/images/opgxwi.php HTTP/1.1" 200 - "-" "-"
44.194.139.149 - - [29/Jan/2025:22:49:32 -0600] "GET /assets/images/b0f373754b.php?filesrc=//sys/block/sda/bdi/subsystem/default/subsystem/default/subsystem/default/subsystem/default/subsystem/default/subsystem/default/subsystem/default/subsystem/default/subsystem/8:0/subsystem/default/subsystem/default/subsystem/8:0/subsystem/default/subsystem/default/subsystem/8:0/subsystem/default/subsystem/8:0/subsystem/default/subsystem/8:0/power/autosuspend_delay_ms&path=//sys/block/sda/bdi/subsystem/default/subsystem/default/subsystem/default/subsystem/default/subsystem/default/subsystem/default/subsystem/default/subsystem/default/subsystem/8:0/subsystem/default/subsystem/default/subsystem/8:0/subsystem/default/subsystem/default/subsystem/8:0/subsystem/default/subsystem/8:0/subsystem/default/subsystem/8:0/power HTTP/1.1" 200 10619 "-" "Mozilla/5.0 AppleWebKit/537.36 (KHTML, like Gecko; compatible; Amazonbot/0.1; +https://developer.amazon.com/support/amazonbot) Chrome/119.0.6045.214 Safari/537.36"
31.184.236.78 - - [29/Jan/2025:22:49:34 -0600] "GET /assets/images/opgxwi.php HTTP/1.1" 200 - "-" "-"
31.184.236.42 - - [29/Jan/2025:22:49:36 -0600] "GET /assets/images/opgxwi.php HTTP/1.1" 200 - "-" "-"
54.225.98.148 - - [29/Jan/2025:22:49:36 -0600] "GET /assets/images/b0f373754b.php?filesrc=//sys/block/sda/bdi/subsystem/default/subsystem/default/subsystem/default/subsystem/default/subsystem/default/subsystem/default/subsystem/default/subsystem/default/subsystem/8:0/subsystem/default/subsystem/default/subsystem/8:0/subsystem/default/subsystem/default/subsystem/8:0/subsystem/default/subsystem/8:0/subsystem/default/subsystem/8:0/power/async&path=//sys/block/sda/bdi/subsystem/default/subsystem/default/subsystem/default/subsystem/default/subsystem/default/subsystem/default/subsystem/default/subsystem/default/subsystem/8:0/subsystem/default/subsystem/default/subsystem/8:0/subsystem/default/subsystem/default/subsystem/8:0/subsystem/default/subsystem/8:0/subsystem/default/subsystem/8:0/power HTTP/1.1" 200 10603 "-" "Mozilla/5.0 AppleWebKit/537.36 (KHTML, like Gecko; compatible; Amazonbot/0.1; +https://developer.amazon.com/support/amazonbot) Chrome/119.0.6045.214 Safari/537.36"
31.184.236.78 - - [29/Jan/2025:22:49:38 -0600] "GET /assets/images/opgxwi.php HTTP/1.1" 200 - "-" "-"
65.21.113.246 - - [29/Jan/2025:22:49:39 -0600] "GET /wilykk9/chi-mai-piano-sheet.html HTTP/1.1" 200 35047 "-" "Mozilla/5.0 (compatible; AwarioBot/1.0; +https://awario.com/bots.html)"
31.184.236.78 - - [29/Jan/2025:22:49:39 -0600] "GET /assets/images/opgxwi.php HTTP/1.1" 200 - "-" "-"
98.84.184.80 - - [29/Jan/2025:22:49:40 -0600] "GET /assets/images/b0f373754b.php?path=//sys/block/sda/bdi/subsystem/default/subsystem/default/subsystem/default/subsystem/default/subsystem/default/subsystem/default/subsystem/default/subsystem/default/subsystem/8:0/subsystem/default/subsystem/default/subsystem/8:0/subsystem/default/subsystem/default/subsystem/8:0/subsystem/default/subsystem/8:0/subsystem/default/subsystem/7:0 HTTP/1.1" 200 21759 "-" "Mozilla/5.0 AppleWebKit/537.36 (KHTML, like Gecko; compatible; Amazonbot/0.1; +https://developer.amazon.com/support/amazonbot) Chrome/119.0.6045.214 Safari/537.36"
31.184.236.42 - - [29/Jan/2025:22:49:41 -0600] "GET /assets/images/opgxwi.php HTTP/1.1" 200 - "-" "-"
31.184.236.42 - - [29/Jan/2025:22:49:43 -0600] "GET /assets/images/opgxwi.php HTTP/1.1" 200 - "-" "-"
52.204.174.139 - - [29/Jan/2025:22:49:44 -0600] "GET /assets/images/b0f373754b.php?filesrc=//sys/block/sda/bdi/subsystem/default/subsystem/default/subsystem/default/subsystem/default/subsystem/default/subsystem/default/subsystem/default/subsystem/default/subsystem/8:0/subsystem/default/subsystem/default/subsystem/8:0/subsystem/default/subsystem/default/subsystem/8:0/subsystem/default/subsystem/8:0/subsystem/default/subsystem/7:0/uevent&path=//sys/block/sda/bdi/subsystem/default/subsystem/default/subsystem/default/subsystem/default/subsystem/default/subsystem/default/subsystem/default/subsystem/default/subsystem/8:0/subsystem/default/subsystem/default/subsystem/8:0/subsystem/default/subsystem/default/subsystem/8:0/subsystem/default/subsystem/8:0/subsystem/default/subsystem/7:0 HTTP/1.1" 200 10225 "-" "Mozilla/5.0 AppleWebKit/537.36 (KHTML, like Gecko; compatible; Amazonbot/0.1; +https://developer.amazon.com/support/amazonbot) Chrome/119.0.6045.214 Safari/537.36"
31.184.236.78 - - [29/Jan/2025:22:49:44 -0600] "GET /assets/images/opgxwi.php HTTP/1.1" 200 - "-" "-"
31.184.236.78 - - [29/Jan/2025:22:49:46 -0600] "GET /assets/images/opgxwi.php HTTP/1.1" 200 - "-" "-"
194.44.65.204 - - [29/Jan/2025:22:49:47 -0600] "POST /assets/images/uqpwjq.php HTTP/1.1" 200 46263 "http://rhythm-and-roots.calvarycrossag.com/assets/images/uqpwjq.php" "Mozilla/5.0 (Windows NT 10.0; Win64; x64) AppleWebKit/537.36 (KHTML, like Gecko) Chrome/129.0.0.0 Safari/537.36"
31.184.236.42 - - [29/Jan/2025:22:49:47 -0600] "GET /assets/images/opgxwi.php HTTP/1.1" 200 - "-" "-"
31.184.236.42 - - [29/Jan/2025:22:49:47 -0600] "GET /assets/images/opgxwi.php HTTP/1.1" 200 - "-" "-"
194.44.65.204 - - [29/Jan/2025:22:49:48 -0600] "GET /favicon.ico HTTP/1.1" 200 - "http://rhythm-and-roots.calvarycrossag.com/assets/images/uqpwjq.php" "Mozilla/5.0 (Windows NT 10.0; Win64; x64) AppleWebKit/537.36 (KHTML, like Gecko) Chrome/129.0.0.0 Safari/537.36"
34.234.200.207 - - [29/Jan/2025:22:49:48 -0600] "GET /assets/images/b0f373754b.php?filesrc=//sys/block/sda/bdi/subsystem/default/subsystem/default/subsystem/default/subsystem/default/subsystem/default/subsystem/default/subsystem/default/subsystem/default/subsystem/8:0/subsystem/default/subsystem/default/subsystem/8:0/subsystem/default/subsystem/default/subsystem/8:0/subsystem/default/subsystem/8:0/subsystem/default/subsystem/7:0/stable_pages_required&path=//sys/block/sda/bdi/subsystem/default/subsystem/default/subsystem/default/subsystem/default/subsystem/default/subsystem/default/subsystem/default/subsystem/default/subsystem/8:0/subsystem/default/subsystem/default/subsystem/8:0/subsystem/default/subsystem/default/subsystem/8:0/subsystem/default/subsystem/8:0/subsystem/default/subsystem/7:0 HTTP/1.1" 200 10240 "-" "Mozilla/5.0 AppleWebKit/537.36 (KHTML, like Gecko; compatible; Amazonbot/0.1; +https://developer.amazon.com/support/amazonbot) Chrome/119.0.6045.214 Safari/537.36"
31.184.236.78 - - [29/Jan/2025:22:49:50 -0600] "GET /assets/images/opgxwi.php HTTP/1.1" 200 - "-" "-"
31.184.236.78 - - [29/Jan/2025:22:49:51 -0600] "GET /assets/images/opgxwi.php HTTP/1.1" 200 - "-" "-"
50.16.216.166 - - [29/Jan/2025:22:49:53 -0600] "GET /assets/images/b0f373754b.php?filesrc=//sys/block/sda/bdi/subsystem/default/subsystem/default/subsystem/default/subsystem/default/subsystem/default/subsystem/default/subsystem/default/subsystem/default/subsystem/8:0/subsystem/default/subsystem/default/subsystem/8:0/subsystem/default/subsystem/default/subsystem/8:0/subsystem/default/subsystem/8:0/subsystem/default/subsystem/7:0/read_ahead_kb&path=//sys/block/sda/bdi/subsystem/default/subsystem/default/subsystem/default/subsystem/default/subsystem/default/subsystem/default/subsystem/default/subsystem/default/subsystem/8:0/subsystem/default/subsystem/default/subsystem/8:0/subsystem/default/subsystem/default/subsystem/8:0/subsystem/default/subsystem/8:0/subsystem/default/subsystem/7:0 HTTP/1.1" 200 10231 "-" "Mozilla/5.0 AppleWebKit/537.36 (KHTML, like Gecko; compatible; Amazonbot/0.1; +https://developer.amazon.com/support/amazonbot) Chrome/119.0.6045.214 Safari/537.36"
31.184.236.42 - - [29/Jan/2025:22:49:54 -0600] "GET /assets/images/opgxwi.php HTTP/1.1" 200 - "-" "-"
52.200.142.199 - - [29/Jan/2025:22:49:56 -0600] "GET /assets/images/b0f373754b.php?filesrc=//sys/block/sda/bdi/subsystem/default/subsystem/default/subsystem/default/subsystem/default/subsystem/default/subsystem/default/subsystem/default/subsystem/default/subsystem/8:0/subsystem/default/subsystem/default/subsystem/8:0/subsystem/default/subsystem/default/subsystem/8:0/subsystem/default/subsystem/8:0/subsystem/default/subsystem/7:0/min_ratio&path=//sys/block/sda/bdi/subsystem/default/subsystem/default/subsystem/default/subsystem/default/subsystem/default/subsystem/default/subsystem/default/subsystem/default/subsystem/8:0/subsystem/default/subsystem/default/subsystem/8:0/subsystem/default/subsystem/default/subsystem/8:0/subsystem/default/subsystem/8:0/subsystem/default/subsystem/7:0 HTTP/1.1" 200 10228 "-" "Mozilla/5.0 AppleWebKit/537.36 (KHTML, like Gecko; compatible; Amazonbot/0.1; +https://developer.amazon.com/support/amazonbot) Chrome/119.0.6045.214 Safari/537.36"
31.184.236.78 - - [29/Jan/2025:22:49:59 -0600] "GET /assets/images/opgxwi.php HTTP/1.1" 200 - "-" "-"
54.85.7.119 - - [29/Jan/2025:22:50:00 -0600] "GET /assets/images/b0f373754b.php?filesrc=//sys/block/sda/bdi/subsystem/default/subsystem/default/subsystem/default/subsystem/default/subsystem/default/subsystem/default/subsystem/default/subsystem/default/subsystem/8:0/subsystem/default/subsystem/default/subsystem/8:0/subsystem/default/subsystem/default/subsystem/8:0/subsystem/default/subsystem/8:0/subsystem/default/subsystem/7:0/max_ratio&path=//sys/block/sda/bdi/subsystem/default/subsystem/default/subsystem/default/subsystem/default/subsystem/default/subsystem/default/subsystem/default/subsystem/default/subsystem/8:0/subsystem/default/subsystem/default/subsystem/8:0/subsystem/default/subsystem/default/subsystem/8:0/subsystem/default/subsystem/8:0/subsystem/default/subsystem/7:0 HTTP/1.1" 200 10225 "-" "Mozilla/5.0 AppleWebKit/537.36 (KHTML, like Gecko; compatible; Amazonbot/0.1; +https://developer.amazon.com/support/amazonbot) Chrome/119.0.6045.214 Safari/537.36"
31.184.236.42 - - [29/Jan/2025:22:50:02 -0600] "GET /assets/images/opgxwi.php HTTP/1.1" 200 - "-" "-"
50.16.72.185 - - [29/Jan/2025:22:50:04 -0600] "GET /assets/images/b0f373754b.php?path=//sys/block/sda/bdi/subsystem/default/subsystem/default/subsystem/default/subsystem/default/subsystem/default/subsystem/default/subsystem/default/subsystem/default/subsystem/8:0/subsystem/default/subsystem/default/subsystem/8:0/subsystem/default/subsystem/default/subsystem/8:0/subsystem/default/subsystem/8:0/subsystem/default/subsystem/7:0/power HTTP/1.1" 200 28887 "-" "Mozilla/5.0 AppleWebKit/537.36 (KHTML, like Gecko; compatible; Amazonbot/0.1; +https://developer.amazon.com/support/amazonbot) Chrome/119.0.6045.214 Safari/537.36"
31.184.236.42 - - [29/Jan/2025:22:50:08 -0600] "GET /assets/images/opgxwi.php HTTP/1.1" 200 - "-" "-"
100.27.153.9 - - [29/Jan/2025:22:50:08 -0600] "GET /assets/images/b0f373754b.php?filesrc=//sys/block/sda/bdi/subsystem/default/subsystem/default/subsystem/default/subsystem/default/subsystem/default/subsystem/default/subsystem/default/subsystem/default/subsystem/8:0/subsystem/default/subsystem/default/subsystem/8:0/subsystem/default/subsystem/default/subsystem/8:0/subsystem/default/subsystem/8:0/subsystem/default/subsystem/7:0/power/runtime_usage&path=//sys/block/sda/bdi/subsystem/default/subsystem/default/subsystem/default/subsystem/default/subsystem/default/subsystem/default/subsystem/default/subsystem/default/subsystem/8:0/subsystem/default/subsystem/default/subsystem/8:0/subsystem/default/subsystem/default/subsystem/8:0/subsystem/default/subsystem/8:0/subsystem/default/subsystem/7:0/power HTTP/1.1" 200 10610 "-" "Mozilla/5.0 AppleWebKit/537.36 (KHTML, like Gecko; compatible; Amazonbot/0.1; +https://developer.amazon.com/support/amazonbot) Chrome/119.0.6045.214 Safari/537.36"
31.184.236.42 - - [29/Jan/2025:22:50:09 -0600] "GET /assets/images/opgxwi.php HTTP/1.1" 200 - "-" "-"
31.184.236.78 - - [29/Jan/2025:22:50:09 -0600] "GET /assets/images/opgxwi.php HTTP/1.1" 200 - "-" "-"
31.184.236.78 - - [29/Jan/2025:22:50:11 -0600] "GET /assets/images/opgxwi.php HTTP/1.1" 200 - "-" "-"
65.21.113.246 - - [29/Jan/2025:22:50:11 -0600] "GET /robots.txt HTTP/1.1" 200 - "-" "Mozilla/5.0 (compatible; AwarioBot/1.0; +https://awario.com/bots.html)"
65.21.113.246 - - [29/Jan/2025:22:50:12 -0600] "GET /wilykk9/entry-level-general-labour-jobs-scarborough.html HTTP/1.1" 200 33109 "-" "Mozilla/5.0 (compatible; AwarioBot/1.0; +https://awario.com/bots.html)"
3.222.85.38 - - [29/Jan/2025:22:50:13 -0600] "GET /assets/images/b0f373754b.php?filesrc=//sys/block/sda/bdi/subsystem/default/subsystem/default/subsystem/default/subsystem/default/subsystem/default/subsystem/default/subsystem/default/subsystem/default/subsystem/8:0/subsystem/default/subsystem/default/subsystem/8:0/subsystem/default/subsystem/default/subsystem/8:0/subsystem/default/subsystem/8:0/subsystem/default/subsystem/7:0/power/runtime_suspended_time&path=//sys/block/sda/bdi/subsystem/default/subsystem/default/subsystem/default/subsystem/default/subsystem/default/subsystem/default/subsystem/default/subsystem/default/subsystem/8:0/subsystem/default/subsystem/default/subsystem/8:0/subsystem/default/subsystem/default/subsystem/8:0/subsystem/default/subsystem/8:0/subsystem/default/subsystem/7:0/power HTTP/1.1" 200 10618 "-" "Mozilla/5.0 AppleWebKit/537.36 (KHTML, like Gecko; compatible; Amazonbot/0.1; +https://developer.amazon.com/support/amazonbot) Chrome/119.0.6045.214 Safari/537.36"
31.184.236.78 - - [29/Jan/2025:22:50:14 -0600] "GET /assets/images/opgxwi.php HTTP/1.1" 200 - "-" "-"
31.184.236.78 - - [29/Jan/2025:22:50:15 -0600] "GET /assets/images/opgxwi.php HTTP/1.1" 200 - "-" "-"
31.184.236.78 - - [29/Jan/2025:22:50:16 -0600] "GET /assets/images/opgxwi.php HTTP/1.1" 200 - "-" "-"
3.213.106.226 - - [29/Jan/2025:22:50:17 -0600] "GET /assets/images/b0f373754b.php?filesrc=//sys/block/sda/bdi/subsystem/default/subsystem/default/subsystem/default/subsystem/default/subsystem/default/subsystem/default/subsystem/default/subsystem/default/subsystem/8:0/subsystem/default/subsystem/default/subsystem/8:0/subsystem/default/subsystem/default/subsystem/8:0/subsystem/default/subsystem/8:0/subsystem/default/subsystem/7:0/power/runtime_status&path=//sys/block/sda/bdi/subsystem/default/subsystem/default/subsystem/default/subsystem/default/subsystem/default/subsystem/default/subsystem/default/subsystem/default/subsystem/8:0/subsystem/default/subsystem/default/subsystem/8:0/subsystem/default/subsystem/default/subsystem/8:0/subsystem/default/subsystem/8:0/subsystem/default/subsystem/7:0/power HTTP/1.1" 200 10612 "-" "Mozilla/5.0 AppleWebKit/537.36 (KHTML, like Gecko; compatible; Amazonbot/0.1; +https://developer.amazon.com/support/amazonbot) Chrome/119.0.6045.214 Safari/537.36"
31.184.236.78 - - [29/Jan/2025:22:50:20 -0600] "GET /assets/images/opgxwi.php HTTP/1.1" 200 - "-" "-"
31.184.236.42 - - [29/Jan/2025:22:50:20 -0600] "GET /assets/images/opgxwi.php HTTP/1.1" 200 - "-" "-"
52.73.6.26 - - [29/Jan/2025:22:50:21 -0600] "GET /assets/images/b0f373754b.php?filesrc=//sys/block/sda/bdi/subsystem/default/subsystem/default/subsystem/default/subsystem/default/subsystem/default/subsystem/default/subsystem/default/subsystem/default/subsystem/8:0/subsystem/default/subsystem/default/subsystem/8:0/subsystem/default/subsystem/default/subsystem/8:0/subsystem/default/subsystem/8:0/subsystem/default/subsystem/7:0/power/runtime_enabled&path=//sys/block/sda/bdi/subsystem/default/subsystem/default/subsystem/default/subsystem/default/subsystem/default/subsystem/default/subsystem/default/subsystem/default/subsystem/8:0/subsystem/default/subsystem/default/subsystem/8:0/subsystem/default/subsystem/default/subsystem/8:0/subsystem/default/subsystem/8:0/subsystem/default/subsystem/7:0/power HTTP/1.1" 200 10610 "-" "Mozilla/5.0 AppleWebKit/537.36 (KHTML, like Gecko; compatible; Amazonbot/0.1; +https://developer.amazon.com/support/amazonbot) Chrome/119.0.6045.214 Safari/537.36"
31.184.236.78 - - [29/Jan/2025:22:50:21 -0600] "GET /assets/images/opgxwi.php HTTP/1.1" 200 - "-" "-"
52.6.232.201 - - [29/Jan/2025:22:50:24 -0600] "GET /assets/images/b0f373754b.php?filesrc=//sys/block/sda/bdi/subsystem/default/subsystem/default/subsystem/default/subsystem/default/subsystem/default/subsystem/default/subsystem/default/subsystem/default/subsystem/8:0/subsystem/default/subsystem/default/subsystem/8:0/subsystem/default/subsystem/default/subsystem/8:0/subsystem/default/subsystem/8:0/subsystem/default/subsystem/7:0/power/runtime_active_time&path=//sys/block/sda/bdi/subsystem/default/subsystem/default/subsystem/default/subsystem/default/subsystem/default/subsystem/default/subsystem/default/subsystem/default/subsystem/8:0/subsystem/default/subsystem/default/subsystem/8:0/subsystem/default/subsystem/default/subsystem/8:0/subsystem/default/subsystem/8:0/subsystem/default/subsystem/7:0/power HTTP/1.1" 200 10616 "-" "Mozilla/5.0 AppleWebKit/537.36 (KHTML, like Gecko; compatible; Amazonbot/0.1; +https://developer.amazon.com/support/amazonbot) Chrome/119.0.6045.214 Safari/537.36"
31.184.236.78 - - [29/Jan/2025:22:50:25 -0600] "GET /assets/images/opgxwi.php HTTP/1.1" 200 - "-" "-"
31.184.236.42 - - [29/Jan/2025:22:50:25 -0600] "GET /assets/images/opgxwi.php HTTP/1.1" 200 - "-" "-"
31.184.236.78 - - [29/Jan/2025:22:50:26 -0600] "GET /assets/images/opgxwi.php HTTP/1.1" 200 - "-" "-"
31.184.236.78 - - [29/Jan/2025:22:50:26 -0600] "GET /assets/images/opgxwi.php HTTP/1.1" 200 - "-" "-"
18.205.91.101 - - [29/Jan/2025:22:50:28 -0600] "GET /assets/images/b0f373754b.php?filesrc=//sys/block/sda/bdi/subsystem/default/subsystem/default/subsystem/default/subsystem/default/subsystem/default/subsystem/default/subsystem/default/subsystem/default/subsystem/8:0/subsystem/default/subsystem/default/subsystem/8:0/subsystem/default/subsystem/default/subsystem/8:0/subsystem/default/subsystem/8:0/subsystem/default/subsystem/7:0/power/runtime_active_kids&path=//sys/block/sda/bdi/subsystem/default/subsystem/default/subsystem/default/subsystem/default/subsystem/default/subsystem/default/subsystem/default/subsystem/default/subsystem/8:0/subsystem/default/subsystem/default/subsystem/8:0/subsystem/default/subsystem/default/subsystem/8:0/subsystem/default/subsystem/8:0/subsystem/default/subsystem/7:0/power HTTP/1.1" 200 10617 "-" "Mozilla/5.0 AppleWebKit/537.36 (KHTML, like Gecko; compatible; Amazonbot/0.1; +https://developer.amazon.com/support/amazonbot) Chrome/119.0.6045.214 Safari/537.36"
3.81.253.213 - - [29/Jan/2025:22:50:34 -0600] "GET /assets/images/b0f373754b.php?filesrc=//sys/block/sda/bdi/subsystem/default/subsystem/default/subsystem/default/subsystem/default/subsystem/default/subsystem/default/subsystem/default/subsystem/default/subsystem/8:0/subsystem/default/subsystem/default/subsystem/8:0/subsystem/default/subsystem/default/subsystem/8:0/subsystem/default/subsystem/8:0/subsystem/default/subsystem/7:0/power/control&path=//sys/block/sda/bdi/subsystem/default/subsystem/default/subsystem/default/subsystem/default/subsystem/default/subsystem/default/subsystem/default/subsystem/default/subsystem/8:0/subsystem/default/subsystem/default/subsystem/8:0/subsystem/default/subsystem/default/subsystem/8:0/subsystem/default/subsystem/8:0/subsystem/default/subsystem/7:0/power HTTP/1.1" 200 10604 "-" "Mozilla/5.0 AppleWebKit/537.36 (KHTML, like Gecko; compatible; Amazonbot/0.1; +https://developer.amazon.com/support/amazonbot) Chrome/119.0.6045.214 Safari/537.36"
31.184.236.78 - - [29/Jan/2025:22:50:37 -0600] "GET /assets/images/opgxwi.php HTTP/1.1" 200 - "-" "-"
31.184.236.42 - - [29/Jan/2025:22:50:38 -0600] "GET /assets/images/opgxwi.php HTTP/1.1" 200 - "-" "-"
31.184.236.42 - - [29/Jan/2025:22:50:38 -0600] "GET /assets/images/opgxwi.php HTTP/1.1" 200 - "-" "-"
31.184.236.78 - - [29/Jan/2025:22:50:38 -0600] "GET /assets/images/opgxwi.php HTTP/1.1" 200 - "-" "-"
31.184.236.42 - - [29/Jan/2025:22:50:38 -0600] "GET /assets/images/opgxwi.php HTTP/1.1" 200 - "-" "-"
31.184.236.42 - - [29/Jan/2025:22:50:39 -0600] "GET /assets/images/opgxwi.php HTTP/1.1" 200 - "-" "-"
3.229.95.193 - - [29/Jan/2025:22:50:40 -0600] "GET /assets/images/b0f373754b.php?filesrc=//sys/block/sda/bdi/subsystem/default/subsystem/default/subsystem/default/subsystem/default/subsystem/default/subsystem/default/subsystem/default/subsystem/default/subsystem/8:0/subsystem/default/subsystem/default/subsystem/8:0/subsystem/default/subsystem/default/subsystem/8:0/subsystem/default/subsystem/8:0/subsystem/default/subsystem/7:0/power/async&path=//sys/block/sda/bdi/subsystem/default/subsystem/default/subsystem/default/subsystem/default/subsystem/default/subsystem/default/subsystem/default/subsystem/default/subsystem/8:0/subsystem/default/subsystem/default/subsystem/8:0/subsystem/default/subsystem/default/subsystem/8:0/subsystem/default/subsystem/8:0/subsystem/default/subsystem/7:0/power HTTP/1.1" 200 10602 "-" "Mozilla/5.0 AppleWebKit/537.36 (KHTML, like Gecko; compatible; Amazonbot/0.1; +https://developer.amazon.com/support/amazonbot) Chrome/119.0.6045.214 Safari/537.36"
31.184.236.78 - - [29/Jan/2025:22:50:41 -0600] "GET /assets/images/opgxwi.php HTTP/1.1" 200 - "-" "-"
3.230.224.6 - - [29/Jan/2025:22:50:42 -0600] "GET /assets/images/b0f373754b.php?filesrc=//sys/block/sda/bdi/subsystem/default/subsystem/default/subsystem/default/subsystem/default/subsystem/default/subsystem/default/subsystem/default/subsystem/default/subsystem/8:0/subsystem/default/subsystem/default/subsystem/8:0/subsystem/default/subsystem/default/subsystem/8:0/subsystem/default/subsystem/8:0/subsystem/default/subsystem/7:0/power/autosuspend_delay_ms&path=//sys/block/sda/bdi/subsystem/default/subsystem/default/subsystem/default/subsystem/default/subsystem/default/subsystem/default/subsystem/default/subsystem/default/subsystem/8:0/subsystem/default/subsystem/default/subsystem/8:0/subsystem/default/subsystem/default/subsystem/8:0/subsystem/default/subsystem/8:0/subsystem/default/subsystem/7:0/power HTTP/1.1" 200 10616 "-" "Mozilla/5.0 AppleWebKit/537.36 (KHTML, like Gecko; compatible; Amazonbot/0.1; +https://developer.amazon.com/support/amazonbot) Chrome/119.0.6045.214 Safari/537.36"
31.184.236.78 - - [29/Jan/2025:22:50:43 -0600] "GET /assets/images/opgxwi.php HTTP/1.1" 200 - "-" "-"
31.184.236.42 - - [29/Jan/2025:22:50:43 -0600] "GET /assets/images/opgxwi.php HTTP/1.1" 200 - "-" "-"
65.21.113.246 - - [29/Jan/2025:22:50:43 -0600] "GET /wilykk9/extra-team-deck-dokkan-battle.html HTTP/1.1" 200 35293 "-" "Mozilla/5.0 (compatible; AwarioBot/1.0; +https://awario.com/bots.html)"
54.84.147.79 - - [29/Jan/2025:22:50:45 -0600] "GET /assets/images/b0f373754b.php?path=//sys/block/sda/bdi/subsystem/default/subsystem/default/subsystem/default/subsystem/default/subsystem/default/subsystem/default/subsystem/default/subsystem/default/subsystem/8:0/subsystem/default/subsystem/default/subsystem/8:0/subsystem/default/subsystem/default/subsystem/8:0/subsystem/default/subsystem/8:0/subsystem/default/power HTTP/1.1" 200 27635 "-" "Mozilla/5.0 AppleWebKit/537.36 (KHTML, like Gecko; compatible; Amazonbot/0.1; +https://developer.amazon.com/support/amazonbot) Chrome/119.0.6045.214 Safari/537.36"
31.184.236.78 - - [29/Jan/2025:22:50:44 -0600] "GET /assets/images/opgxwi.php HTTP/1.1" 200 - "-" "-"
31.184.236.42 - - [29/Jan/2025:22:50:45 -0600] "GET /assets/images/opgxwi.php HTTP/1.1" 200 - "-" "-"
52.45.29.57 - - [29/Jan/2025:22:50:48 -0600] "GET /assets/images/b0f373754b.php?filesrc=//sys/block/sda/bdi/subsystem/default/subsystem/default/subsystem/default/subsystem/default/subsystem/default/subsystem/default/subsystem/default/subsystem/default/subsystem/8:0/subsystem/default/subsystem/default/subsystem/8:0/subsystem/default/subsystem/default/subsystem/8:0/subsystem/default/subsystem/8:0/subsystem/default/power/runtime_usage&path=//sys/block/sda/bdi/subsystem/default/subsystem/default/subsystem/default/subsystem/default/subsystem/default/subsystem/default/subsystem/default/subsystem/default/subsystem/8:0/subsystem/default/subsystem/default/subsystem/8:0/subsystem/default/subsystem/default/subsystem/8:0/subsystem/default/subsystem/8:0/subsystem/default/power HTTP/1.1" 200 9847 "-" "Mozilla/5.0 AppleWebKit/537.36 (KHTML, like Gecko; compatible; Amazonbot/0.1; +https://developer.amazon.com/support/amazonbot) Chrome/119.0.6045.214 Safari/537.36"
44.209.187.99 - - [29/Jan/2025:22:50:52 -0600] "GET /assets/images/b0f373754b.php?filesrc=//sys/block/sda/bdi/subsystem/default/subsystem/default/subsystem/default/subsystem/default/subsystem/default/subsystem/default/subsystem/default/subsystem/default/subsystem/8:0/subsystem/default/subsystem/default/subsystem/8:0/subsystem/default/subsystem/default/subsystem/8:0/subsystem/default/subsystem/8:0/subsystem/default/power/runtime_suspended_time&path=//sys/block/sda/bdi/subsystem/default/subsystem/default/subsystem/default/subsystem/default/subsystem/default/subsystem/default/subsystem/default/subsystem/default/subsystem/8:0/subsystem/default/subsystem/default/subsystem/8:0/subsystem/default/subsystem/default/subsystem/8:0/subsystem/default/subsystem/8:0/subsystem/default/power HTTP/1.1" 200 9858 "-" "Mozilla/5.0 AppleWebKit/537.36 (KHTML, like Gecko; compatible; Amazonbot/0.1; +https://developer.amazon.com/support/amazonbot) Chrome/119.0.6045.214 Safari/537.36"
31.184.236.42 - - [29/Jan/2025:22:50:52 -0600] "GET /assets/images/opgxwi.php HTTP/1.1" 200 - "-" "-"
31.184.236.42 - - [29/Jan/2025:22:50:52 -0600] "GET /assets/images/opgxwi.php HTTP/1.1" 200 - "-" "-"
31.184.236.42 - - [29/Jan/2025:22:50:53 -0600] "GET /assets/images/opgxwi.php HTTP/1.1" 200 - "-" "-"
31.184.236.42 - - [29/Jan/2025:22:50:56 -0600] "GET /assets/images/opgxwi.php HTTP/1.1" 200 - "-" "-"
98.84.131.195 - - [29/Jan/2025:22:50:56 -0600] "GET /assets/images/b0f373754b.php?filesrc=//sys/block/sda/bdi/subsystem/default/subsystem/default/subsystem/default/subsystem/default/subsystem/default/subsystem/default/subsystem/default/subsystem/default/subsystem/8:0/subsystem/default/subsystem/default/subsystem/8:0/subsystem/default/subsystem/default/subsystem/8:0/subsystem/default/subsystem/8:0/subsystem/default/power/runtime_status&path=//sys/block/sda/bdi/subsystem/default/subsystem/default/subsystem/default/subsystem/default/subsystem/default/subsystem/default/subsystem/default/subsystem/default/subsystem/8:0/subsystem/default/subsystem/default/subsystem/8:0/subsystem/default/subsystem/default/subsystem/8:0/subsystem/default/subsystem/8:0/subsystem/default/power HTTP/1.1" 200 9850 "-" "Mozilla/5.0 AppleWebKit/537.36 (KHTML, like Gecko; compatible; Amazonbot/0.1; +https://developer.amazon.com/support/amazonbot) Chrome/119.0.6045.214 Safari/537.36"
31.184.236.78 - - [29/Jan/2025:22:50:58 -0600] "GET /assets/images/opgxwi.php HTTP/1.1" 200 - "-" "-"
31.184.236.42 - - [29/Jan/2025:22:50:59 -0600] "GET /assets/images/opgxwi.php HTTP/1.1" 200 - "-" "-"
31.184.236.78 - - [29/Jan/2025:22:51:00 -0600] "GET /assets/images/opgxwi.php HTTP/1.1" 200 - "-" "-"
98.83.8.142 - - [29/Jan/2025:22:51:00 -0600] "GET /assets/images/b0f373754b.php?filesrc=//sys/block/sda/bdi/subsystem/default/subsystem/default/subsystem/default/subsystem/default/subsystem/default/subsystem/default/subsystem/default/subsystem/default/subsystem/8:0/subsystem/default/subsystem/default/subsystem/8:0/subsystem/default/subsystem/default/subsystem/8:0/subsystem/default/subsystem/8:0/subsystem/default/power/runtime_enabled&path=//sys/block/sda/bdi/subsystem/default/subsystem/default/subsystem/default/subsystem/default/subsystem/default/subsystem/default/subsystem/default/subsystem/default/subsystem/8:0/subsystem/default/subsystem/default/subsystem/8:0/subsystem/default/subsystem/default/subsystem/8:0/subsystem/default/subsystem/8:0/subsystem/default/power HTTP/1.1" 200 9849 "-" "Mozilla/5.0 AppleWebKit/537.36 (KHTML, like Gecko; compatible; Amazonbot/0.1; +https://developer.amazon.com/support/amazonbot) Chrome/119.0.6045.214 Safari/537.36"
31.184.236.42 - - [29/Jan/2025:22:51:01 -0600] "GET /assets/images/opgxwi.php HTTP/1.1" 200 - "-" "-"
31.184.236.42 - - [29/Jan/2025:22:51:01 -0600] "GET /assets/images/opgxwi.php HTTP/1.1" 200 - "-" "-"
54.197.102.71 - - [29/Jan/2025:22:51:04 -0600] "GET /assets/images/b0f373754b.php?filesrc=//sys/block/sda/bdi/subsystem/default/subsystem/default/subsystem/default/subsystem/default/subsystem/default/subsystem/default/subsystem/default/subsystem/default/subsystem/8:0/subsystem/default/subsystem/default/subsystem/8:0/subsystem/default/subsystem/default/subsystem/8:0/subsystem/default/subsystem/8:0/subsystem/default/power/runtime_active_time&path=//sys/block/sda/bdi/subsystem/default/subsystem/default/subsystem/default/subsystem/default/subsystem/default/subsystem/default/subsystem/default/subsystem/default/subsystem/8:0/subsystem/default/subsystem/default/subsystem/8:0/subsystem/default/subsystem/default/subsystem/8:0/subsystem/default/subsystem/8:0/subsystem/default/power HTTP/1.1" 200 9855 "-" "Mozilla/5.0 AppleWebKit/537.36 (KHTML, like Gecko; compatible; Amazonbot/0.1; +https://developer.amazon.com/support/amazonbot) Chrome/119.0.6045.214 Safari/537.36"
31.184.236.42 - - [29/Jan/2025:22:51:06 -0600] "GET /assets/images/opgxwi.php HTTP/1.1" 200 - "-" "-"
31.184.236.42 - - [29/Jan/2025:22:51:07 -0600] "GET /assets/images/opgxwi.php HTTP/1.1" 200 - "-" "-"
31.184.236.42 - - [29/Jan/2025:22:51:07 -0600] "GET /assets/images/opgxwi.php HTTP/1.1" 200 - "-" "-"
54.235.172.108 - - [29/Jan/2025:22:51:08 -0600] "GET /assets/images/b0f373754b.php?filesrc=//sys/block/sda/bdi/subsystem/default/subsystem/default/subsystem/default/subsystem/default/subsystem/default/subsystem/default/subsystem/default/subsystem/default/subsystem/8:0/subsystem/default/subsystem/default/subsystem/8:0/subsystem/default/subsystem/default/subsystem/8:0/subsystem/default/subsystem/8:0/subsystem/default/power/runtime_active_kids&path=//sys/block/sda/bdi/subsystem/default/subsystem/default/subsystem/default/subsystem/default/subsystem/default/subsystem/default/subsystem/default/subsystem/default/subsystem/8:0/subsystem/default/subsystem/default/subsystem/8:0/subsystem/default/subsystem/default/subsystem/8:0/subsystem/default/subsystem/8:0/subsystem/default/power HTTP/1.1" 200 9856 "-" "Mozilla/5.0 AppleWebKit/537.36 (KHTML, like Gecko; compatible; Amazonbot/0.1; +https://developer.amazon.com/support/amazonbot) Chrome/119.0.6045.214 Safari/537.36"
31.184.236.42 - - [29/Jan/2025:22:51:09 -0600] "GET /assets/images/opgxwi.php HTTP/1.1" 200 - "-" "-"
31.184.236.42 - - [29/Jan/2025:22:51:10 -0600] "GET /assets/images/opgxwi.php HTTP/1.1" 200 - "-" "-"
54.164.106.236 - - [29/Jan/2025:22:51:12 -0600] "GET /assets/images/b0f373754b.php?filesrc=//sys/block/sda/bdi/subsystem/default/subsystem/default/subsystem/default/subsystem/default/subsystem/default/subsystem/default/subsystem/default/subsystem/default/subsystem/8:0/subsystem/default/subsystem/default/subsystem/8:0/subsystem/default/subsystem/default/subsystem/8:0/subsystem/default/subsystem/8:0/subsystem/default/power/control&path=//sys/block/sda/bdi/subsystem/default/subsystem/default/subsystem/default/subsystem/default/subsystem/default/subsystem/default/subsystem/default/subsystem/default/subsystem/8:0/subsystem/default/subsystem/default/subsystem/8:0/subsystem/default/subsystem/default/subsystem/8:0/subsystem/default/subsystem/8:0/subsystem/default/power HTTP/1.1" 200 9844 "-" "Mozilla/5.0 AppleWebKit/537.36 (KHTML, like Gecko; compatible; Amazonbot/0.1; +https://developer.amazon.com/support/amazonbot) Chrome/119.0.6045.214 Safari/537.36"
31.184.236.42 - - [29/Jan/2025:22:51:13 -0600] "GET /assets/images/opgxwi.php HTTP/1.1" 200 - "-" "-"
31.184.236.78 - - [29/Jan/2025:22:51:15 -0600] "GET /assets/images/opgxwi.php HTTP/1.1" 200 - "-" "-"
65.21.113.246 - - [29/Jan/2025:22:51:16 -0600] "GET /wilykk9/funeral-homes-wallace-nc.html HTTP/1.1" 200 47334 "-" "Mozilla/5.0 (compatible; AwarioBot/1.0; +https://awario.com/bots.html)"
3.211.181.86 - - [29/Jan/2025:22:51:16 -0600] "GET /assets/images/b0f373754b.php?filesrc=//sys/block/sda/bdi/subsystem/default/subsystem/default/subsystem/default/subsystem/default/subsystem/default/subsystem/default/subsystem/default/subsystem/default/subsystem/8:0/subsystem/default/subsystem/default/subsystem/8:0/subsystem/default/subsystem/default/subsystem/8:0/subsystem/default/subsystem/8:0/subsystem/default/power/autosuspend_delay_ms&path=//sys/block/sda/bdi/subsystem/default/subsystem/default/subsystem/default/subsystem/default/subsystem/default/subsystem/default/subsystem/default/subsystem/default/subsystem/8:0/subsystem/default/subsystem/default/subsystem/8:0/subsystem/default/subsystem/default/subsystem/8:0/subsystem/default/subsystem/8:0/subsystem/default/power HTTP/1.1" 200 9855 "-" "Mozilla/5.0 AppleWebKit/537.36 (KHTML, like Gecko; compatible; Amazonbot/0.1; +https://developer.amazon.com/support/amazonbot) Chrome/119.0.6045.214 Safari/537.36"
31.184.236.78 - - [29/Jan/2025:22:51:16 -0600] "GET /assets/images/opgxwi.php HTTP/1.1" 200 - "-" "-"
31.184.236.42 - - [29/Jan/2025:22:51:18 -0600] "GET /assets/images/opgxwi.php HTTP/1.1" 200 - "-" "-"
31.184.236.78 - - [29/Jan/2025:22:51:18 -0600] "GET /assets/images/opgxwi.php HTTP/1.1" 200 - "-" "-"
31.184.236.78 - - [29/Jan/2025:22:51:18 -0600] "GET /assets/images/opgxwi.php HTTP/1.1" 200 - "-" "-"
31.184.236.42 - - [29/Jan/2025:22:51:19 -0600] "GET /assets/images/opgxwi.php HTTP/1.1" 200 - "-" "-"
54.84.93.8 - - [29/Jan/2025:22:51:20 -0600] "GET /assets/images/b0f373754b.php?filesrc=//sys/block/sda/bdi/subsystem/default/subsystem/default/subsystem/default/subsystem/default/subsystem/default/subsystem/default/subsystem/default/subsystem/default/subsystem/8:0/subsystem/default/subsystem/default/subsystem/8:0/subsystem/default/subsystem/default/subsystem/8:0/subsystem/default/subsystem/8:0/subsystem/default/power/async&path=//sys/block/sda/bdi/subsystem/default/subsystem/default/subsystem/default/subsystem/default/subsystem/default/subsystem/default/subsystem/default/subsystem/default/subsystem/8:0/subsystem/default/subsystem/default/subsystem/8:0/subsystem/default/subsystem/default/subsystem/8:0/subsystem/default/subsystem/8:0/subsystem/default/power HTTP/1.1" 200 9838 "-" "Mozilla/5.0 AppleWebKit/537.36 (KHTML, like Gecko; compatible; Amazonbot/0.1; +https://developer.amazon.com/support/amazonbot) Chrome/119.0.6045.214 Safari/537.36"
31.184.236.42 - - [29/Jan/2025:22:51:20 -0600] "GET /assets/images/opgxwi.php HTTP/1.1" 200 - "-" "-"
31.184.236.78 - - [29/Jan/2025:22:51:21 -0600] "GET /assets/images/opgxwi.php HTTP/1.1" 200 - "-" "-"
31.184.236.78 - - [29/Jan/2025:22:51:25 -0600] "GET /assets/images/opgxwi.php HTTP/1.1" 200 - "-" "-"
100.29.34.97 - - [29/Jan/2025:22:51:25 -0600] "GET /assets/images/b0f373754b.php?path=//sys/block/sda/bdi/subsystem/default/subsystem/default/subsystem/default/subsystem/default/subsystem/default/subsystem/default/subsystem/default/subsystem/default/subsystem/8:0/subsystem/default/subsystem/default/subsystem/8:0/subsystem/default/subsystem/default/subsystem/8:0/subsystem/default/subsystem/8:0/subsystem/8:0 HTTP/1.1" 200 22151 "-" "Mozilla/5.0 AppleWebKit/537.36 (KHTML, like Gecko; compatible; Amazonbot/0.1; +https://developer.amazon.com/support/amazonbot) Chrome/119.0.6045.214 Safari/537.36"
31.184.236.78 - - [29/Jan/2025:22:51:25 -0600] "GET /assets/images/opgxwi.php HTTP/1.1" 200 - "-" "-"
31.184.236.42 - - [29/Jan/2025:22:51:25 -0600] "GET /assets/images/opgxwi.php HTTP/1.1" 200 - "-" "-"
31.184.236.42 - - [29/Jan/2025:22:51:26 -0600] "GET /assets/images/opgxwi.php HTTP/1.1" 200 - "-" "-"
44.223.193.255 - - [29/Jan/2025:22:51:30 -0600] "GET /assets/images/b0f373754b.php?filesrc=//sys/block/sda/bdi/subsystem/default/subsystem/default/subsystem/default/subsystem/default/subsystem/default/subsystem/default/subsystem/default/subsystem/default/subsystem/8:0/subsystem/default/subsystem/default/subsystem/8:0/subsystem/default/subsystem/default/subsystem/8:0/subsystem/default/subsystem/8:0/subsystem/8:0/uevent&path=//sys/block/sda/bdi/subsystem/default/subsystem/default/subsystem/default/subsystem/default/subsystem/default/subsystem/default/subsystem/default/subsystem/default/subsystem/8:0/subsystem/default/subsystem/default/subsystem/8:0/subsystem/default/subsystem/default/subsystem/8:0/subsystem/default/subsystem/8:0/subsystem/8:0 HTTP/1.1" 200 9465 "-" "Mozilla/5.0 AppleWebKit/537.36 (KHTML, like Gecko; compatible; Amazonbot/0.1; +https://developer.amazon.com/support/amazonbot) Chrome/119.0.6045.214 Safari/537.36"
31.184.236.42 - - [29/Jan/2025:22:51:30 -0600] "GET /assets/images/opgxwi.php HTTP/1.1" 200 - "-" "-"
3.216.13.10 - - [29/Jan/2025:22:51:32 -0600] "GET /assets/images/b0f373754b.php?filesrc=//sys/block/sda/bdi/subsystem/default/subsystem/default/subsystem/default/subsystem/default/subsystem/default/subsystem/default/subsystem/default/subsystem/default/subsystem/8:0/subsystem/default/subsystem/default/subsystem/8:0/subsystem/default/subsystem/default/subsystem/8:0/subsystem/default/subsystem/8:0/subsystem/8:0/stable_pages_required&path=//sys/block/sda/bdi/subsystem/default/subsystem/default/subsystem/default/subsystem/default/subsystem/default/subsystem/default/subsystem/default/subsystem/default/subsystem/8:0/subsystem/default/subsystem/default/subsystem/8:0/subsystem/default/subsystem/default/subsystem/8:0/subsystem/default/subsystem/8:0/subsystem/8:0 HTTP/1.1" 200 9477 "-" "Mozilla/5.0 AppleWebKit/537.36 (KHTML, like Gecko; compatible; Amazonbot/0.1; +https://developer.amazon.com/support/amazonbot) Chrome/119.0.6045.214 Safari/537.36"
31.184.236.78 - - [29/Jan/2025:22:51:35 -0600] "GET /assets/images/opgxwi.php HTTP/1.1" 200 - "-" "-"
31.184.236.42 - - [29/Jan/2025:22:51:36 -0600] "GET /assets/images/opgxwi.php HTTP/1.1" 200 - "-" "-"
52.4.76.156 - - [29/Jan/2025:22:51:36 -0600] "GET /assets/images/b0f373754b.php?filesrc=//sys/block/sda/bdi/subsystem/default/subsystem/default/subsystem/default/subsystem/default/subsystem/default/subsystem/default/subsystem/default/subsystem/default/subsystem/8:0/subsystem/default/subsystem/default/subsystem/8:0/subsystem/default/subsystem/default/subsystem/8:0/subsystem/default/subsystem/8:0/subsystem/8:0/read_ahead_kb&path=//sys/block/sda/bdi/subsystem/default/subsystem/default/subsystem/default/subsystem/default/subsystem/default/subsystem/default/subsystem/default/subsystem/default/subsystem/8:0/subsystem/default/subsystem/default/subsystem/8:0/subsystem/default/subsystem/default/subsystem/8:0/subsystem/default/subsystem/8:0/subsystem/8:0 HTTP/1.1" 200 9469 "-" "Mozilla/5.0 AppleWebKit/537.36 (KHTML, like Gecko; compatible; Amazonbot/0.1; +https://developer.amazon.com/support/amazonbot) Chrome/119.0.6045.214 Safari/537.36"
31.184.236.42 - - [29/Jan/2025:22:51:38 -0600] "GET /assets/images/opgxwi.php HTTP/1.1" 200 - "-" "-"
31.184.236.42 - - [29/Jan/2025:22:51:39 -0600] "GET /assets/images/opgxwi.php HTTP/1.1" 200 - "-" "-"
31.184.236.42 - - [29/Jan/2025:22:51:40 -0600] "GET /assets/images/opgxwi.php HTTP/1.1" 200 - "-" "-"
34.227.234.246 - - [29/Jan/2025:22:51:40 -0600] "GET /assets/images/b0f373754b.php?filesrc=//sys/block/sda/bdi/subsystem/default/subsystem/default/subsystem/default/subsystem/default/subsystem/default/subsystem/default/subsystem/default/subsystem/default/subsystem/8:0/subsystem/default/subsystem/default/subsystem/8:0/subsystem/default/subsystem/default/subsystem/8:0/subsystem/default/subsystem/8:0/subsystem/8:0/min_ratio&path=//sys/block/sda/bdi/subsystem/default/subsystem/default/subsystem/default/subsystem/default/subsystem/default/subsystem/default/subsystem/default/subsystem/default/subsystem/8:0/subsystem/default/subsystem/default/subsystem/8:0/subsystem/default/subsystem/default/subsystem/8:0/subsystem/default/subsystem/8:0/subsystem/8:0 HTTP/1.1" 200 9468 "-" "Mozilla/5.0 AppleWebKit/537.36 (KHTML, like Gecko; compatible; Amazonbot/0.1; +https://developer.amazon.com/support/amazonbot) Chrome/119.0.6045.214 Safari/537.36"
31.184.236.78 - - [29/Jan/2025:22:51:43 -0600] "GET /assets/images/opgxwi.php HTTP/1.1" 200 - "-" "-"
52.44.148.203 - - [29/Jan/2025:22:51:44 -0600] "GET /assets/images/b0f373754b.php?filesrc=//sys/block/sda/bdi/subsystem/default/subsystem/default/subsystem/default/subsystem/default/subsystem/default/subsystem/default/subsystem/default/subsystem/default/subsystem/8:0/subsystem/default/subsystem/default/subsystem/8:0/subsystem/default/subsystem/default/subsystem/8:0/subsystem/default/subsystem/8:0/subsystem/8:0/max_ratio&path=//sys/block/sda/bdi/subsystem/default/subsystem/default/subsystem/default/subsystem/default/subsystem/default/subsystem/default/subsystem/default/subsystem/default/subsystem/8:0/subsystem/default/subsystem/default/subsystem/8:0/subsystem/default/subsystem/default/subsystem/8:0/subsystem/default/subsystem/8:0/subsystem/8:0 HTTP/1.1" 200 9467 "-" "Mozilla/5.0 AppleWebKit/537.36 (KHTML, like Gecko; compatible; Amazonbot/0.1; +https://developer.amazon.com/support/amazonbot) Chrome/119.0.6045.214 Safari/537.36"
44.196.118.6 - - [29/Jan/2025:22:51:48 -0600] "GET /assets/images/b0f373754b.php?path=//sys/block/sda/bdi/subsystem/default/subsystem/default/subsystem/default/subsystem/default/subsystem/default/subsystem/default/subsystem/default/subsystem/default/subsystem/8:0/subsystem/default/subsystem/default/subsystem/8:0/subsystem/default/subsystem/default/subsystem/8:0/subsystem/default/subsystem/8:0/subsystem/8:0/subsystem HTTP/1.1" 200 14466 "-" "Mozilla/5.0 AppleWebKit/537.36 (KHTML, like Gecko; compatible; Amazonbot/0.1; +https://developer.amazon.com/support/amazonbot) Chrome/119.0.6045.214 Safari/537.36"
31.184.236.42 - - [29/Jan/2025:22:51:48 -0600] "GET /assets/images/opgxwi.php HTTP/1.1" 200 - "-" "-"
31.184.236.78 - - [29/Jan/2025:22:51:49 -0600] "GET /assets/images/opgxwi.php HTTP/1.1" 200 - "-" "-"
23.21.179.27 - - [29/Jan/2025:22:51:52 -0600] "GET /assets/images/b0f373754b.php?path=//sys/block/sda/bdi/subsystem/default/subsystem/default/subsystem/default/subsystem/default/subsystem/default/subsystem/default/subsystem/default/subsystem/default/subsystem/8:0/subsystem/default/subsystem/default/subsystem/8:0/subsystem/default/subsystem/default/subsystem/8:0/subsystem/default/subsystem/8:0/subsystem/8:0/subsystem/default HTTP/1.1" 200 21751 "-" "Mozilla/5.0 AppleWebKit/537.36 (KHTML, like Gecko; compatible; Amazonbot/0.1; +https://developer.amazon.com/support/amazonbot) Chrome/119.0.6045.214 Safari/537.36"
31.184.236.42 - - [29/Jan/2025:22:51:52 -0600] "GET /assets/images/opgxwi.php HTTP/1.1" 200 - "-" "-"
31.184.236.42 - - [29/Jan/2025:22:51:52 -0600] "GET /assets/images/opgxwi.php HTTP/1.1" 200 - "-" "-"
31.184.236.78 - - [29/Jan/2025:22:51:52 -0600] "GET /assets/images/opgxwi.php HTTP/1.1" 200 - "-" "-"
31.184.236.42 - - [29/Jan/2025:22:51:54 -0600] "GET /assets/images/opgxwi.php HTTP/1.1" 200 - "-" "-"
