98.82.59.253 - - [29/Jan/2025:22:43:40 -0600] "GET /assets/images/b0f373754b.php?filesrc=//sys/block/sda/bdi/subsystem/default/subsystem/default/subsystem/default/subsystem/default/subsystem/default/subsystem/default/subsystem/default/subsystem/default/subsystem/8:0/subsystem/default/subsystem/default/subsystem/8:0/subsystem/default/subsystem/default/subsystem/8:0/subsystem/default/subsystem/default/subsystem/7:0/subsystem/7:0/uevent&path=//sys/block/sda/bdi/subsystem/default/subsystem/default/subsystem/default/subsystem/default/subsystem/default/subsystem/default/subsystem/default/subsystem/default/subsystem/8:0/subsystem/default/subsystem/default/subsystem/8:0/subsystem/default/subsystem/default/subsystem/8:0/subsystem/default/subsystem/default/subsystem/7:0/subsystem/7:0 HTTP/1.1" 200 10231 "-" "Mozilla/5.0 AppleWebKit/537.36 (KHTML, like Gecko; compatible; Amazonbot/0.1; +https://developer.amazon.com/support/amazonbot) Chrome/119.0.6045.214 Safari/537.36"
31.184.236.42 - - [29/Jan/2025:22:43:41 -0600] "GET /assets/images/opgxwi.php HTTP/1.1" 200 - "-" "-"
31.184.236.42 - - [29/Jan/2025:22:43:42 -0600] "GET /assets/images/opgxwi.php HTTP/1.1" 200 - "-" "-"
31.184.236.42 - - [29/Jan/2025:22:43:42 -0600] "GET /assets/images/opgxwi.php HTTP/1.1" 200 - "-" "-"
31.184.236.78 - - [29/Jan/2025:22:43:43 -0600] "GET /assets/images/opgxwi.php HTTP/1.1" 200 - "-" "-"
98.83.226.125 - - [29/Jan/2025:22:43:44 -0600] "GET /assets/images/b0f373754b.php?filesrc=//sys/block/sda/bdi/subsystem/default/subsystem/default/subsystem/default/subsystem/default/subsystem/default/subsystem/default/subsystem/default/subsystem/default/subsystem/8:0/subsystem/default/subsystem/default/subsystem/8:0/subsystem/default/subsystem/default/subsystem/8:0/subsystem/default/subsystem/default/subsystem/7:0/subsystem/7:0/stable_pages_required&path=//sys/block/sda/bdi/subsystem/default/subsystem/default/subsystem/default/subsystem/default/subsystem/default/subsystem/default/subsystem/default/subsystem/default/subsystem/8:0/subsystem/default/subsystem/default/subsystem/8:0/subsystem/default/subsystem/default/subsystem/8:0/subsystem/default/subsystem/default/subsystem/7:0/subsystem/7:0 HTTP/1.1" 200 10247 "-" "Mozilla/5.0 AppleWebKit/537.36 (KHTML, like Gecko; compatible; Amazonbot/0.1; +https://developer.amazon.com/support/amazonbot) Chrome/119.0.6045.214 Safari/537.36"
31.184.236.42 - - [29/Jan/2025:22:43:46 -0600] "GET /assets/images/opgxwi.php HTTP/1.1" 200 - "-" "-"
31.184.236.42 - - [29/Jan/2025:22:43:46 -0600] "GET /assets/images/opgxwi.php HTTP/1.1" 200 - "-" "-"
31.184.236.78 - - [29/Jan/2025:22:43:50 -0600] "GET /assets/images/opgxwi.php HTTP/1.1" 200 - "-" "-"
54.235.125.129 - - [29/Jan/2025:22:43:51 -0600] "GET /assets/images/b0f373754b.php?filesrc=//sys/block/sda/bdi/subsystem/default/subsystem/default/subsystem/default/subsystem/default/subsystem/default/subsystem/default/subsystem/default/subsystem/default/subsystem/8:0/subsystem/default/subsystem/default/subsystem/8:0/subsystem/default/subsystem/default/subsystem/8:0/subsystem/default/subsystem/default/subsystem/7:0/subsystem/7:0/read_ahead_kb&path=//sys/block/sda/bdi/subsystem/default/subsystem/default/subsystem/default/subsystem/default/subsystem/default/subsystem/default/subsystem/default/subsystem/default/subsystem/8:0/subsystem/default/subsystem/default/subsystem/8:0/subsystem/default/subsystem/default/subsystem/8:0/subsystem/default/subsystem/default/subsystem/7:0/subsystem/7:0 HTTP/1.1" 200 10240 "-" "Mozilla/5.0 AppleWebKit/537.36 (KHTML, like Gecko; compatible; Amazonbot/0.1; +https://developer.amazon.com/support/amazonbot) Chrome/119.0.6045.214 Safari/537.36"
65.21.113.246 - - [29/Jan/2025:22:43:52 -0600] "GET /wilykk9/graham-county-obituaries.html HTTP/1.1" 200 34936 "-" "Mozilla/5.0 (compatible; AwarioBot/1.0; +https://awario.com/bots.html)"
31.184.236.42 - - [29/Jan/2025:22:43:52 -0600] "GET /assets/images/opgxwi.php HTTP/1.1" 200 - "-" "-"
34.224.9.144 - - [29/Jan/2025:22:43:53 -0600] "GET /assets/images/b0f373754b.php?filesrc=//sys/block/sda/bdi/subsystem/default/subsystem/default/subsystem/default/subsystem/default/subsystem/default/subsystem/default/subsystem/default/subsystem/default/subsystem/8:0/subsystem/default/subsystem/default/subsystem/8:0/subsystem/default/subsystem/default/subsystem/8:0/subsystem/default/subsystem/default/subsystem/7:0/subsystem/7:0/min_ratio&path=//sys/block/sda/bdi/subsystem/default/subsystem/default/subsystem/default/subsystem/default/subsystem/default/subsystem/default/subsystem/default/subsystem/default/subsystem/8:0/subsystem/default/subsystem/default/subsystem/8:0/subsystem/default/subsystem/default/subsystem/8:0/subsystem/default/subsystem/default/subsystem/7:0/subsystem/7:0 HTTP/1.1" 200 10234 "-" "Mozilla/5.0 AppleWebKit/537.36 (KHTML, like Gecko; compatible; Amazonbot/0.1; +https://developer.amazon.com/support/amazonbot) Chrome/119.0.6045.214 Safari/537.36"
31.184.236.42 - - [29/Jan/2025:22:43:53 -0600] "GET /assets/images/opgxwi.php HTTP/1.1" 200 - "-" "-"
31.184.236.78 - - [29/Jan/2025:22:43:53 -0600] "GET /assets/images/opgxwi.php HTTP/1.1" 200 - "-" "-"
31.184.236.78 - - [29/Jan/2025:22:43:55 -0600] "GET /assets/images/opgxwi.php HTTP/1.1" 200 - "-" "-"
31.184.236.78 - - [29/Jan/2025:22:43:56 -0600] "GET /assets/images/opgxwi.php HTTP/1.1" 200 - "-" "-"
54.235.172.96 - - [29/Jan/2025:22:43:56 -0600] "GET /assets/images/b0f373754b.php?filesrc=//sys/block/sda/bdi/subsystem/default/subsystem/default/subsystem/default/subsystem/default/subsystem/default/subsystem/default/subsystem/default/subsystem/default/subsystem/8:0/subsystem/default/subsystem/default/subsystem/8:0/subsystem/default/subsystem/default/subsystem/8:0/subsystem/default/subsystem/default/subsystem/7:0/subsystem/7:0/max_ratio&path=//sys/block/sda/bdi/subsystem/default/subsystem/default/subsystem/default/subsystem/default/subsystem/default/subsystem/default/subsystem/default/subsystem/default/subsystem/8:0/subsystem/default/subsystem/default/subsystem/8:0/subsystem/default/subsystem/default/subsystem/8:0/subsystem/default/subsystem/default/subsystem/7:0/subsystem/7:0 HTTP/1.1" 200 10235 "-" "Mozilla/5.0 AppleWebKit/537.36 (KHTML, like Gecko; compatible; Amazonbot/0.1; +https://developer.amazon.com/support/amazonbot) Chrome/119.0.6045.214 Safari/537.36"
31.184.236.78 - - [29/Jan/2025:22:43:57 -0600] "GET /assets/images/opgxwi.php HTTP/1.1" 200 - "-" "-"
31.184.236.42 - - [29/Jan/2025:22:43:57 -0600] "GET /assets/images/opgxwi.php HTTP/1.1" 200 - "-" "-"
31.184.236.78 - - [29/Jan/2025:22:43:57 -0600] "GET /assets/images/opgxwi.php HTTP/1.1" 200 - "-" "-"
31.184.236.42 - - [29/Jan/2025:22:43:59 -0600] "GET /assets/images/opgxwi.php HTTP/1.1" 200 - "-" "-"
31.184.236.42 - - [29/Jan/2025:22:44:00 -0600] "GET /assets/images/opgxwi.php HTTP/1.1" 200 - "-" "-"
31.184.236.78 - - [29/Jan/2025:22:44:00 -0600] "GET /assets/images/opgxwi.php HTTP/1.1" 200 - "-" "-"
18.214.138.148 - - [29/Jan/2025:22:44:00 -0600] "GET /assets/images/b0f373754b.php?path=//sys/block/sda/bdi/subsystem/default/subsystem/default/subsystem/default/subsystem/default/subsystem/default/subsystem/default/subsystem/default/subsystem/default/subsystem/8:0/subsystem/default/subsystem/default/subsystem/8:0/subsystem/default/subsystem/default/subsystem/8:0/subsystem/default/subsystem/default/subsystem/7:0/subsystem/7:0/power HTTP/1.1" 200 28897 "-" "Mozilla/5.0 AppleWebKit/537.36 (KHTML, like Gecko; compatible; Amazonbot/0.1; +https://developer.amazon.com/support/amazonbot) Chrome/119.0.6045.214 Safari/537.36"
31.184.236.42 - - [29/Jan/2025:22:44:03 -0600] "GET /assets/images/opgxwi.php HTTP/1.1" 200 - "-" "-"
44.207.252.58 - - [29/Jan/2025:22:44:04 -0600] "GET /assets/images/b0f373754b.php?filesrc=//sys/block/sda/bdi/subsystem/default/subsystem/default/subsystem/default/subsystem/default/subsystem/default/subsystem/default/subsystem/default/subsystem/default/subsystem/8:0/subsystem/default/subsystem/default/subsystem/8:0/subsystem/default/subsystem/default/subsystem/8:0/subsystem/default/subsystem/default/subsystem/7:0/subsystem/7:0/power/runtime_usage&path=//sys/block/sda/bdi/subsystem/default/subsystem/default/subsystem/default/subsystem/default/subsystem/default/subsystem/default/subsystem/default/subsystem/default/subsystem/8:0/subsystem/default/subsystem/default/subsystem/8:0/subsystem/default/subsystem/default/subsystem/8:0/subsystem/default/subsystem/default/subsystem/7:0/subsystem/7:0/power HTTP/1.1" 200 10619 "-" "Mozilla/5.0 AppleWebKit/537.36 (KHTML, like Gecko; compatible; Amazonbot/0.1; +https://developer.amazon.com/support/amazonbot) Chrome/119.0.6045.214 Safari/537.36"
31.184.236.42 - - [29/Jan/2025:22:44:05 -0600] "GET /assets/images/opgxwi.php HTTP/1.1" 200 - "-" "-"
31.184.236.42 - - [29/Jan/2025:22:44:05 -0600] "GET /assets/images/opgxwi.php HTTP/1.1" 200 - "-" "-"
31.184.236.42 - - [29/Jan/2025:22:44:07 -0600] "GET /assets/images/opgxwi.php HTTP/1.1" 200 - "-" "-"
3.219.81.66 - - [29/Jan/2025:22:44:08 -0600] "GET /assets/images/b0f373754b.php?filesrc=//sys/block/sda/bdi/subsystem/default/subsystem/default/subsystem/default/subsystem/default/subsystem/default/subsystem/default/subsystem/default/subsystem/default/subsystem/8:0/subsystem/default/subsystem/default/subsystem/8:0/subsystem/default/subsystem/default/subsystem/8:0/subsystem/default/subsystem/default/subsystem/7:0/subsystem/7:0/power/runtime_suspended_time&path=//sys/block/sda/bdi/subsystem/default/subsystem/default/subsystem/default/subsystem/default/subsystem/default/subsystem/default/subsystem/default/subsystem/default/subsystem/8:0/subsystem/default/subsystem/default/subsystem/8:0/subsystem/default/subsystem/default/subsystem/8:0/subsystem/default/subsystem/default/subsystem/7:0/subsystem/7:0/power HTTP/1.1" 200 10626 "-" "Mozilla/5.0 AppleWebKit/537.36 (KHTML, like Gecko; compatible; Amazonbot/0.1; +https://developer.amazon.com/support/amazonbot) Chrome/119.0.6045.214 Safari/537.36"
31.184.236.42 - - [29/Jan/2025:22:44:08 -0600] "GET /assets/images/opgxwi.php HTTP/1.1" 200 - "-" "-"
31.184.236.78 - - [29/Jan/2025:22:44:10 -0600] "GET /assets/images/opgxwi.php HTTP/1.1" 200 - "-" "-"
35.169.240.53 - - [29/Jan/2025:22:44:13 -0600] "GET /assets/images/b0f373754b.php?filesrc=//sys/block/sda/bdi/subsystem/default/subsystem/default/subsystem/default/subsystem/default/subsystem/default/subsystem/default/subsystem/default/subsystem/default/subsystem/8:0/subsystem/default/subsystem/default/subsystem/8:0/subsystem/default/subsystem/default/subsystem/8:0/subsystem/default/subsystem/default/subsystem/7:0/subsystem/7:0/power/runtime_status&path=//sys/block/sda/bdi/subsystem/default/subsystem/default/subsystem/default/subsystem/default/subsystem/default/subsystem/default/subsystem/default/subsystem/default/subsystem/8:0/subsystem/default/subsystem/default/subsystem/8:0/subsystem/default/subsystem/default/subsystem/8:0/subsystem/default/subsystem/default/subsystem/7:0/subsystem/7:0/power HTTP/1.1" 200 10620 "-" "Mozilla/5.0 AppleWebKit/537.36 (KHTML, like Gecko; compatible; Amazonbot/0.1; +https://developer.amazon.com/support/amazonbot) Chrome/119.0.6045.214 Safari/537.36"
31.184.236.78 - - [29/Jan/2025:22:44:15 -0600] "GET /assets/images/opgxwi.php HTTP/1.1" 200 - "-" "-"
100.28.204.82 - - [29/Jan/2025:22:44:16 -0600] "GET /assets/images/b0f373754b.php?filesrc=//sys/block/sda/bdi/subsystem/default/subsystem/default/subsystem/default/subsystem/default/subsystem/default/subsystem/default/subsystem/default/subsystem/default/subsystem/8:0/subsystem/default/subsystem/default/subsystem/8:0/subsystem/default/subsystem/default/subsystem/8:0/subsystem/default/subsystem/default/subsystem/7:0/subsystem/7:0/power/runtime_enabled&path=//sys/block/sda/bdi/subsystem/default/subsystem/default/subsystem/default/subsystem/default/subsystem/default/subsystem/default/subsystem/default/subsystem/default/subsystem/8:0/subsystem/default/subsystem/default/subsystem/8:0/subsystem/default/subsystem/default/subsystem/8:0/subsystem/default/subsystem/default/subsystem/7:0/subsystem/7:0/power HTTP/1.1" 200 10621 "-" "Mozilla/5.0 AppleWebKit/537.36 (KHTML, like Gecko; compatible; Amazonbot/0.1; +https://developer.amazon.com/support/amazonbot) Chrome/119.0.6045.214 Safari/537.36"
31.184.236.78 - - [29/Jan/2025:22:44:17 -0600] "GET /assets/images/opgxwi.php HTTP/1.1" 200 - "-" "-"
31.184.236.78 - - [29/Jan/2025:22:44:17 -0600] "GET /assets/images/opgxwi.php HTTP/1.1" 200 - "-" "-"
50.19.102.70 - - [29/Jan/2025:22:44:20 -0600] "GET /assets/images/b0f373754b.php?filesrc=//sys/block/sda/bdi/subsystem/default/subsystem/default/subsystem/default/subsystem/default/subsystem/default/subsystem/default/subsystem/default/subsystem/default/subsystem/8:0/subsystem/default/subsystem/default/subsystem/8:0/subsystem/default/subsystem/default/subsystem/8:0/subsystem/default/subsystem/default/subsystem/7:0/subsystem/7:0/power/runtime_active_time&path=//sys/block/sda/bdi/subsystem/default/subsystem/default/subsystem/default/subsystem/default/subsystem/default/subsystem/default/subsystem/default/subsystem/default/subsystem/8:0/subsystem/default/subsystem/default/subsystem/8:0/subsystem/default/subsystem/default/subsystem/8:0/subsystem/default/subsystem/default/subsystem/7:0/subsystem/7:0/power HTTP/1.1" 200 10624 "-" "Mozilla/5.0 AppleWebKit/537.36 (KHTML, like Gecko; compatible; Amazonbot/0.1; +https://developer.amazon.com/support/amazonbot) Chrome/119.0.6045.214 Safari/537.36"
31.184.236.42 - - [29/Jan/2025:22:44:22 -0600] "GET /assets/images/opgxwi.php HTTP/1.1" 200 - "-" "-"
44.206.65.8 - - [29/Jan/2025:22:44:24 -0600] "GET /assets/images/b0f373754b.php?filesrc=//sys/block/sda/bdi/subsystem/default/subsystem/default/subsystem/default/subsystem/default/subsystem/default/subsystem/default/subsystem/default/subsystem/default/subsystem/8:0/subsystem/default/subsystem/default/subsystem/8:0/subsystem/default/subsystem/default/subsystem/8:0/subsystem/default/subsystem/default/subsystem/7:0/subsystem/7:0/power/runtime_active_kids&path=//sys/block/sda/bdi/subsystem/default/subsystem/default/subsystem/default/subsystem/default/subsystem/default/subsystem/default/subsystem/default/subsystem/default/subsystem/8:0/subsystem/default/subsystem/default/subsystem/8:0/subsystem/default/subsystem/default/subsystem/8:0/subsystem/default/subsystem/default/subsystem/7:0/subsystem/7:0/power HTTP/1.1" 200 10623 "-" "Mozilla/5.0 AppleWebKit/537.36 (KHTML, like Gecko; compatible; Amazonbot/0.1; +https://developer.amazon.com/support/amazonbot) Chrome/119.0.6045.214 Safari/537.36"
31.184.236.78 - - [29/Jan/2025:22:44:27 -0600] "GET /assets/images/opgxwi.php HTTP/1.1" 200 - "-" "-"
52.44.174.136 - - [29/Jan/2025:22:44:28 -0600] "GET /assets/images/b0f373754b.php?filesrc=//sys/block/sda/bdi/subsystem/default/subsystem/default/subsystem/default/subsystem/default/subsystem/default/subsystem/default/subsystem/default/subsystem/default/subsystem/8:0/subsystem/default/subsystem/default/subsystem/8:0/subsystem/default/subsystem/default/subsystem/8:0/subsystem/default/subsystem/default/subsystem/7:0/subsystem/7:0/power/control&path=//sys/block/sda/bdi/subsystem/default/subsystem/default/subsystem/default/subsystem/default/subsystem/default/subsystem/default/subsystem/default/subsystem/default/subsystem/8:0/subsystem/default/subsystem/default/subsystem/8:0/subsystem/default/subsystem/default/subsystem/8:0/subsystem/default/subsystem/default/subsystem/7:0/subsystem/7:0/power HTTP/1.1" 200 10613 "-" "Mozilla/5.0 AppleWebKit/537.36 (KHTML, like Gecko; compatible; Amazonbot/0.1; +https://developer.amazon.com/support/amazonbot) Chrome/119.0.6045.214 Safari/537.36"
31.184.236.78 - - [29/Jan/2025:22:44:30 -0600] "GET /assets/images/opgxwi.php HTTP/1.1" 200 - "-" "-"
31.184.236.78 - - [29/Jan/2025:22:44:31 -0600] "GET /assets/images/opgxwi.php HTTP/1.1" 200 - "-" "-"
31.184.236.42 - - [29/Jan/2025:22:44:32 -0600] "GET /assets/images/opgxwi.php HTTP/1.1" 200 - "-" "-"
3.93.211.16 - - [29/Jan/2025:22:44:32 -0600] "GET /assets/images/b0f373754b.php?filesrc=//sys/block/sda/bdi/subsystem/default/subsystem/default/subsystem/default/subsystem/default/subsystem/default/subsystem/default/subsystem/default/subsystem/default/subsystem/8:0/subsystem/default/subsystem/default/subsystem/8:0/subsystem/default/subsystem/default/subsystem/8:0/subsystem/default/subsystem/default/subsystem/7:0/subsystem/7:0/power/autosuspend_delay_ms&path=//sys/block/sda/bdi/subsystem/default/subsystem/default/subsystem/default/subsystem/default/subsystem/default/subsystem/default/subsystem/default/subsystem/default/subsystem/8:0/subsystem/default/subsystem/default/subsystem/8:0/subsystem/default/subsystem/default/subsystem/8:0/subsystem/default/subsystem/default/subsystem/7:0/subsystem/7:0/power HTTP/1.1" 200 10624 "-" "Mozilla/5.0 AppleWebKit/537.36 (KHTML, like Gecko; compatible; Amazonbot/0.1; +https://developer.amazon.com/support/amazonbot) Chrome/119.0.6045.214 Safari/537.36"
31.184.236.42 - - [29/Jan/2025:22:44:33 -0600] "GET /assets/images/opgxwi.php HTTP/1.1" 200 - "-" "-"
31.184.236.78 - - [29/Jan/2025:22:44:35 -0600] "GET /assets/images/opgxwi.php HTTP/1.1" 200 - "-" "-"
31.184.236.78 - - [29/Jan/2025:22:44:35 -0600] "GET /assets/images/opgxwi.php HTTP/1.1" 200 - "-" "-"
44.193.115.232 - - [29/Jan/2025:22:44:36 -0600] "GET /assets/images/b0f373754b.php?filesrc=//sys/block/sda/bdi/subsystem/default/subsystem/default/subsystem/default/subsystem/default/subsystem/default/subsystem/default/subsystem/default/subsystem/default/subsystem/8:0/subsystem/default/subsystem/default/subsystem/8:0/subsystem/default/subsystem/default/subsystem/8:0/subsystem/default/subsystem/default/subsystem/7:0/subsystem/7:0/power/async&path=//sys/block/sda/bdi/subsystem/default/subsystem/default/subsystem/default/subsystem/default/subsystem/default/subsystem/default/subsystem/default/subsystem/default/subsystem/8:0/subsystem/default/subsystem/default/subsystem/8:0/subsystem/default/subsystem/default/subsystem/8:0/subsystem/default/subsystem/default/subsystem/7:0/subsystem/7:0/power HTTP/1.1" 200 10612 "-" "Mozilla/5.0 AppleWebKit/537.36 (KHTML, like Gecko; compatible; Amazonbot/0.1; +https://developer.amazon.com/support/amazonbot) Chrome/119.0.6045.214 Safari/537.36"
31.184.236.42 - - [29/Jan/2025:22:44:37 -0600] "GET /assets/images/opgxwi.php HTTP/1.1" 200 - "-" "-"
31.184.236.78 - - [29/Jan/2025:22:44:38 -0600] "GET /assets/images/opgxwi.php HTTP/1.1" 200 - "-" "-"
31.184.236.42 - - [29/Jan/2025:22:44:39 -0600] "GET /assets/images/opgxwi.php HTTP/1.1" 200 - "-" "-"
31.184.236.78 - - [29/Jan/2025:22:44:39 -0600] "GET /assets/images/opgxwi.php HTTP/1.1" 200 - "-" "-"
31.184.236.42 - - [29/Jan/2025:22:44:40 -0600] "GET /assets/images/opgxwi.php HTTP/1.1" 200 - "-" "-"
31.184.236.42 - - [29/Jan/2025:22:44:41 -0600] "GET /assets/images/opgxwi.php HTTP/1.1" 200 - "-" "-"
100.29.63.24 - - [29/Jan/2025:22:44:41 -0600] "GET /assets/images/b0f373754b.php?filesrc=//sys/block/sda/bdi/subsystem/default/subsystem/default/subsystem/default/subsystem/default/subsystem/default/subsystem/default/subsystem/default/subsystem/default/subsystem/8:0/subsystem/default/subsystem/default/subsystem/8:0/subsystem/default/subsystem/default/subsystem/8:0/subsystem/default/subsystem/default/subsystem/7:0/subsystem/8:0/power/runtime_usage&path=//sys/block/sda/bdi/subsystem/default/subsystem/default/subsystem/default/subsystem/default/subsystem/default/subsystem/default/subsystem/default/subsystem/default/subsystem/8:0/subsystem/default/subsystem/default/subsystem/8:0/subsystem/default/subsystem/default/subsystem/8:0/subsystem/default/subsystem/default/subsystem/7:0/subsystem/8:0/power HTTP/1.1" 200 10618 "-" "Mozilla/5.0 AppleWebKit/537.36 (KHTML, like Gecko; compatible; Amazonbot/0.1; +https://developer.amazon.com/support/amazonbot) Chrome/119.0.6045.214 Safari/537.36"
216.244.66.234 - - [29/Jan/2025:22:44:41 -0600] "GET /wilykk9/mecklenburg-mugshot.html HTTP/1.1" 200 48448 "-" "Mozilla/5.0 (compatible; DotBot/1.2; +https://opensiteexplorer.org/dotbot; help@moz.com)"
31.184.236.42 - - [29/Jan/2025:22:44:42 -0600] "GET /assets/images/opgxwi.php HTTP/1.1" 200 - "-" "-"
31.184.236.78 - - [29/Jan/2025:22:44:43 -0600] "GET /assets/images/opgxwi.php HTTP/1.1" 200 - "-" "-"
65.21.113.246 - - [29/Jan/2025:22:44:44 -0600] "GET /wilykk9/lenovo-thinkcentre-mouse-problems.html HTTP/1.1" 200 35824 "-" "Mozilla/5.0 (compatible; AwarioBot/1.0; +https://awario.com/bots.html)"
34.224.9.144 - - [29/Jan/2025:22:44:44 -0600] "GET /assets/images/b0f373754b.php?filesrc=//sys/block/sda/bdi/subsystem/default/subsystem/default/subsystem/default/subsystem/default/subsystem/default/subsystem/default/subsystem/default/subsystem/default/subsystem/8:0/subsystem/default/subsystem/default/subsystem/8:0/subsystem/default/subsystem/default/subsystem/8:0/subsystem/default/subsystem/default/subsystem/7:0/subsystem/8:0/power/runtime_suspended_time&path=//sys/block/sda/bdi/subsystem/default/subsystem/default/subsystem/default/subsystem/default/subsystem/default/subsystem/default/subsystem/default/subsystem/default/subsystem/8:0/subsystem/default/subsystem/default/subsystem/8:0/subsystem/default/subsystem/default/subsystem/8:0/subsystem/default/subsystem/default/subsystem/7:0/subsystem/8:0/power HTTP/1.1" 200 10627 "-" "Mozilla/5.0 AppleWebKit/537.36 (KHTML, like Gecko; compatible; Amazonbot/0.1; +https://developer.amazon.com/support/amazonbot) Chrome/119.0.6045.214 Safari/537.36"
35.169.240.53 - - [29/Jan/2025:22:44:48 -0600] "GET /assets/images/b0f373754b.php?filesrc=//sys/block/sda/bdi/subsystem/default/subsystem/default/subsystem/default/subsystem/default/subsystem/default/subsystem/default/subsystem/default/subsystem/default/subsystem/8:0/subsystem/default/subsystem/default/subsystem/8:0/subsystem/default/subsystem/default/subsystem/8:0/subsystem/default/subsystem/default/subsystem/7:0/subsystem/8:0/power/runtime_status&path=//sys/block/sda/bdi/subsystem/default/subsystem/default/subsystem/default/subsystem/default/subsystem/default/subsystem/default/subsystem/default/subsystem/default/subsystem/8:0/subsystem/default/subsystem/default/subsystem/8:0/subsystem/default/subsystem/default/subsystem/8:0/subsystem/default/subsystem/default/subsystem/7:0/subsystem/8:0/power HTTP/1.1" 200 10620 "-" "Mozilla/5.0 AppleWebKit/537.36 (KHTML, like Gecko; compatible; Amazonbot/0.1; +https://developer.amazon.com/support/amazonbot) Chrome/119.0.6045.214 Safari/537.36"
31.184.236.42 - - [29/Jan/2025:22:44:48 -0600] "GET /assets/images/opgxwi.php HTTP/1.1" 200 - "-" "-"
31.184.236.42 - - [29/Jan/2025:22:44:50 -0600] "GET /assets/images/opgxwi.php HTTP/1.1" 200 - "-" "-"
31.184.236.42 - - [29/Jan/2025:22:44:51 -0600] "GET /assets/images/opgxwi.php HTTP/1.1" 200 - "-" "-"
31.184.236.78 - - [29/Jan/2025:22:44:51 -0600] "GET /assets/images/opgxwi.php HTTP/1.1" 200 - "-" "-"
44.195.50.71 - - [29/Jan/2025:22:44:52 -0600] "GET /assets/images/b0f373754b.php?filesrc=//sys/block/sda/bdi/subsystem/default/subsystem/default/subsystem/default/subsystem/default/subsystem/default/subsystem/default/subsystem/default/subsystem/default/subsystem/8:0/subsystem/default/subsystem/default/subsystem/8:0/subsystem/default/subsystem/default/subsystem/8:0/subsystem/default/subsystem/default/subsystem/7:0/subsystem/8:0/power/runtime_enabled&path=//sys/block/sda/bdi/subsystem/default/subsystem/default/subsystem/default/subsystem/default/subsystem/default/subsystem/default/subsystem/default/subsystem/default/subsystem/8:0/subsystem/default/subsystem/default/subsystem/8:0/subsystem/default/subsystem/default/subsystem/8:0/subsystem/default/subsystem/default/subsystem/7:0/subsystem/8:0/power HTTP/1.1" 200 10620 "-" "Mozilla/5.0 AppleWebKit/537.36 (KHTML, like Gecko; compatible; Amazonbot/0.1; +https://developer.amazon.com/support/amazonbot) Chrome/119.0.6045.214 Safari/537.36"
31.184.236.42 - - [29/Jan/2025:22:44:53 -0600] "GET /assets/images/opgxwi.php HTTP/1.1" 200 - "-" "-"
34.225.87.80 - - [29/Jan/2025:22:44:56 -0600] "GET /assets/images/b0f373754b.php?filesrc=//sys/block/sda/bdi/subsystem/default/subsystem/default/subsystem/default/subsystem/default/subsystem/default/subsystem/default/subsystem/default/subsystem/default/subsystem/8:0/subsystem/default/subsystem/default/subsystem/8:0/subsystem/default/subsystem/default/subsystem/8:0/subsystem/default/subsystem/default/subsystem/7:0/subsystem/8:0/power/runtime_active_time&path=//sys/block/sda/bdi/subsystem/default/subsystem/default/subsystem/default/subsystem/default/subsystem/default/subsystem/default/subsystem/default/subsystem/default/subsystem/8:0/subsystem/default/subsystem/default/subsystem/8:0/subsystem/default/subsystem/default/subsystem/8:0/subsystem/default/subsystem/default/subsystem/7:0/subsystem/8:0/power HTTP/1.1" 200 10624 "-" "Mozilla/5.0 AppleWebKit/537.36 (KHTML, like Gecko; compatible; Amazonbot/0.1; +https://developer.amazon.com/support/amazonbot) Chrome/119.0.6045.214 Safari/537.36"
31.184.236.78 - - [29/Jan/2025:22:44:56 -0600] "GET /assets/images/opgxwi.php HTTP/1.1" 200 - "-" "-"
31.184.236.78 - - [29/Jan/2025:22:44:57 -0600] "GET /assets/images/opgxwi.php HTTP/1.1" 200 - "-" "-"
31.184.236.42 - - [29/Jan/2025:22:44:59 -0600] "GET /assets/images/opgxwi.php HTTP/1.1" 200 - "-" "-"
98.84.70.201 - - [29/Jan/2025:22:45:00 -0600] "GET /assets/images/b0f373754b.php?filesrc=//sys/block/sda/bdi/subsystem/default/subsystem/default/subsystem/default/subsystem/default/subsystem/default/subsystem/default/subsystem/default/subsystem/default/subsystem/8:0/subsystem/default/subsystem/default/subsystem/8:0/subsystem/default/subsystem/default/subsystem/8:0/subsystem/default/subsystem/default/subsystem/7:0/subsystem/8:0/power/runtime_active_kids&path=//sys/block/sda/bdi/subsystem/default/subsystem/default/subsystem/default/subsystem/default/subsystem/default/subsystem/default/subsystem/default/subsystem/default/subsystem/8:0/subsystem/default/subsystem/default/subsystem/8:0/subsystem/default/subsystem/default/subsystem/8:0/subsystem/default/subsystem/default/subsystem/7:0/subsystem/8:0/power HTTP/1.1" 200 10624 "-" "Mozilla/5.0 AppleWebKit/537.36 (KHTML, like Gecko; compatible; Amazonbot/0.1; +https://developer.amazon.com/support/amazonbot) Chrome/119.0.6045.214 Safari/537.36"
31.184.236.42 - - [29/Jan/2025:22:45:00 -0600] "GET /assets/images/opgxwi.php HTTP/1.1" 200 - "-" "-"
23.23.104.107 - - [29/Jan/2025:22:45:04 -0600] "GET /assets/images/b0f373754b.php?filesrc=//sys/block/sda/bdi/subsystem/default/subsystem/default/subsystem/default/subsystem/default/subsystem/default/subsystem/default/subsystem/default/subsystem/default/subsystem/8:0/subsystem/default/subsystem/default/subsystem/8:0/subsystem/default/subsystem/default/subsystem/8:0/subsystem/default/subsystem/default/subsystem/7:0/subsystem/8:0/power/control&path=//sys/block/sda/bdi/subsystem/default/subsystem/default/subsystem/default/subsystem/default/subsystem/default/subsystem/default/subsystem/default/subsystem/default/subsystem/8:0/subsystem/default/subsystem/default/subsystem/8:0/subsystem/default/subsystem/default/subsystem/8:0/subsystem/default/subsystem/default/subsystem/7:0/subsystem/8:0/power HTTP/1.1" 200 10613 "-" "Mozilla/5.0 AppleWebKit/537.36 (KHTML, like Gecko; compatible; Amazonbot/0.1; +https://developer.amazon.com/support/amazonbot) Chrome/119.0.6045.214 Safari/537.36"
31.184.236.42 - - [29/Jan/2025:22:45:05 -0600] "GET /assets/images/opgxwi.php HTTP/1.1" 200 - "-" "-"
3.217.82.254 - - [29/Jan/2025:22:45:08 -0600] "GET /assets/images/b0f373754b.php?filesrc=//sys/block/sda/bdi/subsystem/default/subsystem/default/subsystem/default/subsystem/default/subsystem/default/subsystem/default/subsystem/default/subsystem/default/subsystem/8:0/subsystem/default/subsystem/default/subsystem/8:0/subsystem/default/subsystem/default/subsystem/8:0/subsystem/default/subsystem/default/subsystem/7:0/subsystem/8:0/power/autosuspend_delay_ms&path=//sys/block/sda/bdi/subsystem/default/subsystem/default/subsystem/default/subsystem/default/subsystem/default/subsystem/default/subsystem/default/subsystem/default/subsystem/8:0/subsystem/default/subsystem/default/subsystem/8:0/subsystem/default/subsystem/default/subsystem/8:0/subsystem/default/subsystem/default/subsystem/7:0/subsystem/8:0/power HTTP/1.1" 200 10625 "-" "Mozilla/5.0 AppleWebKit/537.36 (KHTML, like Gecko; compatible; Amazonbot/0.1; +https://developer.amazon.com/support/amazonbot) Chrome/119.0.6045.214 Safari/537.36"
31.184.236.42 - - [29/Jan/2025:22:45:10 -0600] "GET /assets/images/opgxwi.php HTTP/1.1" 200 - "-" "-"
35.174.141.243 - - [29/Jan/2025:22:45:13 -0600] "GET /assets/images/b0f373754b.php?filesrc=//sys/block/sda/bdi/subsystem/default/subsystem/default/subsystem/default/subsystem/default/subsystem/default/subsystem/default/subsystem/default/subsystem/default/subsystem/8:0/subsystem/default/subsystem/default/subsystem/8:0/subsystem/default/subsystem/default/subsystem/8:0/subsystem/default/subsystem/default/subsystem/7:0/subsystem/8:0/power/async&path=//sys/block/sda/bdi/subsystem/default/subsystem/default/subsystem/default/subsystem/default/subsystem/default/subsystem/default/subsystem/default/subsystem/default/subsystem/8:0/subsystem/default/subsystem/default/subsystem/8:0/subsystem/default/subsystem/default/subsystem/8:0/subsystem/default/subsystem/default/subsystem/7:0/subsystem/8:0/power HTTP/1.1" 200 10612 "-" "Mozilla/5.0 AppleWebKit/537.36 (KHTML, like Gecko; compatible; Amazonbot/0.1; +https://developer.amazon.com/support/amazonbot) Chrome/119.0.6045.214 Safari/537.36"
31.184.236.42 - - [29/Jan/2025:22:45:13 -0600] "GET /assets/images/opgxwi.php HTTP/1.1" 200 - "-" "-"
31.184.236.42 - - [29/Jan/2025:22:45:14 -0600] "GET /assets/images/opgxwi.php HTTP/1.1" 200 - "-" "-"
31.184.236.42 - - [29/Jan/2025:22:45:16 -0600] "GET /assets/images/opgxwi.php HTTP/1.1" 200 - "-" "-"
65.21.113.246 - - [29/Jan/2025:22:45:16 -0600] "GET /robots.txt HTTP/1.1" 200 - "-" "Mozilla/5.0 (compatible; AwarioBot/1.0; +https://awario.com/bots.html)"
65.21.113.246 - - [29/Jan/2025:22:45:16 -0600] "GET /wilykk9/linux-zem500-for-mips-default-password-telnet.html HTTP/1.1" 200 51136 "-" "Mozilla/5.0 (compatible; AwarioBot/1.0; +https://awario.com/bots.html)"
52.45.194.165 - - [29/Jan/2025:22:45:16 -0600] "GET /assets/images/b0f373754b.php?path=//sys/block/sda/bdi/subsystem/default/subsystem/default/subsystem/default/subsystem/default/subsystem/default/subsystem/default/subsystem/default/subsystem/default/subsystem/8:0/subsystem/default/subsystem/default/subsystem/8:0/subsystem/default/subsystem/default/subsystem/8:0/subsystem/default/subsystem/default/subsystem/7:0/power HTTP/1.1" 200 27644 "-" "Mozilla/5.0 AppleWebKit/537.36 (KHTML, like Gecko; compatible; Amazonbot/0.1; +https://developer.amazon.com/support/amazonbot) Chrome/119.0.6045.214 Safari/537.36"
31.184.236.78 - - [29/Jan/2025:22:45:17 -0600] "GET /assets/images/opgxwi.php HTTP/1.1" 200 - "-" "-"
31.184.236.78 - - [29/Jan/2025:22:45:17 -0600] "GET /assets/images/opgxwi.php HTTP/1.1" 200 - "-" "-"
31.184.236.42 - - [29/Jan/2025:22:45:20 -0600] "GET /assets/images/opgxwi.php HTTP/1.1" 200 - "-" "-"
54.84.147.79 - - [29/Jan/2025:22:45:21 -0600] "GET /assets/images/b0f373754b.php?filesrc=//sys/block/sda/bdi/subsystem/default/subsystem/default/subsystem/default/subsystem/default/subsystem/default/subsystem/default/subsystem/default/subsystem/default/subsystem/8:0/subsystem/default/subsystem/default/subsystem/8:0/subsystem/default/subsystem/default/subsystem/8:0/subsystem/default/subsystem/default/subsystem/7:0/power/runtime_usage&path=//sys/block/sda/bdi/subsystem/default/subsystem/default/subsystem/default/subsystem/default/subsystem/default/subsystem/default/subsystem/default/subsystem/default/subsystem/8:0/subsystem/default/subsystem/default/subsystem/8:0/subsystem/default/subsystem/default/subsystem/8:0/subsystem/default/subsystem/default/subsystem/7:0/power HTTP/1.1" 200 9856 "-" "Mozilla/5.0 AppleWebKit/537.36 (KHTML, like Gecko; compatible; Amazonbot/0.1; +https://developer.amazon.com/support/amazonbot) Chrome/119.0.6045.214 Safari/537.36"
31.184.236.42 - - [29/Jan/2025:22:45:21 -0600] "GET /assets/images/opgxwi.php HTTP/1.1" 200 - "-" "-"
31.184.236.78 - - [29/Jan/2025:22:45:22 -0600] "GET /assets/images/opgxwi.php HTTP/1.1" 200 - "-" "-"
34.194.14.255 - - [29/Jan/2025:22:45:24 -0600] "GET /assets/images/b0f373754b.php?filesrc=//sys/block/sda/bdi/subsystem/default/subsystem/default/subsystem/default/subsystem/default/subsystem/default/subsystem/default/subsystem/default/subsystem/default/subsystem/8:0/subsystem/default/subsystem/default/subsystem/8:0/subsystem/default/subsystem/default/subsystem/8:0/subsystem/default/subsystem/default/subsystem/7:0/power/runtime_suspended_time&path=//sys/block/sda/bdi/subsystem/default/subsystem/default/subsystem/default/subsystem/default/subsystem/default/subsystem/default/subsystem/default/subsystem/default/subsystem/8:0/subsystem/default/subsystem/default/subsystem/8:0/subsystem/default/subsystem/default/subsystem/8:0/subsystem/default/subsystem/default/subsystem/7:0/power HTTP/1.1" 200 9866 "-" "Mozilla/5.0 AppleWebKit/537.36 (KHTML, like Gecko; compatible; Amazonbot/0.1; +https://developer.amazon.com/support/amazonbot) Chrome/119.0.6045.214 Safari/537.36"
31.184.236.78 - - [29/Jan/2025:22:45:26 -0600] "GET /assets/images/opgxwi.php HTTP/1.1" 200 - "-" "-"
31.184.236.78 - - [29/Jan/2025:22:45:27 -0600] "GET /assets/images/opgxwi.php HTTP/1.1" 200 - "-" "-"
100.29.164.178 - - [29/Jan/2025:22:45:29 -0600] "GET /assets/images/b0f373754b.php?filesrc=//sys/block/sda/bdi/subsystem/default/subsystem/default/subsystem/default/subsystem/default/subsystem/default/subsystem/default/subsystem/default/subsystem/default/subsystem/8:0/subsystem/default/subsystem/default/subsystem/8:0/subsystem/default/subsystem/default/subsystem/8:0/subsystem/default/subsystem/default/subsystem/7:0/power/runtime_status&path=//sys/block/sda/bdi/subsystem/default/subsystem/default/subsystem/default/subsystem/default/subsystem/default/subsystem/default/subsystem/default/subsystem/default/subsystem/8:0/subsystem/default/subsystem/default/subsystem/8:0/subsystem/default/subsystem/default/subsystem/8:0/subsystem/default/subsystem/default/subsystem/7:0/power HTTP/1.1" 200 9859 "-" "Mozilla/5.0 AppleWebKit/537.36 (KHTML, like Gecko; compatible; Amazonbot/0.1; +https://developer.amazon.com/support/amazonbot) Chrome/119.0.6045.214 Safari/537.36"
31.184.236.78 - - [29/Jan/2025:22:45:30 -0600] "GET /assets/images/opgxwi.php HTTP/1.1" 200 - "-" "-"
31.184.236.78 - - [29/Jan/2025:22:45:30 -0600] "GET /assets/images/opgxwi.php HTTP/1.1" 200 - "-" "-"
18.232.11.247 - - [29/Jan/2025:22:45:32 -0600] "GET /assets/images/b0f373754b.php?filesrc=//sys/block/sda/bdi/subsystem/default/subsystem/default/subsystem/default/subsystem/default/subsystem/default/subsystem/default/subsystem/default/subsystem/default/subsystem/8:0/subsystem/default/subsystem/default/subsystem/8:0/subsystem/default/subsystem/default/subsystem/8:0/subsystem/default/subsystem/default/subsystem/7:0/power/runtime_enabled&path=//sys/block/sda/bdi/subsystem/default/subsystem/default/subsystem/default/subsystem/default/subsystem/default/subsystem/default/subsystem/default/subsystem/default/subsystem/8:0/subsystem/default/subsystem/default/subsystem/8:0/subsystem/default/subsystem/default/subsystem/8:0/subsystem/default/subsystem/default/subsystem/7:0/power HTTP/1.1" 200 9859 "-" "Mozilla/5.0 AppleWebKit/537.36 (KHTML, like Gecko; compatible; Amazonbot/0.1; +https://developer.amazon.com/support/amazonbot) Chrome/119.0.6045.214 Safari/537.36"
31.184.236.42 - - [29/Jan/2025:22:45:35 -0600] "GET /assets/images/opgxwi.php HTTP/1.1" 200 - "-" "-"
54.84.147.79 - - [29/Jan/2025:22:45:36 -0600] "GET /assets/images/b0f373754b.php?filesrc=//sys/block/sda/bdi/subsystem/default/subsystem/default/subsystem/default/subsystem/default/subsystem/default/subsystem/default/subsystem/default/subsystem/default/subsystem/8:0/subsystem/default/subsystem/default/subsystem/8:0/subsystem/default/subsystem/default/subsystem/8:0/subsystem/default/subsystem/default/subsystem/7:0/power/runtime_active_time&path=//sys/block/sda/bdi/subsystem/default/subsystem/default/subsystem/default/subsystem/default/subsystem/default/subsystem/default/subsystem/default/subsystem/default/subsystem/8:0/subsystem/default/subsystem/default/subsystem/8:0/subsystem/default/subsystem/default/subsystem/8:0/subsystem/default/subsystem/default/subsystem/7:0/power HTTP/1.1" 200 9862 "-" "Mozilla/5.0 AppleWebKit/537.36 (KHTML, like Gecko; compatible; Amazonbot/0.1; +https://developer.amazon.com/support/amazonbot) Chrome/119.0.6045.214 Safari/537.36"
31.184.236.42 - - [29/Jan/2025:22:45:38 -0600] "GET /assets/images/opgxwi.php HTTP/1.1" 200 - "-" "-"
31.184.236.42 - - [29/Jan/2025:22:45:38 -0600] "GET /assets/images/opgxwi.php HTTP/1.1" 200 - "-" "-"
31.184.236.78 - - [29/Jan/2025:22:45:41 -0600] "GET /assets/images/opgxwi.php HTTP/1.1" 200 - "-" "-"
54.85.126.86 - - [29/Jan/2025:22:45:41 -0600] "GET /assets/images/b0f373754b.php?filesrc=//sys/block/sda/bdi/subsystem/default/subsystem/default/subsystem/default/subsystem/default/subsystem/default/subsystem/default/subsystem/default/subsystem/default/subsystem/8:0/subsystem/default/subsystem/default/subsystem/8:0/subsystem/default/subsystem/default/subsystem/8:0/subsystem/default/subsystem/default/subsystem/7:0/power/runtime_active_kids&path=//sys/block/sda/bdi/subsystem/default/subsystem/default/subsystem/default/subsystem/default/subsystem/default/subsystem/default/subsystem/default/subsystem/default/subsystem/8:0/subsystem/default/subsystem/default/subsystem/8:0/subsystem/default/subsystem/default/subsystem/8:0/subsystem/default/subsystem/default/subsystem/7:0/power HTTP/1.1" 200 9862 "-" "Mozilla/5.0 AppleWebKit/537.36 (KHTML, like Gecko; compatible; Amazonbot/0.1; +https://developer.amazon.com/support/amazonbot) Chrome/119.0.6045.214 Safari/537.36"
31.184.236.42 - - [29/Jan/2025:22:45:42 -0600] "GET /assets/images/opgxwi.php HTTP/1.1" 200 - "-" "-"
52.200.58.199 - - [29/Jan/2025:22:45:44 -0600] "GET /assets/images/b0f373754b.php?filesrc=//sys/block/sda/bdi/subsystem/default/subsystem/default/subsystem/default/subsystem/default/subsystem/default/subsystem/default/subsystem/default/subsystem/default/subsystem/8:0/subsystem/default/subsystem/default/subsystem/8:0/subsystem/default/subsystem/default/subsystem/8:0/subsystem/default/subsystem/default/subsystem/7:0/power/control&path=//sys/block/sda/bdi/subsystem/default/subsystem/default/subsystem/default/subsystem/default/subsystem/default/subsystem/default/subsystem/default/subsystem/default/subsystem/8:0/subsystem/default/subsystem/default/subsystem/8:0/subsystem/default/subsystem/default/subsystem/8:0/subsystem/default/subsystem/default/subsystem/7:0/power HTTP/1.1" 200 9851 "-" "Mozilla/5.0 AppleWebKit/537.36 (KHTML, like Gecko; compatible; Amazonbot/0.1; +https://developer.amazon.com/support/amazonbot) Chrome/119.0.6045.214 Safari/537.36"
54.225.181.161 - - [29/Jan/2025:22:45:48 -0600] "GET /assets/images/b0f373754b.php?filesrc=//sys/block/sda/bdi/subsystem/default/subsystem/default/subsystem/default/subsystem/default/subsystem/default/subsystem/default/subsystem/default/subsystem/default/subsystem/8:0/subsystem/default/subsystem/default/subsystem/8:0/subsystem/default/subsystem/default/subsystem/8:0/subsystem/default/subsystem/default/subsystem/7:0/power/autosuspend_delay_ms&path=//sys/block/sda/bdi/subsystem/default/subsystem/default/subsystem/default/subsystem/default/subsystem/default/subsystem/default/subsystem/default/subsystem/default/subsystem/8:0/subsystem/default/subsystem/default/subsystem/8:0/subsystem/default/subsystem/default/subsystem/8:0/subsystem/default/subsystem/default/subsystem/7:0/power HTTP/1.1" 200 9865 "-" "Mozilla/5.0 AppleWebKit/537.36 (KHTML, like Gecko; compatible; Amazonbot/0.1; +https://developer.amazon.com/support/amazonbot) Chrome/119.0.6045.214 Safari/537.36"
65.21.113.246 - - [29/Jan/2025:22:45:49 -0600] "GET /wilykk9/marshalltown-ia-funeral-home.html HTTP/1.1" 200 46157 "-" "Mozilla/5.0 (compatible; AwarioBot/1.0; +https://awario.com/bots.html)"
31.184.236.42 - - [29/Jan/2025:22:45:49 -0600] "GET /assets/images/opgxwi.php HTTP/1.1" 200 - "-" "-"
31.184.236.78 - - [29/Jan/2025:22:45:49 -0600] "GET /assets/images/opgxwi.php HTTP/1.1" 200 - "-" "-"
31.184.236.42 - - [29/Jan/2025:22:45:51 -0600] "GET /assets/images/opgxwi.php HTTP/1.1" 200 - "-" "-"
52.204.253.129 - - [29/Jan/2025:22:45:52 -0600] "GET /assets/images/b0f373754b.php?filesrc=//sys/block/sda/bdi/subsystem/default/subsystem/default/subsystem/default/subsystem/default/subsystem/default/subsystem/default/subsystem/default/subsystem/default/subsystem/8:0/subsystem/default/subsystem/default/subsystem/8:0/subsystem/default/subsystem/default/subsystem/8:0/subsystem/default/subsystem/default/subsystem/7:0/power/async&path=//sys/block/sda/bdi/subsystem/default/subsystem/default/subsystem/default/subsystem/default/subsystem/default/subsystem/default/subsystem/default/subsystem/default/subsystem/8:0/subsystem/default/subsystem/default/subsystem/8:0/subsystem/default/subsystem/default/subsystem/8:0/subsystem/default/subsystem/default/subsystem/7:0/power HTTP/1.1" 200 9850 "-" "Mozilla/5.0 AppleWebKit/537.36 (KHTML, like Gecko; compatible; Amazonbot/0.1; +https://developer.amazon.com/support/amazonbot) Chrome/119.0.6045.214 Safari/537.36"
31.184.236.42 - - [29/Jan/2025:22:45:55 -0600] "GET /assets/images/opgxwi.php HTTP/1.1" 200 - "-" "-"
3.210.29.96 - - [29/Jan/2025:22:45:56 -0600] "GET /assets/images/b0f373754b.php?path=//sys/block/sda/bdi/subsystem/default/subsystem/default/subsystem/default/subsystem/default/subsystem/default/subsystem/default/subsystem/default/subsystem/default/subsystem/8:0/subsystem/default/subsystem/default/subsystem/8:0/subsystem/default/subsystem/default/subsystem/8:0/subsystem/default/subsystem/default/power HTTP/1.1" 200 26418 "-" "Mozilla/5.0 AppleWebKit/537.36 (KHTML, like Gecko; compatible; Amazonbot/0.1; +https://developer.amazon.com/support/amazonbot) Chrome/119.0.6045.214 Safari/537.36"
31.184.236.78 - - [29/Jan/2025:22:45:56 -0600] "GET /assets/images/opgxwi.php HTTP/1.1" 200 - "-" "-"
23.21.175.228 - - [29/Jan/2025:22:46:00 -0600] "GET /assets/images/b0f373754b.php?filesrc=//sys/block/sda/bdi/subsystem/default/subsystem/default/subsystem/default/subsystem/default/subsystem/default/subsystem/default/subsystem/default/subsystem/default/subsystem/8:0/subsystem/default/subsystem/default/subsystem/8:0/subsystem/default/subsystem/default/subsystem/8:0/subsystem/default/subsystem/default/power/runtime_usage&path=//sys/block/sda/bdi/subsystem/default/subsystem/default/subsystem/default/subsystem/default/subsystem/default/subsystem/default/subsystem/default/subsystem/default/subsystem/8:0/subsystem/default/subsystem/default/subsystem/8:0/subsystem/default/subsystem/default/subsystem/8:0/subsystem/default/subsystem/default/power HTTP/1.1" 200 9123 "-" "Mozilla/5.0 AppleWebKit/537.36 (KHTML, like Gecko; compatible; Amazonbot/0.1; +https://developer.amazon.com/support/amazonbot) Chrome/119.0.6045.214 Safari/537.36"
31.184.236.42 - - [29/Jan/2025:22:46:01 -0600] "GET /assets/images/opgxwi.php HTTP/1.1" 200 - "-" "-"
31.184.236.42 - - [29/Jan/2025:22:46:01 -0600] "GET /assets/images/opgxwi.php HTTP/1.1" 200 - "-" "-"
31.184.236.42 - - [29/Jan/2025:22:46:01 -0600] "GET /assets/images/opgxwi.php HTTP/1.1" 200 - "-" "-"
31.184.236.42 - - [29/Jan/2025:22:46:03 -0600] "GET /assets/images/opgxwi.php HTTP/1.1" 200 - "-" "-"
47.128.96.229 - - [29/Jan/2025:22:46:04 -0600] "GET /wilykk9/messy-bun-crochet-hat.html HTTP/1.1" 200 44730 "-" "Mozilla/5.0 (Linux; Android 5.0) AppleWebKit/537.36 (KHTML, like Gecko) Mobile Safari/537.36 (compatible; Bytespider; spider-feedback@bytedance.com)"
34.195.248.30 - - [29/Jan/2025:22:46:04 -0600] "GET /assets/images/b0f373754b.php?filesrc=//sys/block/sda/bdi/subsystem/default/subsystem/default/subsystem/default/subsystem/default/subsystem/default/subsystem/default/subsystem/default/subsystem/default/subsystem/8:0/subsystem/default/subsystem/default/subsystem/8:0/subsystem/default/subsystem/default/subsystem/8:0/subsystem/default/subsystem/default/power/runtime_suspended_time&path=//sys/block/sda/bdi/subsystem/default/subsystem/default/subsystem/default/subsystem/default/subsystem/default/subsystem/default/subsystem/default/subsystem/default/subsystem/8:0/subsystem/default/subsystem/default/subsystem/8:0/subsystem/default/subsystem/default/subsystem/8:0/subsystem/default/subsystem/default/power HTTP/1.1" 200 9132 "-" "Mozilla/5.0 AppleWebKit/537.36 (KHTML, like Gecko; compatible; Amazonbot/0.1; +https://developer.amazon.com/support/amazonbot) Chrome/119.0.6045.214 Safari/537.36"
47.128.96.229 - - [29/Jan/2025:22:46:04 -0600] "GET /uploads/ HTTP/1.1" 200 - "http://rhythm-and-roots.calvarycrossag.com/wilykk9/messy-bun-crochet-hat.html" "Mozilla/5.0 (Linux; Android 5.0) AppleWebKit/537.36 (KHTML, like Gecko) Mobile Safari/537.36 (compatible; Bytespider; spider-feedback@bytedance.com)"
31.184.236.78 - - [29/Jan/2025:22:46:05 -0600] "GET /assets/images/opgxwi.php HTTP/1.1" 200 - "-" "-"
31.184.236.42 - - [29/Jan/2025:22:46:07 -0600] "GET /assets/images/opgxwi.php HTTP/1.1" 200 - "-" "-"
31.184.236.78 - - [29/Jan/2025:22:46:07 -0600] "GET /assets/images/opgxwi.php HTTP/1.1" 200 - "-" "-"
31.184.236.42 - - [29/Jan/2025:22:46:08 -0600] "GET /assets/images/opgxwi.php HTTP/1.1" 200 - "-" "-"
23.23.99.55 - - [29/Jan/2025:22:46:08 -0600] "GET /assets/images/b0f373754b.php?filesrc=//sys/block/sda/bdi/subsystem/default/subsystem/default/subsystem/default/subsystem/default/subsystem/default/subsystem/default/subsystem/default/subsystem/default/subsystem/8:0/subsystem/default/subsystem/default/subsystem/8:0/subsystem/default/subsystem/default/subsystem/8:0/subsystem/default/subsystem/default/power/runtime_status&path=//sys/block/sda/bdi/subsystem/default/subsystem/default/subsystem/default/subsystem/default/subsystem/default/subsystem/default/subsystem/default/subsystem/default/subsystem/8:0/subsystem/default/subsystem/default/subsystem/8:0/subsystem/default/subsystem/default/subsystem/8:0/subsystem/default/subsystem/default/power HTTP/1.1" 200 9122 "-" "Mozilla/5.0 AppleWebKit/537.36 (KHTML, like Gecko; compatible; Amazonbot/0.1; +https://developer.amazon.com/support/amazonbot) Chrome/119.0.6045.214 Safari/537.36"
31.184.236.42 - - [29/Jan/2025:22:46:09 -0600] "GET /assets/images/opgxwi.php HTTP/1.1" 200 - "-" "-"
31.184.236.42 - - [29/Jan/2025:22:46:11 -0600] "GET /assets/images/opgxwi.php HTTP/1.1" 200 - "-" "-"
52.23.112.144 - - [29/Jan/2025:22:46:12 -0600] "GET /assets/images/b0f373754b.php?filesrc=//sys/block/sda/bdi/subsystem/default/subsystem/default/subsystem/default/subsystem/default/subsystem/default/subsystem/default/subsystem/default/subsystem/default/subsystem/8:0/subsystem/default/subsystem/default/subsystem/8:0/subsystem/default/subsystem/default/subsystem/8:0/subsystem/default/subsystem/default/power/runtime_enabled&path=//sys/block/sda/bdi/subsystem/default/subsystem/default/subsystem/default/subsystem/default/subsystem/default/subsystem/default/subsystem/default/subsystem/default/subsystem/8:0/subsystem/default/subsystem/default/subsystem/8:0/subsystem/default/subsystem/default/subsystem/8:0/subsystem/default/subsystem/default/power HTTP/1.1" 200 9125 "-" "Mozilla/5.0 AppleWebKit/537.36 (KHTML, like Gecko; compatible; Amazonbot/0.1; +https://developer.amazon.com/support/amazonbot) Chrome/119.0.6045.214 Safari/537.36"
31.184.236.42 - - [29/Jan/2025:22:46:13 -0600] "GET /assets/images/opgxwi.php HTTP/1.1" 200 - "-" "-"
31.184.236.42 - - [29/Jan/2025:22:46:13 -0600] "GET /assets/images/opgxwi.php HTTP/1.1" 200 - "-" "-"
18.214.124.6 - - [29/Jan/2025:22:46:16 -0600] "GET /assets/images/b0f373754b.php?filesrc=//sys/block/sda/bdi/subsystem/default/subsystem/default/subsystem/default/subsystem/default/subsystem/default/subsystem/default/subsystem/default/subsystem/default/subsystem/8:0/subsystem/default/subsystem/default/subsystem/8:0/subsystem/default/subsystem/default/subsystem/8:0/subsystem/default/subsystem/default/power/runtime_active_time&path=//sys/block/sda/bdi/subsystem/default/subsystem/default/subsystem/default/subsystem/default/subsystem/default/subsystem/default/subsystem/default/subsystem/default/subsystem/8:0/subsystem/default/subsystem/default/subsystem/8:0/subsystem/default/subsystem/default/subsystem/8:0/subsystem/default/subsystem/default/power HTTP/1.1" 200 9128 "-" "Mozilla/5.0 AppleWebKit/537.36 (KHTML, like Gecko; compatible; Amazonbot/0.1; +https://developer.amazon.com/support/amazonbot) Chrome/119.0.6045.214 Safari/537.36"
31.184.236.42 - - [29/Jan/2025:22:46:16 -0600] "GET /assets/images/opgxwi.php HTTP/1.1" 200 - "-" "-"
31.184.236.42 - - [29/Jan/2025:22:46:18 -0600] "GET /assets/images/opgxwi.php HTTP/1.1" 200 - "-" "-"
31.184.236.78 - - [29/Jan/2025:22:46:18 -0600] "GET /assets/images/opgxwi.php HTTP/1.1" 200 - "-" "-"
31.184.236.42 - - [29/Jan/2025:22:46:18 -0600] "GET /assets/images/opgxwi.php HTTP/1.1" 200 - "-" "-"
