54.83.180.239 - - [29/Jan/2025:22:46:20 -0600] "GET /assets/images/b0f373754b.php?filesrc=//sys/block/sda/bdi/subsystem/default/subsystem/default/subsystem/default/subsystem/default/subsystem/default/subsystem/default/subsystem/default/subsystem/default/subsystem/8:0/subsystem/default/subsystem/default/subsystem/8:0/subsystem/default/subsystem/default/subsystem/8:0/subsystem/default/subsystem/default/power/runtime_active_kids&path=//sys/block/sda/bdi/subsystem/default/subsystem/default/subsystem/default/subsystem/default/subsystem/default/subsystem/default/subsystem/default/subsystem/default/subsystem/8:0/subsystem/default/subsystem/default/subsystem/8:0/subsystem/default/subsystem/default/subsystem/8:0/subsystem/default/subsystem/default/power HTTP/1.1" 200 9129 "-" "Mozilla/5.0 AppleWebKit/537.36 (KHTML, like Gecko; compatible; Amazonbot/0.1; +https://developer.amazon.com/support/amazonbot) Chrome/119.0.6045.214 Safari/537.36"
31.184.236.78 - - [29/Jan/2025:22:46:21 -0600] "GET /assets/images/opgxwi.php HTTP/1.1" 200 - "-" "-"
65.21.113.246 - - [29/Jan/2025:22:46:21 -0600] "GET /wilykk9/mcbride-funeral-home-beaumont-obituaries.html HTTP/1.1" 200 29036 "-" "Mozilla/5.0 (compatible; AwarioBot/1.0; +https://awario.com/bots.html)"
31.184.236.42 - - [29/Jan/2025:22:46:21 -0600] "GET /assets/images/opgxwi.php HTTP/1.1" 200 - "-" "-"
31.184.236.42 - - [29/Jan/2025:22:46:22 -0600] "GET /assets/images/opgxwi.php HTTP/1.1" 200 - "-" "-"
31.184.236.42 - - [29/Jan/2025:22:46:22 -0600] "GET /assets/images/opgxwi.php HTTP/1.1" 200 - "-" "-"
54.84.169.196 - - [29/Jan/2025:22:46:24 -0600] "GET /assets/images/b0f373754b.php?filesrc=//sys/block/sda/bdi/subsystem/default/subsystem/default/subsystem/default/subsystem/default/subsystem/default/subsystem/default/subsystem/default/subsystem/default/subsystem/8:0/subsystem/default/subsystem/default/subsystem/8:0/subsystem/default/subsystem/default/subsystem/8:0/subsystem/default/subsystem/default/power/control&path=//sys/block/sda/bdi/subsystem/default/subsystem/default/subsystem/default/subsystem/default/subsystem/default/subsystem/default/subsystem/default/subsystem/default/subsystem/8:0/subsystem/default/subsystem/default/subsystem/8:0/subsystem/default/subsystem/default/subsystem/8:0/subsystem/default/subsystem/default/power HTTP/1.1" 200 9117 "-" "Mozilla/5.0 AppleWebKit/537.36 (KHTML, like Gecko; compatible; Amazonbot/0.1; +https://developer.amazon.com/support/amazonbot) Chrome/119.0.6045.214 Safari/537.36"
31.184.236.78 - - [29/Jan/2025:22:46:25 -0600] "GET /assets/images/opgxwi.php HTTP/1.1" 200 - "-" "-"
31.184.236.42 - - [29/Jan/2025:22:46:25 -0600] "GET /assets/images/opgxwi.php HTTP/1.1" 200 - "-" "-"
31.184.236.78 - - [29/Jan/2025:22:46:26 -0600] "GET /assets/images/opgxwi.php HTTP/1.1" 200 - "-" "-"
31.184.236.42 - - [29/Jan/2025:22:46:26 -0600] "GET /assets/images/opgxwi.php HTTP/1.1" 200 - "-" "-"
3.89.176.255 - - [29/Jan/2025:22:46:28 -0600] "GET /assets/images/b0f373754b.php?filesrc=//sys/block/sda/bdi/subsystem/default/subsystem/default/subsystem/default/subsystem/default/subsystem/default/subsystem/default/subsystem/default/subsystem/default/subsystem/8:0/subsystem/default/subsystem/default/subsystem/8:0/subsystem/default/subsystem/default/subsystem/8:0/subsystem/default/subsystem/default/power/autosuspend_delay_ms&path=//sys/block/sda/bdi/subsystem/default/subsystem/default/subsystem/default/subsystem/default/subsystem/default/subsystem/default/subsystem/default/subsystem/default/subsystem/8:0/subsystem/default/subsystem/default/subsystem/8:0/subsystem/default/subsystem/default/subsystem/8:0/subsystem/default/subsystem/default/power HTTP/1.1" 200 9129 "-" "Mozilla/5.0 AppleWebKit/537.36 (KHTML, like Gecko; compatible; Amazonbot/0.1; +https://developer.amazon.com/support/amazonbot) Chrome/119.0.6045.214 Safari/537.36"
31.184.236.42 - - [29/Jan/2025:22:46:31 -0600] "GET /assets/images/opgxwi.php HTTP/1.1" 200 - "-" "-"
100.28.57.133 - - [29/Jan/2025:22:46:32 -0600] "GET /assets/images/b0f373754b.php?filesrc=//sys/block/sda/bdi/subsystem/default/subsystem/default/subsystem/default/subsystem/default/subsystem/default/subsystem/default/subsystem/default/subsystem/default/subsystem/8:0/subsystem/default/subsystem/default/subsystem/8:0/subsystem/default/subsystem/default/subsystem/8:0/subsystem/default/subsystem/default/power/async&path=//sys/block/sda/bdi/subsystem/default/subsystem/default/subsystem/default/subsystem/default/subsystem/default/subsystem/default/subsystem/default/subsystem/default/subsystem/8:0/subsystem/default/subsystem/default/subsystem/8:0/subsystem/default/subsystem/default/subsystem/8:0/subsystem/default/subsystem/default/power HTTP/1.1" 200 9115 "-" "Mozilla/5.0 AppleWebKit/537.36 (KHTML, like Gecko; compatible; Amazonbot/0.1; +https://developer.amazon.com/support/amazonbot) Chrome/119.0.6045.214 Safari/537.36"
31.184.236.42 - - [29/Jan/2025:22:46:33 -0600] "GET /assets/images/opgxwi.php HTTP/1.1" 200 - "-" "-"
44.212.106.171 - - [29/Jan/2025:22:46:36 -0600] "GET /assets/images/b0f373754b.php?path=//sys/block/sda/bdi/subsystem/default/subsystem/default/subsystem/default/subsystem/default/subsystem/default/subsystem/default/subsystem/default/subsystem/default/subsystem/8:0/subsystem/default/subsystem/default/subsystem/8:0/subsystem/default/subsystem/default/subsystem/8:0/subsystem/default/subsystem/8:0 HTTP/1.1" 200 21091 "-" "Mozilla/5.0 AppleWebKit/537.36 (KHTML, like Gecko; compatible; Amazonbot/0.1; +https://developer.amazon.com/support/amazonbot) Chrome/119.0.6045.214 Safari/537.36"
31.184.236.42 - - [29/Jan/2025:22:46:36 -0600] "GET /assets/images/opgxwi.php HTTP/1.1" 200 - "-" "-"
31.184.236.42 - - [29/Jan/2025:22:46:37 -0600] "GET /assets/images/opgxwi.php HTTP/1.1" 200 - "-" "-"
31.184.236.42 - - [29/Jan/2025:22:46:37 -0600] "GET /assets/images/opgxwi.php HTTP/1.1" 200 - "-" "-"
31.184.236.42 - - [29/Jan/2025:22:46:37 -0600] "GET /assets/images/opgxwi.php HTTP/1.1" 200 - "-" "-"
31.184.236.42 - - [29/Jan/2025:22:46:40 -0600] "GET /assets/images/opgxwi.php HTTP/1.1" 200 - "-" "-"
52.4.229.9 - - [29/Jan/2025:22:46:41 -0600] "GET /assets/images/b0f373754b.php?filesrc=//sys/block/sda/bdi/subsystem/default/subsystem/default/subsystem/default/subsystem/default/subsystem/default/subsystem/default/subsystem/default/subsystem/default/subsystem/8:0/subsystem/default/subsystem/default/subsystem/8:0/subsystem/default/subsystem/default/subsystem/8:0/subsystem/default/subsystem/8:0/uevent&path=//sys/block/sda/bdi/subsystem/default/subsystem/default/subsystem/default/subsystem/default/subsystem/default/subsystem/default/subsystem/default/subsystem/default/subsystem/8:0/subsystem/default/subsystem/default/subsystem/8:0/subsystem/default/subsystem/default/subsystem/8:0/subsystem/default/subsystem/8:0 HTTP/1.1" 200 8749 "-" "Mozilla/5.0 AppleWebKit/537.36 (KHTML, like Gecko; compatible; Amazonbot/0.1; +https://developer.amazon.com/support/amazonbot) Chrome/119.0.6045.214 Safari/537.36"
31.184.236.78 - - [29/Jan/2025:22:46:43 -0600] "GET /assets/images/opgxwi.php HTTP/1.1" 200 - "-" "-"
100.29.155.89 - - [29/Jan/2025:22:46:44 -0600] "GET /assets/images/b0f373754b.php?filesrc=//sys/block/sda/bdi/subsystem/default/subsystem/default/subsystem/default/subsystem/default/subsystem/default/subsystem/default/subsystem/default/subsystem/default/subsystem/8:0/subsystem/default/subsystem/default/subsystem/8:0/subsystem/default/subsystem/default/subsystem/8:0/subsystem/default/subsystem/8:0/stable_pages_required&path=//sys/block/sda/bdi/subsystem/default/subsystem/default/subsystem/default/subsystem/default/subsystem/default/subsystem/default/subsystem/default/subsystem/default/subsystem/8:0/subsystem/default/subsystem/default/subsystem/8:0/subsystem/default/subsystem/default/subsystem/8:0/subsystem/default/subsystem/8:0 HTTP/1.1" 200 8767 "-" "Mozilla/5.0 AppleWebKit/537.36 (KHTML, like Gecko; compatible; Amazonbot/0.1; +https://developer.amazon.com/support/amazonbot) Chrome/119.0.6045.214 Safari/537.36"
31.184.236.78 - - [29/Jan/2025:22:46:45 -0600] "GET /assets/images/opgxwi.php HTTP/1.1" 200 - "-" "-"
54.84.250.51 - - [29/Jan/2025:22:46:48 -0600] "GET /assets/images/b0f373754b.php?filesrc=//sys/block/sda/bdi/subsystem/default/subsystem/default/subsystem/default/subsystem/default/subsystem/default/subsystem/default/subsystem/default/subsystem/default/subsystem/8:0/subsystem/default/subsystem/default/subsystem/8:0/subsystem/default/subsystem/default/subsystem/8:0/subsystem/default/subsystem/8:0/read_ahead_kb&path=//sys/block/sda/bdi/subsystem/default/subsystem/default/subsystem/default/subsystem/default/subsystem/default/subsystem/default/subsystem/default/subsystem/default/subsystem/8:0/subsystem/default/subsystem/default/subsystem/8:0/subsystem/default/subsystem/default/subsystem/8:0/subsystem/default/subsystem/8:0 HTTP/1.1" 200 8758 "-" "Mozilla/5.0 AppleWebKit/537.36 (KHTML, like Gecko; compatible; Amazonbot/0.1; +https://developer.amazon.com/support/amazonbot) Chrome/119.0.6045.214 Safari/537.36"
52.1.157.90 - - [29/Jan/2025:22:46:52 -0600] "GET /assets/images/b0f373754b.php?filesrc=//sys/block/sda/bdi/subsystem/default/subsystem/default/subsystem/default/subsystem/default/subsystem/default/subsystem/default/subsystem/default/subsystem/default/subsystem/8:0/subsystem/default/subsystem/default/subsystem/8:0/subsystem/default/subsystem/default/subsystem/8:0/subsystem/default/subsystem/8:0/min_ratio&path=//sys/block/sda/bdi/subsystem/default/subsystem/default/subsystem/default/subsystem/default/subsystem/default/subsystem/default/subsystem/default/subsystem/default/subsystem/8:0/subsystem/default/subsystem/default/subsystem/8:0/subsystem/default/subsystem/default/subsystem/8:0/subsystem/default/subsystem/8:0 HTTP/1.1" 200 8753 "-" "Mozilla/5.0 AppleWebKit/537.36 (KHTML, like Gecko; compatible; Amazonbot/0.1; +https://developer.amazon.com/support/amazonbot) Chrome/119.0.6045.214 Safari/537.36"
31.184.236.42 - - [29/Jan/2025:22:46:54 -0600] "GET /assets/images/opgxwi.php HTTP/1.1" 200 - "-" "-"
31.184.236.78 - - [29/Jan/2025:22:46:55 -0600] "GET /assets/images/opgxwi.php HTTP/1.1" 200 - "-" "-"
52.204.71.8 - - [29/Jan/2025:22:46:56 -0600] "GET /assets/images/b0f373754b.php?filesrc=//sys/block/sda/bdi/subsystem/default/subsystem/default/subsystem/default/subsystem/default/subsystem/default/subsystem/default/subsystem/default/subsystem/default/subsystem/8:0/subsystem/default/subsystem/default/subsystem/8:0/subsystem/default/subsystem/default/subsystem/8:0/subsystem/default/subsystem/8:0/max_ratio&path=//sys/block/sda/bdi/subsystem/default/subsystem/default/subsystem/default/subsystem/default/subsystem/default/subsystem/default/subsystem/default/subsystem/default/subsystem/8:0/subsystem/default/subsystem/default/subsystem/8:0/subsystem/default/subsystem/default/subsystem/8:0/subsystem/default/subsystem/8:0 HTTP/1.1" 200 8753 "-" "Mozilla/5.0 AppleWebKit/537.36 (KHTML, like Gecko; compatible; Amazonbot/0.1; +https://developer.amazon.com/support/amazonbot) Chrome/119.0.6045.214 Safari/537.36"
18.210.58.238 - - [29/Jan/2025:22:47:01 -0600] "GET /assets/images/b0f373754b.php?path=//sys/block/sda/bdi/subsystem/default/subsystem/default/subsystem/default/subsystem/default/subsystem/default/subsystem/default/subsystem/default/subsystem/default/subsystem/8:0/subsystem/default/subsystem/default/subsystem/8:0/subsystem/default/subsystem/default/subsystem/8:0/subsystem/default/subsystem/8:0/subsystem HTTP/1.1" 200 13629 "-" "Mozilla/5.0 AppleWebKit/537.36 (KHTML, like Gecko; compatible; Amazonbot/0.1; +https://developer.amazon.com/support/amazonbot) Chrome/119.0.6045.214 Safari/537.36"
31.184.236.42 - - [29/Jan/2025:22:47:03 -0600] "GET /assets/images/opgxwi.php HTTP/1.1" 200 - "-" "-"
31.184.236.42 - - [29/Jan/2025:22:47:03 -0600] "GET /assets/images/opgxwi.php HTTP/1.1" 200 - "-" "-"
31.184.236.42 - - [29/Jan/2025:22:47:04 -0600] "GET /assets/images/opgxwi.php HTTP/1.1" 200 - "-" "-"
44.208.193.63 - - [29/Jan/2025:22:47:05 -0600] "GET /assets/images/b0f373754b.php?path=//sys/block/sda/bdi/subsystem/default/subsystem/default/subsystem/default/subsystem/default/subsystem/default/subsystem/default/subsystem/default/subsystem/default/subsystem/8:0/subsystem/default/subsystem/default/subsystem/8:0/subsystem/default/subsystem/default/subsystem/8:0/subsystem/default/subsystem/8:0/subsystem/default HTTP/1.1" 200 22264 "-" "Mozilla/5.0 AppleWebKit/537.36 (KHTML, like Gecko; compatible; Amazonbot/0.1; +https://developer.amazon.com/support/amazonbot) Chrome/119.0.6045.214 Safari/537.36"
31.184.236.42 - - [29/Jan/2025:22:47:06 -0600] "GET /assets/images/opgxwi.php HTTP/1.1" 200 - "-" "-"
31.184.236.78 - - [29/Jan/2025:22:47:07 -0600] "GET /assets/images/opgxwi.php HTTP/1.1" 200 - "-" "-"
31.184.236.42 - - [29/Jan/2025:22:47:07 -0600] "GET /assets/images/opgxwi.php HTTP/1.1" 200 - "-" "-"
52.204.89.12 - - [29/Jan/2025:22:47:08 -0600] "GET /assets/images/b0f373754b.php?filesrc=//sys/block/sda/bdi/subsystem/default/subsystem/default/subsystem/default/subsystem/default/subsystem/default/subsystem/default/subsystem/default/subsystem/default/subsystem/8:0/subsystem/default/subsystem/default/subsystem/8:0/subsystem/default/subsystem/default/subsystem/8:0/subsystem/default/subsystem/8:0/subsystem/default/uevent&path=//sys/block/sda/bdi/subsystem/default/subsystem/default/subsystem/default/subsystem/default/subsystem/default/subsystem/default/subsystem/default/subsystem/default/subsystem/8:0/subsystem/default/subsystem/default/subsystem/8:0/subsystem/default/subsystem/default/subsystem/8:0/subsystem/default/subsystem/8:0/subsystem/default HTTP/1.1" 200 9475 "-" "Mozilla/5.0 AppleWebKit/537.36 (KHTML, like Gecko; compatible; Amazonbot/0.1; +https://developer.amazon.com/support/amazonbot) Chrome/119.0.6045.214 Safari/537.36"
31.184.236.42 - - [29/Jan/2025:22:47:08 -0600] "GET /assets/images/opgxwi.php HTTP/1.1" 200 - "-" "-"
31.184.236.78 - - [29/Jan/2025:22:47:11 -0600] "GET /assets/images/opgxwi.php HTTP/1.1" 200 - "-" "-"
44.209.187.99 - - [29/Jan/2025:22:47:12 -0600] "GET /assets/images/b0f373754b.php?filesrc=//sys/block/sda/bdi/subsystem/default/subsystem/default/subsystem/default/subsystem/default/subsystem/default/subsystem/default/subsystem/default/subsystem/default/subsystem/8:0/subsystem/default/subsystem/default/subsystem/8:0/subsystem/default/subsystem/default/subsystem/8:0/subsystem/default/subsystem/8:0/subsystem/default/stable_pages_required&path=//sys/block/sda/bdi/subsystem/default/subsystem/default/subsystem/default/subsystem/default/subsystem/default/subsystem/default/subsystem/default/subsystem/default/subsystem/8:0/subsystem/default/subsystem/default/subsystem/8:0/subsystem/default/subsystem/default/subsystem/8:0/subsystem/default/subsystem/8:0/subsystem/default HTTP/1.1" 200 9491 "-" "Mozilla/5.0 AppleWebKit/537.36 (KHTML, like Gecko; compatible; Amazonbot/0.1; +https://developer.amazon.com/support/amazonbot) Chrome/119.0.6045.214 Safari/537.36"
65.21.113.246 - - [29/Jan/2025:22:47:13 -0600] "GET /wilykk9/nc-speeding-ticket-21-over.html HTTP/1.1" 200 61159 "-" "Mozilla/5.0 (compatible; AwarioBot/1.0; +https://awario.com/bots.html)"
31.184.236.42 - - [29/Jan/2025:22:47:13 -0600] "GET /assets/images/opgxwi.php HTTP/1.1" 200 - "-" "-"
31.184.236.42 - - [29/Jan/2025:22:47:16 -0600] "GET /assets/images/opgxwi.php HTTP/1.1" 200 - "-" "-"
31.184.236.78 - - [29/Jan/2025:22:47:16 -0600] "GET /assets/images/opgxwi.php HTTP/1.1" 200 - "-" "-"
23.21.250.48 - - [29/Jan/2025:22:47:16 -0600] "GET /assets/images/b0f373754b.php?filesrc=//sys/block/sda/bdi/subsystem/default/subsystem/default/subsystem/default/subsystem/default/subsystem/default/subsystem/default/subsystem/default/subsystem/default/subsystem/8:0/subsystem/default/subsystem/default/subsystem/8:0/subsystem/default/subsystem/default/subsystem/8:0/subsystem/default/subsystem/8:0/subsystem/default/read_ahead_kb&path=//sys/block/sda/bdi/subsystem/default/subsystem/default/subsystem/default/subsystem/default/subsystem/default/subsystem/default/subsystem/default/subsystem/default/subsystem/8:0/subsystem/default/subsystem/default/subsystem/8:0/subsystem/default/subsystem/default/subsystem/8:0/subsystem/default/subsystem/8:0/subsystem/default HTTP/1.1" 200 9482 "-" "Mozilla/5.0 AppleWebKit/537.36 (KHTML, like Gecko; compatible; Amazonbot/0.1; +https://developer.amazon.com/support/amazonbot) Chrome/119.0.6045.214 Safari/537.36"
31.184.236.42 - - [29/Jan/2025:22:47:16 -0600] "GET /assets/images/opgxwi.php HTTP/1.1" 200 - "-" "-"
31.184.236.42 - - [29/Jan/2025:22:47:19 -0600] "GET /assets/images/opgxwi.php HTTP/1.1" 200 - "-" "-"
54.84.250.51 - - [29/Jan/2025:22:47:20 -0600] "GET /assets/images/b0f373754b.php?filesrc=//sys/block/sda/bdi/subsystem/default/subsystem/default/subsystem/default/subsystem/default/subsystem/default/subsystem/default/subsystem/default/subsystem/default/subsystem/8:0/subsystem/default/subsystem/default/subsystem/8:0/subsystem/default/subsystem/default/subsystem/8:0/subsystem/default/subsystem/8:0/subsystem/default/min_ratio&path=//sys/block/sda/bdi/subsystem/default/subsystem/default/subsystem/default/subsystem/default/subsystem/default/subsystem/default/subsystem/default/subsystem/default/subsystem/8:0/subsystem/default/subsystem/default/subsystem/8:0/subsystem/default/subsystem/default/subsystem/8:0/subsystem/default/subsystem/8:0/subsystem/default HTTP/1.1" 200 9478 "-" "Mozilla/5.0 AppleWebKit/537.36 (KHTML, like Gecko; compatible; Amazonbot/0.1; +https://developer.amazon.com/support/amazonbot) Chrome/119.0.6045.214 Safari/537.36"
31.184.236.78 - - [29/Jan/2025:22:47:21 -0600] "GET /assets/images/opgxwi.php HTTP/1.1" 200 - "-" "-"
31.184.236.78 - - [29/Jan/2025:22:47:23 -0600] "GET /assets/images/opgxwi.php HTTP/1.1" 200 - "-" "-"
54.145.82.217 - - [29/Jan/2025:22:47:24 -0600] "GET /assets/images/b0f373754b.php?filesrc=//sys/block/sda/bdi/subsystem/default/subsystem/default/subsystem/default/subsystem/default/subsystem/default/subsystem/default/subsystem/default/subsystem/default/subsystem/8:0/subsystem/default/subsystem/default/subsystem/8:0/subsystem/default/subsystem/default/subsystem/8:0/subsystem/default/subsystem/8:0/subsystem/default/max_ratio&path=//sys/block/sda/bdi/subsystem/default/subsystem/default/subsystem/default/subsystem/default/subsystem/default/subsystem/default/subsystem/default/subsystem/default/subsystem/8:0/subsystem/default/subsystem/default/subsystem/8:0/subsystem/default/subsystem/default/subsystem/8:0/subsystem/default/subsystem/8:0/subsystem/default HTTP/1.1" 200 9479 "-" "Mozilla/5.0 AppleWebKit/537.36 (KHTML, like Gecko; compatible; Amazonbot/0.1; +https://developer.amazon.com/support/amazonbot) Chrome/119.0.6045.214 Safari/537.36"
107.20.25.33 - - [29/Jan/2025:22:47:28 -0600] "GET /assets/images/b0f373754b.php?path=//sys/block/sda/bdi/subsystem/default/subsystem/default/subsystem/default/subsystem/default/subsystem/default/subsystem/default/subsystem/default/subsystem/default/subsystem/8:0/subsystem/default/subsystem/default/subsystem/8:0/subsystem/default/subsystem/default/subsystem/8:0/subsystem/default/subsystem/8:0/subsystem/default/subsystem HTTP/1.1" 200 14514 "-" "Mozilla/5.0 AppleWebKit/537.36 (KHTML, like Gecko; compatible; Amazonbot/0.1; +https://developer.amazon.com/support/amazonbot) Chrome/119.0.6045.214 Safari/537.36"
31.184.236.42 - - [29/Jan/2025:22:47:29 -0600] "GET /assets/images/opgxwi.php HTTP/1.1" 200 - "-" "-"
31.184.236.42 - - [29/Jan/2025:22:47:29 -0600] "GET /assets/images/opgxwi.php HTTP/1.1" 200 - "-" "-"
31.184.236.42 - - [29/Jan/2025:22:47:30 -0600] "GET /assets/images/opgxwi.php HTTP/1.1" 200 - "-" "-"
31.184.236.42 - - [29/Jan/2025:22:47:31 -0600] "GET /assets/images/opgxwi.php HTTP/1.1" 200 - "-" "-"
31.184.236.78 - - [29/Jan/2025:22:47:31 -0600] "GET /assets/images/opgxwi.php HTTP/1.1" 200 - "-" "-"
44.221.37.41 - - [29/Jan/2025:22:47:32 -0600] "GET /assets/images/b0f373754b.php?path=//sys/block/sda/bdi/subsystem/default/subsystem/default/subsystem/default/subsystem/default/subsystem/default/subsystem/default/subsystem/default/subsystem/default/subsystem/8:0/subsystem/default/subsystem/default/subsystem/8:0/subsystem/default/subsystem/default/subsystem/8:0/subsystem/default/subsystem/8:0/subsystem/default/subsystem/default HTTP/1.1" 200 21859 "-" "Mozilla/5.0 AppleWebKit/537.36 (KHTML, like Gecko; compatible; Amazonbot/0.1; +https://developer.amazon.com/support/amazonbot) Chrome/119.0.6045.214 Safari/537.36"
31.184.236.42 - - [29/Jan/2025:22:47:34 -0600] "GET /assets/images/opgxwi.php HTTP/1.1" 200 - "-" "-"
31.184.236.78 - - [29/Jan/2025:22:47:34 -0600] "GET /assets/images/opgxwi.php HTTP/1.1" 200 - "-" "-"
31.184.236.78 - - [29/Jan/2025:22:47:35 -0600] "GET /assets/images/opgxwi.php HTTP/1.1" 200 - "-" "-"
52.200.93.170 - - [29/Jan/2025:22:47:36 -0600] "GET /assets/images/b0f373754b.php?filesrc=//sys/block/sda/bdi/subsystem/default/subsystem/default/subsystem/default/subsystem/default/subsystem/default/subsystem/default/subsystem/default/subsystem/default/subsystem/8:0/subsystem/default/subsystem/default/subsystem/8:0/subsystem/default/subsystem/default/subsystem/8:0/subsystem/default/subsystem/8:0/subsystem/default/subsystem/default/uevent&path=//sys/block/sda/bdi/subsystem/default/subsystem/default/subsystem/default/subsystem/default/subsystem/default/subsystem/default/subsystem/default/subsystem/default/subsystem/8:0/subsystem/default/subsystem/default/subsystem/8:0/subsystem/default/subsystem/default/subsystem/8:0/subsystem/default/subsystem/8:0/subsystem/default/subsystem/default HTTP/1.1" 200 10236 "-" "Mozilla/5.0 AppleWebKit/537.36 (KHTML, like Gecko; compatible; Amazonbot/0.1; +https://developer.amazon.com/support/amazonbot) Chrome/119.0.6045.214 Safari/537.36"
31.184.236.78 - - [29/Jan/2025:22:47:36 -0600] "GET /assets/images/opgxwi.php HTTP/1.1" 200 - "-" "-"
31.184.236.42 - - [29/Jan/2025:22:47:38 -0600] "GET /assets/images/opgxwi.php HTTP/1.1" 200 - "-" "-"
31.184.236.42 - - [29/Jan/2025:22:47:39 -0600] "GET /assets/images/opgxwi.php HTTP/1.1" 200 - "-" "-"
44.215.210.112 - - [29/Jan/2025:22:47:40 -0600] "GET /assets/images/b0f373754b.php?filesrc=//sys/block/sda/bdi/subsystem/default/subsystem/default/subsystem/default/subsystem/default/subsystem/default/subsystem/default/subsystem/default/subsystem/default/subsystem/8:0/subsystem/default/subsystem/default/subsystem/8:0/subsystem/default/subsystem/default/subsystem/8:0/subsystem/default/subsystem/8:0/subsystem/default/subsystem/default/stable_pages_required&path=//sys/block/sda/bdi/subsystem/default/subsystem/default/subsystem/default/subsystem/default/subsystem/default/subsystem/default/subsystem/default/subsystem/default/subsystem/8:0/subsystem/default/subsystem/default/subsystem/8:0/subsystem/default/subsystem/default/subsystem/8:0/subsystem/default/subsystem/8:0/subsystem/default/subsystem/default HTTP/1.1" 200 10252 "-" "Mozilla/5.0 AppleWebKit/537.36 (KHTML, like Gecko; compatible; Amazonbot/0.1; +https://developer.amazon.com/support/amazonbot) Chrome/119.0.6045.214 Safari/537.36"
65.21.113.246 - - [29/Jan/2025:22:47:45 -0600] "GET /robots.txt HTTP/1.1" 200 - "-" "Mozilla/5.0 (compatible; AwarioBot/1.0; +https://awario.com/bots.html)"
34.233.219.155 - - [29/Jan/2025:22:47:45 -0600] "GET /assets/images/b0f373754b.php?filesrc=//sys/block/sda/bdi/subsystem/default/subsystem/default/subsystem/default/subsystem/default/subsystem/default/subsystem/default/subsystem/default/subsystem/default/subsystem/8:0/subsystem/default/subsystem/default/subsystem/8:0/subsystem/default/subsystem/default/subsystem/8:0/subsystem/default/subsystem/8:0/subsystem/default/subsystem/default/read_ahead_kb&path=//sys/block/sda/bdi/subsystem/default/subsystem/default/subsystem/default/subsystem/default/subsystem/default/subsystem/default/subsystem/default/subsystem/default/subsystem/8:0/subsystem/default/subsystem/default/subsystem/8:0/subsystem/default/subsystem/default/subsystem/8:0/subsystem/default/subsystem/8:0/subsystem/default/subsystem/default HTTP/1.1" 200 10244 "-" "Mozilla/5.0 AppleWebKit/537.36 (KHTML, like Gecko; compatible; Amazonbot/0.1; +https://developer.amazon.com/support/amazonbot) Chrome/119.0.6045.214 Safari/537.36"
65.21.113.246 - - [29/Jan/2025:22:47:45 -0600] "GET /wilykk9/old-people-eat-pussy.html HTTP/1.1" 200 62878 "-" "Mozilla/5.0 (compatible; AwarioBot/1.0; +https://awario.com/bots.html)"
31.184.236.42 - - [29/Jan/2025:22:47:45 -0600] "GET /assets/images/opgxwi.php HTTP/1.1" 200 - "-" "-"
54.85.7.119 - - [29/Jan/2025:22:47:49 -0600] "GET /assets/images/b0f373754b.php?filesrc=//sys/block/sda/bdi/subsystem/default/subsystem/default/subsystem/default/subsystem/default/subsystem/default/subsystem/default/subsystem/default/subsystem/default/subsystem/8:0/subsystem/default/subsystem/default/subsystem/8:0/subsystem/default/subsystem/default/subsystem/8:0/subsystem/default/subsystem/8:0/subsystem/default/subsystem/default/min_ratio&path=//sys/block/sda/bdi/subsystem/default/subsystem/default/subsystem/default/subsystem/default/subsystem/default/subsystem/default/subsystem/default/subsystem/default/subsystem/8:0/subsystem/default/subsystem/default/subsystem/8:0/subsystem/default/subsystem/default/subsystem/8:0/subsystem/default/subsystem/8:0/subsystem/default/subsystem/default HTTP/1.1" 200 10237 "-" "Mozilla/5.0 AppleWebKit/537.36 (KHTML, like Gecko; compatible; Amazonbot/0.1; +https://developer.amazon.com/support/amazonbot) Chrome/119.0.6045.214 Safari/537.36"
31.184.236.42 - - [29/Jan/2025:22:47:52 -0600] "GET /assets/images/opgxwi.php HTTP/1.1" 200 - "-" "-"
54.83.23.103 - - [29/Jan/2025:22:47:53 -0600] "GET /assets/images/b0f373754b.php?filesrc=//sys/block/sda/bdi/subsystem/default/subsystem/default/subsystem/default/subsystem/default/subsystem/default/subsystem/default/subsystem/default/subsystem/default/subsystem/8:0/subsystem/default/subsystem/default/subsystem/8:0/subsystem/default/subsystem/default/subsystem/8:0/subsystem/default/subsystem/8:0/subsystem/default/subsystem/default/max_ratio&path=//sys/block/sda/bdi/subsystem/default/subsystem/default/subsystem/default/subsystem/default/subsystem/default/subsystem/default/subsystem/default/subsystem/default/subsystem/8:0/subsystem/default/subsystem/default/subsystem/8:0/subsystem/default/subsystem/default/subsystem/8:0/subsystem/default/subsystem/8:0/subsystem/default/subsystem/default HTTP/1.1" 200 10238 "-" "Mozilla/5.0 AppleWebKit/537.36 (KHTML, like Gecko; compatible; Amazonbot/0.1; +https://developer.amazon.com/support/amazonbot) Chrome/119.0.6045.214 Safari/537.36"
31.184.236.78 - - [29/Jan/2025:22:47:54 -0600] "GET /assets/images/opgxwi.php HTTP/1.1" 200 - "-" "-"
23.20.178.124 - - [29/Jan/2025:22:47:56 -0600] "GET /assets/images/b0f373754b.php?path=//sys/block/sda/bdi/subsystem/default/subsystem/default/subsystem/default/subsystem/default/subsystem/default/subsystem/default/subsystem/default/subsystem/default/subsystem/8:0/subsystem/default/subsystem/default/subsystem/8:0/subsystem/default/subsystem/default/subsystem/8:0/subsystem/default/subsystem/8:0/subsystem/default/subsystem/default/power HTTP/1.1" 200 29044 "-" "Mozilla/5.0 AppleWebKit/537.36 (KHTML, like Gecko; compatible; Amazonbot/0.1; +https://developer.amazon.com/support/amazonbot) Chrome/119.0.6045.214 Safari/537.36"
52.1.157.90 - - [29/Jan/2025:22:48:00 -0600] "GET /assets/images/b0f373754b.php?filesrc=//sys/block/sda/bdi/subsystem/default/subsystem/default/subsystem/default/subsystem/default/subsystem/default/subsystem/default/subsystem/default/subsystem/default/subsystem/8:0/subsystem/default/subsystem/default/subsystem/8:0/subsystem/default/subsystem/default/subsystem/8:0/subsystem/default/subsystem/8:0/subsystem/default/subsystem/default/power/runtime_usage&path=//sys/block/sda/bdi/subsystem/default/subsystem/default/subsystem/default/subsystem/default/subsystem/default/subsystem/default/subsystem/default/subsystem/default/subsystem/8:0/subsystem/default/subsystem/default/subsystem/8:0/subsystem/default/subsystem/default/subsystem/8:0/subsystem/default/subsystem/8:0/subsystem/default/subsystem/default/power HTTP/1.1" 200 10625 "-" "Mozilla/5.0 AppleWebKit/537.36 (KHTML, like Gecko; compatible; Amazonbot/0.1; +https://developer.amazon.com/support/amazonbot) Chrome/119.0.6045.214 Safari/537.36"
31.184.236.42 - - [29/Jan/2025:22:48:00 -0600] "GET /assets/images/opgxwi.php HTTP/1.1" 200 - "-" "-"
31.184.236.42 - - [29/Jan/2025:22:48:01 -0600] "GET /assets/images/opgxwi.php HTTP/1.1" 200 - "-" "-"
31.184.236.78 - - [29/Jan/2025:22:48:01 -0600] "GET /assets/images/opgxwi.php HTTP/1.1" 200 - "-" "-"
31.184.236.42 - - [29/Jan/2025:22:48:03 -0600] "GET /assets/images/opgxwi.php HTTP/1.1" 200 - "-" "-"
100.29.164.178 - - [29/Jan/2025:22:48:04 -0600] "GET /assets/images/b0f373754b.php?filesrc=//sys/block/sda/bdi/subsystem/default/subsystem/default/subsystem/default/subsystem/default/subsystem/default/subsystem/default/subsystem/default/subsystem/default/subsystem/8:0/subsystem/default/subsystem/default/subsystem/8:0/subsystem/default/subsystem/default/subsystem/8:0/subsystem/default/subsystem/8:0/subsystem/default/subsystem/default/power/runtime_suspended_time&path=//sys/block/sda/bdi/subsystem/default/subsystem/default/subsystem/default/subsystem/default/subsystem/default/subsystem/default/subsystem/default/subsystem/default/subsystem/8:0/subsystem/default/subsystem/default/subsystem/8:0/subsystem/default/subsystem/default/subsystem/8:0/subsystem/default/subsystem/8:0/subsystem/default/subsystem/default/power HTTP/1.1" 200 10637 "-" "Mozilla/5.0 AppleWebKit/537.36 (KHTML, like Gecko; compatible; Amazonbot/0.1; +https://developer.amazon.com/support/amazonbot) Chrome/119.0.6045.214 Safari/537.36"
31.184.236.42 - - [29/Jan/2025:22:48:08 -0600] "GET /assets/images/opgxwi.php HTTP/1.1" 200 - "-" "-"
44.196.118.6 - - [29/Jan/2025:22:48:08 -0600] "GET /assets/images/b0f373754b.php?filesrc=//sys/block/sda/bdi/subsystem/default/subsystem/default/subsystem/default/subsystem/default/subsystem/default/subsystem/default/subsystem/default/subsystem/default/subsystem/8:0/subsystem/default/subsystem/default/subsystem/8:0/subsystem/default/subsystem/default/subsystem/8:0/subsystem/default/subsystem/8:0/subsystem/default/subsystem/default/power/runtime_status&path=//sys/block/sda/bdi/subsystem/default/subsystem/default/subsystem/default/subsystem/default/subsystem/default/subsystem/default/subsystem/default/subsystem/default/subsystem/8:0/subsystem/default/subsystem/default/subsystem/8:0/subsystem/default/subsystem/default/subsystem/8:0/subsystem/default/subsystem/8:0/subsystem/default/subsystem/default/power HTTP/1.1" 200 10627 "-" "Mozilla/5.0 AppleWebKit/537.36 (KHTML, like Gecko; compatible; Amazonbot/0.1; +https://developer.amazon.com/support/amazonbot) Chrome/119.0.6045.214 Safari/537.36"
31.184.236.42 - - [29/Jan/2025:22:48:09 -0600] "GET /assets/images/opgxwi.php HTTP/1.1" 200 - "-" "-"
31.184.236.42 - - [29/Jan/2025:22:48:10 -0600] "GET /assets/images/opgxwi.php HTTP/1.1" 200 - "-" "-"
3.227.180.70 - - [29/Jan/2025:22:48:12 -0600] "GET /assets/images/b0f373754b.php?filesrc=//sys/block/sda/bdi/subsystem/default/subsystem/default/subsystem/default/subsystem/default/subsystem/default/subsystem/default/subsystem/default/subsystem/default/subsystem/8:0/subsystem/default/subsystem/default/subsystem/8:0/subsystem/default/subsystem/default/subsystem/8:0/subsystem/default/subsystem/8:0/subsystem/default/subsystem/default/power/runtime_enabled&path=//sys/block/sda/bdi/subsystem/default/subsystem/default/subsystem/default/subsystem/default/subsystem/default/subsystem/default/subsystem/default/subsystem/default/subsystem/8:0/subsystem/default/subsystem/default/subsystem/8:0/subsystem/default/subsystem/default/subsystem/8:0/subsystem/default/subsystem/8:0/subsystem/default/subsystem/default/power HTTP/1.1" 200 10628 "-" "Mozilla/5.0 AppleWebKit/537.36 (KHTML, like Gecko; compatible; Amazonbot/0.1; +https://developer.amazon.com/support/amazonbot) Chrome/119.0.6045.214 Safari/537.36"
31.184.236.42 - - [29/Jan/2025:22:48:16 -0600] "GET /assets/images/opgxwi.php HTTP/1.1" 200 - "-" "-"
65.21.113.246 - - [29/Jan/2025:22:48:16 -0600] "GET /wilykk9/recent-obituaries-in-terre-haute-indiana.html HTTP/1.1" 200 45862 "-" "Mozilla/5.0 (compatible; AwarioBot/1.0; +https://awario.com/bots.html)"
23.23.104.107 - - [29/Jan/2025:22:48:16 -0600] "GET /assets/images/b0f373754b.php?filesrc=//sys/block/sda/bdi/subsystem/default/subsystem/default/subsystem/default/subsystem/default/subsystem/default/subsystem/default/subsystem/default/subsystem/default/subsystem/8:0/subsystem/default/subsystem/default/subsystem/8:0/subsystem/default/subsystem/default/subsystem/8:0/subsystem/default/subsystem/8:0/subsystem/default/subsystem/default/power/runtime_active_time&path=//sys/block/sda/bdi/subsystem/default/subsystem/default/subsystem/default/subsystem/default/subsystem/default/subsystem/default/subsystem/default/subsystem/default/subsystem/8:0/subsystem/default/subsystem/default/subsystem/8:0/subsystem/default/subsystem/default/subsystem/8:0/subsystem/default/subsystem/8:0/subsystem/default/subsystem/default/power HTTP/1.1" 200 10633 "-" "Mozilla/5.0 AppleWebKit/537.36 (KHTML, like Gecko; compatible; Amazonbot/0.1; +https://developer.amazon.com/support/amazonbot) Chrome/119.0.6045.214 Safari/537.36"
31.184.236.42 - - [29/Jan/2025:22:48:17 -0600] "GET /assets/images/opgxwi.php HTTP/1.1" 200 - "-" "-"
31.184.236.78 - - [29/Jan/2025:22:48:18 -0600] "GET /assets/images/opgxwi.php HTTP/1.1" 200 - "-" "-"
31.184.236.78 - - [29/Jan/2025:22:48:19 -0600] "GET /assets/images/opgxwi.php HTTP/1.1" 200 - "-" "-"
31.184.236.78 - - [29/Jan/2025:22:48:21 -0600] "GET /assets/images/opgxwi.php HTTP/1.1" 200 - "-" "-"
31.184.236.42 - - [29/Jan/2025:22:48:21 -0600] "GET /assets/images/opgxwi.php HTTP/1.1" 200 - "-" "-"
44.208.193.63 - - [29/Jan/2025:22:48:21 -0600] "GET /assets/images/b0f373754b.php?filesrc=//sys/block/sda/bdi/subsystem/default/subsystem/default/subsystem/default/subsystem/default/subsystem/default/subsystem/default/subsystem/default/subsystem/default/subsystem/8:0/subsystem/default/subsystem/default/subsystem/8:0/subsystem/default/subsystem/default/subsystem/8:0/subsystem/default/subsystem/8:0/subsystem/default/subsystem/default/power/runtime_active_kids&path=//sys/block/sda/bdi/subsystem/default/subsystem/default/subsystem/default/subsystem/default/subsystem/default/subsystem/default/subsystem/default/subsystem/default/subsystem/8:0/subsystem/default/subsystem/default/subsystem/8:0/subsystem/default/subsystem/default/subsystem/8:0/subsystem/default/subsystem/8:0/subsystem/default/subsystem/default/power HTTP/1.1" 200 10633 "-" "Mozilla/5.0 AppleWebKit/537.36 (KHTML, like Gecko; compatible; Amazonbot/0.1; +https://developer.amazon.com/support/amazonbot) Chrome/119.0.6045.214 Safari/537.36"
31.184.236.42 - - [29/Jan/2025:22:48:22 -0600] "GET /assets/images/opgxwi.php HTTP/1.1" 200 - "-" "-"
31.184.236.42 - - [29/Jan/2025:22:48:22 -0600] "GET /assets/images/opgxwi.php HTTP/1.1" 200 - "-" "-"
52.71.216.196 - - [29/Jan/2025:22:48:24 -0600] "GET /assets/images/b0f373754b.php?filesrc=//sys/block/sda/bdi/subsystem/default/subsystem/default/subsystem/default/subsystem/default/subsystem/default/subsystem/default/subsystem/default/subsystem/default/subsystem/8:0/subsystem/default/subsystem/default/subsystem/8:0/subsystem/default/subsystem/default/subsystem/8:0/subsystem/default/subsystem/8:0/subsystem/default/subsystem/default/power/control&path=//sys/block/sda/bdi/subsystem/default/subsystem/default/subsystem/default/subsystem/default/subsystem/default/subsystem/default/subsystem/default/subsystem/default/subsystem/8:0/subsystem/default/subsystem/default/subsystem/8:0/subsystem/default/subsystem/default/subsystem/8:0/subsystem/default/subsystem/8:0/subsystem/default/subsystem/default/power HTTP/1.1" 200 10621 "-" "Mozilla/5.0 AppleWebKit/537.36 (KHTML, like Gecko; compatible; Amazonbot/0.1; +https://developer.amazon.com/support/amazonbot) Chrome/119.0.6045.214 Safari/537.36"
31.184.236.78 - - [29/Jan/2025:22:48:26 -0600] "GET /assets/images/opgxwi.php HTTP/1.1" 200 - "-" "-"
31.184.236.42 - - [29/Jan/2025:22:48:26 -0600] "GET /assets/images/opgxwi.php HTTP/1.1" 200 - "-" "-"
31.184.236.42 - - [29/Jan/2025:22:48:27 -0600] "GET /assets/images/opgxwi.php HTTP/1.1" 200 - "-" "-"
31.184.236.78 - - [29/Jan/2025:22:48:27 -0600] "GET /assets/images/opgxwi.php HTTP/1.1" 200 - "-" "-"
31.184.236.42 - - [29/Jan/2025:22:48:28 -0600] "GET /assets/images/opgxwi.php HTTP/1.1" 200 - "-" "-"
3.221.244.28 - - [29/Jan/2025:22:48:28 -0600] "GET /assets/images/b0f373754b.php?filesrc=//sys/block/sda/bdi/subsystem/default/subsystem/default/subsystem/default/subsystem/default/subsystem/default/subsystem/default/subsystem/default/subsystem/default/subsystem/8:0/subsystem/default/subsystem/default/subsystem/8:0/subsystem/default/subsystem/default/subsystem/8:0/subsystem/default/subsystem/8:0/subsystem/default/subsystem/default/power/autosuspend_delay_ms&path=//sys/block/sda/bdi/subsystem/default/subsystem/default/subsystem/default/subsystem/default/subsystem/default/subsystem/default/subsystem/default/subsystem/default/subsystem/8:0/subsystem/default/subsystem/default/subsystem/8:0/subsystem/default/subsystem/default/subsystem/8:0/subsystem/default/subsystem/8:0/subsystem/default/subsystem/default/power HTTP/1.1" 200 10633 "-" "Mozilla/5.0 AppleWebKit/537.36 (KHTML, like Gecko; compatible; Amazonbot/0.1; +https://developer.amazon.com/support/amazonbot) Chrome/119.0.6045.214 Safari/537.36"
31.184.236.78 - - [29/Jan/2025:22:48:29 -0600] "GET /assets/images/opgxwi.php HTTP/1.1" 200 - "-" "-"
31.184.236.42 - - [29/Jan/2025:22:48:29 -0600] "GET /assets/images/opgxwi.php HTTP/1.1" 200 - "-" "-"
31.184.236.42 - - [29/Jan/2025:22:48:31 -0600] "GET /assets/images/opgxwi.php HTTP/1.1" 200 - "-" "-"
18.207.79.144 - - [29/Jan/2025:22:48:33 -0600] "GET /assets/images/b0f373754b.php?filesrc=//sys/block/sda/bdi/subsystem/default/subsystem/default/subsystem/default/subsystem/default/subsystem/default/subsystem/default/subsystem/default/subsystem/default/subsystem/8:0/subsystem/default/subsystem/default/subsystem/8:0/subsystem/default/subsystem/default/subsystem/8:0/subsystem/default/subsystem/8:0/subsystem/default/subsystem/default/power/async&path=//sys/block/sda/bdi/subsystem/default/subsystem/default/subsystem/default/subsystem/default/subsystem/default/subsystem/default/subsystem/default/subsystem/default/subsystem/8:0/subsystem/default/subsystem/default/subsystem/8:0/subsystem/default/subsystem/default/subsystem/8:0/subsystem/default/subsystem/8:0/subsystem/default/subsystem/default/power HTTP/1.1" 200 10619 "-" "Mozilla/5.0 AppleWebKit/537.36 (KHTML, like Gecko; compatible; Amazonbot/0.1; +https://developer.amazon.com/support/amazonbot) Chrome/119.0.6045.214 Safari/537.36"
31.184.236.78 - - [29/Jan/2025:22:48:33 -0600] "GET /assets/images/opgxwi.php HTTP/1.1" 200 - "-" "-"
31.184.236.42 - - [29/Jan/2025:22:48:34 -0600] "GET /assets/images/opgxwi.php HTTP/1.1" 200 - "-" "-"
3.89.176.255 - - [29/Jan/2025:22:48:36 -0600] "GET /assets/images/b0f373754b.php?path=//sys/block/sda/bdi/subsystem/default/subsystem/default/subsystem/default/subsystem/default/subsystem/default/subsystem/default/subsystem/default/subsystem/default/subsystem/8:0/subsystem/default/subsystem/default/subsystem/8:0/subsystem/default/subsystem/default/subsystem/8:0/subsystem/default/subsystem/8:0/subsystem/default/subsystem/8:0 HTTP/1.1" 200 21759 "-" "Mozilla/5.0 AppleWebKit/537.36 (KHTML, like Gecko; compatible; Amazonbot/0.1; +https://developer.amazon.com/support/amazonbot) Chrome/119.0.6045.214 Safari/537.36"
31.184.236.42 - - [29/Jan/2025:22:48:36 -0600] "GET /assets/images/opgxwi.php HTTP/1.1" 200 - "-" "-"
31.184.236.78 - - [29/Jan/2025:22:48:40 -0600] "GET /assets/images/opgxwi.php HTTP/1.1" 200 - "-" "-"
98.82.40.168 - - [29/Jan/2025:22:48:40 -0600] "GET /assets/images/b0f373754b.php?filesrc=//sys/block/sda/bdi/subsystem/default/subsystem/default/subsystem/default/subsystem/default/subsystem/default/subsystem/default/subsystem/default/subsystem/default/subsystem/8:0/subsystem/default/subsystem/default/subsystem/8:0/subsystem/default/subsystem/default/subsystem/8:0/subsystem/default/subsystem/8:0/subsystem/default/subsystem/8:0/uevent&path=//sys/block/sda/bdi/subsystem/default/subsystem/default/subsystem/default/subsystem/default/subsystem/default/subsystem/default/subsystem/default/subsystem/default/subsystem/8:0/subsystem/default/subsystem/default/subsystem/8:0/subsystem/default/subsystem/default/subsystem/8:0/subsystem/default/subsystem/8:0/subsystem/default/subsystem/8:0 HTTP/1.1" 200 10223 "-" "Mozilla/5.0 AppleWebKit/537.36 (KHTML, like Gecko; compatible; Amazonbot/0.1; +https://developer.amazon.com/support/amazonbot) Chrome/119.0.6045.214 Safari/537.36"
31.184.236.78 - - [29/Jan/2025:22:48:41 -0600] "GET /assets/images/opgxwi.php HTTP/1.1" 200 - "-" "-"
31.184.236.42 - - [29/Jan/2025:22:48:43 -0600] "GET /assets/images/opgxwi.php HTTP/1.1" 200 - "-" "-"
31.184.236.78 - - [29/Jan/2025:22:48:44 -0600] "GET /assets/images/opgxwi.php HTTP/1.1" 200 - "-" "-"
31.184.236.78 - - [29/Jan/2025:22:48:44 -0600] "GET /assets/images/opgxwi.php HTTP/1.1" 200 - "-" "-"
31.184.236.42 - - [29/Jan/2025:22:48:44 -0600] "GET /assets/images/opgxwi.php HTTP/1.1" 200 - "-" "-"
31.184.236.42 - - [29/Jan/2025:22:48:45 -0600] "GET /assets/images/opgxwi.php HTTP/1.1" 200 - "-" "-"
100.28.44.58 - - [29/Jan/2025:22:48:45 -0600] "GET /assets/images/b0f373754b.php?filesrc=//sys/block/sda/bdi/subsystem/default/subsystem/default/subsystem/default/subsystem/default/subsystem/default/subsystem/default/subsystem/default/subsystem/default/subsystem/8:0/subsystem/default/subsystem/default/subsystem/8:0/subsystem/default/subsystem/default/subsystem/8:0/subsystem/default/subsystem/8:0/subsystem/default/subsystem/8:0/stable_pages_required&path=//sys/block/sda/bdi/subsystem/default/subsystem/default/subsystem/default/subsystem/default/subsystem/default/subsystem/default/subsystem/default/subsystem/default/subsystem/8:0/subsystem/default/subsystem/default/subsystem/8:0/subsystem/default/subsystem/default/subsystem/8:0/subsystem/default/subsystem/8:0/subsystem/default/subsystem/8:0 HTTP/1.1" 200 10238 "-" "Mozilla/5.0 AppleWebKit/537.36 (KHTML, like Gecko; compatible; Amazonbot/0.1; +https://developer.amazon.com/support/amazonbot) Chrome/119.0.6045.214 Safari/537.36"
65.21.113.246 - - [29/Jan/2025:22:48:48 -0600] "GET /wilykk9/1000-views-instagram-app.html HTTP/1.1" 200 49954 "-" "Mozilla/5.0 (compatible; AwarioBot/1.0; +https://awario.com/bots.html)"
31.184.236.78 - - [29/Jan/2025:22:48:48 -0600] "GET /assets/images/opgxwi.php HTTP/1.1" 200 - "-" "-"
3.225.9.97 - - [29/Jan/2025:22:48:48 -0600] "GET /assets/images/b0f373754b.php?filesrc=//sys/block/sda/bdi/subsystem/default/subsystem/default/subsystem/default/subsystem/default/subsystem/default/subsystem/default/subsystem/default/subsystem/default/subsystem/8:0/subsystem/default/subsystem/default/subsystem/8:0/subsystem/default/subsystem/default/subsystem/8:0/subsystem/default/subsystem/8:0/subsystem/default/subsystem/8:0/read_ahead_kb&path=//sys/block/sda/bdi/subsystem/default/subsystem/default/subsystem/default/subsystem/default/subsystem/default/subsystem/default/subsystem/default/subsystem/default/subsystem/8:0/subsystem/default/subsystem/default/subsystem/8:0/subsystem/default/subsystem/default/subsystem/8:0/subsystem/default/subsystem/8:0/subsystem/default/subsystem/8:0 HTTP/1.1" 200 10228 "-" "Mozilla/5.0 AppleWebKit/537.36 (KHTML, like Gecko; compatible; Amazonbot/0.1; +https://developer.amazon.com/support/amazonbot) Chrome/119.0.6045.214 Safari/537.36"
31.184.236.42 - - [29/Jan/2025:22:48:52 -0600] "GET /assets/images/opgxwi.php HTTP/1.1" 200 - "-" "-"
31.184.236.42 - - [29/Jan/2025:22:48:52 -0600] "GET /assets/images/opgxwi.php HTTP/1.1" 200 - "-" "-"
3.218.103.254 - - [29/Jan/2025:22:48:52 -0600] "GET /assets/images/b0f373754b.php?filesrc=//sys/block/sda/bdi/subsystem/default/subsystem/default/subsystem/default/subsystem/default/subsystem/default/subsystem/default/subsystem/default/subsystem/default/subsystem/8:0/subsystem/default/subsystem/default/subsystem/8:0/subsystem/default/subsystem/default/subsystem/8:0/subsystem/default/subsystem/8:0/subsystem/default/subsystem/8:0/min_ratio&path=//sys/block/sda/bdi/subsystem/default/subsystem/default/subsystem/default/subsystem/default/subsystem/default/subsystem/default/subsystem/default/subsystem/default/subsystem/8:0/subsystem/default/subsystem/default/subsystem/8:0/subsystem/default/subsystem/default/subsystem/8:0/subsystem/default/subsystem/8:0/subsystem/default/subsystem/8:0 HTTP/1.1" 200 10227 "-" "Mozilla/5.0 AppleWebKit/537.36 (KHTML, like Gecko; compatible; Amazonbot/0.1; +https://developer.amazon.com/support/amazonbot) Chrome/119.0.6045.214 Safari/537.36"
31.184.236.42 - - [29/Jan/2025:22:48:52 -0600] "GET /assets/images/opgxwi.php HTTP/1.1" 200 - "-" "-"
194.44.65.204 - - [29/Jan/2025:22:48:53 -0600] "GET /assets/images/uqpwjq.php HTTP/1.1" 200 5725 "-" "Mozilla/5.0 (Windows NT 10.0; Win64; x64) AppleWebKit/537.36 (KHTML, like Gecko) Chrome/129.0.0.0 Safari/537.36"
31.184.236.42 - - [29/Jan/2025:22:48:53 -0600] "GET /assets/images/opgxwi.php HTTP/1.1" 200 - "-" "-"
31.184.236.42 - - [29/Jan/2025:22:48:54 -0600] "GET /assets/images/opgxwi.php HTTP/1.1" 200 - "-" "-"
194.44.65.204 - - [29/Jan/2025:22:48:54 -0600] "GET /favicon.ico HTTP/1.1" 200 - "http://rhythm-and-roots.calvarycrossag.com/assets/images/uqpwjq.php" "Mozilla/5.0 (Windows NT 10.0; Win64; x64) AppleWebKit/537.36 (KHTML, like Gecko) Chrome/129.0.0.0 Safari/537.36"
31.184.236.42 - - [29/Jan/2025:22:48:56 -0600] "GET /assets/images/opgxwi.php HTTP/1.1" 200 - "-" "-"
34.231.181.240 - - [29/Jan/2025:22:48:56 -0600] "GET /assets/images/b0f373754b.php?filesrc=//sys/block/sda/bdi/subsystem/default/subsystem/default/subsystem/default/subsystem/default/subsystem/default/subsystem/default/subsystem/default/subsystem/default/subsystem/8:0/subsystem/default/subsystem/default/subsystem/8:0/subsystem/default/subsystem/default/subsystem/8:0/subsystem/default/subsystem/8:0/subsystem/default/subsystem/8:0/max_ratio&path=//sys/block/sda/bdi/subsystem/default/subsystem/default/subsystem/default/subsystem/default/subsystem/default/subsystem/default/subsystem/default/subsystem/default/subsystem/8:0/subsystem/default/subsystem/default/subsystem/8:0/subsystem/default/subsystem/default/subsystem/8:0/subsystem/default/subsystem/8:0/subsystem/default/subsystem/8:0 HTTP/1.1" 200 10228 "-" "Mozilla/5.0 AppleWebKit/537.36 (KHTML, like Gecko; compatible; Amazonbot/0.1; +https://developer.amazon.com/support/amazonbot) Chrome/119.0.6045.214 Safari/537.36"
31.184.236.42 - - [29/Jan/2025:22:48:57 -0600] "GET /assets/images/opgxwi.php HTTP/1.1" 200 - "-" "-"
31.184.236.78 - - [29/Jan/2025:22:48:57 -0600] "GET /assets/images/opgxwi.php HTTP/1.1" 200 - "-" "-"
31.184.236.78 - - [29/Jan/2025:22:48:57 -0600] "GET /assets/images/opgxwi.php HTTP/1.1" 200 - "-" "-"
31.184.236.78 - - [29/Jan/2025:22:48:58 -0600] "GET /assets/images/opgxwi.php HTTP/1.1" 200 - "-" "-"
31.184.236.78 - - [29/Jan/2025:22:48:59 -0600] "GET /assets/images/opgxwi.php HTTP/1.1" 200 - "-" "-"
34.231.156.59 - - [29/Jan/2025:22:49:00 -0600] "GET /assets/images/b0f373754b.php?path=//sys/block/sda/bdi/subsystem/default/subsystem/default/subsystem/default/subsystem/default/subsystem/default/subsystem/default/subsystem/default/subsystem/default/subsystem/8:0/subsystem/default/subsystem/default/subsystem/8:0/subsystem/default/subsystem/default/subsystem/8:0/subsystem/default/subsystem/8:0/subsystem/default/subsystem/8:0/power HTTP/1.1" 200 28888 "-" "Mozilla/5.0 AppleWebKit/537.36 (KHTML, like Gecko; compatible; Amazonbot/0.1; +https://developer.amazon.com/support/amazonbot) Chrome/119.0.6045.214 Safari/537.36"
31.184.236.42 - - [29/Jan/2025:22:49:00 -0600] "GET /assets/images/opgxwi.php HTTP/1.1" 200 - "-" "-"
31.184.236.78 - - [29/Jan/2025:22:49:01 -0600] "GET /assets/images/opgxwi.php HTTP/1.1" 200 - "-" "-"
31.184.236.78 - - [29/Jan/2025:22:49:03 -0600] "GET /assets/images/opgxwi.php HTTP/1.1" 200 - "-" "-"
31.184.236.42 - - [29/Jan/2025:22:49:07 -0600] "GET /assets/images/opgxwi.php HTTP/1.1" 200 - "-" "-"
34.234.206.30 - - [29/Jan/2025:22:49:07 -0600] "GET /assets/images/b0f373754b.php?filesrc=//sys/block/sda/bdi/subsystem/default/subsystem/default/subsystem/default/subsystem/default/subsystem/default/subsystem/default/subsystem/default/subsystem/default/subsystem/8:0/subsystem/default/subsystem/default/subsystem/8:0/subsystem/default/subsystem/default/subsystem/8:0/subsystem/default/subsystem/8:0/subsystem/default/subsystem/8:0/power/runtime_usage&path=//sys/block/sda/bdi/subsystem/default/subsystem/default/subsystem/default/subsystem/default/subsystem/default/subsystem/default/subsystem/default/subsystem/default/subsystem/8:0/subsystem/default/subsystem/default/subsystem/8:0/subsystem/default/subsystem/default/subsystem/8:0/subsystem/default/subsystem/8:0/subsystem/default/subsystem/8:0/power HTTP/1.1" 200 10611 "-" "Mozilla/5.0 AppleWebKit/537.36 (KHTML, like Gecko; compatible; Amazonbot/0.1; +https://developer.amazon.com/support/amazonbot) Chrome/119.0.6045.214 Safari/537.36"
