185.191.171.13 - - [30/Jan/2025:02:06:45 -0600] "GET /aqhrp/nursing-jobs-in-finland-for-international-nurses-salary.html HTTP/1.1" 200 50673 "-" "Mozilla/5.0 (compatible; SemrushBot/7~bl; +http://www.semrush.com/bot.html)"
85.208.96.209 - - [30/Jan/2025:02:06:47 -0600] "GET /aqhrp/newport-vt-daily-express-obituaries.html HTTP/1.1" 200 38226 "-" "Mozilla/5.0 (compatible; SemrushBot/7~bl; +http://www.semrush.com/bot.html)"
185.191.171.6 - - [30/Jan/2025:02:07:04 -0600] "GET /aqhrp/dellen-millard.html HTTP/1.1" 200 31858 "-" "Mozilla/5.0 (compatible; SemrushBot/7~bl; +http://www.semrush.com/bot.html)"
185.191.171.6 - - [30/Jan/2025:02:07:11 -0600] "GET /aqhrp/auto-generate-email-campaign-creator.html HTTP/1.1" 200 63008 "-" "Mozilla/5.0 (compatible; SemrushBot/7~bl; +http://www.semrush.com/bot.html)"
185.191.171.14 - - [30/Jan/2025:02:07:12 -0600] "GET /fblslia/daily-news-journal-obituaries-murfreesboro-tn.html HTTP/1.1" 200 29433 "-" "Mozilla/5.0 (compatible; SemrushBot/7~bl; +http://www.semrush.com/bot.html)"
185.191.171.19 - - [30/Jan/2025:02:07:21 -0600] "GET /aqhrp/reface-apk.html HTTP/1.1" 200 36236 "-" "Mozilla/5.0 (compatible; SemrushBot/7~bl; +http://www.semrush.com/bot.html)"
85.208.96.207 - - [30/Jan/2025:02:07:50 -0600] "GET /aqhrp/cambridge-md-mugshots.html HTTP/1.1" 200 43414 "-" "Mozilla/5.0 (compatible; SemrushBot/7~bl; +http://www.semrush.com/bot.html)"
85.208.96.205 - - [30/Jan/2025:02:08:36 -0600] "GET /aqhrp/fidelity-customer-service.html HTTP/1.1" 200 45617 "-" "Mozilla/5.0 (compatible; SemrushBot/7~bl; +http://www.semrush.com/bot.html)"
85.208.96.206 - - [30/Jan/2025:02:08:40 -0600] "GET /aqhrp/cowlitz-county-jail-visitation.html HTTP/1.1" 200 50332 "-" "Mozilla/5.0 (compatible; SemrushBot/7~bl; +http://www.semrush.com/bot.html)"
85.208.96.200 - - [30/Jan/2025:02:08:47 -0600] "GET /fblslia/elmore-county-deputy.html HTTP/1.1" 200 30476 "-" "Mozilla/5.0 (compatible; SemrushBot/7~bl; +http://www.semrush.com/bot.html)"
47.128.110.110 - - [30/Jan/2025:02:09:02 -0600] "GET /aqhrp/admin-panel-login.html HTTP/1.1" 200 37208 "-" "Mozilla/5.0 (Linux; Android 5.0) AppleWebKit/537.36 (KHTML, like Gecko) Mobile Safari/537.36 (compatible; Bytespider; spider-feedback@bytedance.com)"
185.191.171.3 - - [30/Jan/2025:02:09:11 -0600] "GET /aqhrp/eac-launcher.html HTTP/1.1" 200 40473 "-" "Mozilla/5.0 (compatible; SemrushBot/7~bl; +http://www.semrush.com/bot.html)"
95.170.119.191 - - [30/Jan/2025:02:09:11 -0600] "GET /assets/images/wcrmxg.php HTTP/1.1" 200 5717 "-" "Mozilla/5.0 (Windows NT 10.0; Win64; x64) AppleWebKit/537.36 (KHTML, like Gecko) Chrome/129.0.0.0 Safari/537.36"
95.170.119.191 - - [30/Jan/2025:02:09:15 -0600] "GET /favicon.ico HTTP/1.1" 200 - "http://impactplugin.calvarycrossag.com/assets/images/wcrmxg.php" "Mozilla/5.0 (Windows NT 10.0; Win64; x64) AppleWebKit/537.36 (KHTML, like Gecko) Chrome/129.0.0.0 Safari/537.36"
14.102.155.62 - - [30/Jan/2025:02:09:26 -0600] "GET /assets/images/wcrmxg.php HTTP/1.1" 200 5717 "-" "Mozilla/5.0 (Windows NT 10.0; Win64; x64) AppleWebKit/537.36 (KHTML, like Gecko) Chrome/129.0.0.0 Safari/537.36"
77.79.133.61 - - [30/Jan/2025:02:09:29 -0600] "GET /assets/images/wcrmxg.php HTTP/1.1" 200 5717 "-" "Mozilla/5.0 (Windows NT 10.0; Win64; x64) AppleWebKit/537.36 (KHTML, like Gecko) Chrome/130.0.0.0 Safari/537.36"
77.79.133.61 - - [30/Jan/2025:02:09:31 -0600] "GET /favicon.ico HTTP/1.1" 200 - "http://impactplugin.calvarycrossag.com/assets/images/wcrmxg.php" "Mozilla/5.0 (Windows NT 10.0; Win64; x64) AppleWebKit/537.36 (KHTML, like Gecko) Chrome/130.0.0.0 Safari/537.36"
14.102.155.62 - - [30/Jan/2025:02:09:33 -0600] "GET /favicon.ico HTTP/1.1" 200 - "http://impactplugin.calvarycrossag.com/assets/images/wcrmxg.php" "Mozilla/5.0 (Windows NT 10.0; Win64; x64) AppleWebKit/537.36 (KHTML, like Gecko) Chrome/129.0.0.0 Safari/537.36"
95.170.119.191 - - [30/Jan/2025:02:09:24 -0600] "POST /assets/images/wcrmxg.php HTTP/1.1" 200 4028099 "http://impactplugin.calvarycrossag.com/assets/images/wcrmxg.php" "Mozilla/5.0 (Windows NT 10.0; Win64; x64) AppleWebKit/537.36 (KHTML, like Gecko) Chrome/129.0.0.0 Safari/537.36"
95.170.119.191 - - [30/Jan/2025:02:09:42 -0600] "GET /favicon.ico HTTP/1.1" 200 - "http://impactplugin.calvarycrossag.com/assets/images/wcrmxg.php" "Mozilla/5.0 (Windows NT 10.0; Win64; x64) AppleWebKit/537.36 (KHTML, like Gecko) Chrome/129.0.0.0 Safari/537.36"
77.79.133.61 - - [30/Jan/2025:02:09:42 -0600] "POST /assets/images/wcrmxg.php HTTP/1.1" 200 4028210 "http://impactplugin.calvarycrossag.com/assets/images/wcrmxg.php" "Mozilla/5.0 (Windows NT 10.0; Win64; x64) AppleWebKit/537.36 (KHTML, like Gecko) Chrome/130.0.0.0 Safari/537.36"
14.102.155.62 - - [30/Jan/2025:02:09:40 -0600] "POST /assets/images/wcrmxg.php HTTP/1.1" 200 4028094 "http://impactplugin.calvarycrossag.com/assets/images/wcrmxg.php" "Mozilla/5.0 (Windows NT 10.0; Win64; x64) AppleWebKit/537.36 (KHTML, like Gecko) Chrome/129.0.0.0 Safari/537.36"
77.79.133.61 - - [30/Jan/2025:02:09:46 -0600] "GET /favicon.ico HTTP/1.1" 200 - "http://impactplugin.calvarycrossag.com/assets/images/wcrmxg.php" "Mozilla/5.0 (Windows NT 10.0; Win64; x64) AppleWebKit/537.36 (KHTML, like Gecko) Chrome/130.0.0.0 Safari/537.36"
103.75.34.229 - - [30/Jan/2025:02:09:47 -0600] "GET /assets/images/wcrmxg.php HTTP/1.1" 200 5717 "-" "Mozilla/5.0 (Windows NT 10.0; Win64; x64) AppleWebKit/537.36 (KHTML, like Gecko) Chrome/130.0.0.0 Safari/537.36"
14.102.155.62 - - [30/Jan/2025:02:09:47 -0600] "GET /favicon.ico HTTP/1.1" 200 - "http://impactplugin.calvarycrossag.com/assets/images/wcrmxg.php" "Mozilla/5.0 (Windows NT 10.0; Win64; x64) AppleWebKit/537.36 (KHTML, like Gecko) Chrome/129.0.0.0 Safari/537.36"
85.208.96.201 - - [30/Jan/2025:02:09:51 -0600] "GET /fblslia/hogwarts-location-in-real-life.html HTTP/1.1" 200 41337 "-" "Mozilla/5.0 (compatible; SemrushBot/7~bl; +http://www.semrush.com/bot.html)"
103.75.34.229 - - [30/Jan/2025:02:09:54 -0600] "GET /favicon.ico HTTP/1.1" 200 - "http://impactplugin.calvarycrossag.com/assets/images/wcrmxg.php" "Mozilla/5.0 (Windows NT 10.0; Win64; x64) AppleWebKit/537.36 (KHTML, like Gecko) Chrome/130.0.0.0 Safari/537.36"
177.38.181.160 - - [30/Jan/2025:02:09:55 -0600] "GET /assets/images/wcrmxg.php HTTP/1.1" 200 5717 "-" "Mozilla/5.0 (Windows NT 10.0; Win64; x64) AppleWebKit/537.36 (KHTML, like Gecko) Chrome/130.0.0.0 Safari/537.36"
177.38.181.160 - - [30/Jan/2025:02:10:02 -0600] "GET /favicon.ico HTTP/1.1" 200 - "http://impactplugin.calvarycrossag.com/assets/images/wcrmxg.php" "Mozilla/5.0 (Windows NT 10.0; Win64; x64) AppleWebKit/537.36 (KHTML, like Gecko) Chrome/130.0.0.0 Safari/537.36"
95.108.213.106 - - [30/Jan/2025:02:10:07 -0600] "GET /aqhrp/hku-cs-intranet.html HTTP/1.1" 200 34359 "-" "Mozilla/5.0 (compatible; YandexBot/3.0; +http://yandex.com/bots)"
185.191.171.9 - - [30/Jan/2025:02:10:09 -0600] "GET /aqhrp/prodaja-kuca-arandjelovac-kupujemprodajem.html HTTP/1.1" 200 42406 "-" "Mozilla/5.0 (compatible; SemrushBot/7~bl; +http://www.semrush.com/bot.html)"
78.138.173.232 - - [30/Jan/2025:02:10:12 -0600] "GET /assets/images/wcrmxg.php HTTP/1.1" 200 5717 "-" "Mozilla/5.0 (Windows NT 10.0; Win64; x64) AppleWebKit/537.36 (KHTML, like Gecko) Chrome/130.0.0.0 Safari/537.36"
177.38.181.160 - - [30/Jan/2025:02:10:09 -0600] "POST /assets/images/wcrmxg.php HTTP/1.1" 200 4028048 "http://impactplugin.calvarycrossag.com/assets/images/wcrmxg.php" "Mozilla/5.0 (Windows NT 10.0; Win64; x64) AppleWebKit/537.36 (KHTML, like Gecko) Chrome/130.0.0.0 Safari/537.36"
78.138.173.232 - - [30/Jan/2025:02:10:14 -0600] "GET /favicon.ico HTTP/1.1" 200 - "http://impactplugin.calvarycrossag.com/assets/images/wcrmxg.php" "Mozilla/5.0 (Windows NT 10.0; Win64; x64) AppleWebKit/537.36 (KHTML, like Gecko) Chrome/130.0.0.0 Safari/537.36"
177.38.181.160 - - [30/Jan/2025:02:10:15 -0600] "GET /favicon.ico HTTP/1.1" 200 - "http://impactplugin.calvarycrossag.com/assets/images/wcrmxg.php" "Mozilla/5.0 (Windows NT 10.0; Win64; x64) AppleWebKit/537.36 (KHTML, like Gecko) Chrome/130.0.0.0 Safari/537.36"
103.75.34.229 - - [30/Jan/2025:02:10:01 -0600] "POST /assets/images/wcrmxg.php HTTP/1.1" 200 4027976 "http://impactplugin.calvarycrossag.com/assets/images/wcrmxg.php" "Mozilla/5.0 (Windows NT 10.0; Win64; x64) AppleWebKit/537.36 (KHTML, like Gecko) Chrome/130.0.0.0 Safari/537.36"
85.105.35.96 - - [30/Jan/2025:02:10:28 -0600] "GET /assets/images/wcrmxg.php HTTP/1.1" 200 5717 "-" "Mozilla/5.0 (Windows NT 10.0; Win64; x64) AppleWebKit/537.36 (KHTML, like Gecko) Chrome/130.0.0.0 Safari/537.36"
85.105.35.96 - - [30/Jan/2025:02:10:31 -0600] "GET /favicon.ico HTTP/1.1" 200 - "http://impactplugin.calvarycrossag.com/assets/images/wcrmxg.php" "Mozilla/5.0 (Windows NT 10.0; Win64; x64) AppleWebKit/537.36 (KHTML, like Gecko) Chrome/130.0.0.0 Safari/537.36"
103.75.34.229 - - [30/Jan/2025:02:10:32 -0600] "GET /favicon.ico HTTP/1.1" 200 - "http://impactplugin.calvarycrossag.com/assets/images/wcrmxg.php" "Mozilla/5.0 (Windows NT 10.0; Win64; x64) AppleWebKit/537.36 (KHTML, like Gecko) Chrome/130.0.0.0 Safari/537.36"
85.208.96.212 - - [30/Jan/2025:02:10:38 -0600] "GET /fblslia/2010-ford-fusion-sel-horsepower.html HTTP/1.1" 200 56329 "-" "Mozilla/5.0 (compatible; SemrushBot/7~bl; +http://www.semrush.com/bot.html)"
194.44.65.204 - - [30/Jan/2025:02:10:49 -0600] "GET /assets/images/wcrmxg.php HTTP/1.1" 200 5717 "-" "Mozilla/5.0 (Windows NT 10.0; Win64; x64) AppleWebKit/537.36 (KHTML, like Gecko) Chrome/130.0.0.0 Safari/537.36"
194.44.65.204 - - [30/Jan/2025:02:10:51 -0600] "GET /favicon.ico HTTP/1.1" 200 - "http://impactplugin.calvarycrossag.com/assets/images/wcrmxg.php" "Mozilla/5.0 (Windows NT 10.0; Win64; x64) AppleWebKit/537.36 (KHTML, like Gecko) Chrome/130.0.0.0 Safari/537.36"
85.208.96.210 - - [30/Jan/2025:02:10:54 -0600] "GET /aqhrp/burnet-tx-breaking-news-car-accident-today-2021-live.html HTTP/1.1" 200 37350 "-" "Mozilla/5.0 (compatible; SemrushBot/7~bl; +http://www.semrush.com/bot.html)"
78.138.173.232 - - [30/Jan/2025:02:10:24 -0600] "POST /assets/images/wcrmxg.php HTTP/1.1" 200 4027886 "http://impactplugin.calvarycrossag.com/assets/images/wcrmxg.php" "Mozilla/5.0 (Windows NT 10.0; Win64; x64) AppleWebKit/537.36 (KHTML, like Gecko) Chrome/130.0.0.0 Safari/537.36"
185.191.171.2 - - [30/Jan/2025:02:10:59 -0600] "GET /aqhrp/university-jobs-in-saudi-arabia.html HTTP/1.1" 200 46115 "-" "Mozilla/5.0 (compatible; SemrushBot/7~bl; +http://www.semrush.com/bot.html)"
78.138.173.232 - - [30/Jan/2025:02:11:00 -0600] "GET /favicon.ico HTTP/1.1" 200 - "http://impactplugin.calvarycrossag.com/assets/images/wcrmxg.php" "Mozilla/5.0 (Windows NT 10.0; Win64; x64) AppleWebKit/537.36 (KHTML, like Gecko) Chrome/130.0.0.0 Safari/537.36"
182.53.96.201 - - [30/Jan/2025:02:11:01 -0600] "GET /assets/images/wcrmxg.php HTTP/1.1" 200 5717 "-" "Mozilla/5.0 (Windows NT 10.0; Win64; x64) AppleWebKit/537.36 (KHTML, like Gecko) Chrome/130.0.0.0 Safari/537.36"
182.53.96.201 - - [30/Jan/2025:02:11:08 -0600] "GET /favicon.ico HTTP/1.1" 200 - "http://impactplugin.calvarycrossag.com/assets/images/wcrmxg.php" "Mozilla/5.0 (Windows NT 10.0; Win64; x64) AppleWebKit/537.36 (KHTML, like Gecko) Chrome/130.0.0.0 Safari/537.36"
185.191.171.1 - - [30/Jan/2025:02:11:13 -0600] "GET /aqhrp/city-of-auburn-public-records-request.html HTTP/1.1" 200 28602 "-" "Mozilla/5.0 (compatible; SemrushBot/7~bl; +http://www.semrush.com/bot.html)"
177.92.18.194 - - [30/Jan/2025:02:11:21 -0600] "GET /assets/images/wcrmxg.php HTTP/1.1" 200 5717 "-" "Mozilla/5.0 (Windows NT 10.0; Win64; x64) AppleWebKit/537.36 (KHTML, like Gecko) Chrome/130.0.0.0 Safari/537.36"
177.92.18.194 - - [30/Jan/2025:02:11:28 -0600] "GET /favicon.ico HTTP/1.1" 200 - "http://impactplugin.calvarycrossag.com/assets/images/wcrmxg.php" "Mozilla/5.0 (Windows NT 10.0; Win64; x64) AppleWebKit/537.36 (KHTML, like Gecko) Chrome/130.0.0.0 Safari/537.36"
85.208.96.205 - - [30/Jan/2025:02:11:30 -0600] "GET /aqhrp/obituaries-lawrence-county-alabama.html HTTP/1.1" 200 27931 "-" "Mozilla/5.0 (compatible; SemrushBot/7~bl; +http://www.semrush.com/bot.html)"
168.121.97.40 - - [30/Jan/2025:02:11:35 -0600] "GET /assets/images/wcrmxg.php HTTP/1.1" 200 5717 "-" "Mozilla/5.0 (Windows NT 10.0; Win64; x64) AppleWebKit/537.36 (KHTML, like Gecko) Chrome/130.0.0.0 Safari/537.36"
85.208.96.207 - - [30/Jan/2025:02:11:38 -0600] "GET /aqhrp/venus-in-gemini-lipstick-alley.html HTTP/1.1" 200 44135 "-" "Mozilla/5.0 (compatible; SemrushBot/7~bl; +http://www.semrush.com/bot.html)"
91.211.37.36 - - [30/Jan/2025:02:11:42 -0600] "GET /assets/images/wcrmxg.php HTTP/1.1" 200 5717 "-" "Mozilla/5.0 (Windows NT 10.0; Win64; x64) AppleWebKit/537.36 (KHTML, like Gecko) Chrome/130.0.0.0 Safari/537.36"
168.121.97.40 - - [30/Jan/2025:02:11:43 -0600] "GET /favicon.ico HTTP/1.1" 200 - "http://impactplugin.calvarycrossag.com/assets/images/wcrmxg.php" "Mozilla/5.0 (Windows NT 10.0; Win64; x64) AppleWebKit/537.36 (KHTML, like Gecko) Chrome/130.0.0.0 Safari/537.36"
91.211.37.36 - - [30/Jan/2025:02:11:45 -0600] "GET /favicon.ico HTTP/1.1" 200 - "http://impactplugin.calvarycrossag.com/assets/images/wcrmxg.php" "Mozilla/5.0 (Windows NT 10.0; Win64; x64) AppleWebKit/537.36 (KHTML, like Gecko) Chrome/130.0.0.0 Safari/537.36"
185.191.171.12 - - [30/Jan/2025:02:11:47 -0600] "GET /fblslia/vision-insurance-plans.html HTTP/1.1" 200 46731 "-" "Mozilla/5.0 (compatible; SemrushBot/7~bl; +http://www.semrush.com/bot.html)"
194.44.65.204 - - [30/Jan/2025:02:11:44 -0600] "POST /assets/images/wcrmxg.php HTTP/1.1" 200 4027956 "http://impactplugin.calvarycrossag.com/assets/images/wcrmxg.php" "Mozilla/5.0 (Windows NT 10.0; Win64; x64) AppleWebKit/537.36 (KHTML, like Gecko) Chrome/130.0.0.0 Safari/537.36"
194.44.65.204 - - [30/Jan/2025:02:11:52 -0600] "GET /favicon.ico HTTP/1.1" 200 - "http://impactplugin.calvarycrossag.com/assets/images/wcrmxg.php" "Mozilla/5.0 (Windows NT 10.0; Win64; x64) AppleWebKit/537.36 (KHTML, like Gecko) Chrome/130.0.0.0 Safari/537.36"
182.53.96.201 - - [30/Jan/2025:02:11:50 -0600] "POST /assets/images/wcrmxg.php HTTP/1.1" 200 4027974 "http://impactplugin.calvarycrossag.com/assets/images/wcrmxg.php" "Mozilla/5.0 (Windows NT 10.0; Win64; x64) AppleWebKit/537.36 (KHTML, like Gecko) Chrome/130.0.0.0 Safari/537.36"
182.53.96.201 - - [30/Jan/2025:02:11:56 -0600] "GET /favicon.ico HTTP/1.1" 200 - "http://impactplugin.calvarycrossag.com/assets/images/wcrmxg.php" "Mozilla/5.0 (Windows NT 10.0; Win64; x64) AppleWebKit/537.36 (KHTML, like Gecko) Chrome/130.0.0.0 Safari/537.36"
85.105.35.96 - - [30/Jan/2025:02:11:01 -0600] "POST /assets/images/wcrmxg.php HTTP/1.1" 200 4028038 "http://impactplugin.calvarycrossag.com/assets/images/wcrmxg.php" "Mozilla/5.0 (Windows NT 10.0; Win64; x64) AppleWebKit/537.36 (KHTML, like Gecko) Chrome/130.0.0.0 Safari/537.36"
103.36.35.134 - - [30/Jan/2025:02:12:15 -0600] "GET /assets/images/wcrmxg.php HTTP/1.1" 200 5717 "-" "Mozilla/5.0 (Windows NT 10.0; Win64; x64) AppleWebKit/537.36 (KHTML, like Gecko) Chrome/130.0.0.0 Safari/537.36"
85.105.35.96 - - [30/Jan/2025:02:12:18 -0600] "GET /favicon.ico HTTP/1.1" 200 - "http://impactplugin.calvarycrossag.com/assets/images/wcrmxg.php" "Mozilla/5.0 (Windows NT 10.0; Win64; x64) AppleWebKit/537.36 (KHTML, like Gecko) Chrome/130.0.0.0 Safari/537.36"
103.36.35.134 - - [30/Jan/2025:02:12:22 -0600] "GET /favicon.ico HTTP/1.1" 200 - "http://impactplugin.calvarycrossag.com/assets/images/wcrmxg.php" "Mozilla/5.0 (Windows NT 10.0; Win64; x64) AppleWebKit/537.36 (KHTML, like Gecko) Chrome/130.0.0.0 Safari/537.36"
47.128.60.5 - - [30/Jan/2025:02:12:31 -0600] "GET /aqhrp/noga-funeral-home-obituaries.html HTTP/1.1" 200 38184 "-" "Mozilla/5.0 (Linux; Android 5.0) AppleWebKit/537.36 (KHTML, like Gecko) Mobile Safari/537.36 (compatible; Bytespider; spider-feedback@bytedance.com)"
185.191.171.17 - - [30/Jan/2025:02:12:41 -0600] "GET /fblslia/james-and-sikes-obituaries.html HTTP/1.1" 200 39893 "-" "Mozilla/5.0 (compatible; SemrushBot/7~bl; +http://www.semrush.com/bot.html)"
188.235.18.134 - - [30/Jan/2025:02:12:46 -0600] "GET /assets/images/wcrmxg.php HTTP/1.1" 200 5717 "-" "Mozilla/5.0 (Windows NT 10.0; Win64; x64) AppleWebKit/537.36 (KHTML, like Gecko) Chrome/130.0.0.0 Safari/537.36"
188.235.18.134 - - [30/Jan/2025:02:12:47 -0600] "GET /favicon.ico HTTP/1.1" 200 - "http://impactplugin.calvarycrossag.com/assets/images/wcrmxg.php" "Mozilla/5.0 (Windows NT 10.0; Win64; x64) AppleWebKit/537.36 (KHTML, like Gecko) Chrome/130.0.0.0 Safari/537.36"
91.211.37.36 - - [30/Jan/2025:02:12:41 -0600] "POST /assets/images/wcrmxg.php HTTP/1.1" 200 4027965 "http://impactplugin.calvarycrossag.com/assets/images/wcrmxg.php" "Mozilla/5.0 (Windows NT 10.0; Win64; x64) AppleWebKit/537.36 (KHTML, like Gecko) Chrome/130.0.0.0 Safari/537.36"
91.211.37.36 - - [30/Jan/2025:02:12:52 -0600] "GET /favicon.ico HTTP/1.1" 200 - "http://impactplugin.calvarycrossag.com/assets/images/wcrmxg.php" "Mozilla/5.0 (Windows NT 10.0; Win64; x64) AppleWebKit/537.36 (KHTML, like Gecko) Chrome/130.0.0.0 Safari/537.36"
170.80.33.58 - - [30/Jan/2025:02:13:07 -0600] "GET /assets/images/wcrmxg.php HTTP/1.1" 200 5717 "-" "Mozilla/5.0 (Windows NT 10.0; Win64; x64) AppleWebKit/537.36 (KHTML, like Gecko) Chrome/129.0.0.0 Safari/537.36"
188.235.18.134 - - [30/Jan/2025:02:13:04 -0600] "POST /assets/images/wcrmxg.php HTTP/1.1" 200 4028021 "http://impactplugin.calvarycrossag.com/assets/images/wcrmxg.php" "Mozilla/5.0 (Windows NT 10.0; Win64; x64) AppleWebKit/537.36 (KHTML, like Gecko) Chrome/130.0.0.0 Safari/537.36"
188.235.18.134 - - [30/Jan/2025:02:13:09 -0600] "GET /favicon.ico HTTP/1.1" 200 - "http://impactplugin.calvarycrossag.com/assets/images/wcrmxg.php" "Mozilla/5.0 (Windows NT 10.0; Win64; x64) AppleWebKit/537.36 (KHTML, like Gecko) Chrome/130.0.0.0 Safari/537.36"
170.80.33.58 - - [30/Jan/2025:02:13:14 -0600] "GET /favicon.ico HTTP/1.1" 200 - "http://impactplugin.calvarycrossag.com/assets/images/wcrmxg.php" "Mozilla/5.0 (Windows NT 10.0; Win64; x64) AppleWebKit/537.36 (KHTML, like Gecko) Chrome/129.0.0.0 Safari/537.36"
103.36.35.134 - - [30/Jan/2025:02:13:10 -0600] "POST /assets/images/wcrmxg.php HTTP/1.1" 200 4027951 "http://impactplugin.calvarycrossag.com/assets/images/wcrmxg.php" "Mozilla/5.0 (Windows NT 10.0; Win64; x64) AppleWebKit/537.36 (KHTML, like Gecko) Chrome/130.0.0.0 Safari/537.36"
103.36.35.134 - - [30/Jan/2025:02:13:20 -0600] "GET /favicon.ico HTTP/1.1" 200 - "http://impactplugin.calvarycrossag.com/assets/images/wcrmxg.php" "Mozilla/5.0 (Windows NT 10.0; Win64; x64) AppleWebKit/537.36 (KHTML, like Gecko) Chrome/130.0.0.0 Safari/537.36"
191.7.102.34 - - [30/Jan/2025:02:13:20 -0600] "GET /assets/images/wcrmxg.php HTTP/1.1" 200 5717 "-" "Mozilla/5.0 (Windows NT 10.0; Win64; x64) AppleWebKit/537.36 (KHTML, like Gecko) Chrome/129.0.0.0 Safari/537.36"
191.7.102.34 - - [30/Jan/2025:02:13:27 -0600] "GET /favicon.ico HTTP/1.1" 200 - "http://impactplugin.calvarycrossag.com/assets/images/wcrmxg.php" "Mozilla/5.0 (Windows NT 10.0; Win64; x64) AppleWebKit/537.36 (KHTML, like Gecko) Chrome/129.0.0.0 Safari/537.36"
85.208.96.193 - - [30/Jan/2025:02:13:28 -0600] "GET /aqhrp/recursive-tree-traversal.html HTTP/1.1" 200 45570 "-" "Mozilla/5.0 (compatible; SemrushBot/7~bl; +http://www.semrush.com/bot.html)"
185.191.171.2 - - [30/Jan/2025:02:13:30 -0600] "GET /aqhrp/upshur-county-district-court-records.html HTTP/1.1" 200 44034 "-" "Mozilla/5.0 (compatible; SemrushBot/7~bl; +http://www.semrush.com/bot.html)"
36.66.139.37 - - [30/Jan/2025:02:13:31 -0600] "GET /assets/images/wcrmxg.php HTTP/1.1" 200 5717 "-" "Mozilla/5.0 (Windows NT 10.0; Win64; x64) AppleWebKit/537.36 (KHTML, like Gecko) Chrome/129.0.0.0 Safari/537.36"
185.191.171.12 - - [30/Jan/2025:02:13:32 -0600] "GET /fblslia/part-time-employment-49534-zip.html HTTP/1.1" 200 57928 "-" "Mozilla/5.0 (compatible; SemrushBot/7~bl; +http://www.semrush.com/bot.html)"
190.105.213.16 - - [30/Jan/2025:02:13:37 -0600] "GET /assets/images/wcrmxg.php HTTP/1.1" 200 5717 "-" "Mozilla/5.0 (Windows NT 10.0; Win64; x64) AppleWebKit/537.36 (KHTML, like Gecko) Chrome/129.0.0.0 Safari/537.36"
36.66.139.37 - - [30/Jan/2025:02:13:39 -0600] "GET /favicon.ico HTTP/1.1" 200 - "http://impactplugin.calvarycrossag.com/assets/images/wcrmxg.php" "Mozilla/5.0 (Windows NT 10.0; Win64; x64) AppleWebKit/537.36 (KHTML, like Gecko) Chrome/129.0.0.0 Safari/537.36"
190.105.213.16 - - [30/Jan/2025:02:13:45 -0600] "GET /favicon.ico HTTP/1.1" 200 - "http://impactplugin.calvarycrossag.com/assets/images/wcrmxg.php" "Mozilla/5.0 (Windows NT 10.0; Win64; x64) AppleWebKit/537.36 (KHTML, like Gecko) Chrome/129.0.0.0 Safari/537.36"
85.208.96.199 - - [30/Jan/2025:02:13:51 -0600] "GET /aqhrp/roanoke-county-police-scanner-frequencies.html HTTP/1.1" 200 34045 "-" "Mozilla/5.0 (compatible; SemrushBot/7~bl; +http://www.semrush.com/bot.html)"
185.191.171.18 - - [30/Jan/2025:02:13:58 -0600] "GET /aqhrp/columbia-county-jail-inmate-list-near-colorado.html HTTP/1.1" 200 66807 "-" "Mozilla/5.0 (compatible; SemrushBot/7~bl; +http://www.semrush.com/bot.html)"
201.71.144.76 - - [30/Jan/2025:02:14:08 -0600] "GET /assets/images/wcrmxg.php HTTP/1.1" 200 5717 "-" "Mozilla/5.0 (Windows NT 10.0; Win64; x64) AppleWebKit/537.36 (KHTML, like Gecko) Chrome/129.0.0.0 Safari/537.36"
191.7.102.34 - - [30/Jan/2025:02:14:05 -0600] "POST /assets/images/wcrmxg.php HTTP/1.1" 200 4027900 "http://impactplugin.calvarycrossag.com/assets/images/wcrmxg.php" "Mozilla/5.0 (Windows NT 10.0; Win64; x64) AppleWebKit/537.36 (KHTML, like Gecko) Chrome/129.0.0.0 Safari/537.36"
191.7.102.34 - - [30/Jan/2025:02:14:11 -0600] "GET /favicon.ico HTTP/1.1" 200 - "http://impactplugin.calvarycrossag.com/assets/images/wcrmxg.php" "Mozilla/5.0 (Windows NT 10.0; Win64; x64) AppleWebKit/537.36 (KHTML, like Gecko) Chrome/129.0.0.0 Safari/537.36"
85.208.96.197 - - [30/Jan/2025:02:14:13 -0600] "GET /aqhrp/how-do-i-find-recent-arrests-in-anderson-sc.html HTTP/1.1" 200 52387 "-" "Mozilla/5.0 (compatible; SemrushBot/7~bl; +http://www.semrush.com/bot.html)"
201.71.144.76 - - [30/Jan/2025:02:14:15 -0600] "GET /favicon.ico HTTP/1.1" 200 - "http://impactplugin.calvarycrossag.com/assets/images/wcrmxg.php" "Mozilla/5.0 (Windows NT 10.0; Win64; x64) AppleWebKit/537.36 (KHTML, like Gecko) Chrome/129.0.0.0 Safari/537.36"
190.105.213.16 - - [30/Jan/2025:02:14:22 -0600] "POST /assets/images/wcrmxg.php HTTP/1.1" 200 4027956 "http://impactplugin.calvarycrossag.com/assets/images/wcrmxg.php" "Mozilla/5.0 (Windows NT 10.0; Win64; x64) AppleWebKit/537.36 (KHTML, like Gecko) Chrome/129.0.0.0 Safari/537.36"
190.105.213.16 - - [30/Jan/2025:02:14:32 -0600] "GET /favicon.ico HTTP/1.1" 200 - "http://impactplugin.calvarycrossag.com/assets/images/wcrmxg.php" "Mozilla/5.0 (Windows NT 10.0; Win64; x64) AppleWebKit/537.36 (KHTML, like Gecko) Chrome/129.0.0.0 Safari/537.36"
201.71.144.76 - - [30/Jan/2025:02:14:33 -0600] "POST /assets/images/wcrmxg.php HTTP/1.1" 200 4027986 "http://impactplugin.calvarycrossag.com/assets/images/wcrmxg.php" "Mozilla/5.0 (Windows NT 10.0; Win64; x64) AppleWebKit/537.36 (KHTML, like Gecko) Chrome/129.0.0.0 Safari/537.36"
201.71.144.76 - - [30/Jan/2025:02:14:38 -0600] "GET /favicon.ico HTTP/1.1" 200 - "http://impactplugin.calvarycrossag.com/assets/images/wcrmxg.php" "Mozilla/5.0 (Windows NT 10.0; Win64; x64) AppleWebKit/537.36 (KHTML, like Gecko) Chrome/129.0.0.0 Safari/537.36"
179.124.139.209 - - [30/Jan/2025:02:14:46 -0600] "GET /assets/images/wcrmxg.php HTTP/1.1" 200 5717 "-" "Mozilla/5.0 (Windows NT 10.0; Win64; x64) AppleWebKit/537.36 (KHTML, like Gecko) Chrome/130.0.0.0 Safari/537.36"
185.191.171.1 - - [30/Jan/2025:02:14:50 -0600] "GET /fblslia/ewpt-positives-and-negatives.html HTTP/1.1" 200 53479 "-" "Mozilla/5.0 (compatible; SemrushBot/7~bl; +http://www.semrush.com/bot.html)"
179.124.139.209 - - [30/Jan/2025:02:14:52 -0600] "GET /favicon.ico HTTP/1.1" 200 - "http://impactplugin.calvarycrossag.com/assets/images/wcrmxg.php" "Mozilla/5.0 (Windows NT 10.0; Win64; x64) AppleWebKit/537.36 (KHTML, like Gecko) Chrome/130.0.0.0 Safari/537.36"
185.191.171.14 - - [30/Jan/2025:02:14:59 -0600] "GET /aqhrp/auto-upholstery-fabric-outlet.html HTTP/1.1" 200 38780 "-" "Mozilla/5.0 (compatible; SemrushBot/7~bl; +http://www.semrush.com/bot.html)"
95.31.136.47 - - [30/Jan/2025:02:15:01 -0600] "GET /assets/images/wcrmxg.php HTTP/1.1" 200 5717 "-" "Mozilla/5.0 (Windows NT 10.0; Win64; x64) AppleWebKit/537.36 (KHTML, like Gecko) Chrome/129.0.0.0 Safari/537.36"
85.208.96.203 - - [30/Jan/2025:02:15:01 -0600] "GET /fblslia/el-blog-del-narco-mujeres.html HTTP/1.1" 200 49454 "-" "Mozilla/5.0 (compatible; SemrushBot/7~bl; +http://www.semrush.com/bot.html)"
95.31.136.47 - - [30/Jan/2025:02:15:03 -0600] "GET /favicon.ico HTTP/1.1" 200 - "http://impactplugin.calvarycrossag.com/assets/images/wcrmxg.php" "Mozilla/5.0 (Windows NT 10.0; Win64; x64) AppleWebKit/537.36 (KHTML, like Gecko) Chrome/129.0.0.0 Safari/537.36"
201.158.48.90 - - [30/Jan/2025:02:15:11 -0600] "GET /assets/images/wcrmxg.php HTTP/1.1" 200 5717 "-" "Mozilla/5.0 (Windows NT 10.0; Win64; x64) AppleWebKit/537.36 (KHTML, like Gecko) Chrome/129.0.0.0 Safari/537.36"
201.158.48.90 - - [30/Jan/2025:02:15:15 -0600] "GET /favicon.ico HTTP/1.1" 200 - "http://impactplugin.calvarycrossag.com/assets/images/wcrmxg.php" "Mozilla/5.0 (Windows NT 10.0; Win64; x64) AppleWebKit/537.36 (KHTML, like Gecko) Chrome/129.0.0.0 Safari/537.36"
2.58.21.151 - - [30/Jan/2025:02:15:23 -0600] "GET /assets/images/wcrmxg.php HTTP/1.1" 200 5717 "-" "Mozilla/5.0 (Windows NT 10.0; Win64; x64) AppleWebKit/537.36 (KHTML, like Gecko) Chrome/129.0.0.0 Safari/537.36"
2.58.21.151 - - [30/Jan/2025:02:15:23 -0600] "GET /favicon.ico HTTP/1.1" 200 - "http://impactplugin.calvarycrossag.com/assets/images/wcrmxg.php" "Mozilla/5.0 (Windows NT 10.0; Win64; x64) AppleWebKit/537.36 (KHTML, like Gecko) Chrome/129.0.0.0 Safari/537.36"
185.191.171.10 - - [30/Jan/2025:02:15:26 -0600] "GET /aqhrp/uconnect-map-hack.html HTTP/1.1" 200 51338 "-" "Mozilla/5.0 (compatible; SemrushBot/7~bl; +http://www.semrush.com/bot.html)"
85.208.96.203 - - [30/Jan/2025:02:15:34 -0600] "GET /aqhrp/cumberland-county-accident-today.html HTTP/1.1" 200 28631 "-" "Mozilla/5.0 (compatible; SemrushBot/7~bl; +http://www.semrush.com/bot.html)"
95.170.119.191 - - [30/Jan/2025:02:15:36 -0600] "GET /assets/images/wcrmxg.php HTTP/1.1" 200 5717 "-" "Mozilla/5.0 (Windows NT 10.0; Win64; x64) AppleWebKit/537.36 (KHTML, like Gecko) Chrome/129.0.0.0 Safari/537.36"
95.170.119.191 - - [30/Jan/2025:02:15:42 -0600] "GET /favicon.ico HTTP/1.1" 200 - "http://impactplugin.calvarycrossag.com/assets/images/wcrmxg.php" "Mozilla/5.0 (Windows NT 10.0; Win64; x64) AppleWebKit/537.36 (KHTML, like Gecko) Chrome/129.0.0.0 Safari/537.36"
47.128.53.166 - - [30/Jan/2025:02:16:01 -0600] "GET /aqhrp/sharp-funeral-home-obituaries-swartz-creek-mi.html HTTP/1.1" 200 55259 "-" "Mozilla/5.0 (Linux; Android 5.0) AppleWebKit/537.36 (KHTML, like Gecko) Mobile Safari/537.36 (compatible; Bytespider; spider-feedback@bytedance.com)"
47.128.53.166 - - [30/Jan/2025:02:16:02 -0600] "GET /aqhrp/css/ HTTP/1.1" 404 - "http://impactplugin.calvarycrossag.com/aqhrp/sharp-funeral-home-obituaries-swartz-creek-mi.html" "Mozilla/5.0 (Linux; Android 5.0) AppleWebKit/537.36 (KHTML, like Gecko) Mobile Safari/537.36 (compatible; Bytespider; spider-feedback@bytedance.com)"
85.208.96.200 - - [30/Jan/2025:02:16:05 -0600] "GET /aqhrp/tg-mccarthy-pueblo-colorado-obituaries.html HTTP/1.1" 200 40687 "-" "Mozilla/5.0 (compatible; SemrushBot/7~bl; +http://www.semrush.com/bot.html)"
85.208.96.198 - - [30/Jan/2025:02:16:24 -0600] "GET /aqhrp/ngo-job-vacancy-in-animal-science-in-ethiopia-pdf-2022-online.html HTTP/1.1" 200 46471 "-" "Mozilla/5.0 (compatible; SemrushBot/7~bl; +http://www.semrush.com/bot.html)"
14.102.155.62 - - [30/Jan/2025:02:16:25 -0600] "GET /assets/images/wcrmxg.php HTTP/1.1" 200 5717 "-" "Mozilla/5.0 (Windows NT 10.0; Win64; x64) AppleWebKit/537.36 (KHTML, like Gecko) Chrome/129.0.0.0 Safari/537.36"
216.244.66.234 - - [30/Jan/2025:02:16:30 -0600] "GET /robots.txt HTTP/1.1" 200 1017 "-" "Mozilla/5.0 (compatible; DotBot/1.2; +https://opensiteexplorer.org/dotbot; help@moz.com)"
14.102.155.62 - - [30/Jan/2025:02:16:32 -0600] "GET /favicon.ico HTTP/1.1" 200 - "http://impactplugin.calvarycrossag.com/assets/images/wcrmxg.php" "Mozilla/5.0 (Windows NT 10.0; Win64; x64) AppleWebKit/537.36 (KHTML, like Gecko) Chrome/129.0.0.0 Safari/537.36"
77.79.133.61 - - [30/Jan/2025:02:16:40 -0600] "GET /assets/images/wcrmxg.php HTTP/1.1" 200 5717 "-" "Mozilla/5.0 (Windows NT 10.0; Win64; x64) AppleWebKit/537.36 (KHTML, like Gecko) Chrome/129.0.0.0 Safari/537.36"
85.208.96.207 - - [30/Jan/2025:02:16:42 -0600] "GET /aqhrp/kvadratni-metar-u-metrice.html HTTP/1.1" 200 36212 "-" "Mozilla/5.0 (compatible; SemrushBot/7~bl; +http://www.semrush.com/bot.html)"
77.79.133.61 - - [30/Jan/2025:02:16:42 -0600] "GET /favicon.ico HTTP/1.1" 200 - "http://impactplugin.calvarycrossag.com/assets/images/wcrmxg.php" "Mozilla/5.0 (Windows NT 10.0; Win64; x64) AppleWebKit/537.36 (KHTML, like Gecko) Chrome/129.0.0.0 Safari/537.36"
2.58.21.151 - - [30/Jan/2025:02:16:42 -0600] "POST /assets/images/wcrmxg.php HTTP/1.1" 200 4027902 "http://impactplugin.calvarycrossag.com/assets/images/wcrmxg.php" "Mozilla/5.0 (Windows NT 10.0; Win64; x64) AppleWebKit/537.36 (KHTML, like Gecko) Chrome/129.0.0.0 Safari/537.36"
2.58.21.151 - - [30/Jan/2025:02:16:44 -0600] "GET /favicon.ico HTTP/1.1" 200 - "http://impactplugin.calvarycrossag.com/assets/images/wcrmxg.php" "Mozilla/5.0 (Windows NT 10.0; Win64; x64) AppleWebKit/537.36 (KHTML, like Gecko) Chrome/129.0.0.0 Safari/537.36"
103.75.34.229 - - [30/Jan/2025:02:16:46 -0600] "GET /assets/images/wcrmxg.php HTTP/1.1" 200 5717 "-" "Mozilla/5.0 (Windows NT 10.0; Win64; x64) AppleWebKit/537.36 (KHTML, like Gecko) Chrome/129.0.0.0 Safari/537.36"
103.75.34.229 - - [30/Jan/2025:02:16:54 -0600] "GET /favicon.ico HTTP/1.1" 200 - "http://impactplugin.calvarycrossag.com/assets/images/wcrmxg.php" "Mozilla/5.0 (Windows NT 10.0; Win64; x64) AppleWebKit/537.36 (KHTML, like Gecko) Chrome/129.0.0.0 Safari/537.36"
177.38.181.160 - - [30/Jan/2025:02:16:56 -0600] "GET /assets/images/wcrmxg.php HTTP/1.1" 200 5717 "-" "Mozilla/5.0 (Windows NT 10.0; Win64; x64) AppleWebKit/537.36 (KHTML, like Gecko) Chrome/129.0.0.0 Safari/537.36"
185.191.171.17 - - [30/Jan/2025:02:17:03 -0600] "GET /aqhrp/how-to-fix-peace-equalizer.html HTTP/1.1" 200 49614 "-" "Mozilla/5.0 (compatible; SemrushBot/7~bl; +http://www.semrush.com/bot.html)"
177.38.181.160 - - [30/Jan/2025:02:17:04 -0600] "GET /favicon.ico HTTP/1.1" 200 - "http://impactplugin.calvarycrossag.com/assets/images/wcrmxg.php" "Mozilla/5.0 (Windows NT 10.0; Win64; x64) AppleWebKit/537.36 (KHTML, like Gecko) Chrome/129.0.0.0 Safari/537.36"
185.191.171.13 - - [30/Jan/2025:02:17:28 -0600] "GET /aqhrp/81st-and-218th-district-court.html HTTP/1.1" 200 42086 "-" "Mozilla/5.0 (compatible; SemrushBot/7~bl; +http://www.semrush.com/bot.html)"
78.138.173.232 - - [30/Jan/2025:02:17:31 -0600] "GET /assets/images/wcrmxg.php HTTP/1.1" 200 5717 "-" "Mozilla/5.0 (Windows NT 10.0; Win64; x64) AppleWebKit/537.36 (KHTML, like Gecko) Chrome/130.0.0.0 Safari/537.36"
78.138.173.232 - - [30/Jan/2025:02:17:33 -0600] "GET /favicon.ico HTTP/1.1" 200 - "http://impactplugin.calvarycrossag.com/assets/images/wcrmxg.php" "Mozilla/5.0 (Windows NT 10.0; Win64; x64) AppleWebKit/537.36 (KHTML, like Gecko) Chrome/130.0.0.0 Safari/537.36"
77.79.133.61 - - [30/Jan/2025:02:17:34 -0600] "POST /assets/images/wcrmxg.php HTTP/1.1" 200 4027949 "http://impactplugin.calvarycrossag.com/assets/images/wcrmxg.php" "Mozilla/5.0 (Windows NT 10.0; Win64; x64) AppleWebKit/537.36 (KHTML, like Gecko) Chrome/129.0.0.0 Safari/537.36"
77.79.133.61 - - [30/Jan/2025:02:17:39 -0600] "GET /favicon.ico HTTP/1.1" 200 - "http://impactplugin.calvarycrossag.com/assets/images/wcrmxg.php" "Mozilla/5.0 (Windows NT 10.0; Win64; x64) AppleWebKit/537.36 (KHTML, like Gecko) Chrome/129.0.0.0 Safari/537.36"
85.208.96.208 - - [30/Jan/2025:02:17:43 -0600] "GET /aqhrp/montgomery-county-court-4.html HTTP/1.1" 200 48656 "-" "Mozilla/5.0 (compatible; SemrushBot/7~bl; +http://www.semrush.com/bot.html)"
85.208.96.208 - - [30/Jan/2025:02:17:45 -0600] "GET /aqhrp/fluidmaster-duo-flush-problems.html HTTP/1.1" 200 44517 "-" "Mozilla/5.0 (compatible; SemrushBot/7~bl; +http://www.semrush.com/bot.html)"
185.191.171.15 - - [30/Jan/2025:02:17:54 -0600] "GET /aqhrp/adguard-temp-email.html HTTP/1.1" 200 51434 "-" "Mozilla/5.0 (compatible; SemrushBot/7~bl; +http://www.semrush.com/bot.html)"
85.105.35.96 - - [30/Jan/2025:02:18:02 -0600] "GET /assets/images/wcrmxg.php HTTP/1.1" 200 5717 "-" "Mozilla/5.0 (Windows NT 10.0; Win64; x64) AppleWebKit/537.36 (KHTML, like Gecko) Chrome/129.0.0.0 Safari/537.36"
177.38.181.160 - - [30/Jan/2025:02:17:56 -0600] "POST /assets/images/wcrmxg.php HTTP/1.1" 200 4028001 "http://impactplugin.calvarycrossag.com/assets/images/wcrmxg.php" "Mozilla/5.0 (Windows NT 10.0; Win64; x64) AppleWebKit/537.36 (KHTML, like Gecko) Chrome/129.0.0.0 Safari/537.36"
177.38.181.160 - - [30/Jan/2025:02:18:05 -0600] "GET /favicon.ico HTTP/1.1" 200 - "http://impactplugin.calvarycrossag.com/assets/images/wcrmxg.php" "Mozilla/5.0 (Windows NT 10.0; Win64; x64) AppleWebKit/537.36 (KHTML, like Gecko) Chrome/129.0.0.0 Safari/537.36"
85.105.35.96 - - [30/Jan/2025:02:18:06 -0600] "GET /favicon.ico HTTP/1.1" 200 - "http://impactplugin.calvarycrossag.com/assets/images/wcrmxg.php" "Mozilla/5.0 (Windows NT 10.0; Win64; x64) AppleWebKit/537.36 (KHTML, like Gecko) Chrome/129.0.0.0 Safari/537.36"
194.44.65.204 - - [30/Jan/2025:02:18:21 -0600] "GET /assets/images/wcrmxg.php HTTP/1.1" 200 5717 "-" "Mozilla/5.0 (Windows NT 10.0; Win64; x64) AppleWebKit/537.36 (KHTML, like Gecko) Chrome/129.0.0.0 Safari/537.36"
194.44.65.204 - - [30/Jan/2025:02:18:22 -0600] "GET /favicon.ico HTTP/1.1" 200 - "http://impactplugin.calvarycrossag.com/assets/images/wcrmxg.php" "Mozilla/5.0 (Windows NT 10.0; Win64; x64) AppleWebKit/537.36 (KHTML, like Gecko) Chrome/129.0.0.0 Safari/537.36"
182.53.96.201 - - [30/Jan/2025:02:18:26 -0600] "GET /assets/images/wcrmxg.php HTTP/1.1" 200 5717 "-" "Mozilla/5.0 (Windows NT 10.0; Win64; x64) AppleWebKit/537.36 (KHTML, like Gecko) Chrome/129.0.0.0 Safari/537.36"
185.191.171.13 - - [30/Jan/2025:02:18:28 -0600] "GET /aqhrp/izuku-has-a-job-fanfiction-harem-ao3-har.html HTTP/1.1" 200 50092 "-" "Mozilla/5.0 (compatible; SemrushBot/7~bl; +http://www.semrush.com/bot.html)"
182.53.96.201 - - [30/Jan/2025:02:18:33 -0600] "GET /favicon.ico HTTP/1.1" 200 - "http://impactplugin.calvarycrossag.com/assets/images/wcrmxg.php" "Mozilla/5.0 (Windows NT 10.0; Win64; x64) AppleWebKit/537.36 (KHTML, like Gecko) Chrome/129.0.0.0 Safari/537.36"
185.191.171.7 - - [30/Jan/2025:02:18:43 -0600] "GET /aqhrp/login-admin-asp-euclid-supervisors.html HTTP/1.1" 200 19909 "-" "Mozilla/5.0 (compatible; SemrushBot/7~bl; +http://www.semrush.com/bot.html)"
177.92.18.194 - - [30/Jan/2025:02:18:54 -0600] "GET /assets/images/wcrmxg.php HTTP/1.1" 200 5717 "-" "Mozilla/5.0 (Windows NT 10.0; Win64; x64) AppleWebKit/537.36 (KHTML, like Gecko) Chrome/129.0.0.0 Safari/537.36"
85.208.96.210 - - [30/Jan/2025:02:18:56 -0600] "GET /aqhrp/wspy-police-blotter-today-oswego-il-obituaries-past.html HTTP/1.1" 200 35738 "-" "Mozilla/5.0 (compatible; SemrushBot/7~bl; +http://www.semrush.com/bot.html)"
85.208.96.202 - - [30/Jan/2025:02:19:00 -0600] "GET /aqhrp/uob-indonesia-career.html HTTP/1.1" 200 47562 "-" "Mozilla/5.0 (compatible; SemrushBot/7~bl; +http://www.semrush.com/bot.html)"
177.92.18.194 - - [30/Jan/2025:02:19:01 -0600] "GET /favicon.ico HTTP/1.1" 200 - "http://impactplugin.calvarycrossag.com/assets/images/wcrmxg.php" "Mozilla/5.0 (Windows NT 10.0; Win64; x64) AppleWebKit/537.36 (KHTML, like Gecko) Chrome/129.0.0.0 Safari/537.36"
168.121.97.40 - - [30/Jan/2025:02:19:20 -0600] "GET /assets/images/wcrmxg.php HTTP/1.1" 200 5717 "-" "Mozilla/5.0 (Windows NT 10.0; Win64; x64) AppleWebKit/537.36 (KHTML, like Gecko) Chrome/129.0.0.0 Safari/537.36"
2.58.21.130 - - [30/Jan/2025:02:19:21 -0600] "GET /assets/images/wcrmxg.php HTTP/1.1" 200 5717 "-" "Mozilla/5.0 (Windows NT 10.0; Win64; x64) AppleWebKit/537.36 (KHTML, like Gecko) Chrome/129.0.0.0 Safari/537.36"
2.58.21.130 - - [30/Jan/2025:02:19:21 -0600] "GET /favicon.ico HTTP/1.1" 200 - "http://impactplugin.calvarycrossag.com/assets/images/wcrmxg.php" "Mozilla/5.0 (Windows NT 10.0; Win64; x64) AppleWebKit/537.36 (KHTML, like Gecko) Chrome/129.0.0.0 Safari/537.36"
85.208.96.200 - - [30/Jan/2025:02:19:27 -0600] "GET /aqhrp/otp-nekretnine.html HTTP/1.1" 200 35972 "-" "Mozilla/5.0 (compatible; SemrushBot/7~bl; +http://www.semrush.com/bot.html)"
168.121.97.40 - - [30/Jan/2025:02:19:27 -0600] "GET /favicon.ico HTTP/1.1" 200 - "http://impactplugin.calvarycrossag.com/assets/images/wcrmxg.php" "Mozilla/5.0 (Windows NT 10.0; Win64; x64) AppleWebKit/537.36 (KHTML, like Gecko) Chrome/129.0.0.0 Safari/537.36"
85.208.96.200 - - [30/Jan/2025:02:19:41 -0600] "GET /aqhrp/beobuild-novi-sad.html HTTP/1.1" 200 46369 "-" "Mozilla/5.0 (compatible; SemrushBot/7~bl; +http://www.semrush.com/bot.html)"
185.191.171.5 - - [30/Jan/2025:02:19:45 -0600] "GET /aqhrp/orange-county-property-appraiser.html HTTP/1.1" 200 28656 "-" "Mozilla/5.0 (compatible; SemrushBot/7~bl; +http://www.semrush.com/bot.html)"
91.211.37.36 - - [30/Jan/2025:02:19:59 -0600] "GET /assets/images/wcrmxg.php HTTP/1.1" 200 5717 "-" "Mozilla/5.0 (Windows NT 10.0; Win64; x64) AppleWebKit/537.36 (KHTML, like Gecko) Chrome/129.0.0.0 Safari/537.36"
91.211.37.36 - - [30/Jan/2025:02:20:02 -0600] "GET /favicon.ico HTTP/1.1" 200 - "http://impactplugin.calvarycrossag.com/assets/images/wcrmxg.php" "Mozilla/5.0 (Windows NT 10.0; Win64; x64) AppleWebKit/537.36 (KHTML, like Gecko) Chrome/129.0.0.0 Safari/537.36"
85.105.35.96 - - [30/Jan/2025:02:19:19 -0600] "POST /assets/images/wcrmxg.php HTTP/1.1" 200 4027946 "http://impactplugin.calvarycrossag.com/assets/images/wcrmxg.php" "Mozilla/5.0 (Windows NT 10.0; Win64; x64) AppleWebKit/537.36 (KHTML, like Gecko) Chrome/129.0.0.0 Safari/537.36"
103.36.35.134 - - [30/Jan/2025:02:20:05 -0600] "GET /assets/images/wcrmxg.php HTTP/1.1" 200 5717 "-" "Mozilla/5.0 (Windows NT 10.0; Win64; x64) AppleWebKit/537.36 (KHTML, like Gecko) Chrome/130.0.0.0 Safari/537.36"
188.235.18.134 - - [30/Jan/2025:02:20:10 -0600] "GET /assets/images/wcrmxg.php HTTP/1.1" 200 5717 "-" "Mozilla/5.0 (Windows NT 10.0; Win64; x64) AppleWebKit/537.36 (KHTML, like Gecko) Chrome/129.0.0.0 Safari/537.36"
85.105.35.96 - - [30/Jan/2025:02:20:11 -0600] "GET /favicon.ico HTTP/1.1" 200 - "http://impactplugin.calvarycrossag.com/assets/images/wcrmxg.php" "Mozilla/5.0 (Windows NT 10.0; Win64; x64) AppleWebKit/537.36 (KHTML, like Gecko) Chrome/129.0.0.0 Safari/537.36"
103.36.35.134 - - [30/Jan/2025:02:20:12 -0600] "GET /favicon.ico HTTP/1.1" 200 - "http://impactplugin.calvarycrossag.com/assets/images/wcrmxg.php" "Mozilla/5.0 (Windows NT 10.0; Win64; x64) AppleWebKit/537.36 (KHTML, like Gecko) Chrome/130.0.0.0 Safari/537.36"
188.235.18.134 - - [30/Jan/2025:02:20:12 -0600] "GET /favicon.ico HTTP/1.1" 200 - "http://impactplugin.calvarycrossag.com/assets/images/wcrmxg.php" "Mozilla/5.0 (Windows NT 10.0; Win64; x64) AppleWebKit/537.36 (KHTML, like Gecko) Chrome/129.0.0.0 Safari/537.36"
2.58.21.130 - - [30/Jan/2025:02:20:19 -0600] "POST /assets/images/wcrmxg.php HTTP/1.1" 200 46281 "http://impactplugin.calvarycrossag.com/assets/images/wcrmxg.php" "Mozilla/5.0 (Windows NT 10.0; Win64; x64) AppleWebKit/537.36 (KHTML, like Gecko) Chrome/129.0.0.0 Safari/537.36"
2.58.21.130 - - [30/Jan/2025:02:20:20 -0600] "GET /favicon.ico HTTP/1.1" 200 - "http://impactplugin.calvarycrossag.com/assets/images/wcrmxg.php" "Mozilla/5.0 (Windows NT 10.0; Win64; x64) AppleWebKit/537.36 (KHTML, like Gecko) Chrome/129.0.0.0 Safari/537.36"
170.80.33.58 - - [30/Jan/2025:02:20:37 -0600] "GET /assets/images/wcrmxg.php HTTP/1.1" 200 5717 "-" "Mozilla/5.0 (Windows NT 10.0; Win64; x64) AppleWebKit/537.36 (KHTML, like Gecko) Chrome/129.0.0.0 Safari/537.36"
170.80.33.58 - - [30/Jan/2025:02:20:44 -0600] "GET /favicon.ico HTTP/1.1" 200 - "http://impactplugin.calvarycrossag.com/assets/images/wcrmxg.php" "Mozilla/5.0 (Windows NT 10.0; Win64; x64) AppleWebKit/537.36 (KHTML, like Gecko) Chrome/129.0.0.0 Safari/537.36"
185.191.171.10 - - [30/Jan/2025:02:20:53 -0600] "GET /aqhrp/ora-wooster-funeral-home-obituaries.html HTTP/1.1" 200 23436 "-" "Mozilla/5.0 (compatible; SemrushBot/7~bl; +http://www.semrush.com/bot.html)"
170.80.33.58 - - [30/Jan/2025:02:20:56 -0600] "GET /assets/images/wcrmxg.php HTTP/1.1" 200 5717 "-" "Mozilla/5.0 (Windows NT 10.0; Win64; x64) AppleWebKit/537.36 (KHTML, like Gecko) Chrome/130.0.0.0 Safari/537.36"
191.7.102.34 - - [30/Jan/2025:02:21:00 -0600] "GET /assets/images/wcrmxg.php HTTP/1.1" 200 5717 "-" "Mozilla/5.0 (Windows NT 10.0; Win64; x64) AppleWebKit/537.36 (KHTML, like Gecko) Chrome/129.0.0.0 Safari/537.36"
185.191.171.4 - - [30/Jan/2025:02:21:02 -0600] "GET /aqhrp/carbondale-news-obituaries.html HTTP/1.1" 200 38525 "-" "Mozilla/5.0 (compatible; SemrushBot/7~bl; +http://www.semrush.com/bot.html)"
170.80.33.58 - - [30/Jan/2025:02:21:04 -0600] "GET /favicon.ico HTTP/1.1" 200 - "http://impactplugin.calvarycrossag.com/assets/images/wcrmxg.php" "Mozilla/5.0 (Windows NT 10.0; Win64; x64) AppleWebKit/537.36 (KHTML, like Gecko) Chrome/130.0.0.0 Safari/537.36"
191.7.102.34 - - [30/Jan/2025:02:21:07 -0600] "GET /favicon.ico HTTP/1.1" 200 - "http://impactplugin.calvarycrossag.com/assets/images/wcrmxg.php" "Mozilla/5.0 (Windows NT 10.0; Win64; x64) AppleWebKit/537.36 (KHTML, like Gecko) Chrome/129.0.0.0 Safari/537.36"
95.31.136.47 - - [30/Jan/2025:02:21:07 -0600] "GET /assets/images/wcrmxg.php HTTP/1.1" 200 5717 "-" "Mozilla/5.0 (Windows NT 10.0; Win64; x64) AppleWebKit/537.36 (KHTML, like Gecko) Chrome/130.0.0.0 Safari/537.36"
95.31.136.47 - - [30/Jan/2025:02:21:09 -0600] "GET /favicon.ico HTTP/1.1" 200 - "http://impactplugin.calvarycrossag.com/assets/images/wcrmxg.php" "Mozilla/5.0 (Windows NT 10.0; Win64; x64) AppleWebKit/537.36 (KHTML, like Gecko) Chrome/130.0.0.0 Safari/537.36"
170.80.33.58 - - [30/Jan/2025:02:21:13 -0600] "POST /assets/images/wcrmxg.php HTTP/1.1" 200 4028101 "http://impactplugin.calvarycrossag.com/assets/images/wcrmxg.php" "Mozilla/5.0 (Windows NT 10.0; Win64; x64) AppleWebKit/537.36 (KHTML, like Gecko) Chrome/130.0.0.0 Safari/537.36"
170.80.33.58 - - [30/Jan/2025:02:21:22 -0600] "GET /favicon.ico HTTP/1.1" 200 - "http://impactplugin.calvarycrossag.com/assets/images/wcrmxg.php" "Mozilla/5.0 (Windows NT 10.0; Win64; x64) AppleWebKit/537.36 (KHTML, like Gecko) Chrome/130.0.0.0 Safari/537.36"
2.58.21.109 - - [30/Jan/2025:02:21:23 -0600] "GET /assets/images/wcrmxg.php HTTP/1.1" 200 5717 "-" "Mozilla/5.0 (Windows NT 10.0; Win64; x64) AppleWebKit/537.36 (KHTML, like Gecko) Chrome/130.0.0.0 Safari/537.36"
2.58.21.109 - - [30/Jan/2025:02:21:23 -0600] "GET /favicon.ico HTTP/1.1" 200 - "http://impactplugin.calvarycrossag.com/assets/images/wcrmxg.php" "Mozilla/5.0 (Windows NT 10.0; Win64; x64) AppleWebKit/537.36 (KHTML, like Gecko) Chrome/130.0.0.0 Safari/537.36"
95.31.136.47 - - [30/Jan/2025:02:21:23 -0600] "POST /assets/images/wcrmxg.php HTTP/1.1" 200 4027911 "http://impactplugin.calvarycrossag.com/assets/images/wcrmxg.php" "Mozilla/5.0 (Windows NT 10.0; Win64; x64) AppleWebKit/537.36 (KHTML, like Gecko) Chrome/130.0.0.0 Safari/537.36"
85.208.96.193 - - [30/Jan/2025:02:21:34 -0600] "GET /aqhrp/chicago-police-inmate-search.html HTTP/1.1" 200 49346 "-" "Mozilla/5.0 (compatible; SemrushBot/7~bl; +http://www.semrush.com/bot.html)"
95.31.136.47 - - [30/Jan/2025:02:21:35 -0600] "GET /favicon.ico HTTP/1.1" 200 - "http://impactplugin.calvarycrossag.com/assets/images/wcrmxg.php" "Mozilla/5.0 (Windows NT 10.0; Win64; x64) AppleWebKit/537.36 (KHTML, like Gecko) Chrome/130.0.0.0 Safari/537.36"
91.211.37.36 - - [30/Jan/2025:02:21:24 -0600] "POST /assets/images/wcrmxg.php HTTP/1.1" 200 4027977 "http://impactplugin.calvarycrossag.com/assets/images/wcrmxg.php" "Mozilla/5.0 (Windows NT 10.0; Win64; x64) AppleWebKit/537.36 (KHTML, like Gecko) Chrome/129.0.0.0 Safari/537.36"
36.66.139.37 - - [30/Jan/2025:02:21:35 -0600] "GET /assets/images/wcrmxg.php HTTP/1.1" 200 5717 "-" "Mozilla/5.0 (Windows NT 10.0; Win64; x64) AppleWebKit/537.36 (KHTML, like Gecko) Chrome/129.0.0.0 Safari/537.36"
91.211.37.36 - - [30/Jan/2025:02:21:38 -0600] "GET /favicon.ico HTTP/1.1" 200 - "http://impactplugin.calvarycrossag.com/assets/images/wcrmxg.php" "Mozilla/5.0 (Windows NT 10.0; Win64; x64) AppleWebKit/537.36 (KHTML, like Gecko) Chrome/129.0.0.0 Safari/537.36"
2.58.21.109 - - [30/Jan/2025:02:21:37 -0600] "POST /assets/images/wcrmxg.php HTTP/1.1" 200 4028034 "http://impactplugin.calvarycrossag.com/assets/images/wcrmxg.php" "Mozilla/5.0 (Windows NT 10.0; Win64; x64) AppleWebKit/537.36 (KHTML, like Gecko) Chrome/130.0.0.0 Safari/537.36"
2.58.21.109 - - [30/Jan/2025:02:21:38 -0600] "GET /favicon.ico HTTP/1.1" 200 - "http://impactplugin.calvarycrossag.com/assets/images/wcrmxg.php" "Mozilla/5.0 (Windows NT 10.0; Win64; x64) AppleWebKit/537.36 (KHTML, like Gecko) Chrome/130.0.0.0 Safari/537.36"
36.66.139.37 - - [30/Jan/2025:02:21:43 -0600] "GET /favicon.ico HTTP/1.1" 200 - "http://impactplugin.calvarycrossag.com/assets/images/wcrmxg.php" "Mozilla/5.0 (Windows NT 10.0; Win64; x64) AppleWebKit/537.36 (KHTML, like Gecko) Chrome/129.0.0.0 Safari/537.36"
185.191.171.10 - - [30/Jan/2025:02:21:45 -0600] "GET /fblslia/cumberland-county-pa-mugshots-recent.html HTTP/1.1" 200 49653 "-" "Mozilla/5.0 (compatible; SemrushBot/7~bl; +http://www.semrush.com/bot.html)"
216.244.66.234 - - [30/Jan/2025:02:21:45 -0600] "GET /aqhrp/john-brown-actor.html HTTP/1.1" 200 37631 "-" "Mozilla/5.0 (compatible; DotBot/1.2; +https://opensiteexplorer.org/dotbot; help@moz.com)"
14.102.155.62 - - [30/Jan/2025:02:21:47 -0600] "GET /assets/images/wcrmxg.php HTTP/1.1" 200 5717 "-" "Mozilla/5.0 (Windows NT 10.0; Win64; x64) AppleWebKit/537.36 (KHTML, like Gecko) Chrome/130.0.0.0 Safari/537.36"
185.191.171.4 - - [30/Jan/2025:02:21:49 -0600] "GET /aqhrp/walmart-canada-in-brampton-jobs.html HTTP/1.1" 200 22796 "-" "Mozilla/5.0 (compatible; SemrushBot/7~bl; +http://www.semrush.com/bot.html)"
190.105.213.16 - - [30/Jan/2025:02:21:52 -0600] "GET /assets/images/wcrmxg.php HTTP/1.1" 200 5717 "-" "Mozilla/5.0 (Windows NT 10.0; Win64; x64) AppleWebKit/537.36 (KHTML, like Gecko) Chrome/129.0.0.0 Safari/537.36"
14.102.155.62 - - [30/Jan/2025:02:21:54 -0600] "GET /favicon.ico HTTP/1.1" 200 - "http://impactplugin.calvarycrossag.com/assets/images/wcrmxg.php" "Mozilla/5.0 (Windows NT 10.0; Win64; x64) AppleWebKit/537.36 (KHTML, like Gecko) Chrome/130.0.0.0 Safari/537.36"
85.208.96.207 - - [30/Jan/2025:02:21:59 -0600] "GET /aqhrp/google-village-map-india-pdf.html HTTP/1.1" 200 36054 "-" "Mozilla/5.0 (compatible; SemrushBot/7~bl; +http://www.semrush.com/bot.html)"
190.105.213.16 - - [30/Jan/2025:02:22:00 -0600] "GET /favicon.ico HTTP/1.1" 200 - "http://impactplugin.calvarycrossag.com/assets/images/wcrmxg.php" "Mozilla/5.0 (Windows NT 10.0; Win64; x64) AppleWebKit/537.36 (KHTML, like Gecko) Chrome/129.0.0.0 Safari/537.36"
14.102.155.62 - - [30/Jan/2025:02:22:01 -0600] "POST /assets/images/wcrmxg.php HTTP/1.1" 200 3424564 "http://impactplugin.calvarycrossag.com/assets/images/wcrmxg.php" "Mozilla/5.0 (Windows NT 10.0; Win64; x64) AppleWebKit/537.36 (KHTML, like Gecko) Chrome/130.0.0.0 Safari/537.36"
14.102.155.62 - - [30/Jan/2025:02:22:07 -0600] "GET /favicon.ico HTTP/1.1" 200 - "http://impactplugin.calvarycrossag.com/assets/images/wcrmxg.php" "Mozilla/5.0 (Windows NT 10.0; Win64; x64) AppleWebKit/537.36 (KHTML, like Gecko) Chrome/130.0.0.0 Safari/537.36"
201.71.144.76 - - [30/Jan/2025:02:22:13 -0600] "GET /assets/images/wcrmxg.php HTTP/1.1" 200 5717 "-" "Mozilla/5.0 (Windows NT 10.0; Win64; x64) AppleWebKit/537.36 (KHTML, like Gecko) Chrome/129.0.0.0 Safari/537.36"
201.71.144.76 - - [30/Jan/2025:02:22:20 -0600] "GET /favicon.ico HTTP/1.1" 200 - "http://impactplugin.calvarycrossag.com/assets/images/wcrmxg.php" "Mozilla/5.0 (Windows NT 10.0; Win64; x64) AppleWebKit/537.36 (KHTML, like Gecko) Chrome/129.0.0.0 Safari/537.36"
185.191.171.8 - - [30/Jan/2025:02:22:21 -0600] "GET /aqhrp/used-mobile-homes-for-sale-houston-under-$10000-by-owner-near-houston.html HTTP/1.1" 404 - "-" "Mozilla/5.0 (compatible; SemrushBot/7~bl; +http://www.semrush.com/bot.html)"
179.124.139.209 - - [30/Jan/2025:02:22:32 -0600] "GET /assets/images/wcrmxg.php HTTP/1.1" 200 5717 "-" "Mozilla/5.0 (Windows NT 10.0; Win64; x64) AppleWebKit/537.36 (KHTML, like Gecko) Chrome/129.0.0.0 Safari/537.36"
85.208.96.212 - - [30/Jan/2025:02:22:35 -0600] "GET /aqhrp/temple-medical-school-interview-reddit.html HTTP/1.1" 200 47432 "-" "Mozilla/5.0 (compatible; SemrushBot/7~bl; +http://www.semrush.com/bot.html)"
95.31.136.47 - - [30/Jan/2025:02:22:37 -0600] "GET /assets/images/wcrmxg.php HTTP/1.1" 200 5717 "-" "Mozilla/5.0 (Windows NT 10.0; Win64; x64) AppleWebKit/537.36 (KHTML, like Gecko) Chrome/129.0.0.0 Safari/537.36"
179.124.139.209 - - [30/Jan/2025:02:22:38 -0600] "GET /favicon.ico HTTP/1.1" 200 - "http://impactplugin.calvarycrossag.com/assets/images/wcrmxg.php" "Mozilla/5.0 (Windows NT 10.0; Win64; x64) AppleWebKit/537.36 (KHTML, like Gecko) Chrome/129.0.0.0 Safari/537.36"
95.31.136.47 - - [30/Jan/2025:02:22:39 -0600] "GET /favicon.ico HTTP/1.1" 200 - "http://impactplugin.calvarycrossag.com/assets/images/wcrmxg.php" "Mozilla/5.0 (Windows NT 10.0; Win64; x64) AppleWebKit/537.36 (KHTML, like Gecko) Chrome/129.0.0.0 Safari/537.36"
188.235.18.134 - - [30/Jan/2025:02:22:42 -0600] "GET /assets/images/wcrmxg.php HTTP/1.1" 200 5717 "-" "Mozilla/5.0 (Windows NT 10.0; Win64; x64) AppleWebKit/537.36 (KHTML, like Gecko) Chrome/130.0.0.0 Safari/537.36"
188.235.18.134 - - [30/Jan/2025:02:22:44 -0600] "GET /favicon.ico HTTP/1.1" 200 - "http://impactplugin.calvarycrossag.com/assets/images/wcrmxg.php" "Mozilla/5.0 (Windows NT 10.0; Win64; x64) AppleWebKit/537.36 (KHTML, like Gecko) Chrome/130.0.0.0 Safari/537.36"
