Current Path : /home/church/access-logs/ |
Current File : /home/church/access-logs/impactplugin.calvarycrossag.com |
31.184.236.42 - - [29/Jan/2025:22:35:15 -0600] "GET /assets/images/gdkrkz.php HTTP/1.1" 200 - "-" "-"
31.184.236.42 - - [29/Jan/2025:22:35:15 -0600] "GET /assets/images/gdkrkz.php HTTP/1.1" 200 - "-" "-"
31.184.236.42 - - [29/Jan/2025:22:35:16 -0600] "GET /assets/images/gdkrkz.php HTTP/1.1" 200 - "-" "-"
31.184.236.78 - - [29/Jan/2025:22:35:16 -0600] "GET /assets/images/gdkrkz.php HTTP/1.1" 200 - "-" "-"
31.184.236.42 - - [29/Jan/2025:22:35:16 -0600] "GET /assets/images/gdkrkz.php HTTP/1.1" 200 - "-" "-"
36.66.139.37 - - [29/Jan/2025:22:35:17 -0600] "GET /assets/images/wcrmxg.php HTTP/1.1" 200 5717 "-" "Mozilla/5.0 (Windows NT 10.0; Win64; x64) AppleWebKit/537.36 (KHTML, like Gecko) Chrome/129.0.0.0 Safari/537.36"
31.184.236.42 - - [29/Jan/2025:22:35:17 -0600] "GET /assets/images/gdkrkz.php HTTP/1.1" 200 - "-" "-"
31.184.236.78 - - [29/Jan/2025:22:35:17 -0600] "GET /assets/images/gdkrkz.php HTTP/1.1" 200 - "-" "-"
103.36.35.134 - - [29/Jan/2025:22:35:18 -0600] "GET /favicon.ico HTTP/1.1" 200 - "http://impactplugin.calvarycrossag.com/assets/images/wcrmxg.php" "Mozilla/5.0 (Windows NT 10.0; Win64; x64) AppleWebKit/537.36 (KHTML, like Gecko) Chrome/129.0.0.0 Safari/537.36"
87.250.224.248 - - [29/Jan/2025:22:35:19 -0600] "GET /aqhrp/32218-post-office.html HTTP/1.1" 200 31111 "-" "Mozilla/5.0 (compatible; YandexBot/3.0; +http://yandex.com/bots)"
31.184.236.42 - - [29/Jan/2025:22:35:19 -0600] "GET /assets/images/gdkrkz.php HTTP/1.1" 200 - "-" "-"
31.184.236.78 - - [29/Jan/2025:22:35:19 -0600] "GET /assets/images/gdkrkz.php HTTP/1.1" 200 - "-" "-"
179.124.139.209 - - [29/Jan/2025:22:35:20 -0600] "GET /favicon.ico HTTP/1.1" 200 - "http://impactplugin.calvarycrossag.com/assets/images/wcrmxg.php" "Mozilla/5.0 (Windows NT 10.0; Win64; x64) AppleWebKit/537.36 (KHTML, like Gecko) Chrome/129.0.0.0 Safari/537.36"
188.235.18.134 - - [29/Jan/2025:22:35:21 -0600] "GET /assets/images/wcrmxg.php HTTP/1.1" 200 5717 "-" "Mozilla/5.0 (Windows NT 10.0; Win64; x64) AppleWebKit/537.36 (KHTML, like Gecko) Chrome/129.0.0.0 Safari/537.36"
31.184.236.42 - - [29/Jan/2025:22:35:22 -0600] "GET /assets/images/gdkrkz.php HTTP/1.1" 200 - "-" "-"
188.235.18.134 - - [29/Jan/2025:22:35:23 -0600] "GET /favicon.ico HTTP/1.1" 200 - "http://impactplugin.calvarycrossag.com/assets/images/wcrmxg.php" "Mozilla/5.0 (Windows NT 10.0; Win64; x64) AppleWebKit/537.36 (KHTML, like Gecko) Chrome/129.0.0.0 Safari/537.36"
31.184.236.78 - - [29/Jan/2025:22:35:25 -0600] "GET /assets/images/gdkrkz.php HTTP/1.1" 200 - "-" "-"
31.184.236.78 - - [29/Jan/2025:22:35:25 -0600] "GET /assets/images/gdkrkz.php HTTP/1.1" 200 - "-" "-"
31.184.236.42 - - [29/Jan/2025:22:35:25 -0600] "GET /assets/images/gdkrkz.php HTTP/1.1" 200 - "-" "-"
31.184.236.42 - - [29/Jan/2025:22:35:25 -0600] "GET /assets/images/gdkrkz.php HTTP/1.1" 200 - "-" "-"
2.58.21.151 - - [29/Jan/2025:22:35:27 -0600] "GET /assets/images/wcrmxg.php HTTP/1.1" 200 5717 "-" "Mozilla/5.0 (Windows NT 10.0; Win64; x64) AppleWebKit/537.36 (KHTML, like Gecko) Chrome/129.0.0.0 Safari/537.36"
31.184.236.78 - - [29/Jan/2025:22:35:26 -0600] "GET /assets/images/gdkrkz.php HTTP/1.1" 200 - "-" "-"
2.58.21.151 - - [29/Jan/2025:22:35:27 -0600] "GET /favicon.ico HTTP/1.1" 200 - "http://impactplugin.calvarycrossag.com/assets/images/wcrmxg.php" "Mozilla/5.0 (Windows NT 10.0; Win64; x64) AppleWebKit/537.36 (KHTML, like Gecko) Chrome/129.0.0.0 Safari/537.36"
31.184.236.42 - - [29/Jan/2025:22:35:27 -0600] "GET /assets/images/gdkrkz.php HTTP/1.1" 200 - "-" "-"
31.184.236.42 - - [29/Jan/2025:22:35:28 -0600] "GET /assets/images/gdkrkz.php HTTP/1.1" 200 - "-" "-"
36.66.139.37 - - [29/Jan/2025:22:35:28 -0600] "GET /favicon.ico HTTP/1.1" 200 - "http://impactplugin.calvarycrossag.com/assets/images/wcrmxg.php" "Mozilla/5.0 (Windows NT 10.0; Win64; x64) AppleWebKit/537.36 (KHTML, like Gecko) Chrome/129.0.0.0 Safari/537.36"
31.184.236.42 - - [29/Jan/2025:22:35:28 -0600] "GET /assets/images/gdkrkz.php HTTP/1.1" 200 - "-" "-"
31.184.236.78 - - [29/Jan/2025:22:35:29 -0600] "GET /assets/images/gdkrkz.php HTTP/1.1" 200 - "-" "-"
31.184.236.78 - - [29/Jan/2025:22:35:30 -0600] "GET /assets/images/gdkrkz.php HTTP/1.1" 200 - "-" "-"
31.184.236.78 - - [29/Jan/2025:22:35:30 -0600] "GET /assets/images/gdkrkz.php HTTP/1.1" 200 - "-" "-"
170.80.33.58 - - [29/Jan/2025:22:35:23 -0600] "POST /assets/images/wcrmxg.php HTTP/1.1" 200 4028090 "http://impactplugin.calvarycrossag.com/assets/images/wcrmxg.php" "Mozilla/5.0 (Windows NT 10.0; Win64; x64) AppleWebKit/537.36 (KHTML, like Gecko) Chrome/129.0.0.0 Safari/537.36"
85.105.35.96 - - [29/Jan/2025:22:35:32 -0600] "GET /assets/images/wcrmxg.php HTTP/1.1" 200 5717 "-" "Mozilla/5.0 (Windows NT 10.0; Win64; x64) AppleWebKit/537.36 (KHTML, like Gecko) Chrome/129.0.0.0 Safari/537.36"
170.80.33.58 - - [29/Jan/2025:22:35:32 -0600] "GET /favicon.ico HTTP/1.1" 200 - "http://impactplugin.calvarycrossag.com/assets/images/wcrmxg.php" "Mozilla/5.0 (Windows NT 10.0; Win64; x64) AppleWebKit/537.36 (KHTML, like Gecko) Chrome/129.0.0.0 Safari/537.36"
31.184.236.78 - - [29/Jan/2025:22:35:34 -0600] "GET /assets/images/gdkrkz.php HTTP/1.1" 200 - "-" "-"
85.105.35.96 - - [29/Jan/2025:22:35:35 -0600] "GET /favicon.ico HTTP/1.1" 200 - "http://impactplugin.calvarycrossag.com/assets/images/wcrmxg.php" "Mozilla/5.0 (Windows NT 10.0; Win64; x64) AppleWebKit/537.36 (KHTML, like Gecko) Chrome/129.0.0.0 Safari/537.36"
182.53.96.201 - - [29/Jan/2025:22:35:36 -0600] "GET /assets/images/wcrmxg.php HTTP/1.1" 200 5717 "-" "Mozilla/5.0 (Windows NT 10.0; Win64; x64) AppleWebKit/537.36 (KHTML, like Gecko) Chrome/129.0.0.0 Safari/537.36"
31.184.236.42 - - [29/Jan/2025:22:35:37 -0600] "GET /assets/images/gdkrkz.php HTTP/1.1" 200 - "-" "-"
31.184.236.42 - - [29/Jan/2025:22:35:38 -0600] "GET /assets/images/gdkrkz.php HTTP/1.1" 200 - "-" "-"
31.184.236.42 - - [29/Jan/2025:22:35:40 -0600] "GET /assets/images/gdkrkz.php HTTP/1.1" 200 - "-" "-"
194.44.65.204 - - [29/Jan/2025:22:35:40 -0600] "GET /assets/images/wcrmxg.php HTTP/1.1" 200 5717 "-" "Mozilla/5.0 (Windows NT 10.0; Win64; x64) AppleWebKit/537.36 (KHTML, like Gecko) Chrome/129.0.0.0 Safari/537.36"
31.184.236.42 - - [29/Jan/2025:22:35:40 -0600] "GET /assets/images/gdkrkz.php HTTP/1.1" 200 - "-" "-"
201.158.48.90 - - [29/Jan/2025:22:35:40 -0600] "POST /assets/images/wcrmxg.php HTTP/1.1" 200 488642 "http://impactplugin.calvarycrossag.com/assets/images/wcrmxg.php" "Mozilla/5.0 (Windows NT 10.0; Win64; x64) AppleWebKit/537.36 (KHTML, like Gecko) Chrome/129.0.0.0 Safari/537.36"
78.138.173.232 - - [29/Jan/2025:22:35:41 -0600] "GET /assets/images/wcrmxg.php HTTP/1.1" 200 5717 "-" "Mozilla/5.0 (Windows NT 10.0; Win64; x64) AppleWebKit/537.36 (KHTML, like Gecko) Chrome/130.0.0.0 Safari/537.36"
194.44.65.204 - - [29/Jan/2025:22:35:42 -0600] "GET /favicon.ico HTTP/1.1" 200 - "http://impactplugin.calvarycrossag.com/assets/images/wcrmxg.php" "Mozilla/5.0 (Windows NT 10.0; Win64; x64) AppleWebKit/537.36 (KHTML, like Gecko) Chrome/129.0.0.0 Safari/537.36"
201.158.48.90 - - [29/Jan/2025:22:35:42 -0600] "GET /favicon.ico HTTP/1.1" 200 - "http://impactplugin.calvarycrossag.com/assets/images/wcrmxg.php" "Mozilla/5.0 (Windows NT 10.0; Win64; x64) AppleWebKit/537.36 (KHTML, like Gecko) Chrome/129.0.0.0 Safari/537.36"
78.138.173.232 - - [29/Jan/2025:22:35:43 -0600] "GET /favicon.ico HTTP/1.1" 200 - "http://impactplugin.calvarycrossag.com/assets/images/wcrmxg.php" "Mozilla/5.0 (Windows NT 10.0; Win64; x64) AppleWebKit/537.36 (KHTML, like Gecko) Chrome/130.0.0.0 Safari/537.36"
182.53.96.201 - - [29/Jan/2025:22:35:44 -0600] "GET /favicon.ico HTTP/1.1" 200 - "http://impactplugin.calvarycrossag.com/assets/images/wcrmxg.php" "Mozilla/5.0 (Windows NT 10.0; Win64; x64) AppleWebKit/537.36 (KHTML, like Gecko) Chrome/129.0.0.0 Safari/537.36"
91.211.37.36 - - [29/Jan/2025:22:35:44 -0600] "GET /assets/images/wcrmxg.php HTTP/1.1" 200 5717 "-" "Mozilla/5.0 (Windows NT 10.0; Win64; x64) AppleWebKit/537.36 (KHTML, like Gecko) Chrome/130.0.0.0 Safari/537.36"
179.124.139.209 - - [29/Jan/2025:22:35:41 -0600] "POST /assets/images/wcrmxg.php HTTP/1.1" 200 4027932 "http://impactplugin.calvarycrossag.com/assets/images/wcrmxg.php" "Mozilla/5.0 (Windows NT 10.0; Win64; x64) AppleWebKit/537.36 (KHTML, like Gecko) Chrome/129.0.0.0 Safari/537.36"
168.121.97.40 - - [29/Jan/2025:22:35:42 -0600] "POST /assets/images/wcrmxg.php HTTP/1.1" 200 2982142 "http://impactplugin.calvarycrossag.com/assets/images/wcrmxg.php" "Mozilla/5.0 (Windows NT 10.0; Win64; x64) AppleWebKit/537.36 (KHTML, like Gecko) Chrome/129.0.0.0 Safari/537.36"
190.105.213.16 - - [29/Jan/2025:22:35:16 -0600] "POST /assets/images/wcrmxg.php HTTP/1.1" 200 46294 "http://impactplugin.calvarycrossag.com/assets/images/wcrmxg.php" "Mozilla/5.0 (Windows NT 10.0; Win64; x64) AppleWebKit/537.36 (KHTML, like Gecko) Chrome/129.0.0.0 Safari/537.36"
31.184.236.78 - - [29/Jan/2025:22:35:45 -0600] "GET /assets/images/gdkrkz.php HTTP/1.1" 200 - "-" "-"
179.124.139.209 - - [29/Jan/2025:22:35:46 -0600] "GET /favicon.ico HTTP/1.1" 200 - "http://impactplugin.calvarycrossag.com/assets/images/wcrmxg.php" "Mozilla/5.0 (Windows NT 10.0; Win64; x64) AppleWebKit/537.36 (KHTML, like Gecko) Chrome/129.0.0.0 Safari/537.36"
31.184.236.78 - - [29/Jan/2025:22:35:45 -0600] "GET /assets/images/gdkrkz.php HTTP/1.1" 200 - "-" "-"
31.184.236.78 - - [29/Jan/2025:22:35:45 -0600] "GET /assets/images/gdkrkz.php HTTP/1.1" 200 - "-" "-"
91.211.37.36 - - [29/Jan/2025:22:35:47 -0600] "GET /favicon.ico HTTP/1.1" 200 - "http://impactplugin.calvarycrossag.com/assets/images/wcrmxg.php" "Mozilla/5.0 (Windows NT 10.0; Win64; x64) AppleWebKit/537.36 (KHTML, like Gecko) Chrome/130.0.0.0 Safari/537.36"
170.80.33.58 - - [29/Jan/2025:22:35:48 -0600] "GET /assets/images/wcrmxg.php HTTP/1.1" 200 5717 "-" "Mozilla/5.0 (Windows NT 10.0; Win64; x64) AppleWebKit/537.36 (KHTML, like Gecko) Chrome/129.0.0.0 Safari/537.36"
190.105.213.16 - - [29/Jan/2025:22:35:49 -0600] "GET /favicon.ico HTTP/1.1" 200 - "http://impactplugin.calvarycrossag.com/assets/images/wcrmxg.php" "Mozilla/5.0 (Windows NT 10.0; Win64; x64) AppleWebKit/537.36 (KHTML, like Gecko) Chrome/129.0.0.0 Safari/537.36"
2.58.21.151 - - [29/Jan/2025:22:35:49 -0600] "POST /assets/images/wcrmxg.php HTTP/1.1" 200 86479 "http://impactplugin.calvarycrossag.com/assets/images/wcrmxg.php" "Mozilla/5.0 (Windows NT 10.0; Win64; x64) AppleWebKit/537.36 (KHTML, like Gecko) Chrome/129.0.0.0 Safari/537.36"
2.58.21.151 - - [29/Jan/2025:22:35:49 -0600] "GET /favicon.ico HTTP/1.1" 200 - "http://impactplugin.calvarycrossag.com/assets/images/wcrmxg.php" "Mozilla/5.0 (Windows NT 10.0; Win64; x64) AppleWebKit/537.36 (KHTML, like Gecko) Chrome/129.0.0.0 Safari/537.36"
201.158.48.90 - - [29/Jan/2025:22:35:49 -0600] "GET /assets/images/wcrmxg.php HTTP/1.1" 200 5717 "-" "Mozilla/5.0 (Windows NT 10.0; Win64; x64) AppleWebKit/537.36 (KHTML, like Gecko) Chrome/129.0.0.0 Safari/537.36"
177.38.181.160 - - [29/Jan/2025:22:35:50 -0600] "GET /assets/images/wcrmxg.php HTTP/1.1" 200 5717 "-" "Mozilla/5.0 (Windows NT 10.0; Win64; x64) AppleWebKit/537.36 (KHTML, like Gecko) Chrome/129.0.0.0 Safari/537.36"
95.170.119.191 - - [29/Jan/2025:22:35:52 -0600] "GET /assets/images/wcrmxg.php HTTP/1.1" 200 5717 "-" "Mozilla/5.0 (Windows NT 10.0; Win64; x64) AppleWebKit/537.36 (KHTML, like Gecko) Chrome/130.0.0.0 Safari/537.36"
31.184.236.42 - - [29/Jan/2025:22:35:53 -0600] "GET /assets/images/gdkrkz.php HTTP/1.1" 200 - "-" "-"
201.158.48.90 - - [29/Jan/2025:22:35:54 -0600] "GET /favicon.ico HTTP/1.1" 200 - "http://impactplugin.calvarycrossag.com/assets/images/wcrmxg.php" "Mozilla/5.0 (Windows NT 10.0; Win64; x64) AppleWebKit/537.36 (KHTML, like Gecko) Chrome/129.0.0.0 Safari/537.36"
95.170.119.191 - - [29/Jan/2025:22:35:55 -0600] "GET /favicon.ico HTTP/1.1" 200 - "http://impactplugin.calvarycrossag.com/assets/images/wcrmxg.php" "Mozilla/5.0 (Windows NT 10.0; Win64; x64) AppleWebKit/537.36 (KHTML, like Gecko) Chrome/130.0.0.0 Safari/537.36"
36.66.139.37 - - [29/Jan/2025:22:35:51 -0600] "POST /assets/images/wcrmxg.php HTTP/1.1" 200 4027961 "http://impactplugin.calvarycrossag.com/assets/images/wcrmxg.php" "Mozilla/5.0 (Windows NT 10.0; Win64; x64) AppleWebKit/537.36 (KHTML, like Gecko) Chrome/129.0.0.0 Safari/537.36"
31.184.236.78 - - [29/Jan/2025:22:35:55 -0600] "GET /assets/images/gdkrkz.php HTTP/1.1" 200 - "-" "-"
31.184.236.42 - - [29/Jan/2025:22:35:56 -0600] "GET /assets/images/gdkrkz.php HTTP/1.1" 200 - "-" "-"
170.80.33.58 - - [29/Jan/2025:22:35:56 -0600] "GET /favicon.ico HTTP/1.1" 200 - "http://impactplugin.calvarycrossag.com/assets/images/wcrmxg.php" "Mozilla/5.0 (Windows NT 10.0; Win64; x64) AppleWebKit/537.36 (KHTML, like Gecko) Chrome/129.0.0.0 Safari/537.36"
188.235.18.134 - - [29/Jan/2025:22:35:53 -0600] "POST /assets/images/wcrmxg.php HTTP/1.1" 200 2781167 "http://impactplugin.calvarycrossag.com/assets/images/wcrmxg.php" "Mozilla/5.0 (Windows NT 10.0; Win64; x64) AppleWebKit/537.36 (KHTML, like Gecko) Chrome/129.0.0.0 Safari/537.36"
177.38.181.160 - - [29/Jan/2025:22:35:57 -0600] "GET /favicon.ico HTTP/1.1" 200 - "http://impactplugin.calvarycrossag.com/assets/images/wcrmxg.php" "Mozilla/5.0 (Windows NT 10.0; Win64; x64) AppleWebKit/537.36 (KHTML, like Gecko) Chrome/129.0.0.0 Safari/537.36"
188.235.18.134 - - [29/Jan/2025:22:35:57 -0600] "GET /favicon.ico HTTP/1.1" 200 - "http://impactplugin.calvarycrossag.com/assets/images/wcrmxg.php" "Mozilla/5.0 (Windows NT 10.0; Win64; x64) AppleWebKit/537.36 (KHTML, like Gecko) Chrome/129.0.0.0 Safari/537.36"
36.66.139.37 - - [29/Jan/2025:22:35:58 -0600] "GET /favicon.ico HTTP/1.1" 200 - "http://impactplugin.calvarycrossag.com/assets/images/wcrmxg.php" "Mozilla/5.0 (Windows NT 10.0; Win64; x64) AppleWebKit/537.36 (KHTML, like Gecko) Chrome/129.0.0.0 Safari/537.36"
31.184.236.42 - - [29/Jan/2025:22:36:00 -0600] "GET /assets/images/gdkrkz.php HTTP/1.1" 200 - "-" "-"
85.105.35.96 - - [29/Jan/2025:22:36:01 -0600] "GET /assets/images/wcrmxg.php HTTP/1.1" 200 5717 "-" "Mozilla/5.0 (Windows NT 10.0; Win64; x64) AppleWebKit/537.36 (KHTML, like Gecko) Chrome/130.0.0.0 Safari/537.36"
31.184.236.42 - - [29/Jan/2025:22:36:01 -0600] "GET /assets/images/gdkrkz.php HTTP/1.1" 200 - "-" "-"
95.31.136.47 - - [29/Jan/2025:22:36:01 -0600] "GET /assets/images/wcrmxg.php HTTP/1.1" 200 5717 "-" "Mozilla/5.0 (Windows NT 10.0; Win64; x64) AppleWebKit/537.36 (KHTML, like Gecko) Chrome/129.0.0.0 Safari/537.36"
31.184.236.42 - - [29/Jan/2025:22:36:02 -0600] "GET /assets/images/gdkrkz.php HTTP/1.1" 200 - "-" "-"
103.36.35.134 - - [29/Jan/2025:22:36:02 -0600] "GET /assets/images/wcrmxg.php HTTP/1.1" 200 5717 "-" "Mozilla/5.0 (Windows NT 10.0; Win64; x64) AppleWebKit/537.36 (KHTML, like Gecko) Chrome/130.0.0.0 Safari/537.36"
31.184.236.78 - - [29/Jan/2025:22:36:03 -0600] "GET /assets/images/gdkrkz.php HTTP/1.1" 200 - "-" "-"
95.31.136.47 - - [29/Jan/2025:22:36:04 -0600] "GET /favicon.ico HTTP/1.1" 200 - "http://impactplugin.calvarycrossag.com/assets/images/wcrmxg.php" "Mozilla/5.0 (Windows NT 10.0; Win64; x64) AppleWebKit/537.36 (KHTML, like Gecko) Chrome/129.0.0.0 Safari/537.36"
85.105.35.96 - - [29/Jan/2025:22:36:04 -0600] "GET /favicon.ico HTTP/1.1" 200 - "http://impactplugin.calvarycrossag.com/assets/images/wcrmxg.php" "Mozilla/5.0 (Windows NT 10.0; Win64; x64) AppleWebKit/537.36 (KHTML, like Gecko) Chrome/130.0.0.0 Safari/537.36"
85.208.96.206 - - [29/Jan/2025:22:36:04 -0600] "GET /fblslia/better-repack-koikatsu-database.html HTTP/1.1" 200 24276 "-" "Mozilla/5.0 (compatible; SemrushBot/7~bl; +http://www.semrush.com/bot.html)"
194.44.65.204 - - [29/Jan/2025:22:36:04 -0600] "POST /assets/images/wcrmxg.php HTTP/1.1" 200 46171 "http://impactplugin.calvarycrossag.com/assets/images/wcrmxg.php" "Mozilla/5.0 (Windows NT 10.0; Win64; x64) AppleWebKit/537.36 (KHTML, like Gecko) Chrome/129.0.0.0 Safari/537.36"
201.71.144.76 - - [29/Jan/2025:22:36:05 -0600] "GET /assets/images/wcrmxg.php HTTP/1.1" 200 5717 "-" "Mozilla/5.0 (Windows NT 10.0; Win64; x64) AppleWebKit/537.36 (KHTML, like Gecko) Chrome/130.0.0.0 Safari/537.36"
194.44.65.204 - - [29/Jan/2025:22:36:05 -0600] "GET /favicon.ico HTTP/1.1" 200 - "http://impactplugin.calvarycrossag.com/assets/images/wcrmxg.php" "Mozilla/5.0 (Windows NT 10.0; Win64; x64) AppleWebKit/537.36 (KHTML, like Gecko) Chrome/129.0.0.0 Safari/537.36"
31.184.236.78 - - [29/Jan/2025:22:36:05 -0600] "GET /assets/images/gdkrkz.php HTTP/1.1" 200 - "-" "-"
31.184.236.78 - - [29/Jan/2025:22:36:05 -0600] "GET /assets/images/gdkrkz.php HTTP/1.1" 200 - "-" "-"
177.92.18.194 - - [29/Jan/2025:22:36:08 -0600] "GET /assets/images/wcrmxg.php HTTP/1.1" 200 5717 "-" "Mozilla/5.0 (Windows NT 10.0; Win64; x64) AppleWebKit/537.36 (KHTML, like Gecko) Chrome/129.0.0.0 Safari/537.36"
31.184.236.42 - - [29/Jan/2025:22:36:09 -0600] "GET /assets/images/gdkrkz.php HTTP/1.1" 200 - "-" "-"
103.36.35.134 - - [29/Jan/2025:22:36:09 -0600] "GET /favicon.ico HTTP/1.1" 200 - "http://impactplugin.calvarycrossag.com/assets/images/wcrmxg.php" "Mozilla/5.0 (Windows NT 10.0; Win64; x64) AppleWebKit/537.36 (KHTML, like Gecko) Chrome/130.0.0.0 Safari/537.36"
190.105.213.16 - - [29/Jan/2025:22:36:09 -0600] "GET /assets/images/wcrmxg.php HTTP/1.1" 200 5717 "-" "Mozilla/5.0 (Windows NT 10.0; Win64; x64) AppleWebKit/537.36 (KHTML, like Gecko) Chrome/130.0.0.0 Safari/537.36"
168.121.97.40 - - [29/Jan/2025:22:36:10 -0600] "GET /favicon.ico HTTP/1.1" 200 - "http://impactplugin.calvarycrossag.com/assets/images/wcrmxg.php" "Mozilla/5.0 (Windows NT 10.0; Win64; x64) AppleWebKit/537.36 (KHTML, like Gecko) Chrome/129.0.0.0 Safari/537.36"
31.184.236.42 - - [29/Jan/2025:22:36:10 -0600] "GET /assets/images/gdkrkz.php HTTP/1.1" 200 - "-" "-"
95.31.136.47 - - [29/Jan/2025:22:36:10 -0600] "POST /assets/images/wcrmxg.php HTTP/1.1" 200 46221 "http://impactplugin.calvarycrossag.com/assets/images/wcrmxg.php" "Mozilla/5.0 (Windows NT 10.0; Win64; x64) AppleWebKit/537.36 (KHTML, like Gecko) Chrome/129.0.0.0 Safari/537.36"
31.184.236.78 - - [29/Jan/2025:22:36:11 -0600] "GET /assets/images/gdkrkz.php HTTP/1.1" 200 - "-" "-"
95.31.136.47 - - [29/Jan/2025:22:36:11 -0600] "GET /favicon.ico HTTP/1.1" 200 - "http://impactplugin.calvarycrossag.com/assets/images/wcrmxg.php" "Mozilla/5.0 (Windows NT 10.0; Win64; x64) AppleWebKit/537.36 (KHTML, like Gecko) Chrome/129.0.0.0 Safari/537.36"
31.184.236.78 - - [29/Jan/2025:22:36:11 -0600] "GET /assets/images/gdkrkz.php HTTP/1.1" 200 - "-" "-"
201.71.144.76 - - [29/Jan/2025:22:36:12 -0600] "GET /favicon.ico HTTP/1.1" 200 - "http://impactplugin.calvarycrossag.com/assets/images/wcrmxg.php" "Mozilla/5.0 (Windows NT 10.0; Win64; x64) AppleWebKit/537.36 (KHTML, like Gecko) Chrome/130.0.0.0 Safari/537.36"
14.102.155.62 - - [29/Jan/2025:22:36:13 -0600] "GET /assets/images/wcrmxg.php HTTP/1.1" 200 5717 "-" "Mozilla/5.0 (Windows NT 10.0; Win64; x64) AppleWebKit/537.36 (KHTML, like Gecko) Chrome/130.0.0.0 Safari/537.36"
31.184.236.42 - - [29/Jan/2025:22:36:12 -0600] "GET /assets/images/gdkrkz.php HTTP/1.1" 200 - "-" "-"
31.184.236.78 - - [29/Jan/2025:22:36:13 -0600] "GET /assets/images/gdkrkz.php HTTP/1.1" 200 - "-" "-"
194.44.65.204 - - [29/Jan/2025:22:36:13 -0600] "GET /assets/images/wcrmxg.php HTTP/1.1" 200 5717 "-" "Mozilla/5.0 (Windows NT 10.0; Win64; x64) AppleWebKit/537.36 (KHTML, like Gecko) Chrome/130.0.0.0 Safari/537.36"
194.44.65.204 - - [29/Jan/2025:22:36:15 -0600] "GET /favicon.ico HTTP/1.1" 200 - "http://impactplugin.calvarycrossag.com/assets/images/wcrmxg.php" "Mozilla/5.0 (Windows NT 10.0; Win64; x64) AppleWebKit/537.36 (KHTML, like Gecko) Chrome/130.0.0.0 Safari/537.36"
103.36.35.134 - - [29/Jan/2025:22:36:10 -0600] "POST /assets/images/wcrmxg.php HTTP/1.1" 200 4028088 "http://impactplugin.calvarycrossag.com/assets/images/wcrmxg.php" "Mozilla/5.0 (Windows NT 10.0; Win64; x64) AppleWebKit/537.36 (KHTML, like Gecko) Chrome/129.0.0.0 Safari/537.36"
31.184.236.78 - - [29/Jan/2025:22:36:16 -0600] "GET /assets/images/gdkrkz.php HTTP/1.1" 200 - "-" "-"
31.184.236.78 - - [29/Jan/2025:22:36:17 -0600] "GET /assets/images/gdkrkz.php HTTP/1.1" 200 - "-" "-"
31.184.236.42 - - [29/Jan/2025:22:36:18 -0600] "GET /assets/images/gdkrkz.php HTTP/1.1" 200 - "-" "-"
95.170.119.191 - - [29/Jan/2025:22:36:10 -0600] "POST /assets/images/wcrmxg.php HTTP/1.1" 200 4027989 "http://impactplugin.calvarycrossag.com/assets/images/wcrmxg.php" "Mozilla/5.0 (Windows NT 10.0; Win64; x64) AppleWebKit/537.36 (KHTML, like Gecko) Chrome/130.0.0.0 Safari/537.36"
31.184.236.78 - - [29/Jan/2025:22:36:18 -0600] "GET /assets/images/gdkrkz.php HTTP/1.1" 200 - "-" "-"
103.36.35.134 - - [29/Jan/2025:22:36:19 -0600] "GET /favicon.ico HTTP/1.1" 200 - "http://impactplugin.calvarycrossag.com/assets/images/wcrmxg.php" "Mozilla/5.0 (Windows NT 10.0; Win64; x64) AppleWebKit/537.36 (KHTML, like Gecko) Chrome/129.0.0.0 Safari/537.36"
191.7.102.34 - - [29/Jan/2025:22:36:19 -0600] "GET /assets/images/wcrmxg.php HTTP/1.1" 200 5717 "-" "Mozilla/5.0 (Windows NT 10.0; Win64; x64) AppleWebKit/537.36 (KHTML, like Gecko) Chrome/129.0.0.0 Safari/537.36"
103.75.34.229 - - [29/Jan/2025:22:36:19 -0600] "GET /assets/images/wcrmxg.php HTTP/1.1" 200 5717 "-" "Mozilla/5.0 (Windows NT 10.0; Win64; x64) AppleWebKit/537.36 (KHTML, like Gecko) Chrome/129.0.0.0 Safari/537.36"
36.66.139.37 - - [29/Jan/2025:22:36:19 -0600] "GET /assets/images/wcrmxg.php HTTP/1.1" 200 5717 "-" "Mozilla/5.0 (Windows NT 10.0; Win64; x64) AppleWebKit/537.36 (KHTML, like Gecko) Chrome/129.0.0.0 Safari/537.36"
95.170.119.191 - - [29/Jan/2025:22:36:20 -0600] "GET /favicon.ico HTTP/1.1" 200 - "http://impactplugin.calvarycrossag.com/assets/images/wcrmxg.php" "Mozilla/5.0 (Windows NT 10.0; Win64; x64) AppleWebKit/537.36 (KHTML, like Gecko) Chrome/130.0.0.0 Safari/537.36"
14.102.155.62 - - [29/Jan/2025:22:36:20 -0600] "GET /favicon.ico HTTP/1.1" 200 - "http://impactplugin.calvarycrossag.com/assets/images/wcrmxg.php" "Mozilla/5.0 (Windows NT 10.0; Win64; x64) AppleWebKit/537.36 (KHTML, like Gecko) Chrome/130.0.0.0 Safari/537.36"
31.184.236.78 - - [29/Jan/2025:22:36:20 -0600] "GET /assets/images/gdkrkz.php HTTP/1.1" 200 - "-" "-"
103.36.35.134 - - [29/Jan/2025:22:36:20 -0600] "POST /assets/images/wcrmxg.php HTTP/1.1" 200 46206 "http://impactplugin.calvarycrossag.com/assets/images/wcrmxg.php" "Mozilla/5.0 (Windows NT 10.0; Win64; x64) AppleWebKit/537.36 (KHTML, like Gecko) Chrome/130.0.0.0 Safari/537.36"
31.184.236.42 - - [29/Jan/2025:22:36:21 -0600] "GET /assets/images/gdkrkz.php HTTP/1.1" 200 - "-" "-"
31.184.236.42 - - [29/Jan/2025:22:36:21 -0600] "GET /assets/images/gdkrkz.php HTTP/1.1" 200 - "-" "-"
188.235.18.134 - - [29/Jan/2025:22:36:22 -0600] "GET /assets/images/wcrmxg.php HTTP/1.1" 200 5717 "-" "Mozilla/5.0 (Windows NT 10.0; Win64; x64) AppleWebKit/537.36 (KHTML, like Gecko) Chrome/130.0.0.0 Safari/537.36"
103.36.35.134 - - [29/Jan/2025:22:36:22 -0600] "GET /favicon.ico HTTP/1.1" 200 - "http://impactplugin.calvarycrossag.com/assets/images/wcrmxg.php" "Mozilla/5.0 (Windows NT 10.0; Win64; x64) AppleWebKit/537.36 (KHTML, like Gecko) Chrome/130.0.0.0 Safari/537.36"
31.184.236.42 - - [29/Jan/2025:22:36:22 -0600] "GET /assets/images/gdkrkz.php HTTP/1.1" 200 - "-" "-"
188.235.18.134 - - [29/Jan/2025:22:36:24 -0600] "GET /favicon.ico HTTP/1.1" 200 - "http://impactplugin.calvarycrossag.com/assets/images/wcrmxg.php" "Mozilla/5.0 (Windows NT 10.0; Win64; x64) AppleWebKit/537.36 (KHTML, like Gecko) Chrome/130.0.0.0 Safari/537.36"
77.79.133.61 - - [29/Jan/2025:22:36:25 -0600] "POST /assets/images/wcrmxg.php HTTP/1.1" 200 46196 "http://impactplugin.calvarycrossag.com/assets/images/wcrmxg.php" "Mozilla/5.0 (Windows NT 10.0; Win64; x64) AppleWebKit/537.36 (KHTML, like Gecko) Chrome/129.0.0.0 Safari/537.36"
191.7.102.34 - - [29/Jan/2025:22:36:25 -0600] "GET /favicon.ico HTTP/1.1" 200 - "http://impactplugin.calvarycrossag.com/assets/images/wcrmxg.php" "Mozilla/5.0 (Windows NT 10.0; Win64; x64) AppleWebKit/537.36 (KHTML, like Gecko) Chrome/129.0.0.0 Safari/537.36"
85.208.96.200 - - [29/Jan/2025:22:36:26 -0600] "GET /aqhrp/bay-county-criminal-records.html HTTP/1.1" 200 50694 "-" "Mozilla/5.0 (compatible; SemrushBot/7~bl; +http://www.semrush.com/bot.html)"
179.124.139.209 - - [29/Jan/2025:22:36:26 -0600] "GET /assets/images/wcrmxg.php HTTP/1.1" 200 5717 "-" "Mozilla/5.0 (Windows NT 10.0; Win64; x64) AppleWebKit/537.36 (KHTML, like Gecko) Chrome/130.0.0.0 Safari/537.36"
77.79.133.61 - - [29/Jan/2025:22:36:26 -0600] "GET /favicon.ico HTTP/1.1" 200 - "http://impactplugin.calvarycrossag.com/assets/images/wcrmxg.php" "Mozilla/5.0 (Windows NT 10.0; Win64; x64) AppleWebKit/537.36 (KHTML, like Gecko) Chrome/129.0.0.0 Safari/537.36"
103.75.34.229 - - [29/Jan/2025:22:36:27 -0600] "GET /favicon.ico HTTP/1.1" 200 - "http://impactplugin.calvarycrossag.com/assets/images/wcrmxg.php" "Mozilla/5.0 (Windows NT 10.0; Win64; x64) AppleWebKit/537.36 (KHTML, like Gecko) Chrome/129.0.0.0 Safari/537.36"
85.208.96.196 - - [29/Jan/2025:22:36:27 -0600] "GET /fblslia/mclean-funeral-home-gastonia-nc-obituaries.html HTTP/1.1" 200 28715 "-" "Mozilla/5.0 (compatible; SemrushBot/7~bl; +http://www.semrush.com/bot.html)"
77.79.133.61 - - [29/Jan/2025:22:36:28 -0600] "GET /assets/images/wcrmxg.php HTTP/1.1" 200 5717 "-" "Mozilla/5.0 (Windows NT 10.0; Win64; x64) AppleWebKit/537.36 (KHTML, like Gecko) Chrome/130.0.0.0 Safari/537.36"
31.184.236.78 - - [29/Jan/2025:22:36:28 -0600] "GET /assets/images/gdkrkz.php HTTP/1.1" 200 - "-" "-"
31.184.236.78 - - [29/Jan/2025:22:36:29 -0600] "GET /assets/images/gdkrkz.php HTTP/1.1" 200 - "-" "-"
77.79.133.61 - - [29/Jan/2025:22:36:30 -0600] "GET /favicon.ico HTTP/1.1" 200 - "http://impactplugin.calvarycrossag.com/assets/images/wcrmxg.php" "Mozilla/5.0 (Windows NT 10.0; Win64; x64) AppleWebKit/537.36 (KHTML, like Gecko) Chrome/130.0.0.0 Safari/537.36"
2.58.21.109 - - [29/Jan/2025:22:36:32 -0600] "GET /assets/images/wcrmxg.php HTTP/1.1" 200 5717 "-" "Mozilla/5.0 (Windows NT 10.0; Win64; x64) AppleWebKit/537.36 (KHTML, like Gecko) Chrome/129.0.0.0 Safari/537.36"
2.58.21.109 - - [29/Jan/2025:22:36:33 -0600] "GET /favicon.ico HTTP/1.1" 200 - "http://impactplugin.calvarycrossag.com/assets/images/wcrmxg.php" "Mozilla/5.0 (Windows NT 10.0; Win64; x64) AppleWebKit/537.36 (KHTML, like Gecko) Chrome/129.0.0.0 Safari/537.36"
177.92.18.194 - - [29/Jan/2025:22:36:34 -0600] "GET /favicon.ico HTTP/1.1" 200 - "http://impactplugin.calvarycrossag.com/assets/images/wcrmxg.php" "Mozilla/5.0 (Windows NT 10.0; Win64; x64) AppleWebKit/537.36 (KHTML, like Gecko) Chrome/129.0.0.0 Safari/537.36"
179.124.139.209 - - [29/Jan/2025:22:36:35 -0600] "GET /favicon.ico HTTP/1.1" 200 - "http://impactplugin.calvarycrossag.com/assets/images/wcrmxg.php" "Mozilla/5.0 (Windows NT 10.0; Win64; x64) AppleWebKit/537.36 (KHTML, like Gecko) Chrome/130.0.0.0 Safari/537.36"
78.138.173.232 - - [29/Jan/2025:22:35:54 -0600] "POST /assets/images/wcrmxg.php HTTP/1.1" 200 2901824 "http://impactplugin.calvarycrossag.com/assets/images/wcrmxg.php" "Mozilla/5.0 (Windows NT 10.0; Win64; x64) AppleWebKit/537.36 (KHTML, like Gecko) Chrome/129.0.0.0 Safari/537.36"
78.138.173.232 - - [29/Jan/2025:22:36:37 -0600] "GET /favicon.ico HTTP/1.1" 200 - "http://impactplugin.calvarycrossag.com/assets/images/wcrmxg.php" "Mozilla/5.0 (Windows NT 10.0; Win64; x64) AppleWebKit/537.36 (KHTML, like Gecko) Chrome/129.0.0.0 Safari/537.36"
36.66.139.37 - - [29/Jan/2025:22:36:37 -0600] "GET /favicon.ico HTTP/1.1" 200 - "http://impactplugin.calvarycrossag.com/assets/images/wcrmxg.php" "Mozilla/5.0 (Windows NT 10.0; Win64; x64) AppleWebKit/537.36 (KHTML, like Gecko) Chrome/129.0.0.0 Safari/537.36"
31.184.236.78 - - [29/Jan/2025:22:36:38 -0600] "GET /assets/images/gdkrkz.php HTTP/1.1" 200 - "-" "-"
182.53.96.201 - - [29/Jan/2025:22:36:39 -0600] "GET /assets/images/wcrmxg.php HTTP/1.1" 200 5717 "-" "Mozilla/5.0 (Windows NT 10.0; Win64; x64) AppleWebKit/537.36 (KHTML, like Gecko) Chrome/130.0.0.0 Safari/537.36"
95.31.136.47 - - [29/Jan/2025:22:36:40 -0600] "GET /assets/images/wcrmxg.php HTTP/1.1" 200 5717 "-" "Mozilla/5.0 (Windows NT 10.0; Win64; x64) AppleWebKit/537.36 (KHTML, like Gecko) Chrome/130.0.0.0 Safari/537.36"
95.31.136.47 - - [29/Jan/2025:22:36:42 -0600] "GET /favicon.ico HTTP/1.1" 200 - "http://impactplugin.calvarycrossag.com/assets/images/wcrmxg.php" "Mozilla/5.0 (Windows NT 10.0; Win64; x64) AppleWebKit/537.36 (KHTML, like Gecko) Chrome/130.0.0.0 Safari/537.36"
31.184.236.78 - - [29/Jan/2025:22:36:42 -0600] "GET /assets/images/gdkrkz.php HTTP/1.1" 200 - "-" "-"
103.75.34.229 - - [29/Jan/2025:22:36:47 -0600] "GET /assets/images/wcrmxg.php HTTP/1.1" 200 5717 "-" "Mozilla/5.0 (Windows NT 10.0; Win64; x64) AppleWebKit/537.36 (KHTML, like Gecko) Chrome/130.0.0.0 Safari/537.36"
182.53.96.201 - - [29/Jan/2025:22:36:47 -0600] "GET /favicon.ico HTTP/1.1" 200 - "http://impactplugin.calvarycrossag.com/assets/images/wcrmxg.php" "Mozilla/5.0 (Windows NT 10.0; Win64; x64) AppleWebKit/537.36 (KHTML, like Gecko) Chrome/130.0.0.0 Safari/537.36"
170.80.33.58 - - [29/Jan/2025:22:36:47 -0600] "GET /assets/images/wcrmxg.php HTTP/1.1" 200 5717 "-" "Mozilla/5.0 (Windows NT 10.0; Win64; x64) AppleWebKit/537.36 (KHTML, like Gecko) Chrome/130.0.0.0 Safari/537.36"
31.184.236.78 - - [29/Jan/2025:22:36:47 -0600] "GET /assets/images/gdkrkz.php HTTP/1.1" 200 - "-" "-"
179.124.139.209 - - [29/Jan/2025:22:36:47 -0600] "POST /assets/images/wcrmxg.php HTTP/1.1" 200 4028083 "http://impactplugin.calvarycrossag.com/assets/images/wcrmxg.php" "Mozilla/5.0 (Windows NT 10.0; Win64; x64) AppleWebKit/537.36 (KHTML, like Gecko) Chrome/130.0.0.0 Safari/537.36"
168.121.97.40 - - [29/Jan/2025:22:36:50 -0600] "GET /assets/images/wcrmxg.php HTTP/1.1" 200 5717 "-" "Mozilla/5.0 (Windows NT 10.0; Win64; x64) AppleWebKit/537.36 (KHTML, like Gecko) Chrome/129.0.0.0 Safari/537.36"
91.211.37.36 - - [29/Jan/2025:22:36:51 -0600] "GET /assets/images/wcrmxg.php HTTP/1.1" 200 5717 "-" "Mozilla/5.0 (Windows NT 10.0; Win64; x64) AppleWebKit/537.36 (KHTML, like Gecko) Chrome/129.0.0.0 Safari/537.36"
31.184.236.78 - - [29/Jan/2025:22:36:51 -0600] "GET /assets/images/gdkrkz.php HTTP/1.1" 200 - "-" "-"
179.124.139.209 - - [29/Jan/2025:22:36:51 -0600] "GET /favicon.ico HTTP/1.1" 200 - "http://impactplugin.calvarycrossag.com/assets/images/wcrmxg.php" "Mozilla/5.0 (Windows NT 10.0; Win64; x64) AppleWebKit/537.36 (KHTML, like Gecko) Chrome/130.0.0.0 Safari/537.36"
31.184.236.78 - - [29/Jan/2025:22:36:53 -0600] "GET /assets/images/gdkrkz.php HTTP/1.1" 200 - "-" "-"
91.211.37.36 - - [29/Jan/2025:22:36:54 -0600] "GET /favicon.ico HTTP/1.1" 200 - "http://impactplugin.calvarycrossag.com/assets/images/wcrmxg.php" "Mozilla/5.0 (Windows NT 10.0; Win64; x64) AppleWebKit/537.36 (KHTML, like Gecko) Chrome/129.0.0.0 Safari/537.36"
103.75.34.229 - - [29/Jan/2025:22:36:55 -0600] "GET /favicon.ico HTTP/1.1" 200 - "http://impactplugin.calvarycrossag.com/assets/images/wcrmxg.php" "Mozilla/5.0 (Windows NT 10.0; Win64; x64) AppleWebKit/537.36 (KHTML, like Gecko) Chrome/130.0.0.0 Safari/537.36"
31.184.236.78 - - [29/Jan/2025:22:36:55 -0600] "GET /assets/images/gdkrkz.php HTTP/1.1" 200 - "-" "-"
31.184.236.78 - - [29/Jan/2025:22:36:55 -0600] "GET /assets/images/gdkrkz.php HTTP/1.1" 200 - "-" "-"
85.105.35.96 - - [29/Jan/2025:22:36:53 -0600] "POST /assets/images/wcrmxg.php HTTP/1.1" 200 488679 "http://impactplugin.calvarycrossag.com/assets/images/wcrmxg.php" "Mozilla/5.0 (Windows NT 10.0; Win64; x64) AppleWebKit/537.36 (KHTML, like Gecko) Chrome/130.0.0.0 Safari/537.36"
177.92.18.194 - - [29/Jan/2025:22:36:57 -0600] "GET /assets/images/wcrmxg.php HTTP/1.1" 200 5717 "-" "Mozilla/5.0 (Windows NT 10.0; Win64; x64) AppleWebKit/537.36 (KHTML, like Gecko) Chrome/130.0.0.0 Safari/537.36"
77.79.133.61 - - [29/Jan/2025:22:36:56 -0600] "POST /assets/images/wcrmxg.php HTTP/1.1" 200 2982194 "http://impactplugin.calvarycrossag.com/assets/images/wcrmxg.php" "Mozilla/5.0 (Windows NT 10.0; Win64; x64) AppleWebKit/537.36 (KHTML, like Gecko) Chrome/130.0.0.0 Safari/537.36"
191.7.102.34 - - [29/Jan/2025:22:36:59 -0600] "GET /assets/images/wcrmxg.php HTTP/1.1" 200 5717 "-" "Mozilla/5.0 (Windows NT 10.0; Win64; x64) AppleWebKit/537.36 (KHTML, like Gecko) Chrome/130.0.0.0 YaBrowser/24.12.0.0 Safari/537.36"
77.79.133.61 - - [29/Jan/2025:22:37:00 -0600] "GET /favicon.ico HTTP/1.1" 200 - "http://impactplugin.calvarycrossag.com/assets/images/wcrmxg.php" "Mozilla/5.0 (Windows NT 10.0; Win64; x64) AppleWebKit/537.36 (KHTML, like Gecko) Chrome/130.0.0.0 Safari/537.36"
85.105.35.96 - - [29/Jan/2025:22:37:00 -0600] "GET /favicon.ico HTTP/1.1" 200 - "http://impactplugin.calvarycrossag.com/assets/images/wcrmxg.php" "Mozilla/5.0 (Windows NT 10.0; Win64; x64) AppleWebKit/537.36 (KHTML, like Gecko) Chrome/130.0.0.0 Safari/537.36"
168.121.97.40 - - [29/Jan/2025:22:37:00 -0600] "GET /favicon.ico HTTP/1.1" 200 - "http://impactplugin.calvarycrossag.com/assets/images/wcrmxg.php" "Mozilla/5.0 (Windows NT 10.0; Win64; x64) AppleWebKit/537.36 (KHTML, like Gecko) Chrome/129.0.0.0 Safari/537.36"
85.105.35.96 - - [29/Jan/2025:22:37:00 -0600] "POST /assets/images/wcrmxg.php HTTP/1.1" 200 46228 "http://impactplugin.calvarycrossag.com/assets/images/wcrmxg.php" "Mozilla/5.0 (Windows NT 10.0; Win64; x64) AppleWebKit/537.36 (KHTML, like Gecko) Chrome/129.0.0.0 Safari/537.36"
14.102.155.62 - - [29/Jan/2025:22:37:01 -0600] "POST /assets/images/wcrmxg.php HTTP/1.1" 200 86476 "http://impactplugin.calvarycrossag.com/assets/images/wcrmxg.php" "Mozilla/5.0 (Windows NT 10.0; Win64; x64) AppleWebKit/537.36 (KHTML, like Gecko) Chrome/130.0.0.0 Safari/537.36"
85.105.35.96 - - [29/Jan/2025:22:37:02 -0600] "GET /favicon.ico HTTP/1.1" 200 - "http://impactplugin.calvarycrossag.com/assets/images/wcrmxg.php" "Mozilla/5.0 (Windows NT 10.0; Win64; x64) AppleWebKit/537.36 (KHTML, like Gecko) Chrome/129.0.0.0 Safari/537.36"
31.184.236.78 - - [29/Jan/2025:22:37:03 -0600] "GET /assets/images/gdkrkz.php HTTP/1.1" 200 - "-" "-"
201.158.48.90 - - [29/Jan/2025:22:37:03 -0600] "GET /assets/images/wcrmxg.php HTTP/1.1" 200 5717 "-" "Mozilla/5.0 (Windows NT 10.0; Win64; x64) AppleWebKit/537.36 (KHTML, like Gecko) Chrome/130.0.0.0 Safari/537.36"
31.184.236.78 - - [29/Jan/2025:22:37:04 -0600] "GET /assets/images/gdkrkz.php HTTP/1.1" 200 - "-" "-"
78.138.173.232 - - [29/Jan/2025:22:36:00 -0600] "POST /assets/images/wcrmxg.php HTTP/1.1" 200 4028034 "http://impactplugin.calvarycrossag.com/assets/images/wcrmxg.php" "Mozilla/5.0 (Windows NT 10.0; Win64; x64) AppleWebKit/537.36 (KHTML, like Gecko) Chrome/130.0.0.0 Safari/537.36"
14.102.155.62 - - [29/Jan/2025:22:37:05 -0600] "GET /favicon.ico HTTP/1.1" 200 - "http://impactplugin.calvarycrossag.com/assets/images/wcrmxg.php" "Mozilla/5.0 (Windows NT 10.0; Win64; x64) AppleWebKit/537.36 (KHTML, like Gecko) Chrome/130.0.0.0 Safari/537.36"
78.138.173.232 - - [29/Jan/2025:22:37:06 -0600] "GET /favicon.ico HTTP/1.1" 200 - "http://impactplugin.calvarycrossag.com/assets/images/wcrmxg.php" "Mozilla/5.0 (Windows NT 10.0; Win64; x64) AppleWebKit/537.36 (KHTML, like Gecko) Chrome/130.0.0.0 Safari/537.36"
191.7.102.34 - - [29/Jan/2025:22:37:06 -0600] "GET /favicon.ico HTTP/1.1" 200 - "http://impactplugin.calvarycrossag.com/assets/images/wcrmxg.php" "Mozilla/5.0 (Windows NT 10.0; Win64; x64) AppleWebKit/537.36 (KHTML, like Gecko) Chrome/130.0.0.0 YaBrowser/24.12.0.0 Safari/537.36"
177.38.181.160 - - [29/Jan/2025:22:37:06 -0600] "GET /assets/images/wcrmxg.php HTTP/1.1" 200 5717 "-" "Mozilla/5.0 (Windows NT 10.0; Win64; x64) AppleWebKit/537.36 (KHTML, like Gecko) Chrome/130.0.0.0 Safari/537.36"
201.158.48.90 - - [29/Jan/2025:22:37:07 -0600] "GET /favicon.ico HTTP/1.1" 200 - "http://impactplugin.calvarycrossag.com/assets/images/wcrmxg.php" "Mozilla/5.0 (Windows NT 10.0; Win64; x64) AppleWebKit/537.36 (KHTML, like Gecko) Chrome/130.0.0.0 Safari/537.36"
31.184.236.78 - - [29/Jan/2025:22:37:07 -0600] "GET /assets/images/gdkrkz.php HTTP/1.1" 200 - "-" "-"
78.138.173.232 - - [29/Jan/2025:22:37:08 -0600] "GET /assets/images/wcrmxg.php HTTP/1.1" 200 5717 "-" "Mozilla/5.0 (Windows NT 10.0; Win64; x64) AppleWebKit/537.36 (KHTML, like Gecko) Chrome/129.0.0.0 Safari/537.36"
78.138.173.232 - - [29/Jan/2025:22:37:10 -0600] "GET /favicon.ico HTTP/1.1" 200 - "http://impactplugin.calvarycrossag.com/assets/images/wcrmxg.php" "Mozilla/5.0 (Windows NT 10.0; Win64; x64) AppleWebKit/537.36 (KHTML, like Gecko) Chrome/129.0.0.0 Safari/537.36"
95.31.136.47 - - [29/Jan/2025:22:37:00 -0600] "POST /assets/images/wcrmxg.php HTTP/1.1" 200 4027921 "http://impactplugin.calvarycrossag.com/assets/images/wcrmxg.php" "Mozilla/5.0 (Windows NT 10.0; Win64; x64) AppleWebKit/537.36 (KHTML, like Gecko) Chrome/129.0.0.0 Safari/537.36"
95.31.136.47 - - [29/Jan/2025:22:37:12 -0600] "GET /favicon.ico HTTP/1.1" 200 - "http://impactplugin.calvarycrossag.com/assets/images/wcrmxg.php" "Mozilla/5.0 (Windows NT 10.0; Win64; x64) AppleWebKit/537.36 (KHTML, like Gecko) Chrome/129.0.0.0 Safari/537.36"
177.38.181.160 - - [29/Jan/2025:22:37:13 -0600] "GET /favicon.ico HTTP/1.1" 200 - "http://impactplugin.calvarycrossag.com/assets/images/wcrmxg.php" "Mozilla/5.0 (Windows NT 10.0; Win64; x64) AppleWebKit/537.36 (KHTML, like Gecko) Chrome/130.0.0.0 Safari/537.36"
185.191.171.3 - - [29/Jan/2025:22:37:14 -0600] "GET /aqhrp/nami-robin-naked-video.html HTTP/1.1" 200 48447 "-" "Mozilla/5.0 (compatible; SemrushBot/7~bl; +http://www.semrush.com/bot.html)"
31.184.236.78 - - [29/Jan/2025:22:37:14 -0600] "GET /assets/images/gdkrkz.php HTTP/1.1" 200 - "-" "-"
201.71.144.76 - - [29/Jan/2025:22:37:11 -0600] "POST /assets/images/wcrmxg.php HTTP/1.1" 200 4027952 "http://impactplugin.calvarycrossag.com/assets/images/wcrmxg.php" "Mozilla/5.0 (Windows NT 10.0; Win64; x64) AppleWebKit/537.36 (KHTML, like Gecko) Chrome/130.0.0.0 Safari/537.36"
168.121.97.40 - - [29/Jan/2025:22:37:15 -0600] "GET /assets/images/wcrmxg.php HTTP/1.1" 200 5717 "-" "Mozilla/5.0 (Windows NT 10.0; Win64; x64) AppleWebKit/537.36 (KHTML, like Gecko) Chrome/130.0.0.0 Safari/537.36"
31.184.236.78 - - [29/Jan/2025:22:37:15 -0600] "GET /assets/images/gdkrkz.php HTTP/1.1" 200 - "-" "-"
31.184.236.78 - - [29/Jan/2025:22:37:16 -0600] "GET /assets/images/gdkrkz.php HTTP/1.1" 200 - "-" "-"
201.71.144.76 - - [29/Jan/2025:22:37:16 -0600] "GET /favicon.ico HTTP/1.1" 200 - "http://impactplugin.calvarycrossag.com/assets/images/wcrmxg.php" "Mozilla/5.0 (Windows NT 10.0; Win64; x64) AppleWebKit/537.36 (KHTML, like Gecko) Chrome/130.0.0.0 Safari/537.36"
31.184.236.78 - - [29/Jan/2025:22:37:17 -0600] "GET /assets/images/gdkrkz.php HTTP/1.1" 200 - "-" "-"
36.66.139.37 - - [29/Jan/2025:22:37:18 -0600] "GET /assets/images/wcrmxg.php HTTP/1.1" 200 5717 "-" "Mozilla/5.0 (Windows NT 10.0; Win64; x64) AppleWebKit/537.36 (KHTML, like Gecko) Chrome/130.0.0.0 Safari/537.36"
31.184.236.78 - - [29/Jan/2025:22:37:18 -0600] "GET /assets/images/gdkrkz.php HTTP/1.1" 200 - "-" "-"
201.158.48.90 - - [29/Jan/2025:22:37:19 -0600] "POST /assets/images/wcrmxg.php HTTP/1.1" 200 46229 "http://impactplugin.calvarycrossag.com/assets/images/wcrmxg.php" "Mozilla/5.0 (Windows NT 10.0; Win64; x64) AppleWebKit/537.36 (KHTML, like Gecko) Chrome/129.0.0.0 Safari/537.36"
2.58.21.151 - - [29/Jan/2025:22:37:20 -0600] "GET /assets/images/wcrmxg.php HTTP/1.1" 200 5717 "-" "Mozilla/5.0 (Windows NT 10.0; Win64; x64) AppleWebKit/537.36 (KHTML, like Gecko) Chrome/130.0.0.0 Safari/537.36"
2.58.21.151 - - [29/Jan/2025:22:37:20 -0600] "GET /favicon.ico HTTP/1.1" 200 - "http://impactplugin.calvarycrossag.com/assets/images/wcrmxg.php" "Mozilla/5.0 (Windows NT 10.0; Win64; x64) AppleWebKit/537.36 (KHTML, like Gecko) Chrome/130.0.0.0 Safari/537.36"
182.53.96.201 - - [29/Jan/2025:22:37:17 -0600] "POST /assets/images/wcrmxg.php HTTP/1.1" 200 2781132 "http://impactplugin.calvarycrossag.com/assets/images/wcrmxg.php" "Mozilla/5.0 (Windows NT 10.0; Win64; x64) AppleWebKit/537.36 (KHTML, like Gecko) Chrome/129.0.0.0 Safari/537.36"
201.158.48.90 - - [29/Jan/2025:22:37:20 -0600] "GET /favicon.ico HTTP/1.1" 200 - "http://impactplugin.calvarycrossag.com/assets/images/wcrmxg.php" "Mozilla/5.0 (Windows NT 10.0; Win64; x64) AppleWebKit/537.36 (KHTML, like Gecko) Chrome/129.0.0.0 Safari/537.36"
31.184.236.78 - - [29/Jan/2025:22:37:21 -0600] "GET /assets/images/gdkrkz.php HTTP/1.1" 200 - "-" "-"
95.170.119.191 - - [29/Jan/2025:22:37:22 -0600] "GET /assets/images/wcrmxg.php HTTP/1.1" 200 5717 "-" "Mozilla/5.0 (Windows NT 10.0; Win64; x64) AppleWebKit/537.36 (KHTML, like Gecko) Chrome/129.0.0.0 Safari/537.36"
182.53.96.201 - - [29/Jan/2025:22:37:22 -0600] "GET /favicon.ico HTTP/1.1" 200 - "http://impactplugin.calvarycrossag.com/assets/images/wcrmxg.php" "Mozilla/5.0 (Windows NT 10.0; Win64; x64) AppleWebKit/537.36 (KHTML, like Gecko) Chrome/129.0.0.0 Safari/537.36"
182.53.96.201 - - [29/Jan/2025:22:37:22 -0600] "POST /assets/images/wcrmxg.php HTTP/1.1" 200 46217 "http://impactplugin.calvarycrossag.com/assets/images/wcrmxg.php" "Mozilla/5.0 (Windows NT 10.0; Win64; x64) AppleWebKit/537.36 (KHTML, like Gecko) Chrome/130.0.0.0 Safari/537.36"
85.208.96.212 - - [29/Jan/2025:22:37:23 -0600] "GET /aqhrp/affordable-cremation-ok-city.html HTTP/1.1" 200 59605 "-" "Mozilla/5.0 (compatible; SemrushBot/7~bl; +http://www.semrush.com/bot.html)"
190.105.213.16 - - [29/Jan/2025:22:37:23 -0600] "GET /assets/images/wcrmxg.php HTTP/1.1" 200 5717 "-" "Mozilla/5.0 (Windows NT 10.0; Win64; x64) AppleWebKit/537.36 (KHTML, like Gecko) Chrome/129.0.0.0 Safari/537.36"
182.53.96.201 - - [29/Jan/2025:22:37:24 -0600] "GET /favicon.ico HTTP/1.1" 200 - "http://impactplugin.calvarycrossag.com/assets/images/wcrmxg.php" "Mozilla/5.0 (Windows NT 10.0; Win64; x64) AppleWebKit/537.36 (KHTML, like Gecko) Chrome/130.0.0.0 Safari/537.36"
31.184.236.78 - - [29/Jan/2025:22:37:24 -0600] "GET /assets/images/gdkrkz.php HTTP/1.1" 200 - "-" "-"
95.170.119.191 - - [29/Jan/2025:22:37:25 -0600] "GET /favicon.ico HTTP/1.1" 200 - "http://impactplugin.calvarycrossag.com/assets/images/wcrmxg.php" "Mozilla/5.0 (Windows NT 10.0; Win64; x64) AppleWebKit/537.36 (KHTML, like Gecko) Chrome/129.0.0.0 Safari/537.36"
78.138.173.232 - - [29/Jan/2025:22:37:25 -0600] "GET /assets/images/wcrmxg.php HTTP/1.1" 200 5717 "-" "Mozilla/5.0 (Windows NT 10.0; Win64; x64) AppleWebKit/537.36 (KHTML, like Gecko) Chrome/130.0.0.0 Safari/537.36"
168.121.97.40 - - [29/Jan/2025:22:37:25 -0600] "GET /favicon.ico HTTP/1.1" 200 - "http://impactplugin.calvarycrossag.com/assets/images/wcrmxg.php" "Mozilla/5.0 (Windows NT 10.0; Win64; x64) AppleWebKit/537.36 (KHTML, like Gecko) Chrome/130.0.0.0 Safari/537.36"
36.66.139.37 - - [29/Jan/2025:22:37:26 -0600] "GET /favicon.ico HTTP/1.1" 200 - "http://impactplugin.calvarycrossag.com/assets/images/wcrmxg.php" "Mozilla/5.0 (Windows NT 10.0; Win64; x64) AppleWebKit/537.36 (KHTML, like Gecko) Chrome/130.0.0.0 Safari/537.36"
78.138.173.232 - - [29/Jan/2025:22:37:27 -0600] "GET /favicon.ico HTTP/1.1" 200 - "http://impactplugin.calvarycrossag.com/assets/images/wcrmxg.php" "Mozilla/5.0 (Windows NT 10.0; Win64; x64) AppleWebKit/537.36 (KHTML, like Gecko) Chrome/130.0.0.0 Safari/537.36"
85.208.96.200 - - [29/Jan/2025:22:37:27 -0600] "GET /aqhrp/recept-za-pljeskavice-na-rostilju.html HTTP/1.1" 200 38234 "-" "Mozilla/5.0 (compatible; SemrushBot/7~bl; +http://www.semrush.com/bot.html)"
31.184.236.78 - - [29/Jan/2025:22:37:27 -0600] "GET /assets/images/gdkrkz.php HTTP/1.1" 200 - "-" "-"
31.184.236.78 - - [29/Jan/2025:22:37:30 -0600] "GET /assets/images/gdkrkz.php HTTP/1.1" 200 - "-" "-"
85.208.96.197 - - [29/Jan/2025:22:37:30 -0600] "GET /aqhrp/eva-taylor-blues.html HTTP/1.1" 200 18273 "-" "Mozilla/5.0 (compatible; SemrushBot/7~bl; +http://www.semrush.com/bot.html)"
168.121.97.40 - - [29/Jan/2025:22:37:33 -0600] "POST /assets/images/wcrmxg.php HTTP/1.1" 200 46239 "http://impactplugin.calvarycrossag.com/assets/images/wcrmxg.php" "Mozilla/5.0 (Windows NT 10.0; Win64; x64) AppleWebKit/537.36 (KHTML, like Gecko) Chrome/130.0.0.0 Safari/537.36"
168.121.97.40 - - [29/Jan/2025:22:37:35 -0600] "GET /favicon.ico HTTP/1.1" 200 - "http://impactplugin.calvarycrossag.com/assets/images/wcrmxg.php" "Mozilla/5.0 (Windows NT 10.0; Win64; x64) AppleWebKit/537.36 (KHTML, like Gecko) Chrome/130.0.0.0 Safari/537.36"
31.184.236.78 - - [29/Jan/2025:22:37:35 -0600] "GET /assets/images/gdkrkz.php HTTP/1.1" 200 - "-" "-"
201.71.144.76 - - [29/Jan/2025:22:37:35 -0600] "GET /assets/images/wcrmxg.php HTTP/1.1" 200 5717 "-" "Mozilla/5.0 (Windows NT 10.0; Win64; x64) AppleWebKit/537.36 (KHTML, like Gecko) Chrome/129.0.0.0 Safari/537.36"
31.184.236.78 - - [29/Jan/2025:22:37:35 -0600] "GET /assets/images/gdkrkz.php HTTP/1.1" 200 - "-" "-"
36.66.139.37 - - [29/Jan/2025:22:37:33 -0600] "POST /assets/images/wcrmxg.php HTTP/1.1" 200 4028035 "http://impactplugin.calvarycrossag.com/assets/images/wcrmxg.php" "Mozilla/5.0 (Windows NT 10.0; Win64; x64) AppleWebKit/537.36 (KHTML, like Gecko) Chrome/130.0.0.0 Safari/537.36"
91.211.37.36 - - [29/Jan/2025:22:37:37 -0600] "GET /assets/images/wcrmxg.php HTTP/1.1" 200 5717 "-" "Mozilla/5.0 (Windows NT 10.0; Win64; x64) AppleWebKit/537.36 (KHTML, like Gecko) Chrome/130.0.0.0 Safari/537.36"
31.184.236.42 - - [29/Jan/2025:22:37:38 -0600] "GET /assets/images/gdkrkz.php HTTP/1.1" 200 - "-" "-"
36.66.139.37 - - [29/Jan/2025:22:37:39 -0600] "GET /favicon.ico HTTP/1.1" 200 - "http://impactplugin.calvarycrossag.com/assets/images/wcrmxg.php" "Mozilla/5.0 (Windows NT 10.0; Win64; x64) AppleWebKit/537.36 (KHTML, like Gecko) Chrome/130.0.0.0 Safari/537.36"
91.211.37.36 - - [29/Jan/2025:22:37:40 -0600] "GET /favicon.ico HTTP/1.1" 200 - "http://impactplugin.calvarycrossag.com/assets/images/wcrmxg.php" "Mozilla/5.0 (Windows NT 10.0; Win64; x64) AppleWebKit/537.36 (KHTML, like Gecko) Chrome/130.0.0.0 Safari/537.36"
31.184.236.78 - - [29/Jan/2025:22:37:41 -0600] "GET /assets/images/gdkrkz.php HTTP/1.1" 200 - "-" "-"
91.211.37.36 - - [29/Jan/2025:22:37:42 -0600] "POST /assets/images/wcrmxg.php HTTP/1.1" 200 46246 "http://impactplugin.calvarycrossag.com/assets/images/wcrmxg.php" "Mozilla/5.0 (Windows NT 10.0; Win64; x64) AppleWebKit/537.36 (KHTML, like Gecko) Chrome/129.0.0.0 Safari/537.36"
201.71.144.76 - - [29/Jan/2025:22:37:43 -0600] "GET /favicon.ico HTTP/1.1" 200 - "http://impactplugin.calvarycrossag.com/assets/images/wcrmxg.php" "Mozilla/5.0 (Windows NT 10.0; Win64; x64) AppleWebKit/537.36 (KHTML, like Gecko) Chrome/129.0.0.0 Safari/537.36"
91.211.37.36 - - [29/Jan/2025:22:37:43 -0600] "GET /favicon.ico HTTP/1.1" 200 - "http://impactplugin.calvarycrossag.com/assets/images/wcrmxg.php" "Mozilla/5.0 (Windows NT 10.0; Win64; x64) AppleWebKit/537.36 (KHTML, like Gecko) Chrome/129.0.0.0 Safari/537.36"
85.208.96.212 - - [29/Jan/2025:22:37:45 -0600] "GET /aqhrp/wisconsin-inmate-lookup.html HTTP/1.1" 200 53226 "-" "Mozilla/5.0 (compatible; SemrushBot/7~bl; +http://www.semrush.com/bot.html)"
95.170.119.191 - - [29/Jan/2025:22:37:36 -0600] "POST /assets/images/wcrmxg.php HTTP/1.1" 200 4028076 "http://impactplugin.calvarycrossag.com/assets/images/wcrmxg.php" "Mozilla/5.0 (Windows NT 10.0; Win64; x64) AppleWebKit/537.36 (KHTML, like Gecko) Chrome/129.0.0.0 Safari/537.36"
95.170.119.191 - - [29/Jan/2025:22:37:47 -0600] "GET /favicon.ico HTTP/1.1" 200 - "http://impactplugin.calvarycrossag.com/assets/images/wcrmxg.php" "Mozilla/5.0 (Windows NT 10.0; Win64; x64) AppleWebKit/537.36 (KHTML, like Gecko) Chrome/129.0.0.0 Safari/537.36"
14.102.155.62 - - [29/Jan/2025:22:37:47 -0600] "GET /assets/images/wcrmxg.php HTTP/1.1" 200 5717 "-" "Mozilla/5.0 (Windows NT 10.0; Win64; x64) AppleWebKit/537.36 (KHTML, like Gecko) Chrome/129.0.0.0 Safari/537.36"
31.184.236.78 - - [29/Jan/2025:22:37:48 -0600] "GET /assets/images/gdkrkz.php HTTP/1.1" 200 - "-" "-"
31.184.236.78 - - [29/Jan/2025:22:37:48 -0600] "GET /assets/images/gdkrkz.php HTTP/1.1" 200 - "-" "-"
31.184.236.78 - - [29/Jan/2025:22:37:52 -0600] "GET /assets/images/gdkrkz.php HTTP/1.1" 200 - "-" "-"
95.170.119.191 - - [29/Jan/2025:22:37:52 -0600] "GET /assets/images/wcrmxg.php HTTP/1.1" 200 5717 "-" "Mozilla/5.0 (Windows NT 10.0; Win64; x64) AppleWebKit/537.36 (KHTML, like Gecko) Chrome/130.0.0.0 Safari/537.36"
179.124.139.209 - - [29/Jan/2025:22:37:52 -0600] "GET /assets/images/wcrmxg.php HTTP/1.1" 200 5717 "-" "Mozilla/5.0 (Windows NT 10.0; Win64; x64) AppleWebKit/537.36 (KHTML, like Gecko) Chrome/129.0.0.0 Safari/537.36"
77.79.133.61 - - [29/Jan/2025:22:37:53 -0600] "GET /assets/images/wcrmxg.php HTTP/1.1" 200 5717 "-" "Mozilla/5.0 (Windows NT 10.0; Win64; x64) AppleWebKit/537.36 (KHTML, like Gecko) Chrome/129.0.0.0 Safari/537.36"
31.184.236.78 - - [29/Jan/2025:22:37:53 -0600] "GET /assets/images/gdkrkz.php HTTP/1.1" 200 - "-" "-"
14.102.155.62 - - [29/Jan/2025:22:37:54 -0600] "GET /favicon.ico HTTP/1.1" 200 - "http://impactplugin.calvarycrossag.com/assets/images/wcrmxg.php" "Mozilla/5.0 (Windows NT 10.0; Win64; x64) AppleWebKit/537.36 (KHTML, like Gecko) Chrome/129.0.0.0 Safari/537.36"
103.36.35.134 - - [29/Jan/2025:22:37:55 -0600] "GET /assets/images/wcrmxg.php HTTP/1.1" 200 5717 "-" "Mozilla/5.0 (Windows NT 10.0; Win64; x64) AppleWebKit/537.36 (KHTML, like Gecko) Chrome/129.0.0.0 Safari/537.36"
95.170.119.191 - - [29/Jan/2025:22:37:55 -0600] "GET /favicon.ico HTTP/1.1" 200 - "http://impactplugin.calvarycrossag.com/assets/images/wcrmxg.php" "Mozilla/5.0 (Windows NT 10.0; Win64; x64) AppleWebKit/537.36 (KHTML, like Gecko) Chrome/130.0.0.0 Safari/537.36"
77.79.133.61 - - [29/Jan/2025:22:37:55 -0600] "GET /favicon.ico HTTP/1.1" 200 - "http://impactplugin.calvarycrossag.com/assets/images/wcrmxg.php" "Mozilla/5.0 (Windows NT 10.0; Win64; x64) AppleWebKit/537.36 (KHTML, like Gecko) Chrome/129.0.0.0 Safari/537.36"
85.208.96.212 - - [29/Jan/2025:22:37:56 -0600] "GET /fblslia/fda-approved-vagus-nerve-stimulator.html HTTP/1.1" 200 44204 "-" "Mozilla/5.0 (compatible; SemrushBot/7~bl; +http://www.semrush.com/bot.html)"
