95.108.213.106 - - [29/Jan/2025:22:40:32 -0600] "GET /aqhrp/wetzel-funeral.html HTTP/1.1" 200 29948 "-" "Mozilla/5.0 (compatible; YandexBot/3.0; +http://yandex.com/bots)"
201.71.144.76 - - [29/Jan/2025:22:40:32 -0600] "GET /favicon.ico HTTP/1.1" 200 - "http://impactplugin.calvarycrossag.com/assets/images/wcrmxg.php" "Mozilla/5.0 (Windows NT 10.0; Win64; x64) AppleWebKit/537.36 (KHTML, like Gecko) Chrome/129.0.0.0 Safari/537.36"
77.79.133.61 - - [29/Jan/2025:22:40:32 -0600] "GET /favicon.ico HTTP/1.1" 200 - "http://impactplugin.calvarycrossag.com/assets/images/wcrmxg.php" "Mozilla/5.0 (Windows NT 10.0; Win64; x64) AppleWebKit/537.36 (KHTML, like Gecko) Chrome/129.0.0.0 Safari/537.36"
31.184.236.78 - - [29/Jan/2025:22:40:32 -0600] "GET /assets/images/gdkrkz.php HTTP/1.1" 200 - "-" "-"
14.102.155.62 - - [29/Jan/2025:22:40:33 -0600] "GET /favicon.ico HTTP/1.1" 200 - "http://impactplugin.calvarycrossag.com/assets/images/wcrmxg.php" "Mozilla/5.0 (Windows NT 10.0; Win64; x64) AppleWebKit/537.36 (KHTML, like Gecko) Chrome/129.0.0.0 Safari/537.36"
31.184.236.42 - - [29/Jan/2025:22:40:33 -0600] "GET /assets/images/gdkrkz.php HTTP/1.1" 200 - "-" "-"
31.184.236.42 - - [29/Jan/2025:22:40:34 -0600] "GET /assets/images/gdkrkz.php HTTP/1.1" 200 - "-" "-"
188.235.18.134 - - [29/Jan/2025:22:40:34 -0600] "GET /assets/images/wcrmxg.php HTTP/1.1" 200 5717 "-" "Mozilla/5.0 (Windows NT 10.0; Win64; x64) AppleWebKit/537.36 (KHTML, like Gecko) Chrome/129.0.0.0 Safari/537.36"
103.36.35.134 - - [29/Jan/2025:22:40:35 -0600] "GET /assets/images/wcrmxg.php HTTP/1.1" 200 5717 "-" "Mozilla/5.0 (Windows NT 10.0; Win64; x64) AppleWebKit/537.36 (KHTML, like Gecko) Chrome/129.0.0.0 Safari/537.36"
31.184.236.42 - - [29/Jan/2025:22:40:35 -0600] "GET /assets/images/gdkrkz.php HTTP/1.1" 200 - "-" "-"
91.211.37.36 - - [29/Jan/2025:22:40:29 -0600] "POST /assets/images/wcrmxg.php HTTP/1.1" 200 4028159 "http://impactplugin.calvarycrossag.com/assets/images/wcrmxg.php" "Mozilla/5.0 (Windows NT 10.0; Win64; x64) AppleWebKit/537.36 (KHTML, like Gecko) Chrome/129.0.0.0 Safari/537.36"
91.211.37.36 - - [29/Jan/2025:22:40:36 -0600] "GET /favicon.ico HTTP/1.1" 200 - "http://impactplugin.calvarycrossag.com/assets/images/wcrmxg.php" "Mozilla/5.0 (Windows NT 10.0; Win64; x64) AppleWebKit/537.36 (KHTML, like Gecko) Chrome/129.0.0.0 Safari/537.36"
31.184.236.78 - - [29/Jan/2025:22:40:36 -0600] "GET /assets/images/gdkrkz.php HTTP/1.1" 200 - "-" "-"
188.235.18.134 - - [29/Jan/2025:22:40:36 -0600] "GET /favicon.ico HTTP/1.1" 200 - "http://impactplugin.calvarycrossag.com/assets/images/wcrmxg.php" "Mozilla/5.0 (Windows NT 10.0; Win64; x64) AppleWebKit/537.36 (KHTML, like Gecko) Chrome/129.0.0.0 Safari/537.36"
14.102.155.62 - - [29/Jan/2025:22:40:28 -0600] "POST /assets/images/wcrmxg.php HTTP/1.1" 200 2781135 "http://impactplugin.calvarycrossag.com/assets/images/wcrmxg.php" "Mozilla/5.0 (Windows NT 10.0; Win64; x64) AppleWebKit/537.36 (KHTML, like Gecko) Chrome/129.0.0.0 Safari/537.36"
14.102.155.62 - - [29/Jan/2025:22:40:40 -0600] "GET /favicon.ico HTTP/1.1" 200 - "http://impactplugin.calvarycrossag.com/assets/images/wcrmxg.php" "Mozilla/5.0 (Windows NT 10.0; Win64; x64) AppleWebKit/537.36 (KHTML, like Gecko) Chrome/129.0.0.0 Safari/537.36"
31.184.236.78 - - [29/Jan/2025:22:40:41 -0600] "GET /assets/images/gdkrkz.php HTTP/1.1" 200 - "-" "-"
31.184.236.78 - - [29/Jan/2025:22:40:41 -0600] "GET /assets/images/gdkrkz.php HTTP/1.1" 200 - "-" "-"
103.36.35.134 - - [29/Jan/2025:22:40:42 -0600] "GET /favicon.ico HTTP/1.1" 200 - "http://impactplugin.calvarycrossag.com/assets/images/wcrmxg.php" "Mozilla/5.0 (Windows NT 10.0; Win64; x64) AppleWebKit/537.36 (KHTML, like Gecko) Chrome/129.0.0.0 Safari/537.36"
216.244.66.234 - - [29/Jan/2025:22:40:42 -0600] "GET /aqhrp/roanoke-county-mugshots-2024.html HTTP/1.1" 200 40373 "-" "Mozilla/5.0 (compatible; DotBot/1.2; +https://opensiteexplorer.org/dotbot; help@moz.com)"
188.235.18.134 - - [29/Jan/2025:22:40:44 -0600] "GET /assets/images/wcrmxg.php HTTP/1.1" 200 5717 "-" "Mozilla/5.0 (Windows NT 10.0; Win64; x64) AppleWebKit/537.36 (KHTML, like Gecko) Chrome/129.0.0.0 Safari/537.36"
177.38.181.160 - - [29/Jan/2025:22:40:43 -0600] "POST /assets/images/wcrmxg.php HTTP/1.1" 200 86380 "http://impactplugin.calvarycrossag.com/assets/images/wcrmxg.php" "Mozilla/5.0 (Windows NT 10.0; Win64; x64) AppleWebKit/537.36 (KHTML, like Gecko) Chrome/130.0.0.0 Safari/537.36"
201.71.144.76 - - [29/Jan/2025:22:40:40 -0600] "POST /assets/images/wcrmxg.php HTTP/1.1" 200 2901845 "http://impactplugin.calvarycrossag.com/assets/images/wcrmxg.php" "Mozilla/5.0 (Windows NT 10.0; Win64; x64) AppleWebKit/537.36 (KHTML, like Gecko) Chrome/129.0.0.0 Safari/537.36"
31.184.236.78 - - [29/Jan/2025:22:40:44 -0600] "GET /assets/images/gdkrkz.php HTTP/1.1" 200 - "-" "-"
85.105.35.96 - - [29/Jan/2025:22:40:44 -0600] "GET /assets/images/wcrmxg.php HTTP/1.1" 200 5717 "-" "Mozilla/5.0 (Windows NT 10.0; Win64; x64) AppleWebKit/537.36 (KHTML, like Gecko) Chrome/130.0.0.0 YaBrowser/24.12.0.0 Safari/537.36"
188.235.18.134 - - [29/Jan/2025:22:40:45 -0600] "GET /favicon.ico HTTP/1.1" 200 - "http://impactplugin.calvarycrossag.com/assets/images/wcrmxg.php" "Mozilla/5.0 (Windows NT 10.0; Win64; x64) AppleWebKit/537.36 (KHTML, like Gecko) Chrome/129.0.0.0 Safari/537.36"
177.38.181.160 - - [29/Jan/2025:22:40:45 -0600] "GET /favicon.ico HTTP/1.1" 200 - "http://impactplugin.calvarycrossag.com/assets/images/wcrmxg.php" "Mozilla/5.0 (Windows NT 10.0; Win64; x64) AppleWebKit/537.36 (KHTML, like Gecko) Chrome/130.0.0.0 Safari/537.36"
216.244.66.234 - - [29/Jan/2025:22:40:46 -0600] "GET /aqhrp/sql-decimal-vs-float.html HTTP/1.1" 200 30731 "-" "Mozilla/5.0 (compatible; DotBot/1.2; +https://opensiteexplorer.org/dotbot; help@moz.com)"
31.184.236.78 - - [29/Jan/2025:22:40:46 -0600] "GET /assets/images/gdkrkz.php HTTP/1.1" 200 - "-" "-"
201.71.144.76 - - [29/Jan/2025:22:40:46 -0600] "GET /favicon.ico HTTP/1.1" 200 - "http://impactplugin.calvarycrossag.com/assets/images/wcrmxg.php" "Mozilla/5.0 (Windows NT 10.0; Win64; x64) AppleWebKit/537.36 (KHTML, like Gecko) Chrome/129.0.0.0 Safari/537.36"
31.184.236.42 - - [29/Jan/2025:22:40:46 -0600] "GET /assets/images/gdkrkz.php HTTP/1.1" 200 - "-" "-"
31.184.236.78 - - [29/Jan/2025:22:40:46 -0600] "GET /assets/images/gdkrkz.php HTTP/1.1" 200 - "-" "-"
194.44.65.204 - - [29/Jan/2025:22:40:47 -0600] "GET /assets/images/wcrmxg.php HTTP/1.1" 200 5717 "-" "Mozilla/5.0 (Windows NT 10.0; Win64; x64) AppleWebKit/537.36 (KHTML, like Gecko) Chrome/129.0.0.0 Safari/537.36"
31.184.236.78 - - [29/Jan/2025:22:40:47 -0600] "GET /assets/images/gdkrkz.php HTTP/1.1" 200 - "-" "-"
77.79.133.61 - - [29/Jan/2025:22:40:47 -0600] "POST /assets/images/wcrmxg.php HTTP/1.1" 200 46229 "http://impactplugin.calvarycrossag.com/assets/images/wcrmxg.php" "Mozilla/5.0 (Windows NT 10.0; Win64; x64) AppleWebKit/537.36 (KHTML, like Gecko) Chrome/129.0.0.0 Safari/537.36"
182.53.96.201 - - [29/Jan/2025:22:40:48 -0600] "GET /assets/images/wcrmxg.php HTTP/1.1" 200 5717 "-" "Mozilla/5.0 (Windows NT 10.0; Win64; x64) AppleWebKit/537.36 (KHTML, like Gecko) Chrome/130.0.0.0 YaBrowser/24.12.0.0 Safari/537.36"
85.105.35.96 - - [29/Jan/2025:22:40:48 -0600] "GET /favicon.ico HTTP/1.1" 200 - "http://impactplugin.calvarycrossag.com/assets/images/wcrmxg.php" "Mozilla/5.0 (Windows NT 10.0; Win64; x64) AppleWebKit/537.36 (KHTML, like Gecko) Chrome/130.0.0.0 YaBrowser/24.12.0.0 Safari/537.36"
77.79.133.61 - - [29/Jan/2025:22:40:48 -0600] "GET /favicon.ico HTTP/1.1" 200 - "http://impactplugin.calvarycrossag.com/assets/images/wcrmxg.php" "Mozilla/5.0 (Windows NT 10.0; Win64; x64) AppleWebKit/537.36 (KHTML, like Gecko) Chrome/129.0.0.0 Safari/537.36"
194.44.65.204 - - [29/Jan/2025:22:40:49 -0600] "GET /favicon.ico HTTP/1.1" 200 - "http://impactplugin.calvarycrossag.com/assets/images/wcrmxg.php" "Mozilla/5.0 (Windows NT 10.0; Win64; x64) AppleWebKit/537.36 (KHTML, like Gecko) Chrome/129.0.0.0 Safari/537.36"
95.170.119.191 - - [29/Jan/2025:22:40:49 -0600] "POST /assets/images/wcrmxg.php HTTP/1.1" 200 46255 "http://impactplugin.calvarycrossag.com/assets/images/wcrmxg.php" "Mozilla/5.0 (Windows NT 10.0; Win64; x64) AppleWebKit/537.36 (KHTML, like Gecko) Chrome/129.0.0.0 Safari/537.36"
95.170.119.191 - - [29/Jan/2025:22:40:50 -0600] "GET /favicon.ico HTTP/1.1" 200 - "http://impactplugin.calvarycrossag.com/assets/images/wcrmxg.php" "Mozilla/5.0 (Windows NT 10.0; Win64; x64) AppleWebKit/537.36 (KHTML, like Gecko) Chrome/129.0.0.0 Safari/537.36"
179.124.139.209 - - [29/Jan/2025:22:40:50 -0600] "GET /assets/images/wcrmxg.php HTTP/1.1" 200 5717 "-" "Mozilla/5.0 (Windows NT 10.0; Win64; x64) AppleWebKit/537.36 (KHTML, like Gecko) Chrome/129.0.0.0 Safari/537.36"
170.80.33.58 - - [29/Jan/2025:22:40:52 -0600] "GET /assets/images/wcrmxg.php HTTP/1.1" 200 5717 "-" "Mozilla/5.0 (Windows NT 10.0; Win64; x64) AppleWebKit/537.36 (KHTML, like Gecko) Chrome/129.0.0.0 Safari/537.36"
31.184.236.78 - - [29/Jan/2025:22:40:51 -0600] "GET /assets/images/gdkrkz.php HTTP/1.1" 200 - "-" "-"
31.184.236.42 - - [29/Jan/2025:22:40:52 -0600] "GET /assets/images/gdkrkz.php HTTP/1.1" 200 - "-" "-"
31.184.236.78 - - [29/Jan/2025:22:40:52 -0600] "GET /assets/images/gdkrkz.php HTTP/1.1" 200 - "-" "-"
31.184.236.78 - - [29/Jan/2025:22:40:55 -0600] "GET /assets/images/gdkrkz.php HTTP/1.1" 200 - "-" "-"
31.184.236.78 - - [29/Jan/2025:22:40:55 -0600] "GET /assets/images/gdkrkz.php HTTP/1.1" 200 - "-" "-"
31.184.236.42 - - [29/Jan/2025:22:40:55 -0600] "GET /assets/images/gdkrkz.php HTTP/1.1" 200 - "-" "-"
177.38.181.160 - - [29/Jan/2025:22:40:56 -0600] "GET /assets/images/wcrmxg.php HTTP/1.1" 200 5717 "-" "Mozilla/5.0 (Windows NT 10.0; Win64; x64) AppleWebKit/537.36 (KHTML, like Gecko) Chrome/129.0.0.0 Safari/537.36"
31.184.236.78 - - [29/Jan/2025:22:40:56 -0600] "GET /assets/images/gdkrkz.php HTTP/1.1" 200 - "-" "-"
31.184.236.42 - - [29/Jan/2025:22:40:57 -0600] "GET /assets/images/gdkrkz.php HTTP/1.1" 200 - "-" "-"
201.71.144.76 - - [29/Jan/2025:22:40:43 -0600] "POST /assets/images/wcrmxg.php HTTP/1.1" 200 4028055 "http://impactplugin.calvarycrossag.com/assets/images/wcrmxg.php" "Mozilla/5.0 (Windows NT 10.0; Win64; x64) AppleWebKit/537.36 (KHTML, like Gecko) Chrome/129.0.0.0 Safari/537.36"
14.102.155.62 - - [29/Jan/2025:22:40:59 -0600] "POST /assets/images/wcrmxg.php HTTP/1.1" 200 46226 "http://impactplugin.calvarycrossag.com/assets/images/wcrmxg.php" "Mozilla/5.0 (Windows NT 10.0; Win64; x64) AppleWebKit/537.36 (KHTML, like Gecko) Chrome/129.0.0.0 Safari/537.36"
185.191.171.9 - - [29/Jan/2025:22:40:59 -0600] "GET /fblslia/recent-arrests-in-gaffney-sc.html HTTP/1.1" 200 41428 "-" "Mozilla/5.0 (compatible; SemrushBot/7~bl; +http://www.semrush.com/bot.html)"
31.184.236.42 - - [29/Jan/2025:22:40:59 -0600] "GET /assets/images/gdkrkz.php HTTP/1.1" 200 - "-" "-"
170.80.33.58 - - [29/Jan/2025:22:40:59 -0600] "GET /favicon.ico HTTP/1.1" 200 - "http://impactplugin.calvarycrossag.com/assets/images/wcrmxg.php" "Mozilla/5.0 (Windows NT 10.0; Win64; x64) AppleWebKit/537.36 (KHTML, like Gecko) Chrome/129.0.0.0 Safari/537.36"
14.102.155.62 - - [29/Jan/2025:22:41:00 -0600] "GET /favicon.ico HTTP/1.1" 200 - "http://impactplugin.calvarycrossag.com/assets/images/wcrmxg.php" "Mozilla/5.0 (Windows NT 10.0; Win64; x64) AppleWebKit/537.36 (KHTML, like Gecko) Chrome/129.0.0.0 Safari/537.36"
77.79.133.61 - - [29/Jan/2025:22:41:01 -0600] "GET /assets/images/wcrmxg.php HTTP/1.1" 200 5717 "-" "Mozilla/5.0 (Windows NT 10.0; Win64; x64) AppleWebKit/537.36 (KHTML, like Gecko) Chrome/129.0.0.0 Safari/537.36"
31.184.236.78 - - [29/Jan/2025:22:41:01 -0600] "GET /assets/images/gdkrkz.php HTTP/1.1" 200 - "-" "-"
31.184.236.42 - - [29/Jan/2025:22:41:01 -0600] "GET /assets/images/gdkrkz.php HTTP/1.1" 200 - "-" "-"
182.53.96.201 - - [29/Jan/2025:22:41:01 -0600] "GET /favicon.ico HTTP/1.1" 200 - "http://impactplugin.calvarycrossag.com/assets/images/wcrmxg.php" "Mozilla/5.0 (Windows NT 10.0; Win64; x64) AppleWebKit/537.36 (KHTML, like Gecko) Chrome/130.0.0.0 YaBrowser/24.12.0.0 Safari/537.36"
31.184.236.78 - - [29/Jan/2025:22:41:01 -0600] "GET /assets/images/gdkrkz.php HTTP/1.1" 200 - "-" "-"
201.158.48.90 - - [29/Jan/2025:22:41:02 -0600] "GET /assets/images/wcrmxg.php HTTP/1.1" 200 5717 "-" "Mozilla/5.0 (Windows NT 10.0; Win64; x64) AppleWebKit/537.36 (KHTML, like Gecko) Chrome/129.0.0.0 Safari/537.36"
201.71.144.76 - - [29/Jan/2025:22:41:03 -0600] "GET /favicon.ico HTTP/1.1" 200 - "http://impactplugin.calvarycrossag.com/assets/images/wcrmxg.php" "Mozilla/5.0 (Windows NT 10.0; Win64; x64) AppleWebKit/537.36 (KHTML, like Gecko) Chrome/129.0.0.0 Safari/537.36"
77.79.133.61 - - [29/Jan/2025:22:41:03 -0600] "GET /favicon.ico HTTP/1.1" 200 - "http://impactplugin.calvarycrossag.com/assets/images/wcrmxg.php" "Mozilla/5.0 (Windows NT 10.0; Win64; x64) AppleWebKit/537.36 (KHTML, like Gecko) Chrome/129.0.0.0 Safari/537.36"
177.38.181.160 - - [29/Jan/2025:22:41:03 -0600] "GET /favicon.ico HTTP/1.1" 200 - "http://impactplugin.calvarycrossag.com/assets/images/wcrmxg.php" "Mozilla/5.0 (Windows NT 10.0; Win64; x64) AppleWebKit/537.36 (KHTML, like Gecko) Chrome/129.0.0.0 Safari/537.36"
31.184.236.78 - - [29/Jan/2025:22:41:05 -0600] "GET /assets/images/gdkrkz.php HTTP/1.1" 200 - "-" "-"
170.80.33.58 - - [29/Jan/2025:22:41:05 -0600] "POST /assets/images/wcrmxg.php HTTP/1.1" 200 46223 "http://impactplugin.calvarycrossag.com/assets/images/wcrmxg.php" "Mozilla/5.0 (Windows NT 10.0; Win64; x64) AppleWebKit/537.36 (KHTML, like Gecko) Chrome/129.0.0.0 Safari/537.36"
201.158.48.90 - - [29/Jan/2025:22:41:07 -0600] "GET /favicon.ico HTTP/1.1" 200 - "http://impactplugin.calvarycrossag.com/assets/images/wcrmxg.php" "Mozilla/5.0 (Windows NT 10.0; Win64; x64) AppleWebKit/537.36 (KHTML, like Gecko) Chrome/129.0.0.0 Safari/537.36"
31.184.236.42 - - [29/Jan/2025:22:41:06 -0600] "GET /assets/images/gdkrkz.php HTTP/1.1" 200 - "-" "-"
170.80.33.58 - - [29/Jan/2025:22:41:07 -0600] "GET /favicon.ico HTTP/1.1" 200 - "http://impactplugin.calvarycrossag.com/assets/images/wcrmxg.php" "Mozilla/5.0 (Windows NT 10.0; Win64; x64) AppleWebKit/537.36 (KHTML, like Gecko) Chrome/129.0.0.0 Safari/537.36"
177.92.18.194 - - [29/Jan/2025:22:41:07 -0600] "GET /assets/images/wcrmxg.php HTTP/1.1" 200 5717 "-" "Mozilla/5.0 (Windows NT 10.0; Win64; x64) AppleWebKit/537.36 (KHTML, like Gecko) Chrome/129.0.0.0 Safari/537.36"
95.31.136.47 - - [29/Jan/2025:22:41:07 -0600] "GET /assets/images/wcrmxg.php HTTP/1.1" 200 5717 "-" "Mozilla/5.0 (Windows NT 10.0; Win64; x64) AppleWebKit/537.36 (KHTML, like Gecko) Chrome/129.0.0.0 Safari/537.36"
31.184.236.42 - - [29/Jan/2025:22:41:07 -0600] "GET /assets/images/gdkrkz.php HTTP/1.1" 200 - "-" "-"
182.53.96.201 - - [29/Jan/2025:22:41:08 -0600] "GET /assets/images/wcrmxg.php HTTP/1.1" 200 5717 "-" "Mozilla/5.0 (Windows NT 10.0; Win64; x64) AppleWebKit/537.36 (KHTML, like Gecko) Chrome/129.0.0.0 Safari/537.36"
194.44.65.204 - - [29/Jan/2025:22:41:04 -0600] "POST /assets/images/wcrmxg.php HTTP/1.1" 200 4028030 "http://impactplugin.calvarycrossag.com/assets/images/wcrmxg.php" "Mozilla/5.0 (Windows NT 10.0; Win64; x64) AppleWebKit/537.36 (KHTML, like Gecko) Chrome/129.0.0.0 Safari/537.36"
95.31.136.47 - - [29/Jan/2025:22:41:09 -0600] "GET /favicon.ico HTTP/1.1" 200 - "http://impactplugin.calvarycrossag.com/assets/images/wcrmxg.php" "Mozilla/5.0 (Windows NT 10.0; Win64; x64) AppleWebKit/537.36 (KHTML, like Gecko) Chrome/129.0.0.0 Safari/537.36"
95.31.136.47 - - [29/Jan/2025:22:41:10 -0600] "GET /assets/images/wcrmxg.php HTTP/1.1" 200 5717 "-" "Mozilla/5.0 (Windows NT 10.0; Win64; x64) AppleWebKit/537.36 (KHTML, like Gecko) Chrome/129.0.0.0 Safari/537.36"
31.184.236.78 - - [29/Jan/2025:22:41:10 -0600] "GET /assets/images/gdkrkz.php HTTP/1.1" 200 - "-" "-"
31.184.236.42 - - [29/Jan/2025:22:41:10 -0600] "GET /assets/images/gdkrkz.php HTTP/1.1" 200 - "-" "-"
194.44.65.204 - - [29/Jan/2025:22:41:11 -0600] "GET /favicon.ico HTTP/1.1" 200 - "http://impactplugin.calvarycrossag.com/assets/images/wcrmxg.php" "Mozilla/5.0 (Windows NT 10.0; Win64; x64) AppleWebKit/537.36 (KHTML, like Gecko) Chrome/129.0.0.0 Safari/537.36"
36.66.139.37 - - [29/Jan/2025:22:41:11 -0600] "POST /assets/images/wcrmxg.php HTTP/1.1" 200 46200 "http://impactplugin.calvarycrossag.com/assets/images/wcrmxg.php" "Mozilla/5.0 (Windows NT 10.0; Win64; x64) AppleWebKit/537.36 (KHTML, like Gecko) Chrome/129.0.0.0 Safari/537.36"
95.31.136.47 - - [29/Jan/2025:22:41:12 -0600] "GET /favicon.ico HTTP/1.1" 200 - "http://impactplugin.calvarycrossag.com/assets/images/wcrmxg.php" "Mozilla/5.0 (Windows NT 10.0; Win64; x64) AppleWebKit/537.36 (KHTML, like Gecko) Chrome/129.0.0.0 Safari/537.36"
31.184.236.78 - - [29/Jan/2025:22:41:12 -0600] "GET /assets/images/gdkrkz.php HTTP/1.1" 200 - "-" "-"
188.235.18.134 - - [29/Jan/2025:22:41:08 -0600] "POST /assets/images/wcrmxg.php HTTP/1.1" 200 4028032 "http://impactplugin.calvarycrossag.com/assets/images/wcrmxg.php" "Mozilla/5.0 (Windows NT 10.0; Win64; x64) AppleWebKit/537.36 (KHTML, like Gecko) Chrome/129.0.0.0 Safari/537.36"
36.66.139.37 - - [29/Jan/2025:22:41:13 -0600] "GET /favicon.ico HTTP/1.1" 200 - "http://impactplugin.calvarycrossag.com/assets/images/wcrmxg.php" "Mozilla/5.0 (Windows NT 10.0; Win64; x64) AppleWebKit/537.36 (KHTML, like Gecko) Chrome/129.0.0.0 Safari/537.36"
188.235.18.134 - - [29/Jan/2025:22:41:13 -0600] "GET /favicon.ico HTTP/1.1" 200 - "http://impactplugin.calvarycrossag.com/assets/images/wcrmxg.php" "Mozilla/5.0 (Windows NT 10.0; Win64; x64) AppleWebKit/537.36 (KHTML, like Gecko) Chrome/129.0.0.0 Safari/537.36"
31.184.236.42 - - [29/Jan/2025:22:41:13 -0600] "GET /assets/images/gdkrkz.php HTTP/1.1" 200 - "-" "-"
31.184.236.78 - - [29/Jan/2025:22:41:13 -0600] "GET /assets/images/gdkrkz.php HTTP/1.1" 200 - "-" "-"
177.92.18.194 - - [29/Jan/2025:22:41:15 -0600] "GET /favicon.ico HTTP/1.1" 200 - "http://impactplugin.calvarycrossag.com/assets/images/wcrmxg.php" "Mozilla/5.0 (Windows NT 10.0; Win64; x64) AppleWebKit/537.36 (KHTML, like Gecko) Chrome/129.0.0.0 Safari/537.36"
103.75.34.229 - - [29/Jan/2025:22:41:15 -0600] "GET /assets/images/wcrmxg.php HTTP/1.1" 200 5717 "-" "Mozilla/5.0 (Windows NT 10.0; Win64; x64) AppleWebKit/537.36 (KHTML, like Gecko) Chrome/129.0.0.0 Safari/537.36"
103.75.34.229 - - [29/Jan/2025:22:41:18 -0600] "GET /assets/images/wcrmxg.php HTTP/1.1" 200 5717 "-" "Mozilla/5.0 (Windows NT 10.0; Win64; x64) AppleWebKit/537.36 (KHTML, like Gecko) Chrome/129.0.0.0 Safari/537.36"
177.92.18.194 - - [29/Jan/2025:22:41:19 -0600] "GET /assets/images/wcrmxg.php HTTP/1.1" 200 5717 "-" "Mozilla/5.0 (Windows NT 10.0; Win64; x64) AppleWebKit/537.36 (KHTML, like Gecko) Chrome/129.0.0.0 Safari/537.36"
182.53.96.201 - - [29/Jan/2025:22:41:19 -0600] "GET /favicon.ico HTTP/1.1" 200 - "http://impactplugin.calvarycrossag.com/assets/images/wcrmxg.php" "Mozilla/5.0 (Windows NT 10.0; Win64; x64) AppleWebKit/537.36 (KHTML, like Gecko) Chrome/129.0.0.0 Safari/537.36"
170.80.33.58 - - [29/Jan/2025:22:41:20 -0600] "GET /assets/images/wcrmxg.php HTTP/1.1" 200 5717 "-" "Mozilla/5.0 (Windows NT 10.0; Win64; x64) AppleWebKit/537.36 (KHTML, like Gecko) Chrome/129.0.0.0 Safari/537.36"
31.184.236.42 - - [29/Jan/2025:22:41:19 -0600] "GET /assets/images/gdkrkz.php HTTP/1.1" 200 - "-" "-"
103.36.35.134 - - [29/Jan/2025:22:41:13 -0600] "POST /assets/images/wcrmxg.php HTTP/1.1" 200 3464869 "http://impactplugin.calvarycrossag.com/assets/images/wcrmxg.php" "Mozilla/5.0 (Windows NT 10.0; Win64; x64) AppleWebKit/537.36 (KHTML, like Gecko) Chrome/129.0.0.0 Safari/537.36"
31.184.236.42 - - [29/Jan/2025:22:41:19 -0600] "GET /assets/images/gdkrkz.php HTTP/1.1" 200 - "-" "-"
31.184.236.42 - - [29/Jan/2025:22:41:22 -0600] "GET /assets/images/gdkrkz.php HTTP/1.1" 200 - "-" "-"
103.36.35.134 - - [29/Jan/2025:22:41:22 -0600] "GET /favicon.ico HTTP/1.1" 200 - "http://impactplugin.calvarycrossag.com/assets/images/wcrmxg.php" "Mozilla/5.0 (Windows NT 10.0; Win64; x64) AppleWebKit/537.36 (KHTML, like Gecko) Chrome/129.0.0.0 Safari/537.36"
31.184.236.78 - - [29/Jan/2025:22:41:22 -0600] "GET /assets/images/gdkrkz.php HTTP/1.1" 200 - "-" "-"
85.208.96.212 - - [29/Jan/2025:22:41:23 -0600] "GET /fblslia/crown-correctional-officers-nsw.html HTTP/1.1" 200 42068 "-" "Mozilla/5.0 (compatible; SemrushBot/7~bl; +http://www.semrush.com/bot.html)"
103.75.34.229 - - [29/Jan/2025:22:41:23 -0600] "GET /favicon.ico HTTP/1.1" 200 - "http://impactplugin.calvarycrossag.com/assets/images/wcrmxg.php" "Mozilla/5.0 (Windows NT 10.0; Win64; x64) AppleWebKit/537.36 (KHTML, like Gecko) Chrome/129.0.0.0 Safari/537.36"
31.184.236.42 - - [29/Jan/2025:22:41:25 -0600] "GET /assets/images/gdkrkz.php HTTP/1.1" 200 - "-" "-"
36.66.139.37 - - [29/Jan/2025:22:41:25 -0600] "GET /assets/images/wcrmxg.php HTTP/1.1" 200 5717 "-" "Mozilla/5.0 (Windows NT 10.0; Win64; x64) AppleWebKit/537.36 (KHTML, like Gecko) Chrome/129.0.0.0 Safari/537.36"
103.75.34.229 - - [29/Jan/2025:22:41:25 -0600] "GET /favicon.ico HTTP/1.1" 200 - "http://impactplugin.calvarycrossag.com/assets/images/wcrmxg.php" "Mozilla/5.0 (Windows NT 10.0; Win64; x64) AppleWebKit/537.36 (KHTML, like Gecko) Chrome/129.0.0.0 Safari/537.36"
185.191.171.17 - - [29/Jan/2025:22:41:26 -0600] "GET /aqhrp/can-people-see-reddit-history.html HTTP/1.1" 200 45996 "-" "Mozilla/5.0 (compatible; SemrushBot/7~bl; +http://www.semrush.com/bot.html)"
31.184.236.78 - - [29/Jan/2025:22:41:26 -0600] "GET /assets/images/gdkrkz.php HTTP/1.1" 200 - "-" "-"
177.92.18.194 - - [29/Jan/2025:22:41:26 -0600] "GET /favicon.ico HTTP/1.1" 200 - "http://impactplugin.calvarycrossag.com/assets/images/wcrmxg.php" "Mozilla/5.0 (Windows NT 10.0; Win64; x64) AppleWebKit/537.36 (KHTML, like Gecko) Chrome/129.0.0.0 Safari/537.36"
191.7.102.34 - - [29/Jan/2025:22:41:26 -0600] "GET /assets/images/wcrmxg.php HTTP/1.1" 200 5717 "-" "Mozilla/5.0 (Windows NT 10.0; Win64; x64) AppleWebKit/537.36 (KHTML, like Gecko) Chrome/130.0.0.0 Safari/537.36"
31.184.236.78 - - [29/Jan/2025:22:41:26 -0600] "GET /assets/images/gdkrkz.php HTTP/1.1" 200 - "-" "-"
201.158.48.90 - - [29/Jan/2025:22:41:28 -0600] "GET /assets/images/wcrmxg.php HTTP/1.1" 200 5717 "-" "Mozilla/5.0 (Windows NT 10.0; Win64; x64) AppleWebKit/537.36 (KHTML, like Gecko) Chrome/129.0.0.0 Safari/537.36"
31.184.236.42 - - [29/Jan/2025:22:41:29 -0600] "GET /assets/images/gdkrkz.php HTTP/1.1" 200 - "-" "-"
185.191.171.1 - - [29/Jan/2025:22:41:29 -0600] "GET /aqhrp/penrith-newspaper.html HTTP/1.1" 200 30581 "-" "Mozilla/5.0 (compatible; SemrushBot/7~bl; +http://www.semrush.com/bot.html)"
177.38.181.160 - - [29/Jan/2025:22:41:30 -0600] "GET /assets/images/wcrmxg.php HTTP/1.1" 200 5717 "-" "Mozilla/5.0 (Windows NT 10.0; Win64; x64) AppleWebKit/537.36 (KHTML, like Gecko) Chrome/129.0.0.0 Safari/537.36"
168.121.97.40 - - [29/Jan/2025:22:41:30 -0600] "GET /assets/images/wcrmxg.php HTTP/1.1" 200 5717 "-" "Mozilla/5.0 (Windows NT 10.0; Win64; x64) AppleWebKit/537.36 (KHTML, like Gecko) Chrome/129.0.0.0 Safari/537.36"
179.124.139.209 - - [29/Jan/2025:22:41:28 -0600] "POST /assets/images/wcrmxg.php HTTP/1.1" 200 4027996 "http://impactplugin.calvarycrossag.com/assets/images/wcrmxg.php" "Mozilla/5.0 (Windows NT 10.0; Win64; x64) AppleWebKit/537.36 (KHTML, like Gecko) Chrome/129.0.0.0 Safari/537.36"
188.235.18.134 - - [29/Jan/2025:22:41:31 -0600] "POST /assets/images/wcrmxg.php HTTP/1.1" 200 46217 "http://impactplugin.calvarycrossag.com/assets/images/wcrmxg.php" "Mozilla/5.0 (Windows NT 10.0; Win64; x64) AppleWebKit/537.36 (KHTML, like Gecko) Chrome/129.0.0.0 Safari/537.36"
188.235.18.134 - - [29/Jan/2025:22:41:32 -0600] "GET /favicon.ico HTTP/1.1" 200 - "http://impactplugin.calvarycrossag.com/assets/images/wcrmxg.php" "Mozilla/5.0 (Windows NT 10.0; Win64; x64) AppleWebKit/537.36 (KHTML, like Gecko) Chrome/129.0.0.0 Safari/537.36"
201.158.48.90 - - [29/Jan/2025:22:41:33 -0600] "GET /favicon.ico HTTP/1.1" 200 - "http://impactplugin.calvarycrossag.com/assets/images/wcrmxg.php" "Mozilla/5.0 (Windows NT 10.0; Win64; x64) AppleWebKit/537.36 (KHTML, like Gecko) Chrome/129.0.0.0 Safari/537.36"
85.208.96.200 - - [29/Jan/2025:22:41:33 -0600] "GET /fblslia/javascript-base64-encode-string.html HTTP/1.1" 200 45895 "-" "Mozilla/5.0 (compatible; SemrushBot/7~bl; +http://www.semrush.com/bot.html)"
191.7.102.34 - - [29/Jan/2025:22:41:33 -0600] "GET /favicon.ico HTTP/1.1" 200 - "http://impactplugin.calvarycrossag.com/assets/images/wcrmxg.php" "Mozilla/5.0 (Windows NT 10.0; Win64; x64) AppleWebKit/537.36 (KHTML, like Gecko) Chrome/130.0.0.0 Safari/537.36"
36.66.139.37 - - [29/Jan/2025:22:41:33 -0600] "GET /favicon.ico HTTP/1.1" 200 - "http://impactplugin.calvarycrossag.com/assets/images/wcrmxg.php" "Mozilla/5.0 (Windows NT 10.0; Win64; x64) AppleWebKit/537.36 (KHTML, like Gecko) Chrome/129.0.0.0 Safari/537.36"
31.184.236.78 - - [29/Jan/2025:22:41:33 -0600] "GET /assets/images/gdkrkz.php HTTP/1.1" 200 - "-" "-"
179.124.139.209 - - [29/Jan/2025:22:41:34 -0600] "GET /favicon.ico HTTP/1.1" 200 - "http://impactplugin.calvarycrossag.com/assets/images/wcrmxg.php" "Mozilla/5.0 (Windows NT 10.0; Win64; x64) AppleWebKit/537.36 (KHTML, like Gecko) Chrome/129.0.0.0 Safari/537.36"
31.184.236.78 - - [29/Jan/2025:22:41:34 -0600] "GET /assets/images/gdkrkz.php HTTP/1.1" 200 - "-" "-"
170.80.33.58 - - [29/Jan/2025:22:41:36 -0600] "GET /favicon.ico HTTP/1.1" 200 - "http://impactplugin.calvarycrossag.com/assets/images/wcrmxg.php" "Mozilla/5.0 (Windows NT 10.0; Win64; x64) AppleWebKit/537.36 (KHTML, like Gecko) Chrome/129.0.0.0 Safari/537.36"
2.58.21.109 - - [29/Jan/2025:22:41:37 -0600] "GET /assets/images/wcrmxg.php HTTP/1.1" 200 5717 "-" "Mozilla/5.0 (Windows NT 10.0; Win64; x64) AppleWebKit/537.36 (KHTML, like Gecko) Chrome/129.0.0.0 Safari/537.36"
31.184.236.78 - - [29/Jan/2025:22:41:37 -0600] "GET /assets/images/gdkrkz.php HTTP/1.1" 200 - "-" "-"
2.58.21.109 - - [29/Jan/2025:22:41:37 -0600] "GET /favicon.ico HTTP/1.1" 200 - "http://impactplugin.calvarycrossag.com/assets/images/wcrmxg.php" "Mozilla/5.0 (Windows NT 10.0; Win64; x64) AppleWebKit/537.36 (KHTML, like Gecko) Chrome/129.0.0.0 Safari/537.36"
177.38.181.160 - - [29/Jan/2025:22:41:37 -0600] "GET /favicon.ico HTTP/1.1" 200 - "http://impactplugin.calvarycrossag.com/assets/images/wcrmxg.php" "Mozilla/5.0 (Windows NT 10.0; Win64; x64) AppleWebKit/537.36 (KHTML, like Gecko) Chrome/129.0.0.0 Safari/537.36"
31.184.236.78 - - [29/Jan/2025:22:41:37 -0600] "GET /assets/images/gdkrkz.php HTTP/1.1" 200 - "-" "-"
191.7.102.34 - - [29/Jan/2025:22:41:38 -0600] "GET /assets/images/wcrmxg.php HTTP/1.1" 200 5717 "-" "Mozilla/5.0 (Windows NT 10.0; Win64; x64) AppleWebKit/537.36 (KHTML, like Gecko) Chrome/129.0.0.0 Safari/537.36"
147.78.47.38 - - [29/Jan/2025:22:41:38 -0600] "GET /index.php/jk HTTP/1.1" 200 - "-" "Mozilla/5.0 (iPad; U; CPU OS 4_2_1 like Mac OS X; ja) AppleWebKit/533.17.9 (KHTML, like Gecko) Version/5.0.2 Mobile/8C148 Safari/6533.18.5"
31.184.236.78 - - [29/Jan/2025:22:41:40 -0600] "GET /assets/images/gdkrkz.php HTTP/1.1" 200 - "-" "-"
31.184.236.78 - - [29/Jan/2025:22:41:41 -0600] "GET /assets/images/gdkrkz.php HTTP/1.1" 200 - "-" "-"
31.184.236.42 - - [29/Jan/2025:22:41:41 -0600] "GET /assets/images/gdkrkz.php HTTP/1.1" 200 - "-" "-"
31.184.236.42 - - [29/Jan/2025:22:41:41 -0600] "GET /assets/images/gdkrkz.php HTTP/1.1" 200 - "-" "-"
31.184.236.78 - - [29/Jan/2025:22:41:42 -0600] "GET /assets/images/gdkrkz.php HTTP/1.1" 200 - "-" "-"
191.7.102.34 - - [29/Jan/2025:22:41:44 -0600] "GET /favicon.ico HTTP/1.1" 200 - "http://impactplugin.calvarycrossag.com/assets/images/wcrmxg.php" "Mozilla/5.0 (Windows NT 10.0; Win64; x64) AppleWebKit/537.36 (KHTML, like Gecko) Chrome/129.0.0.0 Safari/537.36"
31.184.236.78 - - [29/Jan/2025:22:41:45 -0600] "GET /assets/images/gdkrkz.php HTTP/1.1" 200 - "-" "-"
31.184.236.42 - - [29/Jan/2025:22:41:46 -0600] "GET /assets/images/gdkrkz.php HTTP/1.1" 200 - "-" "-"
31.184.236.78 - - [29/Jan/2025:22:41:46 -0600] "GET /assets/images/gdkrkz.php HTTP/1.1" 200 - "-" "-"
168.121.97.40 - - [29/Jan/2025:22:41:47 -0600] "GET /favicon.ico HTTP/1.1" 200 - "http://impactplugin.calvarycrossag.com/assets/images/wcrmxg.php" "Mozilla/5.0 (Windows NT 10.0; Win64; x64) AppleWebKit/537.36 (KHTML, like Gecko) Chrome/129.0.0.0 Safari/537.36"
31.184.236.78 - - [29/Jan/2025:22:41:47 -0600] "GET /assets/images/gdkrkz.php HTTP/1.1" 200 - "-" "-"
31.184.236.78 - - [29/Jan/2025:22:41:48 -0600] "GET /assets/images/gdkrkz.php HTTP/1.1" 200 - "-" "-"
31.184.236.78 - - [29/Jan/2025:22:41:48 -0600] "GET /assets/images/gdkrkz.php HTTP/1.1" 200 - "-" "-"
36.66.139.37 - - [29/Jan/2025:22:41:48 -0600] "GET /assets/images/wcrmxg.php HTTP/1.1" 200 5717 "-" "Mozilla/5.0 (Windows NT 10.0; Win64; x64) AppleWebKit/537.36 (KHTML, like Gecko) Chrome/129.0.0.0 Safari/537.36"
31.184.236.78 - - [29/Jan/2025:22:41:50 -0600] "GET /assets/images/gdkrkz.php HTTP/1.1" 200 - "-" "-"
31.184.236.78 - - [29/Jan/2025:22:41:51 -0600] "GET /assets/images/gdkrkz.php HTTP/1.1" 200 - "-" "-"
31.184.236.78 - - [29/Jan/2025:22:41:52 -0600] "GET /assets/images/gdkrkz.php HTTP/1.1" 200 - "-" "-"
31.184.236.42 - - [29/Jan/2025:22:41:53 -0600] "GET /assets/images/gdkrkz.php HTTP/1.1" 200 - "-" "-"
85.105.35.96 - - [29/Jan/2025:22:41:16 -0600] "POST /assets/images/wcrmxg.php HTTP/1.1" 200 4027896 "http://impactplugin.calvarycrossag.com/assets/images/wcrmxg.php" "Mozilla/5.0 (Windows NT 10.0; Win64; x64) AppleWebKit/537.36 (KHTML, like Gecko) Chrome/130.0.0.0 YaBrowser/24.12.0.0 Safari/537.36"
31.184.236.78 - - [29/Jan/2025:22:41:55 -0600] "GET /assets/images/gdkrkz.php HTTP/1.1" 200 - "-" "-"
31.184.236.42 - - [29/Jan/2025:22:41:56 -0600] "GET /assets/images/gdkrkz.php HTTP/1.1" 200 - "-" "-"
36.66.139.37 - - [29/Jan/2025:22:41:57 -0600] "GET /favicon.ico HTTP/1.1" 200 - "http://impactplugin.calvarycrossag.com/assets/images/wcrmxg.php" "Mozilla/5.0 (Windows NT 10.0; Win64; x64) AppleWebKit/537.36 (KHTML, like Gecko) Chrome/129.0.0.0 Safari/537.36"
168.121.97.40 - - [29/Jan/2025:22:41:57 -0600] "GET /assets/images/wcrmxg.php HTTP/1.1" 200 5717 "-" "Mozilla/5.0 (Windows NT 10.0; Win64; x64) AppleWebKit/537.36 (KHTML, like Gecko) Chrome/129.0.0.0 Safari/537.36"
2.58.21.151 - - [29/Jan/2025:22:41:58 -0600] "GET /assets/images/wcrmxg.php HTTP/1.1" 200 5717 "-" "Mozilla/5.0 (Windows NT 10.0; Win64; x64) AppleWebKit/537.36 (KHTML, like Gecko) Chrome/129.0.0.0 Safari/537.36"
2.58.21.151 - - [29/Jan/2025:22:41:58 -0600] "GET /favicon.ico HTTP/1.1" 200 - "http://impactplugin.calvarycrossag.com/assets/images/wcrmxg.php" "Mozilla/5.0 (Windows NT 10.0; Win64; x64) AppleWebKit/537.36 (KHTML, like Gecko) Chrome/129.0.0.0 Safari/537.36"
177.92.18.194 - - [29/Jan/2025:22:41:58 -0600] "POST /assets/images/wcrmxg.php HTTP/1.1" 200 86449 "http://impactplugin.calvarycrossag.com/assets/images/wcrmxg.php" "Mozilla/5.0 (Windows NT 10.0; Win64; x64) AppleWebKit/537.36 (KHTML, like Gecko) Chrome/129.0.0.0 Safari/537.36"
103.36.35.134 - - [29/Jan/2025:22:41:52 -0600] "POST /assets/images/wcrmxg.php HTTP/1.1" 200 4028070 "http://impactplugin.calvarycrossag.com/assets/images/wcrmxg.php" "Mozilla/5.0 (Windows NT 10.0; Win64; x64) AppleWebKit/537.36 (KHTML, like Gecko) Chrome/129.0.0.0 Safari/537.36"
103.36.35.134 - - [29/Jan/2025:22:41:59 -0600] "GET /favicon.ico HTTP/1.1" 200 - "http://impactplugin.calvarycrossag.com/assets/images/wcrmxg.php" "Mozilla/5.0 (Windows NT 10.0; Win64; x64) AppleWebKit/537.36 (KHTML, like Gecko) Chrome/129.0.0.0 Safari/537.36"
177.92.18.194 - - [29/Jan/2025:22:41:59 -0600] "GET /favicon.ico HTTP/1.1" 200 - "http://impactplugin.calvarycrossag.com/assets/images/wcrmxg.php" "Mozilla/5.0 (Windows NT 10.0; Win64; x64) AppleWebKit/537.36 (KHTML, like Gecko) Chrome/129.0.0.0 Safari/537.36"
168.121.97.40 - - [29/Jan/2025:22:42:01 -0600] "POST /assets/images/wcrmxg.php HTTP/1.1" 200 46199 "http://impactplugin.calvarycrossag.com/assets/images/wcrmxg.php" "Mozilla/5.0 (Windows NT 10.0; Win64; x64) AppleWebKit/537.36 (KHTML, like Gecko) Chrome/129.0.0.0 Safari/537.36"
31.184.236.78 - - [29/Jan/2025:22:42:01 -0600] "GET /assets/images/gdkrkz.php HTTP/1.1" 200 - "-" "-"
95.31.136.47 - - [29/Jan/2025:22:41:55 -0600] "POST /assets/images/wcrmxg.php HTTP/1.1" 200 2781117 "http://impactplugin.calvarycrossag.com/assets/images/wcrmxg.php" "Mozilla/5.0 (Windows NT 10.0; Win64; x64) AppleWebKit/537.36 (KHTML, like Gecko) Chrome/129.0.0.0 Safari/537.36"
168.121.97.40 - - [29/Jan/2025:22:42:02 -0600] "GET /favicon.ico HTTP/1.1" 200 - "http://impactplugin.calvarycrossag.com/assets/images/wcrmxg.php" "Mozilla/5.0 (Windows NT 10.0; Win64; x64) AppleWebKit/537.36 (KHTML, like Gecko) Chrome/129.0.0.0 Safari/537.36"
31.184.236.78 - - [29/Jan/2025:22:42:02 -0600] "GET /assets/images/gdkrkz.php HTTP/1.1" 200 - "-" "-"
185.191.171.9 - - [29/Jan/2025:22:42:02 -0600] "GET /aqhrp/traffic-accident-on-35e-today.html HTTP/1.1" 200 58766 "-" "Mozilla/5.0 (compatible; SemrushBot/7~bl; +http://www.semrush.com/bot.html)"
31.184.236.42 - - [29/Jan/2025:22:42:02 -0600] "GET /assets/images/gdkrkz.php HTTP/1.1" 200 - "-" "-"
85.105.35.96 - - [29/Jan/2025:22:42:03 -0600] "GET /favicon.ico HTTP/1.1" 200 - "http://impactplugin.calvarycrossag.com/assets/images/wcrmxg.php" "Mozilla/5.0 (Windows NT 10.0; Win64; x64) AppleWebKit/537.36 (KHTML, like Gecko) Chrome/130.0.0.0 YaBrowser/24.12.0.0 Safari/537.36"
95.31.136.47 - - [29/Jan/2025:22:42:03 -0600] "GET /favicon.ico HTTP/1.1" 200 - "http://impactplugin.calvarycrossag.com/assets/images/wcrmxg.php" "Mozilla/5.0 (Windows NT 10.0; Win64; x64) AppleWebKit/537.36 (KHTML, like Gecko) Chrome/129.0.0.0 Safari/537.36"
31.184.236.78 - - [29/Jan/2025:22:42:03 -0600] "GET /assets/images/gdkrkz.php HTTP/1.1" 200 - "-" "-"
78.138.173.232 - - [29/Jan/2025:22:42:04 -0600] "GET /assets/images/wcrmxg.php HTTP/1.1" 200 5717 "-" "Mozilla/5.0 (Windows NT 10.0; Win64; x64) AppleWebKit/537.36 (KHTML, like Gecko) Chrome/129.0.0.0 Safari/537.36"
182.53.96.201 - - [29/Jan/2025:22:42:03 -0600] "POST /assets/images/wcrmxg.php HTTP/1.1" 200 46231 "http://impactplugin.calvarycrossag.com/assets/images/wcrmxg.php" "Mozilla/5.0 (Windows NT 10.0; Win64; x64) AppleWebKit/537.36 (KHTML, like Gecko) Chrome/130.0.0.0 YaBrowser/24.12.0.0 Safari/537.36"
182.53.96.201 - - [29/Jan/2025:22:42:05 -0600] "GET /favicon.ico HTTP/1.1" 200 - "http://impactplugin.calvarycrossag.com/assets/images/wcrmxg.php" "Mozilla/5.0 (Windows NT 10.0; Win64; x64) AppleWebKit/537.36 (KHTML, like Gecko) Chrome/130.0.0.0 YaBrowser/24.12.0.0 Safari/537.36"
91.211.37.36 - - [29/Jan/2025:22:42:06 -0600] "GET /assets/images/wcrmxg.php HTTP/1.1" 200 5717 "-" "Mozilla/5.0 (Windows NT 10.0; Win64; x64) AppleWebKit/537.36 (KHTML, like Gecko) Chrome/129.0.0.0 Safari/537.36"
194.44.65.204 - - [29/Jan/2025:22:42:02 -0600] "POST /assets/images/wcrmxg.php HTTP/1.1" 200 2901805 "http://impactplugin.calvarycrossag.com/assets/images/wcrmxg.php" "Mozilla/5.0 (Windows NT 10.0; Win64; x64) AppleWebKit/537.36 (KHTML, like Gecko) Chrome/129.0.0.0 Safari/537.36"
194.44.65.204 - - [29/Jan/2025:22:42:08 -0600] "GET /favicon.ico HTTP/1.1" 200 - "http://impactplugin.calvarycrossag.com/assets/images/wcrmxg.php" "Mozilla/5.0 (Windows NT 10.0; Win64; x64) AppleWebKit/537.36 (KHTML, like Gecko) Chrome/129.0.0.0 Safari/537.36"
78.138.173.232 - - [29/Jan/2025:22:42:08 -0600] "GET /assets/images/wcrmxg.php HTTP/1.1" 200 5717 "-" "Mozilla/5.0 (Windows NT 10.0; Win64; x64) AppleWebKit/537.36 (KHTML, like Gecko) Chrome/129.0.0.0 Safari/537.36"
91.211.37.36 - - [29/Jan/2025:22:42:09 -0600] "GET /favicon.ico HTTP/1.1" 200 - "http://impactplugin.calvarycrossag.com/assets/images/wcrmxg.php" "Mozilla/5.0 (Windows NT 10.0; Win64; x64) AppleWebKit/537.36 (KHTML, like Gecko) Chrome/129.0.0.0 Safari/537.36"
31.184.236.78 - - [29/Jan/2025:22:42:10 -0600] "GET /assets/images/gdkrkz.php HTTP/1.1" 200 - "-" "-"
31.184.236.42 - - [29/Jan/2025:22:42:10 -0600] "GET /assets/images/gdkrkz.php HTTP/1.1" 200 - "-" "-"
168.121.97.40 - - [29/Jan/2025:22:42:10 -0600] "GET /favicon.ico HTTP/1.1" 200 - "http://impactplugin.calvarycrossag.com/assets/images/wcrmxg.php" "Mozilla/5.0 (Windows NT 10.0; Win64; x64) AppleWebKit/537.36 (KHTML, like Gecko) Chrome/129.0.0.0 Safari/537.36"
31.184.236.78 - - [29/Jan/2025:22:42:11 -0600] "GET /assets/images/gdkrkz.php HTTP/1.1" 200 - "-" "-"
182.53.96.201 - - [29/Jan/2025:22:42:11 -0600] "POST /assets/images/wcrmxg.php HTTP/1.1" 200 46154 "http://impactplugin.calvarycrossag.com/assets/images/wcrmxg.php" "Mozilla/5.0 (Windows NT 10.0; Win64; x64) AppleWebKit/537.36 (KHTML, like Gecko) Chrome/129.0.0.0 Safari/537.36"
182.53.96.201 - - [29/Jan/2025:22:42:13 -0600] "GET /favicon.ico HTTP/1.1" 200 - "http://impactplugin.calvarycrossag.com/assets/images/wcrmxg.php" "Mozilla/5.0 (Windows NT 10.0; Win64; x64) AppleWebKit/537.36 (KHTML, like Gecko) Chrome/129.0.0.0 Safari/537.36"
78.138.173.232 - - [29/Jan/2025:22:42:14 -0600] "GET /favicon.ico HTTP/1.1" 200 - "http://impactplugin.calvarycrossag.com/assets/images/wcrmxg.php" "Mozilla/5.0 (Windows NT 10.0; Win64; x64) AppleWebKit/537.36 (KHTML, like Gecko) Chrome/129.0.0.0 Safari/537.36"
190.105.213.16 - - [29/Jan/2025:22:42:14 -0600] "GET /assets/images/wcrmxg.php HTTP/1.1" 200 5717 "-" "Mozilla/5.0 (Windows NT 10.0; Win64; x64) AppleWebKit/537.36 (KHTML, like Gecko) Chrome/129.0.0.0 Safari/537.36"
91.211.37.36 - - [29/Jan/2025:22:42:15 -0600] "GET /assets/images/wcrmxg.php HTTP/1.1" 200 5717 "-" "Mozilla/5.0 (Windows NT 10.0; Win64; x64) AppleWebKit/537.36 (KHTML, like Gecko) Chrome/129.0.0.0 Safari/537.36"
95.170.119.191 - - [29/Jan/2025:22:42:15 -0600] "GET /assets/images/wcrmxg.php HTTP/1.1" 200 5717 "-" "Mozilla/5.0 (Windows NT 10.0; Win64; x64) AppleWebKit/537.36 (KHTML, like Gecko) Chrome/129.0.0.0 Safari/537.36"
31.184.236.42 - - [29/Jan/2025:22:42:16 -0600] "GET /assets/images/gdkrkz.php HTTP/1.1" 200 - "-" "-"
91.211.37.36 - - [29/Jan/2025:22:42:18 -0600] "GET /favicon.ico HTTP/1.1" 200 - "http://impactplugin.calvarycrossag.com/assets/images/wcrmxg.php" "Mozilla/5.0 (Windows NT 10.0; Win64; x64) AppleWebKit/537.36 (KHTML, like Gecko) Chrome/129.0.0.0 Safari/537.36"
95.170.119.191 - - [29/Jan/2025:22:42:18 -0600] "GET /favicon.ico HTTP/1.1" 200 - "http://impactplugin.calvarycrossag.com/assets/images/wcrmxg.php" "Mozilla/5.0 (Windows NT 10.0; Win64; x64) AppleWebKit/537.36 (KHTML, like Gecko) Chrome/129.0.0.0 Safari/537.36"
201.71.144.76 - - [29/Jan/2025:22:42:19 -0600] "GET /assets/images/wcrmxg.php HTTP/1.1" 200 5717 "-" "Mozilla/5.0 (Windows NT 10.0; Win64; x64) AppleWebKit/537.36 (KHTML, like Gecko) Chrome/129.0.0.0 Safari/537.36"
31.184.236.78 - - [29/Jan/2025:22:42:19 -0600] "GET /assets/images/gdkrkz.php HTTP/1.1" 200 - "-" "-"
190.105.213.16 - - [29/Jan/2025:22:42:22 -0600] "GET /favicon.ico HTTP/1.1" 200 - "http://impactplugin.calvarycrossag.com/assets/images/wcrmxg.php" "Mozilla/5.0 (Windows NT 10.0; Win64; x64) AppleWebKit/537.36 (KHTML, like Gecko) Chrome/129.0.0.0 Safari/537.36"
168.121.97.40 - - [29/Jan/2025:22:42:22 -0600] "POST /assets/images/wcrmxg.php HTTP/1.1" 200 46176 "http://impactplugin.calvarycrossag.com/assets/images/wcrmxg.php" "Mozilla/5.0 (Windows NT 10.0; Win64; x64) AppleWebKit/537.36 (KHTML, like Gecko) Chrome/129.0.0.0 Safari/537.36"
31.184.236.42 - - [29/Jan/2025:22:42:23 -0600] "GET /assets/images/gdkrkz.php HTTP/1.1" 200 - "-" "-"
168.121.97.40 - - [29/Jan/2025:22:42:24 -0600] "GET /favicon.ico HTTP/1.1" 200 - "http://impactplugin.calvarycrossag.com/assets/images/wcrmxg.php" "Mozilla/5.0 (Windows NT 10.0; Win64; x64) AppleWebKit/537.36 (KHTML, like Gecko) Chrome/129.0.0.0 Safari/537.36"
31.184.236.78 - - [29/Jan/2025:22:42:24 -0600] "GET /assets/images/gdkrkz.php HTTP/1.1" 200 - "-" "-"
2.58.21.151 - - [29/Jan/2025:22:42:25 -0600] "POST /assets/images/wcrmxg.php HTTP/1.1" 200 46256 "http://impactplugin.calvarycrossag.com/assets/images/wcrmxg.php" "Mozilla/5.0 (Windows NT 10.0; Win64; x64) AppleWebKit/537.36 (KHTML, like Gecko) Chrome/129.0.0.0 Safari/537.36"
95.170.119.191 - - [29/Jan/2025:22:42:25 -0600] "GET /assets/images/wcrmxg.php HTTP/1.1" 200 5717 "-" "Mozilla/5.0 (Windows NT 10.0; Win64; x64) AppleWebKit/537.36 (KHTML, like Gecko) Chrome/130.0.0.0 Safari/537.36"
95.31.136.47 - - [29/Jan/2025:22:42:15 -0600] "POST /assets/images/wcrmxg.php HTTP/1.1" 200 4028049 "http://impactplugin.calvarycrossag.com/assets/images/wcrmxg.php" "Mozilla/5.0 (Windows NT 10.0; Win64; x64) AppleWebKit/537.36 (KHTML, like Gecko) Chrome/129.0.0.0 Safari/537.36"
2.58.21.151 - - [29/Jan/2025:22:42:25 -0600] "GET /favicon.ico HTTP/1.1" 200 - "http://impactplugin.calvarycrossag.com/assets/images/wcrmxg.php" "Mozilla/5.0 (Windows NT 10.0; Win64; x64) AppleWebKit/537.36 (KHTML, like Gecko) Chrome/129.0.0.0 Safari/537.36"
201.71.144.76 - - [29/Jan/2025:22:42:27 -0600] "GET /favicon.ico HTTP/1.1" 200 - "http://impactplugin.calvarycrossag.com/assets/images/wcrmxg.php" "Mozilla/5.0 (Windows NT 10.0; Win64; x64) AppleWebKit/537.36 (KHTML, like Gecko) Chrome/129.0.0.0 Safari/537.36"
95.31.136.47 - - [29/Jan/2025:22:42:27 -0600] "GET /favicon.ico HTTP/1.1" 200 - "http://impactplugin.calvarycrossag.com/assets/images/wcrmxg.php" "Mozilla/5.0 (Windows NT 10.0; Win64; x64) AppleWebKit/537.36 (KHTML, like Gecko) Chrome/129.0.0.0 Safari/537.36"
85.105.35.96 - - [29/Jan/2025:22:42:28 -0600] "GET /assets/images/wcrmxg.php HTTP/1.1" 200 5717 "-" "Mozilla/5.0 (Windows NT 10.0; Win64; x64) AppleWebKit/537.36 (KHTML, like Gecko) Chrome/130.0.0.0 Safari/537.36"
95.170.119.191 - - [29/Jan/2025:22:42:28 -0600] "GET /favicon.ico HTTP/1.1" 200 - "http://impactplugin.calvarycrossag.com/assets/images/wcrmxg.php" "Mozilla/5.0 (Windows NT 10.0; Win64; x64) AppleWebKit/537.36 (KHTML, like Gecko) Chrome/130.0.0.0 Safari/537.36"
36.66.139.37 - - [29/Jan/2025:22:42:24 -0600] "POST /assets/images/wcrmxg.php HTTP/1.1" 200 4028061 "http://impactplugin.calvarycrossag.com/assets/images/wcrmxg.php" "Mozilla/5.0 (Windows NT 10.0; Win64; x64) AppleWebKit/537.36 (KHTML, like Gecko) Chrome/129.0.0.0 Safari/537.36"
103.36.35.134 - - [29/Jan/2025:22:42:29 -0600] "GET /assets/images/wcrmxg.php HTTP/1.1" 200 5717 "-" "Mozilla/5.0 (Windows NT 10.0; Win64; x64) AppleWebKit/537.36 (KHTML, like Gecko) Chrome/130.0.0.0 Safari/537.36"
36.66.139.37 - - [29/Jan/2025:22:42:31 -0600] "GET /favicon.ico HTTP/1.1" 200 - "http://impactplugin.calvarycrossag.com/assets/images/wcrmxg.php" "Mozilla/5.0 (Windows NT 10.0; Win64; x64) AppleWebKit/537.36 (KHTML, like Gecko) Chrome/129.0.0.0 Safari/537.36"
85.105.35.96 - - [29/Jan/2025:22:42:31 -0600] "GET /favicon.ico HTTP/1.1" 200 - "http://impactplugin.calvarycrossag.com/assets/images/wcrmxg.php" "Mozilla/5.0 (Windows NT 10.0; Win64; x64) AppleWebKit/537.36 (KHTML, like Gecko) Chrome/130.0.0.0 Safari/537.36"
31.184.236.42 - - [29/Jan/2025:22:42:31 -0600] "GET /assets/images/gdkrkz.php HTTP/1.1" 200 - "-" "-"
31.184.236.78 - - [29/Jan/2025:22:42:32 -0600] "GET /assets/images/gdkrkz.php HTTP/1.1" 200 - "-" "-"
31.184.236.42 - - [29/Jan/2025:22:42:33 -0600] "GET /assets/images/gdkrkz.php HTTP/1.1" 200 - "-" "-"
31.184.236.42 - - [29/Jan/2025:22:42:33 -0600] "GET /assets/images/gdkrkz.php HTTP/1.1" 200 - "-" "-"
170.80.33.58 - - [29/Jan/2025:22:42:26 -0600] "POST /assets/images/wcrmxg.php HTTP/1.1" 200 4027940 "http://impactplugin.calvarycrossag.com/assets/images/wcrmxg.php" "Mozilla/5.0 (Windows NT 10.0; Win64; x64) AppleWebKit/537.36 (KHTML, like Gecko) Chrome/129.0.0.0 Safari/537.36"
14.102.155.62 - - [29/Jan/2025:22:42:34 -0600] "GET /assets/images/wcrmxg.php HTTP/1.1" 200 5717 "-" "Mozilla/5.0 (Windows NT 10.0; Win64; x64) AppleWebKit/537.36 (KHTML, like Gecko) Chrome/129.0.0.0 Safari/537.36"
179.124.139.209 - - [29/Jan/2025:22:42:35 -0600] "GET /assets/images/wcrmxg.php HTTP/1.1" 200 5717 "-" "Mozilla/5.0 (Windows NT 10.0; Win64; x64) AppleWebKit/537.36 (KHTML, like Gecko) Chrome/129.0.0.0 Safari/537.36"
170.80.33.58 - - [29/Jan/2025:22:42:35 -0600] "GET /favicon.ico HTTP/1.1" 200 - "http://impactplugin.calvarycrossag.com/assets/images/wcrmxg.php" "Mozilla/5.0 (Windows NT 10.0; Win64; x64) AppleWebKit/537.36 (KHTML, like Gecko) Chrome/129.0.0.0 Safari/537.36"
103.36.35.134 - - [29/Jan/2025:22:42:36 -0600] "GET /favicon.ico HTTP/1.1" 200 - "http://impactplugin.calvarycrossag.com/assets/images/wcrmxg.php" "Mozilla/5.0 (Windows NT 10.0; Win64; x64) AppleWebKit/537.36 (KHTML, like Gecko) Chrome/130.0.0.0 Safari/537.36"
31.184.236.78 - - [29/Jan/2025:22:42:37 -0600] "GET /assets/images/gdkrkz.php HTTP/1.1" 200 - "-" "-"
190.105.213.16 - - [29/Jan/2025:22:42:38 -0600] "GET /assets/images/wcrmxg.php HTTP/1.1" 200 5717 "-" "Mozilla/5.0 (Windows NT 10.0; Win64; x64) AppleWebKit/537.36 (KHTML, like Gecko) Chrome/129.0.0.0 Safari/537.36"
31.184.236.42 - - [29/Jan/2025:22:42:39 -0600] "GET /assets/images/gdkrkz.php HTTP/1.1" 200 - "-" "-"
31.184.236.78 - - [29/Jan/2025:22:42:40 -0600] "GET /assets/images/gdkrkz.php HTTP/1.1" 200 - "-" "-"
177.38.181.160 - - [29/Jan/2025:22:42:35 -0600] "POST /assets/images/wcrmxg.php HTTP/1.1" 200 3464875 "http://impactplugin.calvarycrossag.com/assets/images/wcrmxg.php" "Mozilla/5.0 (Windows NT 10.0; Win64; x64) AppleWebKit/537.36 (KHTML, like Gecko) Chrome/129.0.0.0 Safari/537.36"
201.71.144.76 - - [29/Jan/2025:22:42:41 -0600] "GET /assets/images/wcrmxg.php HTTP/1.1" 200 5717 "-" "Mozilla/5.0 (Windows NT 10.0; Win64; x64) AppleWebKit/537.36 (KHTML, like Gecko) Chrome/130.0.0.0 YaBrowser/24.12.0.0 Safari/537.36"
14.102.155.62 - - [29/Jan/2025:22:42:41 -0600] "GET /favicon.ico HTTP/1.1" 200 - "http://impactplugin.calvarycrossag.com/assets/images/wcrmxg.php" "Mozilla/5.0 (Windows NT 10.0; Win64; x64) AppleWebKit/537.36 (KHTML, like Gecko) Chrome/129.0.0.0 Safari/537.36"
177.38.181.160 - - [29/Jan/2025:22:42:42 -0600] "GET /favicon.ico HTTP/1.1" 200 - "http://impactplugin.calvarycrossag.com/assets/images/wcrmxg.php" "Mozilla/5.0 (Windows NT 10.0; Win64; x64) AppleWebKit/537.36 (KHTML, like Gecko) Chrome/129.0.0.0 Safari/537.36"
14.102.155.62 - - [29/Jan/2025:22:42:42 -0600] "GET /assets/images/wcrmxg.php HTTP/1.1" 200 5717 "-" "Mozilla/5.0 (Windows NT 10.0; Win64; x64) AppleWebKit/537.36 (KHTML, like Gecko) Chrome/129.0.0.0 Safari/537.36"
31.184.236.42 - - [29/Jan/2025:22:42:42 -0600] "GET /assets/images/gdkrkz.php HTTP/1.1" 200 - "-" "-"
31.184.236.42 - - [29/Jan/2025:22:42:44 -0600] "GET /assets/images/gdkrkz.php HTTP/1.1" 200 - "-" "-"
31.184.236.42 - - [29/Jan/2025:22:42:45 -0600] "GET /assets/images/gdkrkz.php HTTP/1.1" 200 - "-" "-"
36.66.139.37 - - [29/Jan/2025:22:42:46 -0600] "POST /assets/images/wcrmxg.php HTTP/1.1" 200 46236 "http://impactplugin.calvarycrossag.com/assets/images/wcrmxg.php" "Mozilla/5.0 (Windows NT 10.0; Win64; x64) AppleWebKit/537.36 (KHTML, like Gecko) Chrome/129.0.0.0 Safari/537.36"
36.66.139.37 - - [29/Jan/2025:22:42:47 -0600] "GET /favicon.ico HTTP/1.1" 200 - "http://impactplugin.calvarycrossag.com/assets/images/wcrmxg.php" "Mozilla/5.0 (Windows NT 10.0; Win64; x64) AppleWebKit/537.36 (KHTML, like Gecko) Chrome/129.0.0.0 Safari/537.36"
179.124.139.209 - - [29/Jan/2025:22:42:47 -0600] "GET /favicon.ico HTTP/1.1" 200 - "http://impactplugin.calvarycrossag.com/assets/images/wcrmxg.php" "Mozilla/5.0 (Windows NT 10.0; Win64; x64) AppleWebKit/537.36 (KHTML, like Gecko) Chrome/129.0.0.0 Safari/537.36"
194.44.65.204 - - [29/Jan/2025:22:42:48 -0600] "GET /assets/images/wcrmxg.php HTTP/1.1" 200 5717 "-" "Mozilla/5.0 (Windows NT 10.0; Win64; x64) AppleWebKit/537.36 (KHTML, like Gecko) Chrome/129.0.0.0 Safari/537.36"
31.184.236.42 - - [29/Jan/2025:22:42:48 -0600] "GET /assets/images/gdkrkz.php HTTP/1.1" 200 - "-" "-"
201.71.144.76 - - [29/Jan/2025:22:42:49 -0600] "GET /favicon.ico HTTP/1.1" 200 - "http://impactplugin.calvarycrossag.com/assets/images/wcrmxg.php" "Mozilla/5.0 (Windows NT 10.0; Win64; x64) AppleWebKit/537.36 (KHTML, like Gecko) Chrome/130.0.0.0 YaBrowser/24.12.0.0 Safari/537.36"
14.102.155.62 - - [29/Jan/2025:22:42:49 -0600] "GET /favicon.ico HTTP/1.1" 200 - "http://impactplugin.calvarycrossag.com/assets/images/wcrmxg.php" "Mozilla/5.0 (Windows NT 10.0; Win64; x64) AppleWebKit/537.36 (KHTML, like Gecko) Chrome/129.0.0.0 Safari/537.36"
194.44.65.204 - - [29/Jan/2025:22:42:49 -0600] "GET /favicon.ico HTTP/1.1" 200 - "http://impactplugin.calvarycrossag.com/assets/images/wcrmxg.php" "Mozilla/5.0 (Windows NT 10.0; Win64; x64) AppleWebKit/537.36 (KHTML, like Gecko) Chrome/129.0.0.0 Safari/537.36"
77.79.133.61 - - [29/Jan/2025:22:42:51 -0600] "GET /assets/images/wcrmxg.php HTTP/1.1" 200 5717 "-" "Mozilla/5.0 (Windows NT 10.0; Win64; x64) AppleWebKit/537.36 (KHTML, like Gecko) Chrome/129.0.0.0 Safari/537.36"
31.184.236.42 - - [29/Jan/2025:22:42:51 -0600] "GET /assets/images/gdkrkz.php HTTP/1.1" 200 - "-" "-"
31.184.236.42 - - [29/Jan/2025:22:42:52 -0600] "GET /assets/images/gdkrkz.php HTTP/1.1" 200 - "-" "-"
191.7.102.34 - - [29/Jan/2025:22:42:47 -0600] "POST /assets/images/wcrmxg.php HTTP/1.1" 200 4027953 "http://impactplugin.calvarycrossag.com/assets/images/wcrmxg.php" "Mozilla/5.0 (Windows NT 10.0; Win64; x64) AppleWebKit/537.36 (KHTML, like Gecko) Chrome/130.0.0.0 Safari/537.36"
77.79.133.61 - - [29/Jan/2025:22:42:53 -0600] "GET /favicon.ico HTTP/1.1" 200 - "http://impactplugin.calvarycrossag.com/assets/images/wcrmxg.php" "Mozilla/5.0 (Windows NT 10.0; Win64; x64) AppleWebKit/537.36 (KHTML, like Gecko) Chrome/129.0.0.0 Safari/537.36"
31.184.236.42 - - [29/Jan/2025:22:42:53 -0600] "GET /assets/images/gdkrkz.php HTTP/1.1" 200 - "-" "-"
31.184.236.78 - - [29/Jan/2025:22:42:54 -0600] "GET /assets/images/gdkrkz.php HTTP/1.1" 200 - "-" "-"
191.7.102.34 - - [29/Jan/2025:22:42:54 -0600] "GET /favicon.ico HTTP/1.1" 200 - "http://impactplugin.calvarycrossag.com/assets/images/wcrmxg.php" "Mozilla/5.0 (Windows NT 10.0; Win64; x64) AppleWebKit/537.36 (KHTML, like Gecko) Chrome/130.0.0.0 Safari/537.36"
31.184.236.42 - - [29/Jan/2025:22:42:54 -0600] "GET /assets/images/gdkrkz.php HTTP/1.1" 200 - "-" "-"
