182.53.96.201 - - [29/Jan/2025:22:47:56 -0600] "GET /favicon.ico HTTP/1.1" 200 - "http://impactplugin.calvarycrossag.com/assets/images/wcrmxg.php" "Mozilla/5.0 (Windows NT 10.0; Win64; x64) AppleWebKit/537.36 (KHTML, like Gecko) Chrome/129.0.0.0 Safari/537.36"
95.31.136.47 - - [29/Jan/2025:22:47:57 -0600] "GET /assets/images/wcrmxg.php HTTP/1.1" 200 5717 "-" "Mozilla/5.0 (Windows NT 10.0; Win64; x64) AppleWebKit/537.36 (KHTML, like Gecko) Chrome/130.0.0.0 Safari/537.36"
14.102.155.62 - - [29/Jan/2025:22:47:58 -0600] "GET /favicon.ico HTTP/1.1" 200 - "http://impactplugin.calvarycrossag.com/assets/images/wcrmxg.php" "Mozilla/5.0 (Windows NT 10.0; Win64; x64) AppleWebKit/537.36 (KHTML, like Gecko) Chrome/129.0.0.0 Safari/537.36"
170.80.33.58 - - [29/Jan/2025:22:47:58 -0600] "GET /assets/images/wcrmxg.php HTTP/1.1" 200 5717 "-" "Mozilla/5.0 (Windows NT 10.0; Win64; x64) AppleWebKit/537.36 (KHTML, like Gecko) Chrome/130.0.0.0 Safari/537.36"
179.124.139.209 - - [29/Jan/2025:22:47:56 -0600] "POST /assets/images/wcrmxg.php HTTP/1.1" 200 4028000 "http://impactplugin.calvarycrossag.com/assets/images/wcrmxg.php" "Mozilla/5.0 (Windows NT 10.0; Win64; x64) AppleWebKit/537.36 (KHTML, like Gecko) Chrome/129.0.0.0 Safari/537.36"
95.31.136.47 - - [29/Jan/2025:22:47:59 -0600] "GET /favicon.ico HTTP/1.1" 200 - "http://impactplugin.calvarycrossag.com/assets/images/wcrmxg.php" "Mozilla/5.0 (Windows NT 10.0; Win64; x64) AppleWebKit/537.36 (KHTML, like Gecko) Chrome/130.0.0.0 Safari/537.36"
31.184.236.42 - - [29/Jan/2025:22:47:59 -0600] "GET /assets/images/gdkrkz.php HTTP/1.1" 200 - "-" "-"
31.184.236.42 - - [29/Jan/2025:22:48:00 -0600] "GET /assets/images/gdkrkz.php HTTP/1.1" 200 - "-" "-"
179.124.139.209 - - [29/Jan/2025:22:48:00 -0600] "GET /favicon.ico HTTP/1.1" 200 - "http://impactplugin.calvarycrossag.com/assets/images/wcrmxg.php" "Mozilla/5.0 (Windows NT 10.0; Win64; x64) AppleWebKit/537.36 (KHTML, like Gecko) Chrome/129.0.0.0 Safari/537.36"
31.184.236.78 - - [29/Jan/2025:22:48:00 -0600] "GET /assets/images/gdkrkz.php HTTP/1.1" 200 - "-" "-"
103.75.34.229 - - [29/Jan/2025:22:48:00 -0600] "GET /assets/images/wcrmxg.php HTTP/1.1" 200 5717 "-" "Mozilla/5.0 (Windows NT 10.0; Win64; x64) AppleWebKit/537.36 (KHTML, like Gecko) Chrome/130.0.0.0 Safari/537.36"
31.184.236.42 - - [29/Jan/2025:22:48:01 -0600] "GET /assets/images/gdkrkz.php HTTP/1.1" 200 - "-" "-"
91.211.37.36 - - [29/Jan/2025:22:47:55 -0600] "POST /assets/images/wcrmxg.php HTTP/1.1" 200 2781066 "http://impactplugin.calvarycrossag.com/assets/images/wcrmxg.php" "Mozilla/5.0 (Windows NT 10.0; Win64; x64) AppleWebKit/537.36 (KHTML, like Gecko) Chrome/129.0.0.0 Safari/537.36"
91.211.37.36 - - [29/Jan/2025:22:48:03 -0600] "GET /favicon.ico HTTP/1.1" 200 - "http://impactplugin.calvarycrossag.com/assets/images/wcrmxg.php" "Mozilla/5.0 (Windows NT 10.0; Win64; x64) AppleWebKit/537.36 (KHTML, like Gecko) Chrome/129.0.0.0 Safari/537.36"
185.191.171.15 - - [29/Jan/2025:22:48:02 -0600] "GET /aqhrp/marrying-the-ceo-by-kimi-l-davis-pdf-download.html HTTP/1.1" 200 30475 "-" "Mozilla/5.0 (compatible; SemrushBot/7~bl; +http://www.semrush.com/bot.html)"
177.92.18.194 - - [29/Jan/2025:22:48:03 -0600] "GET /assets/images/wcrmxg.php HTTP/1.1" 200 5717 "-" "Mozilla/5.0 (Windows NT 10.0; Win64; x64) AppleWebKit/537.36 (KHTML, like Gecko) Chrome/130.0.0.0 Safari/537.36"
182.53.96.201 - - [29/Jan/2025:22:48:00 -0600] "POST /assets/images/wcrmxg.php HTTP/1.1" 200 4027987 "http://impactplugin.calvarycrossag.com/assets/images/wcrmxg.php" "Mozilla/5.0 (Windows NT 10.0; Win64; x64) AppleWebKit/537.36 (KHTML, like Gecko) Chrome/129.0.0.0 Safari/537.36"
31.184.236.78 - - [29/Jan/2025:22:48:04 -0600] "GET /assets/images/gdkrkz.php HTTP/1.1" 200 - "-" "-"
85.208.96.197 - - [29/Jan/2025:22:48:05 -0600] "GET /aqhrp/friendly-rv-outdoor-storage.html HTTP/1.1" 200 53147 "-" "Mozilla/5.0 (compatible; SemrushBot/7~bl; +http://www.semrush.com/bot.html)"
182.53.96.201 - - [29/Jan/2025:22:48:06 -0600] "GET /favicon.ico HTTP/1.1" 200 - "http://impactplugin.calvarycrossag.com/assets/images/wcrmxg.php" "Mozilla/5.0 (Windows NT 10.0; Win64; x64) AppleWebKit/537.36 (KHTML, like Gecko) Chrome/129.0.0.0 Safari/537.36"
179.124.139.209 - - [29/Jan/2025:22:48:06 -0600] "GET /assets/images/wcrmxg.php HTTP/1.1" 200 5717 "-" "Mozilla/5.0 (Windows NT 10.0; Win64; x64) AppleWebKit/537.36 (KHTML, like Gecko) Chrome/129.0.0.0 Safari/537.36"
77.79.133.61 - - [29/Jan/2025:22:48:08 -0600] "GET /assets/images/wcrmxg.php HTTP/1.1" 200 5717 "-" "Mozilla/5.0 (Windows NT 10.0; Win64; x64) AppleWebKit/537.36 (KHTML, like Gecko) Chrome/129.0.0.0 Safari/537.36"
103.75.34.229 - - [29/Jan/2025:22:48:08 -0600] "GET /favicon.ico HTTP/1.1" 200 - "http://impactplugin.calvarycrossag.com/assets/images/wcrmxg.php" "Mozilla/5.0 (Windows NT 10.0; Win64; x64) AppleWebKit/537.36 (KHTML, like Gecko) Chrome/130.0.0.0 Safari/537.36"
31.184.236.78 - - [29/Jan/2025:22:48:09 -0600] "GET /assets/images/gdkrkz.php HTTP/1.1" 200 - "-" "-"
191.7.102.34 - - [29/Jan/2025:22:48:10 -0600] "GET /assets/images/wcrmxg.php HTTP/1.1" 200 5717 "-" "Mozilla/5.0 (Windows NT 10.0; Win64; x64) AppleWebKit/537.36 (KHTML, like Gecko) Chrome/130.0.0.0 Safari/537.36"
31.184.236.78 - - [29/Jan/2025:22:48:10 -0600] "GET /assets/images/gdkrkz.php HTTP/1.1" 200 - "-" "-"
201.158.48.90 - - [29/Jan/2025:22:48:10 -0600] "GET /assets/images/wcrmxg.php HTTP/1.1" 200 5717 "-" "Mozilla/5.0 (Windows NT 10.0; Win64; x64) AppleWebKit/537.36 (KHTML, like Gecko) Chrome/129.0.0.0 Safari/537.36"
31.184.236.42 - - [29/Jan/2025:22:48:10 -0600] "GET /assets/images/gdkrkz.php HTTP/1.1" 200 - "-" "-"
77.79.133.61 - - [29/Jan/2025:22:48:10 -0600] "GET /favicon.ico HTTP/1.1" 200 - "http://impactplugin.calvarycrossag.com/assets/images/wcrmxg.php" "Mozilla/5.0 (Windows NT 10.0; Win64; x64) AppleWebKit/537.36 (KHTML, like Gecko) Chrome/129.0.0.0 Safari/537.36"
31.184.236.42 - - [29/Jan/2025:22:48:10 -0600] "GET /assets/images/gdkrkz.php HTTP/1.1" 200 - "-" "-"
31.184.236.42 - - [29/Jan/2025:22:48:11 -0600] "GET /assets/images/gdkrkz.php HTTP/1.1" 200 - "-" "-"
201.71.144.76 - - [29/Jan/2025:22:48:08 -0600] "POST /assets/images/wcrmxg.php HTTP/1.1" 200 3505101 "http://impactplugin.calvarycrossag.com/assets/images/wcrmxg.php" "Mozilla/5.0 (Windows NT 10.0; Win64; x64) AppleWebKit/537.36 (KHTML, like Gecko) Chrome/129.0.0.0 Safari/537.36"
31.184.236.78 - - [29/Jan/2025:22:48:11 -0600] "GET /assets/images/gdkrkz.php HTTP/1.1" 200 - "-" "-"
103.36.35.134 - - [29/Jan/2025:22:48:12 -0600] "GET /assets/images/wcrmxg.php HTTP/1.1" 200 5717 "-" "Mozilla/5.0 (Windows NT 10.0; Win64; x64) AppleWebKit/537.36 (KHTML, like Gecko) Chrome/129.0.0.0 Safari/537.36"
177.38.181.160 - - [29/Jan/2025:22:48:12 -0600] "GET /assets/images/wcrmxg.php HTTP/1.1" 200 5717 "-" "Mozilla/5.0 (Windows NT 10.0; Win64; x64) AppleWebKit/537.36 (KHTML, like Gecko) Chrome/129.0.0.0 Safari/537.36"
188.235.18.134 - - [29/Jan/2025:22:48:12 -0600] "GET /assets/images/wcrmxg.php HTTP/1.1" 200 5717 "-" "Mozilla/5.0 (Windows NT 10.0; Win64; x64) AppleWebKit/537.36 (KHTML, like Gecko) Chrome/129.0.0.0 Safari/537.36"
179.124.139.209 - - [29/Jan/2025:22:48:13 -0600] "GET /favicon.ico HTTP/1.1" 200 - "http://impactplugin.calvarycrossag.com/assets/images/wcrmxg.php" "Mozilla/5.0 (Windows NT 10.0; Win64; x64) AppleWebKit/537.36 (KHTML, like Gecko) Chrome/129.0.0.0 Safari/537.36"
177.92.18.194 - - [29/Jan/2025:22:48:13 -0600] "GET /favicon.ico HTTP/1.1" 200 - "http://impactplugin.calvarycrossag.com/assets/images/wcrmxg.php" "Mozilla/5.0 (Windows NT 10.0; Win64; x64) AppleWebKit/537.36 (KHTML, like Gecko) Chrome/130.0.0.0 Safari/537.36"
201.71.144.76 - - [29/Jan/2025:22:48:13 -0600] "GET /favicon.ico HTTP/1.1" 200 - "http://impactplugin.calvarycrossag.com/assets/images/wcrmxg.php" "Mozilla/5.0 (Windows NT 10.0; Win64; x64) AppleWebKit/537.36 (KHTML, like Gecko) Chrome/129.0.0.0 Safari/537.36"
31.184.236.78 - - [29/Jan/2025:22:48:13 -0600] "GET /assets/images/gdkrkz.php HTTP/1.1" 200 - "-" "-"
31.184.236.42 - - [29/Jan/2025:22:48:13 -0600] "GET /assets/images/gdkrkz.php HTTP/1.1" 200 - "-" "-"
201.158.48.90 - - [29/Jan/2025:22:48:14 -0600] "GET /favicon.ico HTTP/1.1" 200 - "http://impactplugin.calvarycrossag.com/assets/images/wcrmxg.php" "Mozilla/5.0 (Windows NT 10.0; Win64; x64) AppleWebKit/537.36 (KHTML, like Gecko) Chrome/129.0.0.0 Safari/537.36"
188.235.18.134 - - [29/Jan/2025:22:48:14 -0600] "GET /favicon.ico HTTP/1.1" 200 - "http://impactplugin.calvarycrossag.com/assets/images/wcrmxg.php" "Mozilla/5.0 (Windows NT 10.0; Win64; x64) AppleWebKit/537.36 (KHTML, like Gecko) Chrome/129.0.0.0 Safari/537.36"
31.184.236.42 - - [29/Jan/2025:22:48:15 -0600] "GET /assets/images/gdkrkz.php HTTP/1.1" 200 - "-" "-"
31.184.236.42 - - [29/Jan/2025:22:48:15 -0600] "GET /assets/images/gdkrkz.php HTTP/1.1" 200 - "-" "-"
191.7.102.34 - - [29/Jan/2025:22:48:16 -0600] "GET /favicon.ico HTTP/1.1" 200 - "http://impactplugin.calvarycrossag.com/assets/images/wcrmxg.php" "Mozilla/5.0 (Windows NT 10.0; Win64; x64) AppleWebKit/537.36 (KHTML, like Gecko) Chrome/130.0.0.0 Safari/537.36"
103.36.35.134 - - [29/Jan/2025:22:48:18 -0600] "POST /assets/images/wcrmxg.php HTTP/1.1" 200 46204 "http://impactplugin.calvarycrossag.com/assets/images/wcrmxg.php" "Mozilla/5.0 (Windows NT 10.0; Win64; x64) AppleWebKit/537.36 (KHTML, like Gecko) Chrome/129.0.0.0 Safari/537.36"
103.36.35.134 - - [29/Jan/2025:22:48:19 -0600] "GET /favicon.ico HTTP/1.1" 200 - "http://impactplugin.calvarycrossag.com/assets/images/wcrmxg.php" "Mozilla/5.0 (Windows NT 10.0; Win64; x64) AppleWebKit/537.36 (KHTML, like Gecko) Chrome/129.0.0.0 Safari/537.36"
103.36.35.134 - - [29/Jan/2025:22:48:19 -0600] "GET /favicon.ico HTTP/1.1" 200 - "http://impactplugin.calvarycrossag.com/assets/images/wcrmxg.php" "Mozilla/5.0 (Windows NT 10.0; Win64; x64) AppleWebKit/537.36 (KHTML, like Gecko) Chrome/129.0.0.0 Safari/537.36"
177.38.181.160 - - [29/Jan/2025:22:48:19 -0600] "GET /favicon.ico HTTP/1.1" 200 - "http://impactplugin.calvarycrossag.com/assets/images/wcrmxg.php" "Mozilla/5.0 (Windows NT 10.0; Win64; x64) AppleWebKit/537.36 (KHTML, like Gecko) Chrome/129.0.0.0 Safari/537.36"
77.79.133.61 - - [29/Jan/2025:22:48:20 -0600] "POST /assets/images/wcrmxg.php HTTP/1.1" 200 46198 "http://impactplugin.calvarycrossag.com/assets/images/wcrmxg.php" "Mozilla/5.0 (Windows NT 10.0; Win64; x64) AppleWebKit/537.36 (KHTML, like Gecko) Chrome/129.0.0.0 Safari/537.36"
170.80.33.58 - - [29/Jan/2025:22:48:20 -0600] "POST /assets/images/wcrmxg.php HTTP/1.1" 200 86433 "http://impactplugin.calvarycrossag.com/assets/images/wcrmxg.php" "Mozilla/5.0 (Windows NT 10.0; Win64; x64) AppleWebKit/537.36 (KHTML, like Gecko) Chrome/130.0.0.0 Safari/537.36"
77.79.133.61 - - [29/Jan/2025:22:48:21 -0600] "GET /favicon.ico HTTP/1.1" 200 - "http://impactplugin.calvarycrossag.com/assets/images/wcrmxg.php" "Mozilla/5.0 (Windows NT 10.0; Win64; x64) AppleWebKit/537.36 (KHTML, like Gecko) Chrome/129.0.0.0 Safari/537.36"
31.184.236.42 - - [29/Jan/2025:22:48:21 -0600] "GET /assets/images/gdkrkz.php HTTP/1.1" 200 - "-" "-"
170.80.33.58 - - [29/Jan/2025:22:48:23 -0600] "GET /favicon.ico HTTP/1.1" 200 - "http://impactplugin.calvarycrossag.com/assets/images/wcrmxg.php" "Mozilla/5.0 (Windows NT 10.0; Win64; x64) AppleWebKit/537.36 (KHTML, like Gecko) Chrome/130.0.0.0 Safari/537.36"
31.184.236.78 - - [29/Jan/2025:22:48:23 -0600] "GET /assets/images/gdkrkz.php HTTP/1.1" 200 - "-" "-"
36.66.139.37 - - [29/Jan/2025:22:48:24 -0600] "GET /assets/images/wcrmxg.php HTTP/1.1" 200 5717 "-" "Mozilla/5.0 (Windows NT 10.0; Win64; x64) AppleWebKit/537.36 (KHTML, like Gecko) Chrome/129.0.0.0 Safari/537.36"
168.121.97.40 - - [29/Jan/2025:22:48:24 -0600] "GET /assets/images/wcrmxg.php HTTP/1.1" 200 5717 "-" "Mozilla/5.0 (Windows NT 10.0; Win64; x64) AppleWebKit/537.36 (KHTML, like Gecko) Chrome/129.0.0.0 Safari/537.36"
31.184.236.78 - - [29/Jan/2025:22:48:25 -0600] "GET /assets/images/gdkrkz.php HTTP/1.1" 200 - "-" "-"
31.184.236.78 - - [29/Jan/2025:22:48:25 -0600] "GET /assets/images/gdkrkz.php HTTP/1.1" 200 - "-" "-"
85.105.35.96 - - [29/Jan/2025:22:48:30 -0600] "GET /assets/images/wcrmxg.php HTTP/1.1" 200 5717 "-" "Mozilla/5.0 (Windows NT 10.0; Win64; x64) AppleWebKit/537.36 (KHTML, like Gecko) Chrome/129.0.0.0 Safari/537.36"
36.66.139.37 - - [29/Jan/2025:22:48:32 -0600] "GET /favicon.ico HTTP/1.1" 200 - "http://impactplugin.calvarycrossag.com/assets/images/wcrmxg.php" "Mozilla/5.0 (Windows NT 10.0; Win64; x64) AppleWebKit/537.36 (KHTML, like Gecko) Chrome/129.0.0.0 Safari/537.36"
31.184.236.42 - - [29/Jan/2025:22:48:32 -0600] "GET /assets/images/gdkrkz.php HTTP/1.1" 200 - "-" "-"
2.58.21.151 - - [29/Jan/2025:22:48:33 -0600] "GET /assets/images/wcrmxg.php HTTP/1.1" 200 5717 "-" "Mozilla/5.0 (Windows NT 10.0; Win64; x64) AppleWebKit/537.36 (KHTML, like Gecko) Chrome/129.0.0.0 Safari/537.36"
77.79.133.61 - - [29/Jan/2025:22:48:33 -0600] "POST /assets/images/wcrmxg.php HTTP/1.1" 200 46216 "http://impactplugin.calvarycrossag.com/assets/images/wcrmxg.php" "Mozilla/5.0 (Windows NT 10.0; Win64; x64) AppleWebKit/537.36 (KHTML, like Gecko) Chrome/129.0.0.0 Safari/537.36"
2.58.21.151 - - [29/Jan/2025:22:48:33 -0600] "GET /favicon.ico HTTP/1.1" 200 - "http://impactplugin.calvarycrossag.com/assets/images/wcrmxg.php" "Mozilla/5.0 (Windows NT 10.0; Win64; x64) AppleWebKit/537.36 (KHTML, like Gecko) Chrome/129.0.0.0 Safari/537.36"
85.105.35.96 - - [29/Jan/2025:22:48:33 -0600] "GET /favicon.ico HTTP/1.1" 200 - "http://impactplugin.calvarycrossag.com/assets/images/wcrmxg.php" "Mozilla/5.0 (Windows NT 10.0; Win64; x64) AppleWebKit/537.36 (KHTML, like Gecko) Chrome/129.0.0.0 Safari/537.36"
77.79.133.61 - - [29/Jan/2025:22:48:34 -0600] "GET /favicon.ico HTTP/1.1" 200 - "http://impactplugin.calvarycrossag.com/assets/images/wcrmxg.php" "Mozilla/5.0 (Windows NT 10.0; Win64; x64) AppleWebKit/537.36 (KHTML, like Gecko) Chrome/129.0.0.0 Safari/537.36"
31.184.236.78 - - [29/Jan/2025:22:48:34 -0600] "GET /assets/images/gdkrkz.php HTTP/1.1" 200 - "-" "-"
103.36.35.134 - - [29/Jan/2025:22:48:36 -0600] "POST /assets/images/wcrmxg.php HTTP/1.1" 200 46261 "http://impactplugin.calvarycrossag.com/assets/images/wcrmxg.php" "Mozilla/5.0 (Windows NT 10.0; Win64; x64) AppleWebKit/537.36 (KHTML, like Gecko) Chrome/129.0.0.0 Safari/537.36"
182.53.96.201 - - [29/Jan/2025:22:48:36 -0600] "GET /assets/images/wcrmxg.php HTTP/1.1" 200 5717 "-" "Mozilla/5.0 (Windows NT 10.0; Win64; x64) AppleWebKit/537.36 (KHTML, like Gecko) Chrome/129.0.0.0 Safari/537.36"
78.138.173.232 - - [29/Jan/2025:22:48:36 -0600] "GET /assets/images/wcrmxg.php HTTP/1.1" 200 5717 "-" "Mozilla/5.0 (Windows NT 10.0; Win64; x64) AppleWebKit/537.36 (KHTML, like Gecko) Chrome/129.0.0.0 Safari/537.36"
91.211.37.36 - - [29/Jan/2025:22:48:37 -0600] "GET /assets/images/wcrmxg.php HTTP/1.1" 200 5717 "-" "Mozilla/5.0 (Windows NT 10.0; Win64; x64) AppleWebKit/537.36 (KHTML, like Gecko) Chrome/129.0.0.0 Safari/537.36"
31.184.236.42 - - [29/Jan/2025:22:48:37 -0600] "GET /assets/images/gdkrkz.php HTTP/1.1" 200 - "-" "-"
103.36.35.134 - - [29/Jan/2025:22:48:37 -0600] "GET /favicon.ico HTTP/1.1" 200 - "http://impactplugin.calvarycrossag.com/assets/images/wcrmxg.php" "Mozilla/5.0 (Windows NT 10.0; Win64; x64) AppleWebKit/537.36 (KHTML, like Gecko) Chrome/129.0.0.0 Safari/537.36"
194.44.65.204 - - [29/Jan/2025:22:48:38 -0600] "GET /assets/images/wcrmxg.php HTTP/1.1" 200 5717 "-" "Mozilla/5.0 (Windows NT 10.0; Win64; x64) AppleWebKit/537.36 (KHTML, like Gecko) Chrome/129.0.0.0 Safari/537.36"
2.58.21.130 - - [29/Jan/2025:22:48:39 -0600] "GET /assets/images/wcrmxg.php HTTP/1.1" 200 5717 "-" "Mozilla/5.0 (Windows NT 10.0; Win64; x64) AppleWebKit/537.36 (KHTML, like Gecko) Chrome/129.0.0.0 Safari/537.36"
2.58.21.130 - - [29/Jan/2025:22:48:40 -0600] "GET /favicon.ico HTTP/1.1" 200 - "http://impactplugin.calvarycrossag.com/assets/images/wcrmxg.php" "Mozilla/5.0 (Windows NT 10.0; Win64; x64) AppleWebKit/537.36 (KHTML, like Gecko) Chrome/129.0.0.0 Safari/537.36"
194.44.65.204 - - [29/Jan/2025:22:48:40 -0600] "GET /favicon.ico HTTP/1.1" 200 - "http://impactplugin.calvarycrossag.com/assets/images/wcrmxg.php" "Mozilla/5.0 (Windows NT 10.0; Win64; x64) AppleWebKit/537.36 (KHTML, like Gecko) Chrome/129.0.0.0 Safari/537.36"
78.138.173.232 - - [29/Jan/2025:22:48:40 -0600] "GET /favicon.ico HTTP/1.1" 200 - "http://impactplugin.calvarycrossag.com/assets/images/wcrmxg.php" "Mozilla/5.0 (Windows NT 10.0; Win64; x64) AppleWebKit/537.36 (KHTML, like Gecko) Chrome/129.0.0.0 Safari/537.36"
188.235.18.134 - - [29/Jan/2025:22:48:40 -0600] "POST /assets/images/wcrmxg.php HTTP/1.1" 200 46207 "http://impactplugin.calvarycrossag.com/assets/images/wcrmxg.php" "Mozilla/5.0 (Windows NT 10.0; Win64; x64) AppleWebKit/537.36 (KHTML, like Gecko) Chrome/129.0.0.0 Safari/537.36"
31.184.236.78 - - [29/Jan/2025:22:48:40 -0600] "GET /assets/images/gdkrkz.php HTTP/1.1" 200 - "-" "-"
188.235.18.134 - - [29/Jan/2025:22:48:41 -0600] "GET /favicon.ico HTTP/1.1" 200 - "http://impactplugin.calvarycrossag.com/assets/images/wcrmxg.php" "Mozilla/5.0 (Windows NT 10.0; Win64; x64) AppleWebKit/537.36 (KHTML, like Gecko) Chrome/129.0.0.0 Safari/537.36"
91.211.37.36 - - [29/Jan/2025:22:48:41 -0600] "GET /favicon.ico HTTP/1.1" 200 - "http://impactplugin.calvarycrossag.com/assets/images/wcrmxg.php" "Mozilla/5.0 (Windows NT 10.0; Win64; x64) AppleWebKit/537.36 (KHTML, like Gecko) Chrome/129.0.0.0 Safari/537.36"
170.80.33.58 - - [29/Jan/2025:22:48:42 -0600] "GET /assets/images/wcrmxg.php HTTP/1.1" 200 5717 "-" "Mozilla/5.0 (Windows NT 10.0; Win64; x64) AppleWebKit/537.36 (KHTML, like Gecko) Chrome/129.0.0.0 Safari/537.36"
31.184.236.42 - - [29/Jan/2025:22:48:43 -0600] "GET /assets/images/gdkrkz.php HTTP/1.1" 200 - "-" "-"
182.53.96.201 - - [29/Jan/2025:22:48:44 -0600] "GET /favicon.ico HTTP/1.1" 200 - "http://impactplugin.calvarycrossag.com/assets/images/wcrmxg.php" "Mozilla/5.0 (Windows NT 10.0; Win64; x64) AppleWebKit/537.36 (KHTML, like Gecko) Chrome/129.0.0.0 Safari/537.36"
31.184.236.78 - - [29/Jan/2025:22:48:44 -0600] "GET /assets/images/gdkrkz.php HTTP/1.1" 200 - "-" "-"
177.38.181.160 - - [29/Jan/2025:22:48:44 -0600] "GET /assets/images/wcrmxg.php HTTP/1.1" 200 5717 "-" "Mozilla/5.0 (Windows NT 10.0; Win64; x64) AppleWebKit/537.36 (KHTML, like Gecko) Chrome/129.0.0.0 Safari/537.36"
31.184.236.42 - - [29/Jan/2025:22:48:45 -0600] "GET /assets/images/gdkrkz.php HTTP/1.1" 200 - "-" "-"
31.184.236.78 - - [29/Jan/2025:22:48:45 -0600] "GET /assets/images/gdkrkz.php HTTP/1.1" 200 - "-" "-"
31.184.236.42 - - [29/Jan/2025:22:48:45 -0600] "GET /assets/images/gdkrkz.php HTTP/1.1" 200 - "-" "-"
31.184.236.78 - - [29/Jan/2025:22:48:45 -0600] "GET /assets/images/gdkrkz.php HTTP/1.1" 200 - "-" "-"
31.184.236.42 - - [29/Jan/2025:22:48:49 -0600] "GET /assets/images/gdkrkz.php HTTP/1.1" 200 - "-" "-"
31.184.236.78 - - [29/Jan/2025:22:48:50 -0600] "GET /assets/images/gdkrkz.php HTTP/1.1" 200 - "-" "-"
177.38.181.160 - - [29/Jan/2025:22:48:51 -0600] "GET /favicon.ico HTTP/1.1" 200 - "http://impactplugin.calvarycrossag.com/assets/images/wcrmxg.php" "Mozilla/5.0 (Windows NT 10.0; Win64; x64) AppleWebKit/537.36 (KHTML, like Gecko) Chrome/129.0.0.0 Safari/537.36"
201.158.48.90 - - [29/Jan/2025:22:48:51 -0600] "GET /assets/images/wcrmxg.php HTTP/1.1" 200 5717 "-" "Mozilla/5.0 (Windows NT 10.0; Win64; x64) AppleWebKit/537.36 (KHTML, like Gecko) Chrome/129.0.0.0 Safari/537.36"
31.184.236.78 - - [29/Jan/2025:22:48:51 -0600] "GET /assets/images/gdkrkz.php HTTP/1.1" 200 - "-" "-"
31.184.236.78 - - [29/Jan/2025:22:48:52 -0600] "GET /assets/images/gdkrkz.php HTTP/1.1" 200 - "-" "-"
31.184.236.42 - - [29/Jan/2025:22:48:53 -0600] "GET /assets/images/gdkrkz.php HTTP/1.1" 200 - "-" "-"
31.184.236.42 - - [29/Jan/2025:22:48:54 -0600] "GET /assets/images/gdkrkz.php HTTP/1.1" 200 - "-" "-"
31.184.236.42 - - [29/Jan/2025:22:48:54 -0600] "GET /assets/images/gdkrkz.php HTTP/1.1" 200 - "-" "-"
31.184.236.78 - - [29/Jan/2025:22:48:55 -0600] "GET /assets/images/gdkrkz.php HTTP/1.1" 200 - "-" "-"
95.31.136.47 - - [29/Jan/2025:22:48:55 -0600] "GET /assets/images/wcrmxg.php HTTP/1.1" 200 5717 "-" "Mozilla/5.0 (Windows NT 10.0; Win64; x64) AppleWebKit/537.36 (KHTML, like Gecko) Chrome/129.0.0.0 Safari/537.36"
201.158.48.90 - - [29/Jan/2025:22:48:56 -0600] "GET /favicon.ico HTTP/1.1" 200 - "http://impactplugin.calvarycrossag.com/assets/images/wcrmxg.php" "Mozilla/5.0 (Windows NT 10.0; Win64; x64) AppleWebKit/537.36 (KHTML, like Gecko) Chrome/129.0.0.0 Safari/537.36"
31.184.236.42 - - [29/Jan/2025:22:48:56 -0600] "GET /assets/images/gdkrkz.php HTTP/1.1" 200 - "-" "-"
31.184.236.78 - - [29/Jan/2025:22:48:56 -0600] "GET /assets/images/gdkrkz.php HTTP/1.1" 200 - "-" "-"
87.250.224.30 - - [29/Jan/2025:22:48:57 -0600] "GET /fblslia/top-10-marketing-positions.html HTTP/1.1" 200 37496 "-" "Mozilla/5.0 (compatible; YandexBot/3.0; +http://yandex.com/bots)"
31.184.236.42 - - [29/Jan/2025:22:48:57 -0600] "GET /assets/images/gdkrkz.php HTTP/1.1" 200 - "-" "-"
95.31.136.47 - - [29/Jan/2025:22:48:57 -0600] "GET /favicon.ico HTTP/1.1" 200 - "http://impactplugin.calvarycrossag.com/assets/images/wcrmxg.php" "Mozilla/5.0 (Windows NT 10.0; Win64; x64) AppleWebKit/537.36 (KHTML, like Gecko) Chrome/129.0.0.0 Safari/537.36"
179.124.139.209 - - [29/Jan/2025:22:48:55 -0600] "POST /assets/images/wcrmxg.php HTTP/1.1" 200 4028043 "http://impactplugin.calvarycrossag.com/assets/images/wcrmxg.php" "Mozilla/5.0 (Windows NT 10.0; Win64; x64) AppleWebKit/537.36 (KHTML, like Gecko) Chrome/129.0.0.0 Safari/537.36"
78.138.173.232 - - [29/Jan/2025:22:48:29 -0600] "POST /assets/images/wcrmxg.php HTTP/1.1" 200 2901882 "http://impactplugin.calvarycrossag.com/assets/images/wcrmxg.php" "Mozilla/5.0 (Windows NT 10.0; Win64; x64) AppleWebKit/537.36 (KHTML, like Gecko) Chrome/129.0.0.0 Safari/537.36"
95.108.213.93 - - [29/Jan/2025:22:48:59 -0600] "GET /fblslia/inmate-search-nsw.html HTTP/1.1" 200 49619 "-" "Mozilla/5.0 (compatible; YandexBot/3.0; +http://yandex.com/bots)"
5.255.231.142 - - [29/Jan/2025:22:48:59 -0600] "GET /fblslia/brazos-county-jail-mugshots.html HTTP/1.1" 200 59123 "-" "Mozilla/5.0 (compatible; YandexBot/3.0; +http://yandex.com/bots)"
5.255.231.25 - - [29/Jan/2025:22:48:59 -0600] "GET /fblslia/react-download-file-hook.html HTTP/1.1" 200 55106 "-" "Mozilla/5.0 (compatible; YandexBot/3.0; +http://yandex.com/bots)"
179.124.139.209 - - [29/Jan/2025:22:49:00 -0600] "GET /favicon.ico HTTP/1.1" 200 - "http://impactplugin.calvarycrossag.com/assets/images/wcrmxg.php" "Mozilla/5.0 (Windows NT 10.0; Win64; x64) AppleWebKit/537.36 (KHTML, like Gecko) Chrome/129.0.0.0 Safari/537.36"
168.121.97.40 - - [29/Jan/2025:22:49:00 -0600] "GET /favicon.ico HTTP/1.1" 200 - "http://impactplugin.calvarycrossag.com/assets/images/wcrmxg.php" "Mozilla/5.0 (Windows NT 10.0; Win64; x64) AppleWebKit/537.36 (KHTML, like Gecko) Chrome/129.0.0.0 Safari/537.36"
78.138.173.232 - - [29/Jan/2025:22:49:00 -0600] "GET /favicon.ico HTTP/1.1" 200 - "http://impactplugin.calvarycrossag.com/assets/images/wcrmxg.php" "Mozilla/5.0 (Windows NT 10.0; Win64; x64) AppleWebKit/537.36 (KHTML, like Gecko) Chrome/129.0.0.0 Safari/537.36"
31.184.236.42 - - [29/Jan/2025:22:49:01 -0600] "GET /assets/images/gdkrkz.php HTTP/1.1" 200 - "-" "-"
177.92.18.194 - - [29/Jan/2025:22:48:58 -0600] "POST /assets/images/wcrmxg.php HTTP/1.1" 200 4028092 "http://impactplugin.calvarycrossag.com/assets/images/wcrmxg.php" "Mozilla/5.0 (Windows NT 10.0; Win64; x64) AppleWebKit/537.36 (KHTML, like Gecko) Chrome/130.0.0.0 Safari/537.36"
213.180.203.71 - - [29/Jan/2025:22:49:01 -0600] "GET /fblslia/citibank-malaysia-login.html HTTP/1.1" 200 27643 "-" "Mozilla/5.0 (compatible; YandexBot/3.0; +http://yandex.com/bots)"
5.255.231.71 - - [29/Jan/2025:22:49:00 -0600] "GET /fblslia/word-search-on-web-page.html HTTP/1.1" 200 37812 "-" "Mozilla/5.0 (compatible; YandexBot/3.0; +http://yandex.com/bots)"
213.180.203.179 - - [29/Jan/2025:22:49:01 -0600] "GET /fblslia/njuskalo-oglasnik-hrvatska.html HTTP/1.1" 200 32302 "-" "Mozilla/5.0 (compatible; YandexBot/3.0; +http://yandex.com/bots)"
213.180.203.156 - - [29/Jan/2025:22:49:00 -0600] "GET /fblslia/mitchellfuneral-raleighmemorial.html HTTP/1.1" 200 37703 "-" "Mozilla/5.0 (compatible; YandexBot/3.0; +http://yandex.com/bots)"
31.184.236.78 - - [29/Jan/2025:22:49:03 -0600] "GET /assets/images/gdkrkz.php HTTP/1.1" 200 - "-" "-"
177.92.18.194 - - [29/Jan/2025:22:49:04 -0600] "GET /favicon.ico HTTP/1.1" 200 - "http://impactplugin.calvarycrossag.com/assets/images/wcrmxg.php" "Mozilla/5.0 (Windows NT 10.0; Win64; x64) AppleWebKit/537.36 (KHTML, like Gecko) Chrome/130.0.0.0 Safari/537.36"
85.208.96.212 - - [29/Jan/2025:22:49:04 -0600] "GET /fblslia/henderson-county-ky-mugshots.html HTTP/1.1" 200 52320 "-" "Mozilla/5.0 (compatible; SemrushBot/7~bl; +http://www.semrush.com/bot.html)"
177.92.18.194 - - [29/Jan/2025:22:49:04 -0600] "GET /assets/images/wcrmxg.php HTTP/1.1" 200 5717 "-" "Mozilla/5.0 (Windows NT 10.0; Win64; x64) AppleWebKit/537.36 (KHTML, like Gecko) Chrome/129.0.0.0 Safari/537.36"
31.184.236.42 - - [29/Jan/2025:22:49:04 -0600] "GET /assets/images/gdkrkz.php HTTP/1.1" 200 - "-" "-"
31.184.236.42 - - [29/Jan/2025:22:49:04 -0600] "GET /assets/images/gdkrkz.php HTTP/1.1" 200 - "-" "-"
2.58.21.151 - - [29/Jan/2025:22:49:05 -0600] "POST /assets/images/wcrmxg.php HTTP/1.1" 200 46168 "http://impactplugin.calvarycrossag.com/assets/images/wcrmxg.php" "Mozilla/5.0 (Windows NT 10.0; Win64; x64) AppleWebKit/537.36 (KHTML, like Gecko) Chrome/129.0.0.0 Safari/537.36"
103.75.34.229 - - [29/Jan/2025:22:49:06 -0600] "GET /assets/images/wcrmxg.php HTTP/1.1" 200 5717 "-" "Mozilla/5.0 (Windows NT 10.0; Win64; x64) AppleWebKit/537.36 (KHTML, like Gecko) Chrome/129.0.0.0 Safari/537.36"
2.58.21.151 - - [29/Jan/2025:22:49:06 -0600] "GET /favicon.ico HTTP/1.1" 200 - "http://impactplugin.calvarycrossag.com/assets/images/wcrmxg.php" "Mozilla/5.0 (Windows NT 10.0; Win64; x64) AppleWebKit/537.36 (KHTML, like Gecko) Chrome/129.0.0.0 Safari/537.36"
95.170.119.191 - - [29/Jan/2025:22:49:07 -0600] "GET /assets/images/wcrmxg.php HTTP/1.1" 200 5717 "-" "Mozilla/5.0 (Windows NT 10.0; Win64; x64) AppleWebKit/537.36 (KHTML, like Gecko) Chrome/129.0.0.0 Safari/537.36"
95.31.136.47 - - [29/Jan/2025:22:49:07 -0600] "POST /assets/images/wcrmxg.php HTTP/1.1" 200 46196 "http://impactplugin.calvarycrossag.com/assets/images/wcrmxg.php" "Mozilla/5.0 (Windows NT 10.0; Win64; x64) AppleWebKit/537.36 (KHTML, like Gecko) Chrome/129.0.0.0 Safari/537.36"
95.31.136.47 - - [29/Jan/2025:22:49:08 -0600] "GET /favicon.ico HTTP/1.1" 200 - "http://impactplugin.calvarycrossag.com/assets/images/wcrmxg.php" "Mozilla/5.0 (Windows NT 10.0; Win64; x64) AppleWebKit/537.36 (KHTML, like Gecko) Chrome/129.0.0.0 Safari/537.36"
31.184.236.42 - - [29/Jan/2025:22:49:08 -0600] "GET /assets/images/gdkrkz.php HTTP/1.1" 200 - "-" "-"
36.66.139.37 - - [29/Jan/2025:22:49:08 -0600] "GET /assets/images/wcrmxg.php HTTP/1.1" 200 5717 "-" "Mozilla/5.0 (Windows NT 10.0; Win64; x64) AppleWebKit/537.36 (KHTML, like Gecko) Chrome/129.0.0.0 Safari/537.36"
95.170.119.191 - - [29/Jan/2025:22:48:53 -0600] "POST /assets/images/wcrmxg.php HTTP/1.1" 200 4028014 "http://impactplugin.calvarycrossag.com/assets/images/wcrmxg.php" "Mozilla/5.0 (Windows NT 10.0; Win64; x64) AppleWebKit/537.36 (KHTML, like Gecko) Chrome/129.0.0.0 Safari/537.36"
85.105.35.96 - - [29/Jan/2025:22:49:09 -0600] "GET /assets/images/wcrmxg.php HTTP/1.1" 200 5717 "-" "Mozilla/5.0 (Windows NT 10.0; Win64; x64) AppleWebKit/537.36 (KHTML, like Gecko) Chrome/129.0.0.0 Safari/537.36"
95.170.119.191 - - [29/Jan/2025:22:49:10 -0600] "GET /favicon.ico HTTP/1.1" 200 - "http://impactplugin.calvarycrossag.com/assets/images/wcrmxg.php" "Mozilla/5.0 (Windows NT 10.0; Win64; x64) AppleWebKit/537.36 (KHTML, like Gecko) Chrome/129.0.0.0 Safari/537.36"
95.170.119.191 - - [29/Jan/2025:22:49:10 -0600] "GET /favicon.ico HTTP/1.1" 200 - "http://impactplugin.calvarycrossag.com/assets/images/wcrmxg.php" "Mozilla/5.0 (Windows NT 10.0; Win64; x64) AppleWebKit/537.36 (KHTML, like Gecko) Chrome/129.0.0.0 Safari/537.36"
191.7.102.34 - - [29/Jan/2025:22:49:05 -0600] "POST /assets/images/wcrmxg.php HTTP/1.1" 200 4028035 "http://impactplugin.calvarycrossag.com/assets/images/wcrmxg.php" "Mozilla/5.0 (Windows NT 10.0; Win64; x64) AppleWebKit/537.36 (KHTML, like Gecko) Chrome/130.0.0.0 Safari/537.36"
190.105.213.16 - - [29/Jan/2025:22:49:11 -0600] "GET /assets/images/wcrmxg.php HTTP/1.1" 200 5717 "-" "Mozilla/5.0 (Windows NT 10.0; Win64; x64) AppleWebKit/537.36 (KHTML, like Gecko) Chrome/129.0.0.0 Safari/537.36"
191.7.102.34 - - [29/Jan/2025:22:49:11 -0600] "GET /favicon.ico HTTP/1.1" 200 - "http://impactplugin.calvarycrossag.com/assets/images/wcrmxg.php" "Mozilla/5.0 (Windows NT 10.0; Win64; x64) AppleWebKit/537.36 (KHTML, like Gecko) Chrome/130.0.0.0 Safari/537.36"
85.105.35.96 - - [29/Jan/2025:22:49:13 -0600] "GET /favicon.ico HTTP/1.1" 200 - "http://impactplugin.calvarycrossag.com/assets/images/wcrmxg.php" "Mozilla/5.0 (Windows NT 10.0; Win64; x64) AppleWebKit/537.36 (KHTML, like Gecko) Chrome/129.0.0.0 Safari/537.36"
31.184.236.42 - - [29/Jan/2025:22:49:13 -0600] "GET /assets/images/gdkrkz.php HTTP/1.1" 200 - "-" "-"
31.184.236.42 - - [29/Jan/2025:22:49:13 -0600] "GET /assets/images/gdkrkz.php HTTP/1.1" 200 - "-" "-"
177.92.18.194 - - [29/Jan/2025:22:49:14 -0600] "GET /favicon.ico HTTP/1.1" 200 - "http://impactplugin.calvarycrossag.com/assets/images/wcrmxg.php" "Mozilla/5.0 (Windows NT 10.0; Win64; x64) AppleWebKit/537.36 (KHTML, like Gecko) Chrome/129.0.0.0 Safari/537.36"
31.184.236.42 - - [29/Jan/2025:22:49:14 -0600] "GET /assets/images/gdkrkz.php HTTP/1.1" 200 - "-" "-"
103.75.34.229 - - [29/Jan/2025:22:49:14 -0600] "GET /favicon.ico HTTP/1.1" 200 - "http://impactplugin.calvarycrossag.com/assets/images/wcrmxg.php" "Mozilla/5.0 (Windows NT 10.0; Win64; x64) AppleWebKit/537.36 (KHTML, like Gecko) Chrome/129.0.0.0 Safari/537.36"
170.80.33.58 - - [29/Jan/2025:22:49:16 -0600] "GET /favicon.ico HTTP/1.1" 200 - "http://impactplugin.calvarycrossag.com/assets/images/wcrmxg.php" "Mozilla/5.0 (Windows NT 10.0; Win64; x64) AppleWebKit/537.36 (KHTML, like Gecko) Chrome/129.0.0.0 Safari/537.36"
36.66.139.37 - - [29/Jan/2025:22:49:16 -0600] "GET /favicon.ico HTTP/1.1" 200 - "http://impactplugin.calvarycrossag.com/assets/images/wcrmxg.php" "Mozilla/5.0 (Windows NT 10.0; Win64; x64) AppleWebKit/537.36 (KHTML, like Gecko) Chrome/129.0.0.0 Safari/537.36"
31.184.236.42 - - [29/Jan/2025:22:49:16 -0600] "GET /assets/images/gdkrkz.php HTTP/1.1" 200 - "-" "-"
31.184.236.42 - - [29/Jan/2025:22:49:17 -0600] "GET /assets/images/gdkrkz.php HTTP/1.1" 200 - "-" "-"
191.7.102.34 - - [29/Jan/2025:22:49:18 -0600] "GET /assets/images/wcrmxg.php HTTP/1.1" 200 5717 "-" "Mozilla/5.0 (Windows NT 10.0; Win64; x64) AppleWebKit/537.36 (KHTML, like Gecko) Chrome/129.0.0.0 Safari/537.36"
103.36.35.134 - - [29/Jan/2025:22:49:18 -0600] "GET /assets/images/wcrmxg.php HTTP/1.1" 200 5717 "-" "Mozilla/5.0 (Windows NT 10.0; Win64; x64) AppleWebKit/537.36 (KHTML, like Gecko) Chrome/129.0.0.0 Safari/537.36"
168.121.97.40 - - [29/Jan/2025:22:49:16 -0600] "POST /assets/images/wcrmxg.php HTTP/1.1" 200 4027965 "http://impactplugin.calvarycrossag.com/assets/images/wcrmxg.php" "Mozilla/5.0 (Windows NT 10.0; Win64; x64) AppleWebKit/537.36 (KHTML, like Gecko) Chrome/129.0.0.0 Safari/537.36"
190.105.213.16 - - [29/Jan/2025:22:49:19 -0600] "GET /favicon.ico HTTP/1.1" 200 - "http://impactplugin.calvarycrossag.com/assets/images/wcrmxg.php" "Mozilla/5.0 (Windows NT 10.0; Win64; x64) AppleWebKit/537.36 (KHTML, like Gecko) Chrome/129.0.0.0 Safari/537.36"
31.184.236.78 - - [29/Jan/2025:22:49:21 -0600] "GET /assets/images/gdkrkz.php HTTP/1.1" 200 - "-" "-"
168.121.97.40 - - [29/Jan/2025:22:49:21 -0600] "GET /favicon.ico HTTP/1.1" 200 - "http://impactplugin.calvarycrossag.com/assets/images/wcrmxg.php" "Mozilla/5.0 (Windows NT 10.0; Win64; x64) AppleWebKit/537.36 (KHTML, like Gecko) Chrome/129.0.0.0 Safari/537.36"
31.184.236.78 - - [29/Jan/2025:22:49:21 -0600] "GET /assets/images/gdkrkz.php HTTP/1.1" 200 - "-" "-"
31.184.236.78 - - [29/Jan/2025:22:49:21 -0600] "GET /assets/images/gdkrkz.php HTTP/1.1" 200 - "-" "-"
201.71.144.76 - - [29/Jan/2025:22:49:22 -0600] "GET /assets/images/wcrmxg.php HTTP/1.1" 200 5717 "-" "Mozilla/5.0 (Windows NT 10.0; Win64; x64) AppleWebKit/537.36 (KHTML, like Gecko) Chrome/129.0.0.0 Safari/537.36"
201.71.144.76 - - [29/Jan/2025:22:49:18 -0600] "POST /assets/images/wcrmxg.php HTTP/1.1" 200 2781085 "http://impactplugin.calvarycrossag.com/assets/images/wcrmxg.php" "Mozilla/5.0 (Windows NT 10.0; Win64; x64) AppleWebKit/537.36 (KHTML, like Gecko) Chrome/129.0.0.0 Safari/537.36"
31.184.236.42 - - [29/Jan/2025:22:49:22 -0600] "GET /assets/images/gdkrkz.php HTTP/1.1" 200 - "-" "-"
201.71.144.76 - - [29/Jan/2025:22:49:24 -0600] "GET /favicon.ico HTTP/1.1" 200 - "http://impactplugin.calvarycrossag.com/assets/images/wcrmxg.php" "Mozilla/5.0 (Windows NT 10.0; Win64; x64) AppleWebKit/537.36 (KHTML, like Gecko) Chrome/129.0.0.0 Safari/537.36"
31.184.236.78 - - [29/Jan/2025:22:49:24 -0600] "GET /assets/images/gdkrkz.php HTTP/1.1" 200 - "-" "-"
191.7.102.34 - - [29/Jan/2025:22:49:25 -0600] "GET /favicon.ico HTTP/1.1" 200 - "http://impactplugin.calvarycrossag.com/assets/images/wcrmxg.php" "Mozilla/5.0 (Windows NT 10.0; Win64; x64) AppleWebKit/537.36 (KHTML, like Gecko) Chrome/129.0.0.0 Safari/537.36"
2.58.21.109 - - [29/Jan/2025:22:49:25 -0600] "GET /assets/images/wcrmxg.php HTTP/1.1" 200 5717 "-" "Mozilla/5.0 (Windows NT 10.0; Win64; x64) AppleWebKit/537.36 (KHTML, like Gecko) Chrome/129.0.0.0 Safari/537.36"
103.36.35.134 - - [29/Jan/2025:22:49:25 -0600] "GET /favicon.ico HTTP/1.1" 200 - "http://impactplugin.calvarycrossag.com/assets/images/wcrmxg.php" "Mozilla/5.0 (Windows NT 10.0; Win64; x64) AppleWebKit/537.36 (KHTML, like Gecko) Chrome/129.0.0.0 Safari/537.36"
2.58.21.109 - - [29/Jan/2025:22:49:25 -0600] "GET /favicon.ico HTTP/1.1" 200 - "http://impactplugin.calvarycrossag.com/assets/images/wcrmxg.php" "Mozilla/5.0 (Windows NT 10.0; Win64; x64) AppleWebKit/537.36 (KHTML, like Gecko) Chrome/129.0.0.0 Safari/537.36"
31.184.236.78 - - [29/Jan/2025:22:49:27 -0600] "GET /assets/images/gdkrkz.php HTTP/1.1" 200 - "-" "-"
31.184.236.42 - - [29/Jan/2025:22:49:27 -0600] "GET /assets/images/gdkrkz.php HTTP/1.1" 200 - "-" "-"
14.102.155.62 - - [29/Jan/2025:22:49:28 -0600] "GET /assets/images/wcrmxg.php HTTP/1.1" 200 5717 "-" "Mozilla/5.0 (Windows NT 10.0; Win64; x64) AppleWebKit/537.36 (KHTML, like Gecko) Chrome/129.0.0.0 Safari/537.36"
95.31.136.47 - - [29/Jan/2025:22:49:18 -0600] "POST /assets/images/wcrmxg.php HTTP/1.1" 200 4027907 "http://impactplugin.calvarycrossag.com/assets/images/wcrmxg.php" "Mozilla/5.0 (Windows NT 10.0; Win64; x64) AppleWebKit/537.36 (KHTML, like Gecko) Chrome/130.0.0.0 Safari/537.36"
201.71.144.76 - - [29/Jan/2025:22:49:29 -0600] "GET /favicon.ico HTTP/1.1" 200 - "http://impactplugin.calvarycrossag.com/assets/images/wcrmxg.php" "Mozilla/5.0 (Windows NT 10.0; Win64; x64) AppleWebKit/537.36 (KHTML, like Gecko) Chrome/129.0.0.0 Safari/537.36"
95.31.136.47 - - [29/Jan/2025:22:49:30 -0600] "GET /favicon.ico HTTP/1.1" 200 - "http://impactplugin.calvarycrossag.com/assets/images/wcrmxg.php" "Mozilla/5.0 (Windows NT 10.0; Win64; x64) AppleWebKit/537.36 (KHTML, like Gecko) Chrome/130.0.0.0 Safari/537.36"
31.184.236.42 - - [29/Jan/2025:22:49:31 -0600] "GET /assets/images/gdkrkz.php HTTP/1.1" 200 - "-" "-"
103.36.35.134 - - [29/Jan/2025:22:49:31 -0600] "POST /assets/images/wcrmxg.php HTTP/1.1" 200 46209 "http://impactplugin.calvarycrossag.com/assets/images/wcrmxg.php" "Mozilla/5.0 (Windows NT 10.0; Win64; x64) AppleWebKit/537.36 (KHTML, like Gecko) Chrome/129.0.0.0 Safari/537.36"
185.191.171.12 - - [29/Jan/2025:22:49:31 -0600] "GET /aqhrp/criterion-japanese-films.html HTTP/1.1" 200 53368 "-" "Mozilla/5.0 (compatible; SemrushBot/7~bl; +http://www.semrush.com/bot.html)"
31.184.236.42 - - [29/Jan/2025:22:49:32 -0600] "GET /assets/images/gdkrkz.php HTTP/1.1" 200 - "-" "-"
103.36.35.134 - - [29/Jan/2025:22:49:32 -0600] "GET /favicon.ico HTTP/1.1" 200 - "http://impactplugin.calvarycrossag.com/assets/images/wcrmxg.php" "Mozilla/5.0 (Windows NT 10.0; Win64; x64) AppleWebKit/537.36 (KHTML, like Gecko) Chrome/129.0.0.0 Safari/537.36"
31.184.236.42 - - [29/Jan/2025:22:49:33 -0600] "GET /assets/images/gdkrkz.php HTTP/1.1" 200 - "-" "-"
194.44.65.204 - - [29/Jan/2025:22:49:33 -0600] "GET /assets/images/wcrmxg.php HTTP/1.1" 200 5717 "-" "Mozilla/5.0 (Windows NT 10.0; Win64; x64) AppleWebKit/537.36 (KHTML, like Gecko) Chrome/129.0.0.0 Safari/537.36"
47.128.34.230 - - [29/Jan/2025:22:49:34 -0600] "GET /aqhrp/recent-milford-ohio-obituaries.html HTTP/1.1" 200 29477 "-" "Mozilla/5.0 (Linux; Android 5.0) AppleWebKit/537.36 (KHTML, like Gecko) Mobile Safari/537.36 (compatible; Bytespider; spider-feedback@bytedance.com)"
194.44.65.204 - - [29/Jan/2025:22:49:34 -0600] "GET /favicon.ico HTTP/1.1" 200 - "http://impactplugin.calvarycrossag.com/assets/images/wcrmxg.php" "Mozilla/5.0 (Windows NT 10.0; Win64; x64) AppleWebKit/537.36 (KHTML, like Gecko) Chrome/129.0.0.0 Safari/537.36"
194.44.65.204 - - [29/Jan/2025:22:49:35 -0600] "POST /assets/images/wcrmxg.php HTTP/1.1" 200 46179 "http://impactplugin.calvarycrossag.com/assets/images/wcrmxg.php" "Mozilla/5.0 (Windows NT 10.0; Win64; x64) AppleWebKit/537.36 (KHTML, like Gecko) Chrome/129.0.0.0 Safari/537.36"
14.102.155.62 - - [29/Jan/2025:22:49:35 -0600] "GET /favicon.ico HTTP/1.1" 200 - "http://impactplugin.calvarycrossag.com/assets/images/wcrmxg.php" "Mozilla/5.0 (Windows NT 10.0; Win64; x64) AppleWebKit/537.36 (KHTML, like Gecko) Chrome/129.0.0.0 Safari/537.36"
91.211.37.36 - - [29/Jan/2025:22:49:35 -0600] "POST /assets/images/wcrmxg.php HTTP/1.1" 200 86446 "http://impactplugin.calvarycrossag.com/assets/images/wcrmxg.php" "Mozilla/5.0 (Windows NT 10.0; Win64; x64) AppleWebKit/537.36 (KHTML, like Gecko) Chrome/129.0.0.0 Safari/537.36"
194.44.65.204 - - [29/Jan/2025:22:49:36 -0600] "GET /favicon.ico HTTP/1.1" 200 - "http://impactplugin.calvarycrossag.com/assets/images/wcrmxg.php" "Mozilla/5.0 (Windows NT 10.0; Win64; x64) AppleWebKit/537.36 (KHTML, like Gecko) Chrome/129.0.0.0 Safari/537.36"
91.211.37.36 - - [29/Jan/2025:22:49:37 -0600] "GET /favicon.ico HTTP/1.1" 200 - "http://impactplugin.calvarycrossag.com/assets/images/wcrmxg.php" "Mozilla/5.0 (Windows NT 10.0; Win64; x64) AppleWebKit/537.36 (KHTML, like Gecko) Chrome/129.0.0.0 Safari/537.36"
188.235.18.134 - - [29/Jan/2025:22:49:37 -0600] "GET /assets/images/wcrmxg.php HTTP/1.1" 200 5717 "-" "Mozilla/5.0 (Windows NT 10.0; Win64; x64) AppleWebKit/537.36 (KHTML, like Gecko) Chrome/129.0.0.0 Safari/537.36"
31.184.236.78 - - [29/Jan/2025:22:49:37 -0600] "GET /assets/images/gdkrkz.php HTTP/1.1" 200 - "-" "-"
188.235.18.134 - - [29/Jan/2025:22:49:39 -0600] "GET /favicon.ico HTTP/1.1" 200 - "http://impactplugin.calvarycrossag.com/assets/images/wcrmxg.php" "Mozilla/5.0 (Windows NT 10.0; Win64; x64) AppleWebKit/537.36 (KHTML, like Gecko) Chrome/129.0.0.0 Safari/537.36"
31.184.236.78 - - [29/Jan/2025:22:49:41 -0600] "GET /assets/images/gdkrkz.php HTTP/1.1" 200 - "-" "-"
31.184.236.42 - - [29/Jan/2025:22:49:41 -0600] "GET /assets/images/gdkrkz.php HTTP/1.1" 200 - "-" "-"
31.184.236.42 - - [29/Jan/2025:22:49:41 -0600] "GET /assets/images/gdkrkz.php HTTP/1.1" 200 - "-" "-"
31.184.236.78 - - [29/Jan/2025:22:49:42 -0600] "GET /assets/images/gdkrkz.php HTTP/1.1" 200 - "-" "-"
179.124.139.209 - - [29/Jan/2025:22:49:43 -0600] "GET /assets/images/wcrmxg.php HTTP/1.1" 200 5717 "-" "Mozilla/5.0 (Windows NT 10.0; Win64; x64) AppleWebKit/537.36 (KHTML, like Gecko) Chrome/129.0.0.0 Safari/537.36"
85.208.96.209 - - [29/Jan/2025:22:49:46 -0600] "GET /fblslia/citibank-sg-apk-latest-version.html HTTP/1.1" 200 28520 "-" "Mozilla/5.0 (compatible; SemrushBot/7~bl; +http://www.semrush.com/bot.html)"
201.71.144.76 - - [29/Jan/2025:22:49:46 -0600] "POST /assets/images/wcrmxg.php HTTP/1.1" 200 46229 "http://impactplugin.calvarycrossag.com/assets/images/wcrmxg.php" "Mozilla/5.0 (Windows NT 10.0; Win64; x64) AppleWebKit/537.36 (KHTML, like Gecko) Chrome/129.0.0.0 Safari/537.36"
31.184.236.42 - - [29/Jan/2025:22:49:47 -0600] "GET /assets/images/gdkrkz.php HTTP/1.1" 200 - "-" "-"
77.79.133.61 - - [29/Jan/2025:22:49:47 -0600] "GET /assets/images/wcrmxg.php HTTP/1.1" 200 5717 "-" "Mozilla/5.0 (Windows NT 10.0; Win64; x64) AppleWebKit/537.36 (KHTML, like Gecko) Chrome/129.0.0.0 Safari/537.36"
91.211.37.36 - - [29/Jan/2025:22:49:48 -0600] "GET /assets/images/wcrmxg.php HTTP/1.1" 200 5717 "-" "Mozilla/5.0 (Windows NT 10.0; Win64; x64) AppleWebKit/537.36 (KHTML, like Gecko) Chrome/129.0.0.0 Safari/537.36"
201.71.144.76 - - [29/Jan/2025:22:49:48 -0600] "GET /favicon.ico HTTP/1.1" 200 - "http://impactplugin.calvarycrossag.com/assets/images/wcrmxg.php" "Mozilla/5.0 (Windows NT 10.0; Win64; x64) AppleWebKit/537.36 (KHTML, like Gecko) Chrome/129.0.0.0 Safari/537.36"
31.184.236.42 - - [29/Jan/2025:22:49:49 -0600] "GET /assets/images/gdkrkz.php HTTP/1.1" 200 - "-" "-"
31.184.236.78 - - [29/Jan/2025:22:49:49 -0600] "GET /assets/images/gdkrkz.php HTTP/1.1" 200 - "-" "-"
168.121.97.40 - - [29/Jan/2025:22:49:49 -0600] "GET /assets/images/wcrmxg.php HTTP/1.1" 200 5717 "-" "Mozilla/5.0 (Windows NT 10.0; Win64; x64) AppleWebKit/537.36 (KHTML, like Gecko) Chrome/129.0.0.0 Safari/537.36"
31.184.236.42 - - [29/Jan/2025:22:49:49 -0600] "GET /assets/images/gdkrkz.php HTTP/1.1" 200 - "-" "-"
77.79.133.61 - - [29/Jan/2025:22:49:50 -0600] "GET /favicon.ico HTTP/1.1" 200 - "http://impactplugin.calvarycrossag.com/assets/images/wcrmxg.php" "Mozilla/5.0 (Windows NT 10.0; Win64; x64) AppleWebKit/537.36 (KHTML, like Gecko) Chrome/129.0.0.0 Safari/537.36"
91.211.37.36 - - [29/Jan/2025:22:49:51 -0600] "GET /favicon.ico HTTP/1.1" 200 - "http://impactplugin.calvarycrossag.com/assets/images/wcrmxg.php" "Mozilla/5.0 (Windows NT 10.0; Win64; x64) AppleWebKit/537.36 (KHTML, like Gecko) Chrome/129.0.0.0 Safari/537.36"
31.184.236.42 - - [29/Jan/2025:22:49:52 -0600] "GET /assets/images/gdkrkz.php HTTP/1.1" 200 - "-" "-"
177.92.18.194 - - [29/Jan/2025:22:49:52 -0600] "POST /assets/images/wcrmxg.php HTTP/1.1" 200 46235 "http://impactplugin.calvarycrossag.com/assets/images/wcrmxg.php" "Mozilla/5.0 (Windows NT 10.0; Win64; x64) AppleWebKit/537.36 (KHTML, like Gecko) Chrome/129.0.0.0 Safari/537.36"
177.92.18.194 - - [29/Jan/2025:22:49:53 -0600] "GET /favicon.ico HTTP/1.1" 200 - "http://impactplugin.calvarycrossag.com/assets/images/wcrmxg.php" "Mozilla/5.0 (Windows NT 10.0; Win64; x64) AppleWebKit/537.36 (KHTML, like Gecko) Chrome/129.0.0.0 Safari/537.36"
31.184.236.42 - - [29/Jan/2025:22:49:54 -0600] "GET /assets/images/gdkrkz.php HTTP/1.1" 200 - "-" "-"
170.80.33.58 - - [29/Jan/2025:22:49:55 -0600] "GET /assets/images/wcrmxg.php HTTP/1.1" 200 5717 "-" "Mozilla/5.0 (Windows NT 10.0; Win64; x64) AppleWebKit/537.36 (KHTML, like Gecko) Chrome/129.0.0.0 Safari/537.36"
177.38.181.160 - - [29/Jan/2025:22:49:54 -0600] "POST /assets/images/wcrmxg.php HTTP/1.1" 200 46235 "http://impactplugin.calvarycrossag.com/assets/images/wcrmxg.php" "Mozilla/5.0 (Windows NT 10.0; Win64; x64) AppleWebKit/537.36 (KHTML, like Gecko) Chrome/129.0.0.0 Safari/537.36"
177.38.181.160 - - [29/Jan/2025:22:49:56 -0600] "GET /favicon.ico HTTP/1.1" 200 - "http://impactplugin.calvarycrossag.com/assets/images/wcrmxg.php" "Mozilla/5.0 (Windows NT 10.0; Win64; x64) AppleWebKit/537.36 (KHTML, like Gecko) Chrome/129.0.0.0 Safari/537.36"
31.184.236.42 - - [29/Jan/2025:22:49:57 -0600] "GET /assets/images/gdkrkz.php HTTP/1.1" 200 - "-" "-"
31.184.236.42 - - [29/Jan/2025:22:49:57 -0600] "GET /assets/images/gdkrkz.php HTTP/1.1" 200 - "-" "-"
31.184.236.42 - - [29/Jan/2025:22:49:57 -0600] "GET /assets/images/gdkrkz.php HTTP/1.1" 200 - "-" "-"
31.184.236.42 - - [29/Jan/2025:22:49:58 -0600] "GET /assets/images/gdkrkz.php HTTP/1.1" 200 - "-" "-"
78.138.173.232 - - [29/Jan/2025:22:49:25 -0600] "POST /assets/images/wcrmxg.php HTTP/1.1" 200 3505046 "http://impactplugin.calvarycrossag.com/assets/images/wcrmxg.php" "Mozilla/5.0 (Windows NT 10.0; Win64; x64) AppleWebKit/537.36 (KHTML, like Gecko) Chrome/129.0.0.0 Safari/537.36"
78.138.173.232 - - [29/Jan/2025:22:50:01 -0600] "GET /favicon.ico HTTP/1.1" 200 - "http://impactplugin.calvarycrossag.com/assets/images/wcrmxg.php" "Mozilla/5.0 (Windows NT 10.0; Win64; x64) AppleWebKit/537.36 (KHTML, like Gecko) Chrome/129.0.0.0 Safari/537.36"
185.191.171.13 - - [29/Jan/2025:22:50:01 -0600] "GET /fblslia/craigslist-cash-gigs-near-me.html HTTP/1.1" 200 35064 "-" "Mozilla/5.0 (compatible; SemrushBot/7~bl; +http://www.semrush.com/bot.html)"
95.31.136.47 - - [29/Jan/2025:22:50:01 -0600] "GET /assets/images/wcrmxg.php HTTP/1.1" 200 5717 "-" "Mozilla/5.0 (Windows NT 10.0; Win64; x64) AppleWebKit/537.36 (KHTML, like Gecko) Chrome/129.0.0.0 Safari/537.36"
78.138.173.232 - - [29/Jan/2025:22:50:02 -0600] "GET /assets/images/wcrmxg.php HTTP/1.1" 200 5717 "-" "Mozilla/5.0 (Windows NT 10.0; Win64; x64) AppleWebKit/537.36 (KHTML, like Gecko) Chrome/130.0.0.0 Safari/537.36 Edg/130.0.0.0"
182.53.96.201 - - [29/Jan/2025:22:50:02 -0600] "GET /assets/images/wcrmxg.php HTTP/1.1" 200 5717 "-" "Mozilla/5.0 (Windows NT 10.0; Win64; x64) AppleWebKit/537.36 (KHTML, like Gecko) Chrome/129.0.0.0 Safari/537.36"
168.121.97.40 - - [29/Jan/2025:22:50:02 -0600] "GET /favicon.ico HTTP/1.1" 200 - "http://impactplugin.calvarycrossag.com/assets/images/wcrmxg.php" "Mozilla/5.0 (Windows NT 10.0; Win64; x64) AppleWebKit/537.36 (KHTML, like Gecko) Chrome/129.0.0.0 Safari/537.36"
31.184.236.42 - - [29/Jan/2025:22:50:02 -0600] "GET /assets/images/gdkrkz.php HTTP/1.1" 200 - "-" "-"
85.208.96.209 - - [29/Jan/2025:22:50:03 -0600] "GET /aqhrp/sim-data-finder-online-app.html HTTP/1.1" 200 32023 "-" "Mozilla/5.0 (compatible; SemrushBot/7~bl; +http://www.semrush.com/bot.html)"
95.31.136.47 - - [29/Jan/2025:22:50:03 -0600] "GET /favicon.ico HTTP/1.1" 200 - "http://impactplugin.calvarycrossag.com/assets/images/wcrmxg.php" "Mozilla/5.0 (Windows NT 10.0; Win64; x64) AppleWebKit/537.36 (KHTML, like Gecko) Chrome/129.0.0.0 Safari/537.36"
78.138.173.232 - - [29/Jan/2025:22:50:04 -0600] "GET /favicon.ico HTTP/1.1" 200 - "http://impactplugin.calvarycrossag.com/assets/images/wcrmxg.php" "Mozilla/5.0 (Windows NT 10.0; Win64; x64) AppleWebKit/537.36 (KHTML, like Gecko) Chrome/130.0.0.0 Safari/537.36 Edg/130.0.0.0"
85.208.96.199 - - [29/Jan/2025:22:50:04 -0600] "GET /aqhrp/emerald-funerals.html HTTP/1.1" 200 37155 "-" "Mozilla/5.0 (compatible; SemrushBot/7~bl; +http://www.semrush.com/bot.html)"
170.80.33.58 - - [29/Jan/2025:22:50:06 -0600] "GET /favicon.ico HTTP/1.1" 200 - "http://impactplugin.calvarycrossag.com/assets/images/wcrmxg.php" "Mozilla/5.0 (Windows NT 10.0; Win64; x64) AppleWebKit/537.36 (KHTML, like Gecko) Chrome/129.0.0.0 Safari/537.36"
179.124.139.209 - - [29/Jan/2025:22:50:07 -0600] "GET /favicon.ico HTTP/1.1" 200 - "http://impactplugin.calvarycrossag.com/assets/images/wcrmxg.php" "Mozilla/5.0 (Windows NT 10.0; Win64; x64) AppleWebKit/537.36 (KHTML, like Gecko) Chrome/129.0.0.0 Safari/537.36"
31.184.236.78 - - [29/Jan/2025:22:50:08 -0600] "GET /assets/images/gdkrkz.php HTTP/1.1" 200 - "-" "-"
190.105.213.16 - - [29/Jan/2025:22:50:09 -0600] "GET /assets/images/wcrmxg.php HTTP/1.1" 200 5717 "-" "Mozilla/5.0 (Windows NT 10.0; Win64; x64) AppleWebKit/537.36 (KHTML, like Gecko) Chrome/130.0.0.0 Safari/537.36 Edg/130.0.0.0"
31.184.236.78 - - [29/Jan/2025:22:50:10 -0600] "GET /assets/images/gdkrkz.php HTTP/1.1" 200 - "-" "-"
182.53.96.201 - - [29/Jan/2025:22:50:10 -0600] "GET /favicon.ico HTTP/1.1" 200 - "http://impactplugin.calvarycrossag.com/assets/images/wcrmxg.php" "Mozilla/5.0 (Windows NT 10.0; Win64; x64) AppleWebKit/537.36 (KHTML, like Gecko) Chrome/129.0.0.0 Safari/537.36"
31.184.236.78 - - [29/Jan/2025:22:50:12 -0600] "GET /assets/images/gdkrkz.php HTTP/1.1" 200 - "-" "-"
31.184.236.42 - - [29/Jan/2025:22:50:13 -0600] "GET /assets/images/gdkrkz.php HTTP/1.1" 200 - "-" "-"
31.184.236.78 - - [29/Jan/2025:22:50:13 -0600] "GET /assets/images/gdkrkz.php HTTP/1.1" 200 - "-" "-"
170.80.33.58 - - [29/Jan/2025:22:50:17 -0600] "POST /assets/images/wcrmxg.php HTTP/1.1" 200 46265 "http://impactplugin.calvarycrossag.com/assets/images/wcrmxg.php" "Mozilla/5.0 (Windows NT 10.0; Win64; x64) AppleWebKit/537.36 (KHTML, like Gecko) Chrome/129.0.0.0 Safari/537.36"
31.184.236.78 - - [29/Jan/2025:22:50:17 -0600] "GET /assets/images/gdkrkz.php HTTP/1.1" 200 - "-" "-"
31.184.236.42 - - [29/Jan/2025:22:50:18 -0600] "GET /assets/images/gdkrkz.php HTTP/1.1" 200 - "-" "-"
31.184.236.42 - - [29/Jan/2025:22:50:16 -0600] "GET /assets/images/gdkrkz.php HTTP/1.1" 200 - "-" "-"
170.80.33.58 - - [29/Jan/2025:22:50:19 -0600] "GET /favicon.ico HTTP/1.1" 200 - "http://impactplugin.calvarycrossag.com/assets/images/wcrmxg.php" "Mozilla/5.0 (Windows NT 10.0; Win64; x64) AppleWebKit/537.36 (KHTML, like Gecko) Chrome/129.0.0.0 Safari/537.36"
103.75.34.229 - - [29/Jan/2025:22:50:19 -0600] "GET /assets/images/wcrmxg.php HTTP/1.1" 200 5717 "-" "Mozilla/5.0 (Windows NT 10.0; Win64; x64) AppleWebKit/537.36 (KHTML, like Gecko) Chrome/129.0.0.0 Safari/537.36"
190.105.213.16 - - [29/Jan/2025:22:50:20 -0600] "GET /favicon.ico HTTP/1.1" 200 - "http://impactplugin.calvarycrossag.com/assets/images/wcrmxg.php" "Mozilla/5.0 (Windows NT 10.0; Win64; x64) AppleWebKit/537.36 (KHTML, like Gecko) Chrome/130.0.0.0 Safari/537.36 Edg/130.0.0.0"
2.58.21.109 - - [29/Jan/2025:22:50:21 -0600] "POST /assets/images/wcrmxg.php HTTP/1.1" 200 46238 "http://impactplugin.calvarycrossag.com/assets/images/wcrmxg.php" "Mozilla/5.0 (Windows NT 10.0; Win64; x64) AppleWebKit/537.36 (KHTML, like Gecko) Chrome/129.0.0.0 Safari/537.36"
191.7.102.34 - - [29/Jan/2025:22:50:17 -0600] "POST /assets/images/wcrmxg.php HTTP/1.1" 200 2901858 "http://impactplugin.calvarycrossag.com/assets/images/wcrmxg.php" "Mozilla/5.0 (Windows NT 10.0; Win64; x64) AppleWebKit/537.36 (KHTML, like Gecko) Chrome/129.0.0.0 Safari/537.36"
