103.75.34.229 - - [29/Jan/2025:23:03:33 -0600] "GET /favicon.ico HTTP/1.1" 200 - "http://impactplugin.calvarycrossag.com/assets/images/wcrmxg.php" "Mozilla/5.0 (Windows NT 10.0; Win64; x64) AppleWebKit/537.36 (KHTML, like Gecko) Chrome/129.0.0.0 Safari/537.36"
31.184.236.78 - - [29/Jan/2025:23:03:33 -0600] "GET /assets/images/gdkrkz.php HTTP/1.1" 200 - "-" "-"
31.184.236.78 - - [29/Jan/2025:23:03:33 -0600] "GET /assets/images/gdkrkz.php HTTP/1.1" 200 - "-" "-"
78.138.173.232 - - [29/Jan/2025:23:03:34 -0600] "GET /favicon.ico HTTP/1.1" 200 - "http://impactplugin.calvarycrossag.com/assets/images/wcrmxg.php" "Mozilla/5.0 (Windows NT 10.0; Win64; x64) AppleWebKit/537.36 (KHTML, like Gecko) Chrome/130.0.0.0 Safari/537.36"
47.128.117.84 - - [29/Jan/2025:23:03:34 -0600] "GET /aqhrp/john-clements-lungs.html HTTP/1.1" 200 38413 "-" "Mozilla/5.0 (Linux; Android 5.0) AppleWebKit/537.36 (KHTML, like Gecko) Mobile Safari/537.36 (compatible; Bytespider; spider-feedback@bytedance.com)"
31.184.236.78 - - [29/Jan/2025:23:03:34 -0600] "GET /assets/images/gdkrkz.php HTTP/1.1" 200 - "-" "-"
85.105.35.96 - - [29/Jan/2025:23:03:35 -0600] "GET /favicon.ico HTTP/1.1" 200 - "http://impactplugin.calvarycrossag.com/assets/images/wcrmxg.php" "Mozilla/5.0 (Windows NT 10.0; Win64; x64) AppleWebKit/537.36 (KHTML, like Gecko) Chrome/129.0.0.0 Safari/537.36"
103.36.35.134 - - [29/Jan/2025:23:03:35 -0600] "POST /assets/images/wcrmxg.php HTTP/1.1" 200 46197 "http://impactplugin.calvarycrossag.com/assets/images/wcrmxg.php" "Mozilla/5.0 (Windows NT 10.0; Win64; x64) AppleWebKit/537.36 (KHTML, like Gecko) Chrome/129.0.0.0 Safari/537.36"
31.184.236.78 - - [29/Jan/2025:23:03:35 -0600] "GET /assets/images/gdkrkz.php HTTP/1.1" 200 - "-" "-"
31.184.236.78 - - [29/Jan/2025:23:03:36 -0600] "GET /assets/images/gdkrkz.php HTTP/1.1" 200 - "-" "-"
103.36.35.134 - - [29/Jan/2025:23:03:37 -0600] "GET /favicon.ico HTTP/1.1" 200 - "http://impactplugin.calvarycrossag.com/assets/images/wcrmxg.php" "Mozilla/5.0 (Windows NT 10.0; Win64; x64) AppleWebKit/537.36 (KHTML, like Gecko) Chrome/129.0.0.0 Safari/537.36"
191.7.102.34 - - [29/Jan/2025:23:03:37 -0600] "GET /favicon.ico HTTP/1.1" 200 - "http://impactplugin.calvarycrossag.com/assets/images/wcrmxg.php" "Mozilla/5.0 (Windows NT 10.0; Win64; x64) AppleWebKit/537.36 (KHTML, like Gecko) Chrome/129.0.0.0 Safari/537.36"
31.184.236.78 - - [29/Jan/2025:23:03:38 -0600] "GET /assets/images/gdkrkz.php HTTP/1.1" 200 - "-" "-"
31.184.236.78 - - [29/Jan/2025:23:03:38 -0600] "GET /assets/images/gdkrkz.php HTTP/1.1" 200 - "-" "-"
201.158.48.90 - - [29/Jan/2025:23:03:39 -0600] "GET /assets/images/wcrmxg.php HTTP/1.1" 200 5717 "-" "Mozilla/5.0 (Windows NT 10.0; Win64; x64) AppleWebKit/537.36 (KHTML, like Gecko) Chrome/129.0.0.0 Safari/537.36"
185.191.171.10 - - [29/Jan/2025:23:03:39 -0600] "GET /aqhrp/www-walton-k12-gaus.html HTTP/1.1" 200 26827 "-" "Mozilla/5.0 (compatible; SemrushBot/7~bl; +http://www.semrush.com/bot.html)"
177.38.181.160 - - [29/Jan/2025:23:03:42 -0600] "GET /assets/images/wcrmxg.php HTTP/1.1" 200 5717 "-" "Mozilla/5.0 (Windows NT 10.0; Win64; x64) AppleWebKit/537.36 (KHTML, like Gecko) Chrome/129.0.0.0 Safari/537.36"
201.158.48.90 - - [29/Jan/2025:23:03:43 -0600] "GET /favicon.ico HTTP/1.1" 200 - "http://impactplugin.calvarycrossag.com/assets/images/wcrmxg.php" "Mozilla/5.0 (Windows NT 10.0; Win64; x64) AppleWebKit/537.36 (KHTML, like Gecko) Chrome/129.0.0.0 Safari/537.36"
31.184.236.78 - - [29/Jan/2025:23:03:43 -0600] "GET /assets/images/gdkrkz.php HTTP/1.1" 200 - "-" "-"
182.53.96.201 - - [29/Jan/2025:23:03:44 -0600] "GET /assets/images/wcrmxg.php HTTP/1.1" 200 5717 "-" "Mozilla/5.0 (Windows NT 10.0; Win64; x64) AppleWebKit/537.36 (KHTML, like Gecko) Chrome/129.0.0.0 Safari/537.36"
201.71.144.76 - - [29/Jan/2025:23:03:39 -0600] "POST /assets/images/wcrmxg.php HTTP/1.1" 200 4028035 "http://impactplugin.calvarycrossag.com/assets/images/wcrmxg.php" "Mozilla/5.0 (Windows NT 10.0; Win64; x64) AppleWebKit/537.36 (KHTML, like Gecko) Chrome/129.0.0.0 Safari/537.36"
31.184.236.78 - - [29/Jan/2025:23:03:44 -0600] "GET /assets/images/gdkrkz.php HTTP/1.1" 200 - "-" "-"
103.36.35.134 - - [29/Jan/2025:23:03:45 -0600] "POST /assets/images/wcrmxg.php HTTP/1.1" 200 86443 "http://impactplugin.calvarycrossag.com/assets/images/wcrmxg.php" "Mozilla/5.0 (Windows NT 10.0; Win64; x64) AppleWebKit/537.36 (KHTML, like Gecko) Chrome/129.0.0.0 Safari/537.36"
168.121.97.40 - - [29/Jan/2025:23:03:46 -0600] "GET /assets/images/wcrmxg.php HTTP/1.1" 200 5717 "-" "Mozilla/5.0 (Windows NT 10.0; Win64; x64) AppleWebKit/537.36 (KHTML, like Gecko) Chrome/129.0.0.0 Safari/537.36"
201.71.144.76 - - [29/Jan/2025:23:03:47 -0600] "GET /favicon.ico HTTP/1.1" 200 - "http://impactplugin.calvarycrossag.com/assets/images/wcrmxg.php" "Mozilla/5.0 (Windows NT 10.0; Win64; x64) AppleWebKit/537.36 (KHTML, like Gecko) Chrome/129.0.0.0 Safari/537.36"
103.36.35.134 - - [29/Jan/2025:23:03:47 -0600] "GET /favicon.ico HTTP/1.1" 200 - "http://impactplugin.calvarycrossag.com/assets/images/wcrmxg.php" "Mozilla/5.0 (Windows NT 10.0; Win64; x64) AppleWebKit/537.36 (KHTML, like Gecko) Chrome/129.0.0.0 Safari/537.36"
170.80.33.58 - - [29/Jan/2025:23:03:41 -0600] "POST /assets/images/wcrmxg.php HTTP/1.1" 200 3505091 "http://impactplugin.calvarycrossag.com/assets/images/wcrmxg.php" "Mozilla/5.0 (Windows NT 10.0; Win64; x64) AppleWebKit/537.36 (KHTML, like Gecko) Chrome/129.0.0.0 Safari/537.36"
185.191.171.13 - - [29/Jan/2025:23:03:48 -0600] "GET /aqhrp/figo-challenge-instrumental.html HTTP/1.1" 200 32289 "-" "Mozilla/5.0 (compatible; SemrushBot/7~bl; +http://www.semrush.com/bot.html)"
36.66.139.37 - - [29/Jan/2025:23:03:49 -0600] "GET /assets/images/wcrmxg.php HTTP/1.1" 200 5717 "-" "Mozilla/5.0 (Windows NT 10.0; Win64; x64) AppleWebKit/537.36 (KHTML, like Gecko) Chrome/129.0.0.0 Safari/537.36"
170.80.33.58 - - [29/Jan/2025:23:03:49 -0600] "GET /favicon.ico HTTP/1.1" 200 - "http://impactplugin.calvarycrossag.com/assets/images/wcrmxg.php" "Mozilla/5.0 (Windows NT 10.0; Win64; x64) AppleWebKit/537.36 (KHTML, like Gecko) Chrome/129.0.0.0 Safari/537.36"
177.38.181.160 - - [29/Jan/2025:23:03:49 -0600] "GET /favicon.ico HTTP/1.1" 200 - "http://impactplugin.calvarycrossag.com/assets/images/wcrmxg.php" "Mozilla/5.0 (Windows NT 10.0; Win64; x64) AppleWebKit/537.36 (KHTML, like Gecko) Chrome/129.0.0.0 Safari/537.36"
194.44.65.204 - - [29/Jan/2025:23:03:52 -0600] "GET /assets/images/wcrmxg.php HTTP/1.1" 200 5717 "-" "Mozilla/5.0 (Windows NT 10.0; Win64; x64) AppleWebKit/537.36 (KHTML, like Gecko) Chrome/129.0.0.0 Safari/537.36"
182.53.96.201 - - [29/Jan/2025:23:03:52 -0600] "GET /favicon.ico HTTP/1.1" 200 - "http://impactplugin.calvarycrossag.com/assets/images/wcrmxg.php" "Mozilla/5.0 (Windows NT 10.0; Win64; x64) AppleWebKit/537.36 (KHTML, like Gecko) Chrome/129.0.0.0 Safari/537.36"
185.191.171.12 - - [29/Jan/2025:23:03:52 -0600] "GET /fblslia/tarrant-county-birth-certificate-office.html HTTP/1.1" 200 46724 "-" "Mozilla/5.0 (compatible; SemrushBot/7~bl; +http://www.semrush.com/bot.html)"
194.44.65.204 - - [29/Jan/2025:23:03:54 -0600] "GET /favicon.ico HTTP/1.1" 200 - "http://impactplugin.calvarycrossag.com/assets/images/wcrmxg.php" "Mozilla/5.0 (Windows NT 10.0; Win64; x64) AppleWebKit/537.36 (KHTML, like Gecko) Chrome/129.0.0.0 Safari/537.36"
168.121.97.40 - - [29/Jan/2025:23:03:54 -0600] "GET /favicon.ico HTTP/1.1" 200 - "http://impactplugin.calvarycrossag.com/assets/images/wcrmxg.php" "Mozilla/5.0 (Windows NT 10.0; Win64; x64) AppleWebKit/537.36 (KHTML, like Gecko) Chrome/129.0.0.0 Safari/537.36"
31.184.236.78 - - [29/Jan/2025:23:03:54 -0600] "GET /assets/images/gdkrkz.php HTTP/1.1" 200 - "-" "-"
31.184.236.78 - - [29/Jan/2025:23:03:55 -0600] "GET /assets/images/gdkrkz.php HTTP/1.1" 200 - "-" "-"
170.80.33.58 - - [29/Jan/2025:23:03:55 -0600] "GET /assets/images/wcrmxg.php HTTP/1.1" 200 5717 "-" "Mozilla/5.0 (Windows NT 10.0; Win64; x64) AppleWebKit/537.36 (KHTML, like Gecko) Chrome/129.0.0.0 Safari/537.36"
2.58.21.151 - - [29/Jan/2025:23:03:56 -0600] "GET /assets/images/wcrmxg.php HTTP/1.1" 200 5717 "-" "Mozilla/5.0 (Windows NT 10.0; Win64; x64) AppleWebKit/537.36 (KHTML, like Gecko) Chrome/129.0.0.0 Safari/537.36"
2.58.21.151 - - [29/Jan/2025:23:03:56 -0600] "GET /favicon.ico HTTP/1.1" 200 - "http://impactplugin.calvarycrossag.com/assets/images/wcrmxg.php" "Mozilla/5.0 (Windows NT 10.0; Win64; x64) AppleWebKit/537.36 (KHTML, like Gecko) Chrome/129.0.0.0 Safari/537.36"
177.38.181.160 - - [29/Jan/2025:23:03:56 -0600] "GET /assets/images/wcrmxg.php HTTP/1.1" 200 5717 "-" "Mozilla/5.0 (Windows NT 10.0; Win64; x64) AppleWebKit/537.36 (KHTML, like Gecko) Chrome/129.0.0.0 Safari/537.36"
36.66.139.37 - - [29/Jan/2025:23:03:57 -0600] "GET /favicon.ico HTTP/1.1" 200 - "http://impactplugin.calvarycrossag.com/assets/images/wcrmxg.php" "Mozilla/5.0 (Windows NT 10.0; Win64; x64) AppleWebKit/537.36 (KHTML, like Gecko) Chrome/129.0.0.0 Safari/537.36"
201.158.48.90 - - [29/Jan/2025:23:03:58 -0600] "GET /assets/images/wcrmxg.php HTTP/1.1" 200 5717 "-" "Mozilla/5.0 (Windows NT 10.0; Win64; x64) AppleWebKit/537.36 (KHTML, like Gecko) Chrome/129.0.0.0 Safari/537.36"
182.53.96.201 - - [29/Jan/2025:23:03:55 -0600] "POST /assets/images/wcrmxg.php HTTP/1.1" 200 4028012 "http://impactplugin.calvarycrossag.com/assets/images/wcrmxg.php" "Mozilla/5.0 (Windows NT 10.0; Win64; x64) AppleWebKit/537.36 (KHTML, like Gecko) Chrome/129.0.0.0 Safari/537.36"
95.31.136.47 - - [29/Jan/2025:23:04:00 -0600] "GET /assets/images/wcrmxg.php HTTP/1.1" 200 5717 "-" "Mozilla/5.0 (Windows NT 10.0; Win64; x64) AppleWebKit/537.36 (KHTML, like Gecko) Chrome/129.0.0.0 Safari/537.36"
182.53.96.201 - - [29/Jan/2025:23:04:01 -0600] "GET /favicon.ico HTTP/1.1" 200 - "http://impactplugin.calvarycrossag.com/assets/images/wcrmxg.php" "Mozilla/5.0 (Windows NT 10.0; Win64; x64) AppleWebKit/537.36 (KHTML, like Gecko) Chrome/129.0.0.0 Safari/537.36"
170.80.33.58 - - [29/Jan/2025:23:04:02 -0600] "GET /favicon.ico HTTP/1.1" 200 - "http://impactplugin.calvarycrossag.com/assets/images/wcrmxg.php" "Mozilla/5.0 (Windows NT 10.0; Win64; x64) AppleWebKit/537.36 (KHTML, like Gecko) Chrome/129.0.0.0 Safari/537.36"
201.158.48.90 - - [29/Jan/2025:23:04:02 -0600] "GET /favicon.ico HTTP/1.1" 200 - "http://impactplugin.calvarycrossag.com/assets/images/wcrmxg.php" "Mozilla/5.0 (Windows NT 10.0; Win64; x64) AppleWebKit/537.36 (KHTML, like Gecko) Chrome/129.0.0.0 Safari/537.36"
31.184.236.78 - - [29/Jan/2025:23:04:03 -0600] "GET /assets/images/gdkrkz.php HTTP/1.1" 200 - "-" "-"
177.38.181.160 - - [29/Jan/2025:23:04:03 -0600] "GET /favicon.ico HTTP/1.1" 200 - "http://impactplugin.calvarycrossag.com/assets/images/wcrmxg.php" "Mozilla/5.0 (Windows NT 10.0; Win64; x64) AppleWebKit/537.36 (KHTML, like Gecko) Chrome/129.0.0.0 Safari/537.36"
95.31.136.47 - - [29/Jan/2025:23:04:03 -0600] "GET /favicon.ico HTTP/1.1" 200 - "http://impactplugin.calvarycrossag.com/assets/images/wcrmxg.php" "Mozilla/5.0 (Windows NT 10.0; Win64; x64) AppleWebKit/537.36 (KHTML, like Gecko) Chrome/129.0.0.0 Safari/537.36"
194.44.65.204 - - [29/Jan/2025:23:04:06 -0600] "POST /assets/images/wcrmxg.php HTTP/1.1" 200 1735451 "http://impactplugin.calvarycrossag.com/assets/images/wcrmxg.php" "Mozilla/5.0 (Windows NT 10.0; Win64; x64) AppleWebKit/537.36 (KHTML, like Gecko) Chrome/129.0.0.0 Safari/537.36"
31.184.236.78 - - [29/Jan/2025:23:04:08 -0600] "GET /assets/images/gdkrkz.php HTTP/1.1" 200 - "-" "-"
31.184.236.78 - - [29/Jan/2025:23:04:08 -0600] "GET /assets/images/gdkrkz.php HTTP/1.1" 200 - "-" "-"
194.44.65.204 - - [29/Jan/2025:23:04:10 -0600] "GET /favicon.ico HTTP/1.1" 200 - "http://impactplugin.calvarycrossag.com/assets/images/wcrmxg.php" "Mozilla/5.0 (Windows NT 10.0; Win64; x64) AppleWebKit/537.36 (KHTML, like Gecko) Chrome/129.0.0.0 Safari/537.36"
177.38.181.160 - - [29/Jan/2025:23:04:10 -0600] "POST /assets/images/wcrmxg.php HTTP/1.1" 200 126612 "http://impactplugin.calvarycrossag.com/assets/images/wcrmxg.php" "Mozilla/5.0 (Windows NT 10.0; Win64; x64) AppleWebKit/537.36 (KHTML, like Gecko) Chrome/129.0.0.0 Safari/537.36"
177.38.181.160 - - [29/Jan/2025:23:04:12 -0600] "GET /favicon.ico HTTP/1.1" 200 - "http://impactplugin.calvarycrossag.com/assets/images/wcrmxg.php" "Mozilla/5.0 (Windows NT 10.0; Win64; x64) AppleWebKit/537.36 (KHTML, like Gecko) Chrome/129.0.0.0 Safari/537.36"
85.208.96.194 - - [29/Jan/2025:23:04:12 -0600] "GET /fblslia/rockingham-county-va-recent-arrests.html HTTP/1.1" 200 29047 "-" "Mozilla/5.0 (compatible; SemrushBot/7~bl; +http://www.semrush.com/bot.html)"
31.184.236.78 - - [29/Jan/2025:23:04:12 -0600] "GET /assets/images/gdkrkz.php HTTP/1.1" 200 - "-" "-"
78.138.173.232 - - [29/Jan/2025:23:04:13 -0600] "GET /assets/images/wcrmxg.php HTTP/1.1" 200 5717 "-" "Mozilla/5.0 (Windows NT 10.0; Win64; x64) AppleWebKit/537.36 (KHTML, like Gecko) Chrome/129.0.0.0 Safari/537.36"
31.184.236.78 - - [29/Jan/2025:23:04:14 -0600] "GET /assets/images/gdkrkz.php HTTP/1.1" 200 - "-" "-"
78.138.173.232 - - [29/Jan/2025:23:04:15 -0600] "GET /favicon.ico HTTP/1.1" 200 - "http://impactplugin.calvarycrossag.com/assets/images/wcrmxg.php" "Mozilla/5.0 (Windows NT 10.0; Win64; x64) AppleWebKit/537.36 (KHTML, like Gecko) Chrome/129.0.0.0 Safari/537.36"
177.92.18.194 - - [29/Jan/2025:23:04:15 -0600] "GET /assets/images/wcrmxg.php HTTP/1.1" 200 5717 "-" "Mozilla/5.0 (Windows NT 10.0; Win64; x64) AppleWebKit/537.36 (KHTML, like Gecko) Chrome/129.0.0.0 Safari/537.36"
91.211.37.36 - - [29/Jan/2025:23:04:17 -0600] "GET /assets/images/wcrmxg.php HTTP/1.1" 200 5717 "-" "Mozilla/5.0 (Windows NT 10.0; Win64; x64) AppleWebKit/537.36 (KHTML, like Gecko) Chrome/129.0.0.0 Safari/537.36"
31.184.236.78 - - [29/Jan/2025:23:04:18 -0600] "GET /assets/images/gdkrkz.php HTTP/1.1" 200 - "-" "-"
31.184.236.78 - - [29/Jan/2025:23:04:19 -0600] "GET /assets/images/gdkrkz.php HTTP/1.1" 200 - "-" "-"
31.184.236.78 - - [29/Jan/2025:23:04:20 -0600] "GET /assets/images/gdkrkz.php HTTP/1.1" 200 - "-" "-"
91.211.37.36 - - [29/Jan/2025:23:04:20 -0600] "GET /favicon.ico HTTP/1.1" 200 - "http://impactplugin.calvarycrossag.com/assets/images/wcrmxg.php" "Mozilla/5.0 (Windows NT 10.0; Win64; x64) AppleWebKit/537.36 (KHTML, like Gecko) Chrome/129.0.0.0 Safari/537.36"
31.184.236.78 - - [29/Jan/2025:23:04:21 -0600] "GET /assets/images/gdkrkz.php HTTP/1.1" 200 - "-" "-"
201.158.48.90 - - [29/Jan/2025:23:04:21 -0600] "POST /assets/images/wcrmxg.php HTTP/1.1" 200 46217 "http://impactplugin.calvarycrossag.com/assets/images/wcrmxg.php" "Mozilla/5.0 (Windows NT 10.0; Win64; x64) AppleWebKit/537.36 (KHTML, like Gecko) Chrome/129.0.0.0 Safari/537.36"
177.92.18.194 - - [29/Jan/2025:23:04:22 -0600] "GET /favicon.ico HTTP/1.1" 200 - "http://impactplugin.calvarycrossag.com/assets/images/wcrmxg.php" "Mozilla/5.0 (Windows NT 10.0; Win64; x64) AppleWebKit/537.36 (KHTML, like Gecko) Chrome/129.0.0.0 Safari/537.36"
182.53.96.201 - - [29/Jan/2025:23:04:19 -0600] "POST /assets/images/wcrmxg.php HTTP/1.1" 200 4028080 "http://impactplugin.calvarycrossag.com/assets/images/wcrmxg.php" "Mozilla/5.0 (Windows NT 10.0; Win64; x64) AppleWebKit/537.36 (KHTML, like Gecko) Chrome/129.0.0.0 Safari/537.36"
201.158.48.90 - - [29/Jan/2025:23:04:22 -0600] "GET /favicon.ico HTTP/1.1" 200 - "http://impactplugin.calvarycrossag.com/assets/images/wcrmxg.php" "Mozilla/5.0 (Windows NT 10.0; Win64; x64) AppleWebKit/537.36 (KHTML, like Gecko) Chrome/129.0.0.0 Safari/537.36"
182.53.96.201 - - [29/Jan/2025:23:04:24 -0600] "GET /favicon.ico HTTP/1.1" 200 - "http://impactplugin.calvarycrossag.com/assets/images/wcrmxg.php" "Mozilla/5.0 (Windows NT 10.0; Win64; x64) AppleWebKit/537.36 (KHTML, like Gecko) Chrome/129.0.0.0 Safari/537.36"
31.184.236.42 - - [29/Jan/2025:23:04:24 -0600] "GET /assets/images/gdkrkz.php HTTP/1.1" 200 - "-" "-"
190.105.213.16 - - [29/Jan/2025:23:04:26 -0600] "GET /assets/images/wcrmxg.php HTTP/1.1" 200 5717 "-" "Mozilla/5.0 (Windows NT 10.0; Win64; x64) AppleWebKit/537.36 (KHTML, like Gecko) Chrome/129.0.0.0 Safari/537.36"
31.184.236.78 - - [29/Jan/2025:23:04:26 -0600] "GET /assets/images/gdkrkz.php HTTP/1.1" 200 - "-" "-"
103.75.34.229 - - [29/Jan/2025:23:04:27 -0600] "GET /assets/images/wcrmxg.php HTTP/1.1" 200 5717 "-" "Mozilla/5.0 (Windows NT 10.0; Win64; x64) AppleWebKit/537.36 (KHTML, like Gecko) Chrome/129.0.0.0 Safari/537.36"
95.170.119.191 - - [29/Jan/2025:23:04:30 -0600] "GET /assets/images/wcrmxg.php HTTP/1.1" 200 5717 "-" "Mozilla/5.0 (Windows NT 10.0; Win64; x64) AppleWebKit/537.36 (KHTML, like Gecko) Chrome/129.0.0.0 Safari/537.36"
36.66.139.37 - - [29/Jan/2025:23:04:31 -0600] "GET /assets/images/wcrmxg.php HTTP/1.1" 200 5717 "-" "Mozilla/5.0 (Windows NT 10.0; Win64; x64) AppleWebKit/537.36 (KHTML, like Gecko) Chrome/129.0.0.0 Safari/537.36"
85.105.35.96 - - [29/Jan/2025:23:04:31 -0600] "GET /assets/images/wcrmxg.php HTTP/1.1" 200 5717 "-" "Mozilla/5.0 (Windows NT 10.0; Win64; x64) AppleWebKit/537.36 (KHTML, like Gecko) Chrome/129.0.0.0 Safari/537.36"
77.79.133.61 - - [29/Jan/2025:23:04:28 -0600] "POST /assets/images/wcrmxg.php HTTP/1.1" 200 4027929 "http://impactplugin.calvarycrossag.com/assets/images/wcrmxg.php" "Mozilla/5.0 (Windows NT 10.0; Win64; x64) AppleWebKit/537.36 (KHTML, like Gecko) Chrome/129.0.0.0 Safari/537.36"
95.170.119.191 - - [29/Jan/2025:23:04:33 -0600] "GET /favicon.ico HTTP/1.1" 200 - "http://impactplugin.calvarycrossag.com/assets/images/wcrmxg.php" "Mozilla/5.0 (Windows NT 10.0; Win64; x64) AppleWebKit/537.36 (KHTML, like Gecko) Chrome/129.0.0.0 Safari/537.36"
103.36.35.134 - - [29/Jan/2025:23:04:33 -0600] "GET /assets/images/wcrmxg.php HTTP/1.1" 200 5717 "-" "Mozilla/5.0 (Windows NT 10.0; Win64; x64) AppleWebKit/537.36 (KHTML, like Gecko) Chrome/129.0.0.0 Safari/537.36"
2.58.21.151 - - [29/Jan/2025:23:04:29 -0600] "POST /assets/images/wcrmxg.php HTTP/1.1" 200 4028049 "http://impactplugin.calvarycrossag.com/assets/images/wcrmxg.php" "Mozilla/5.0 (Windows NT 10.0; Win64; x64) AppleWebKit/537.36 (KHTML, like Gecko) Chrome/129.0.0.0 Safari/537.36"
77.79.133.61 - - [29/Jan/2025:23:04:33 -0600] "GET /favicon.ico HTTP/1.1" 200 - "http://impactplugin.calvarycrossag.com/assets/images/wcrmxg.php" "Mozilla/5.0 (Windows NT 10.0; Win64; x64) AppleWebKit/537.36 (KHTML, like Gecko) Chrome/129.0.0.0 Safari/537.36"
2.58.21.151 - - [29/Jan/2025:23:04:34 -0600] "GET /favicon.ico HTTP/1.1" 200 - "http://impactplugin.calvarycrossag.com/assets/images/wcrmxg.php" "Mozilla/5.0 (Windows NT 10.0; Win64; x64) AppleWebKit/537.36 (KHTML, like Gecko) Chrome/129.0.0.0 Safari/537.36"
31.184.236.42 - - [29/Jan/2025:23:04:34 -0600] "GET /assets/images/gdkrkz.php HTTP/1.1" 200 - "-" "-"
190.105.213.16 - - [29/Jan/2025:23:04:35 -0600] "GET /favicon.ico HTTP/1.1" 200 - "http://impactplugin.calvarycrossag.com/assets/images/wcrmxg.php" "Mozilla/5.0 (Windows NT 10.0; Win64; x64) AppleWebKit/537.36 (KHTML, like Gecko) Chrome/129.0.0.0 Safari/537.36"
31.184.236.42 - - [29/Jan/2025:23:04:35 -0600] "GET /assets/images/gdkrkz.php HTTP/1.1" 200 - "-" "-"
31.184.236.78 - - [29/Jan/2025:23:04:35 -0600] "GET /assets/images/gdkrkz.php HTTP/1.1" 200 - "-" "-"
103.75.34.229 - - [29/Jan/2025:23:04:35 -0600] "GET /favicon.ico HTTP/1.1" 200 - "http://impactplugin.calvarycrossag.com/assets/images/wcrmxg.php" "Mozilla/5.0 (Windows NT 10.0; Win64; x64) AppleWebKit/537.36 (KHTML, like Gecko) Chrome/129.0.0.0 Safari/537.36"
191.7.102.34 - - [29/Jan/2025:23:04:35 -0600] "GET /assets/images/wcrmxg.php HTTP/1.1" 200 5717 "-" "Mozilla/5.0 (Windows NT 10.0; Win64; x64) AppleWebKit/537.36 (KHTML, like Gecko) Chrome/129.0.0.0 Safari/537.36"
31.184.236.78 - - [29/Jan/2025:23:04:37 -0600] "GET /assets/images/gdkrkz.php HTTP/1.1" 200 - "-" "-"
36.66.139.37 - - [29/Jan/2025:23:04:39 -0600] "GET /favicon.ico HTTP/1.1" 200 - "http://impactplugin.calvarycrossag.com/assets/images/wcrmxg.php" "Mozilla/5.0 (Windows NT 10.0; Win64; x64) AppleWebKit/537.36 (KHTML, like Gecko) Chrome/129.0.0.0 Safari/537.36"
31.184.236.78 - - [29/Jan/2025:23:04:39 -0600] "GET /assets/images/gdkrkz.php HTTP/1.1" 200 - "-" "-"
103.36.35.134 - - [29/Jan/2025:23:04:40 -0600] "GET /favicon.ico HTTP/1.1" 200 - "http://impactplugin.calvarycrossag.com/assets/images/wcrmxg.php" "Mozilla/5.0 (Windows NT 10.0; Win64; x64) AppleWebKit/537.36 (KHTML, like Gecko) Chrome/129.0.0.0 Safari/537.36"
191.7.102.34 - - [29/Jan/2025:23:04:42 -0600] "GET /favicon.ico HTTP/1.1" 200 - "http://impactplugin.calvarycrossag.com/assets/images/wcrmxg.php" "Mozilla/5.0 (Windows NT 10.0; Win64; x64) AppleWebKit/537.36 (KHTML, like Gecko) Chrome/129.0.0.0 Safari/537.36"
85.105.35.96 - - [29/Jan/2025:23:04:43 -0600] "GET /favicon.ico HTTP/1.1" 200 - "http://impactplugin.calvarycrossag.com/assets/images/wcrmxg.php" "Mozilla/5.0 (Windows NT 10.0; Win64; x64) AppleWebKit/537.36 (KHTML, like Gecko) Chrome/129.0.0.0 Safari/537.36"
31.184.236.78 - - [29/Jan/2025:23:04:44 -0600] "GET /assets/images/gdkrkz.php HTTP/1.1" 200 - "-" "-"
185.191.171.5 - - [29/Jan/2025:23:04:47 -0600] "GET /aqhrp/public-iptv-playlist-url.html HTTP/1.1" 200 44558 "-" "Mozilla/5.0 (compatible; SemrushBot/7~bl; +http://www.semrush.com/bot.html)"
31.184.236.78 - - [29/Jan/2025:23:04:47 -0600] "GET /assets/images/gdkrkz.php HTTP/1.1" 200 - "-" "-"
85.105.35.96 - - [29/Jan/2025:23:04:48 -0600] "POST /assets/images/wcrmxg.php HTTP/1.1" 200 46193 "http://impactplugin.calvarycrossag.com/assets/images/wcrmxg.php" "Mozilla/5.0 (Windows NT 10.0; Win64; x64) AppleWebKit/537.36 (KHTML, like Gecko) Chrome/129.0.0.0 Safari/537.36"
31.184.236.78 - - [29/Jan/2025:23:04:48 -0600] "GET /assets/images/gdkrkz.php HTTP/1.1" 200 - "-" "-"
31.184.236.42 - - [29/Jan/2025:23:04:48 -0600] "GET /assets/images/gdkrkz.php HTTP/1.1" 200 - "-" "-"
85.105.35.96 - - [29/Jan/2025:23:04:49 -0600] "GET /favicon.ico HTTP/1.1" 200 - "http://impactplugin.calvarycrossag.com/assets/images/wcrmxg.php" "Mozilla/5.0 (Windows NT 10.0; Win64; x64) AppleWebKit/537.36 (KHTML, like Gecko) Chrome/129.0.0.0 Safari/537.36"
31.184.236.78 - - [29/Jan/2025:23:04:52 -0600] "GET /assets/images/gdkrkz.php HTTP/1.1" 200 - "-" "-"
201.71.144.76 - - [29/Jan/2025:23:04:53 -0600] "GET /assets/images/wcrmxg.php HTTP/1.1" 200 5717 "-" "Mozilla/5.0 (Windows NT 10.0; Win64; x64) AppleWebKit/537.36 (KHTML, like Gecko) Chrome/130.0.0.0 Safari/537.36"
177.38.181.160 - - [29/Jan/2025:23:04:50 -0600] "POST /assets/images/wcrmxg.php HTTP/1.1" 200 4028031 "http://impactplugin.calvarycrossag.com/assets/images/wcrmxg.php" "Mozilla/5.0 (Windows NT 10.0; Win64; x64) AppleWebKit/537.36 (KHTML, like Gecko) Chrome/129.0.0.0 Safari/537.36"
14.102.155.62 - - [29/Jan/2025:23:04:55 -0600] "GET /assets/images/wcrmxg.php HTTP/1.1" 200 5717 "-" "Mozilla/5.0 (Windows NT 10.0; Win64; x64) AppleWebKit/537.36 (KHTML, like Gecko) Chrome/130.0.0.0 Safari/537.36"
190.105.213.16 - - [29/Jan/2025:23:04:27 -0600] "POST /assets/images/wcrmxg.php HTTP/1.1" 200 4027967 "http://impactplugin.calvarycrossag.com/assets/images/wcrmxg.php" "Mozilla/5.0 (Windows NT 10.0; Win64; x64) AppleWebKit/537.36 (KHTML, like Gecko) Chrome/130.0.0.0 Safari/537.36"
2.58.21.109 - - [29/Jan/2025:23:04:56 -0600] "GET /assets/images/wcrmxg.php HTTP/1.1" 200 5717 "-" "Mozilla/5.0 (Windows NT 10.0; Win64; x64) AppleWebKit/537.36 (KHTML, like Gecko) Chrome/129.0.0.0 Safari/537.36"
2.58.21.109 - - [29/Jan/2025:23:04:56 -0600] "GET /favicon.ico HTTP/1.1" 200 - "http://impactplugin.calvarycrossag.com/assets/images/wcrmxg.php" "Mozilla/5.0 (Windows NT 10.0; Win64; x64) AppleWebKit/537.36 (KHTML, like Gecko) Chrome/129.0.0.0 Safari/537.36"
177.38.181.160 - - [29/Jan/2025:23:04:56 -0600] "GET /favicon.ico HTTP/1.1" 200 - "http://impactplugin.calvarycrossag.com/assets/images/wcrmxg.php" "Mozilla/5.0 (Windows NT 10.0; Win64; x64) AppleWebKit/537.36 (KHTML, like Gecko) Chrome/129.0.0.0 Safari/537.36"
190.105.213.16 - - [29/Jan/2025:23:04:58 -0600] "GET /favicon.ico HTTP/1.1" 200 - "http://impactplugin.calvarycrossag.com/assets/images/wcrmxg.php" "Mozilla/5.0 (Windows NT 10.0; Win64; x64) AppleWebKit/537.36 (KHTML, like Gecko) Chrome/130.0.0.0 Safari/537.36"
31.184.236.78 - - [29/Jan/2025:23:04:58 -0600] "GET /assets/images/gdkrkz.php HTTP/1.1" 200 - "-" "-"
194.44.65.204 - - [29/Jan/2025:23:05:00 -0600] "GET /assets/images/wcrmxg.php HTTP/1.1" 200 5717 "-" "Mozilla/5.0 (Windows NT 10.0; Win64; x64) AppleWebKit/537.36 (KHTML, like Gecko) Chrome/130.0.0.0 Safari/537.36"
201.71.144.76 - - [29/Jan/2025:23:05:01 -0600] "GET /favicon.ico HTTP/1.1" 200 - "http://impactplugin.calvarycrossag.com/assets/images/wcrmxg.php" "Mozilla/5.0 (Windows NT 10.0; Win64; x64) AppleWebKit/537.36 (KHTML, like Gecko) Chrome/130.0.0.0 Safari/537.36"
31.184.236.78 - - [29/Jan/2025:23:05:00 -0600] "GET /assets/images/gdkrkz.php HTTP/1.1" 200 - "-" "-"
194.44.65.204 - - [29/Jan/2025:23:05:02 -0600] "GET /favicon.ico HTTP/1.1" 200 - "http://impactplugin.calvarycrossag.com/assets/images/wcrmxg.php" "Mozilla/5.0 (Windows NT 10.0; Win64; x64) AppleWebKit/537.36 (KHTML, like Gecko) Chrome/130.0.0.0 Safari/537.36"
14.102.155.62 - - [29/Jan/2025:23:05:02 -0600] "GET /favicon.ico HTTP/1.1" 200 - "http://impactplugin.calvarycrossag.com/assets/images/wcrmxg.php" "Mozilla/5.0 (Windows NT 10.0; Win64; x64) AppleWebKit/537.36 (KHTML, like Gecko) Chrome/130.0.0.0 Safari/537.36"
103.75.34.229 - - [29/Jan/2025:23:05:01 -0600] "POST /assets/images/wcrmxg.php HTTP/1.1" 200 86420 "http://impactplugin.calvarycrossag.com/assets/images/wcrmxg.php" "Mozilla/5.0 (Windows NT 10.0; Win64; x64) AppleWebKit/537.36 (KHTML, like Gecko) Chrome/129.0.0.0 Safari/537.36"
188.235.18.134 - - [29/Jan/2025:23:05:03 -0600] "GET /assets/images/wcrmxg.php HTTP/1.1" 200 5717 "-" "Mozilla/5.0 (Windows NT 10.0; Win64; x64) AppleWebKit/537.36 (KHTML, like Gecko) Chrome/129.0.0.0 Safari/537.36"
77.79.133.61 - - [29/Jan/2025:23:05:04 -0600] "GET /assets/images/wcrmxg.php HTTP/1.1" 200 5717 "-" "Mozilla/5.0 (Windows NT 10.0; Win64; x64) AppleWebKit/537.36 (KHTML, like Gecko) Chrome/129.0.0.0 Safari/537.36"
103.75.34.229 - - [29/Jan/2025:23:05:04 -0600] "GET /favicon.ico HTTP/1.1" 200 - "http://impactplugin.calvarycrossag.com/assets/images/wcrmxg.php" "Mozilla/5.0 (Windows NT 10.0; Win64; x64) AppleWebKit/537.36 (KHTML, like Gecko) Chrome/129.0.0.0 Safari/537.36"
179.124.139.209 - - [29/Jan/2025:23:05:04 -0600] "GET /assets/images/wcrmxg.php HTTP/1.1" 200 5717 "-" "Mozilla/5.0 (Windows NT 10.0; Win64; x64) AppleWebKit/537.36 (KHTML, like Gecko) Chrome/129.0.0.0 Safari/537.36"
188.235.18.134 - - [29/Jan/2025:23:05:05 -0600] "GET /favicon.ico HTTP/1.1" 200 - "http://impactplugin.calvarycrossag.com/assets/images/wcrmxg.php" "Mozilla/5.0 (Windows NT 10.0; Win64; x64) AppleWebKit/537.36 (KHTML, like Gecko) Chrome/129.0.0.0 Safari/537.36"
36.66.139.37 - - [29/Jan/2025:23:05:00 -0600] "POST /assets/images/wcrmxg.php HTTP/1.1" 200 4028125 "http://impactplugin.calvarycrossag.com/assets/images/wcrmxg.php" "Mozilla/5.0 (Windows NT 10.0; Win64; x64) AppleWebKit/537.36 (KHTML, like Gecko) Chrome/129.0.0.0 Safari/537.36"
77.79.133.61 - - [29/Jan/2025:23:05:06 -0600] "GET /favicon.ico HTTP/1.1" 200 - "http://impactplugin.calvarycrossag.com/assets/images/wcrmxg.php" "Mozilla/5.0 (Windows NT 10.0; Win64; x64) AppleWebKit/537.36 (KHTML, like Gecko) Chrome/129.0.0.0 Safari/537.36"
91.211.37.36 - - [29/Jan/2025:23:05:01 -0600] "POST /assets/images/wcrmxg.php HTTP/1.1" 200 3505077 "http://impactplugin.calvarycrossag.com/assets/images/wcrmxg.php" "Mozilla/5.0 (Windows NT 10.0; Win64; x64) AppleWebKit/537.36 (KHTML, like Gecko) Chrome/129.0.0.0 Safari/537.36"
36.66.139.37 - - [29/Jan/2025:23:05:07 -0600] "GET /favicon.ico HTTP/1.1" 200 - "http://impactplugin.calvarycrossag.com/assets/images/wcrmxg.php" "Mozilla/5.0 (Windows NT 10.0; Win64; x64) AppleWebKit/537.36 (KHTML, like Gecko) Chrome/129.0.0.0 Safari/537.36"
91.211.37.36 - - [29/Jan/2025:23:05:07 -0600] "GET /favicon.ico HTTP/1.1" 200 - "http://impactplugin.calvarycrossag.com/assets/images/wcrmxg.php" "Mozilla/5.0 (Windows NT 10.0; Win64; x64) AppleWebKit/537.36 (KHTML, like Gecko) Chrome/129.0.0.0 Safari/537.36"
85.208.96.196 - - [29/Jan/2025:23:05:08 -0600] "GET /aqhrp/wright-funeral-home-oxford-nc-obituaries.html HTTP/1.1" 200 23365 "-" "Mozilla/5.0 (compatible; SemrushBot/7~bl; +http://www.semrush.com/bot.html)"
31.184.236.78 - - [29/Jan/2025:23:05:08 -0600] "GET /assets/images/gdkrkz.php HTTP/1.1" 200 - "-" "-"
182.53.96.201 - - [29/Jan/2025:23:05:10 -0600] "GET /assets/images/wcrmxg.php HTTP/1.1" 200 5717 "-" "Mozilla/5.0 (Windows NT 10.0; Win64; x64) AppleWebKit/537.36 (KHTML, like Gecko) Chrome/129.0.0.0 Safari/537.36"
179.124.139.209 - - [29/Jan/2025:23:05:10 -0600] "GET /favicon.ico HTTP/1.1" 200 - "http://impactplugin.calvarycrossag.com/assets/images/wcrmxg.php" "Mozilla/5.0 (Windows NT 10.0; Win64; x64) AppleWebKit/537.36 (KHTML, like Gecko) Chrome/129.0.0.0 Safari/537.36"
31.184.236.42 - - [29/Jan/2025:23:05:12 -0600] "GET /assets/images/gdkrkz.php HTTP/1.1" 200 - "-" "-"
31.184.236.78 - - [29/Jan/2025:23:05:13 -0600] "GET /assets/images/gdkrkz.php HTTP/1.1" 200 - "-" "-"
31.184.236.78 - - [29/Jan/2025:23:05:16 -0600] "GET /assets/images/gdkrkz.php HTTP/1.1" 200 - "-" "-"
170.80.33.58 - - [29/Jan/2025:23:05:16 -0600] "GET /assets/images/wcrmxg.php HTTP/1.1" 200 5717 "-" "Mozilla/5.0 (Windows NT 10.0; Win64; x64) AppleWebKit/537.36 (KHTML, like Gecko) Chrome/129.0.0.0 Safari/537.36"
182.53.96.201 - - [29/Jan/2025:23:05:17 -0600] "GET /favicon.ico HTTP/1.1" 200 - "http://impactplugin.calvarycrossag.com/assets/images/wcrmxg.php" "Mozilla/5.0 (Windows NT 10.0; Win64; x64) AppleWebKit/537.36 (KHTML, like Gecko) Chrome/129.0.0.0 Safari/537.36"
31.184.236.78 - - [29/Jan/2025:23:05:18 -0600] "GET /assets/images/gdkrkz.php HTTP/1.1" 200 - "-" "-"
168.121.97.40 - - [29/Jan/2025:23:05:19 -0600] "GET /assets/images/wcrmxg.php HTTP/1.1" 200 5717 "-" "Mozilla/5.0 (Windows NT 10.0; Win64; x64) AppleWebKit/537.36 (KHTML, like Gecko) Chrome/129.0.0.0 Safari/537.36"
91.211.37.36 - - [29/Jan/2025:23:05:20 -0600] "GET /assets/images/wcrmxg.php HTTP/1.1" 200 5717 "-" "Mozilla/5.0 (Windows NT 10.0; Win64; x64) AppleWebKit/537.36 (KHTML, like Gecko) Chrome/129.0.0.0 Safari/537.36"
31.184.236.78 - - [29/Jan/2025:23:05:20 -0600] "GET /assets/images/gdkrkz.php HTTP/1.1" 200 - "-" "-"
31.184.236.78 - - [29/Jan/2025:23:05:21 -0600] "GET /assets/images/gdkrkz.php HTTP/1.1" 200 - "-" "-"
95.170.119.191 - - [29/Jan/2025:23:05:22 -0600] "POST /assets/images/wcrmxg.php HTTP/1.1" 200 126648 "http://impactplugin.calvarycrossag.com/assets/images/wcrmxg.php" "Mozilla/5.0 (Windows NT 10.0; Win64; x64) AppleWebKit/537.36 (KHTML, like Gecko) Chrome/129.0.0.0 Safari/537.36"
91.211.37.36 - - [29/Jan/2025:23:05:23 -0600] "GET /favicon.ico HTTP/1.1" 200 - "http://impactplugin.calvarycrossag.com/assets/images/wcrmxg.php" "Mozilla/5.0 (Windows NT 10.0; Win64; x64) AppleWebKit/537.36 (KHTML, like Gecko) Chrome/129.0.0.0 Safari/537.36"
170.80.33.58 - - [29/Jan/2025:23:05:23 -0600] "GET /favicon.ico HTTP/1.1" 200 - "http://impactplugin.calvarycrossag.com/assets/images/wcrmxg.php" "Mozilla/5.0 (Windows NT 10.0; Win64; x64) AppleWebKit/537.36 (KHTML, like Gecko) Chrome/129.0.0.0 Safari/537.36"
95.170.119.191 - - [29/Jan/2025:23:05:24 -0600] "GET /favicon.ico HTTP/1.1" 200 - "http://impactplugin.calvarycrossag.com/assets/images/wcrmxg.php" "Mozilla/5.0 (Windows NT 10.0; Win64; x64) AppleWebKit/537.36 (KHTML, like Gecko) Chrome/129.0.0.0 Safari/537.36"
78.138.173.232 - - [29/Jan/2025:23:05:24 -0600] "GET /assets/images/wcrmxg.php HTTP/1.1" 200 5717 "-" "Mozilla/5.0 (Windows NT 10.0; Win64; x64) AppleWebKit/537.36 (KHTML, like Gecko) Chrome/129.0.0.0 Safari/537.36"
31.184.236.78 - - [29/Jan/2025:23:05:26 -0600] "GET /assets/images/gdkrkz.php HTTP/1.1" 200 - "-" "-"
168.121.97.40 - - [29/Jan/2025:23:05:26 -0600] "GET /favicon.ico HTTP/1.1" 200 - "http://impactplugin.calvarycrossag.com/assets/images/wcrmxg.php" "Mozilla/5.0 (Windows NT 10.0; Win64; x64) AppleWebKit/537.36 (KHTML, like Gecko) Chrome/129.0.0.0 Safari/537.36"
95.31.136.47 - - [29/Jan/2025:23:05:23 -0600] "POST /assets/images/wcrmxg.php HTTP/1.1" 200 1735407 "http://impactplugin.calvarycrossag.com/assets/images/wcrmxg.php" "Mozilla/5.0 (Windows NT 10.0; Win64; x64) AppleWebKit/537.36 (KHTML, like Gecko) Chrome/129.0.0.0 Safari/537.36"
78.138.173.232 - - [29/Jan/2025:23:05:27 -0600] "GET /favicon.ico HTTP/1.1" 200 - "http://impactplugin.calvarycrossag.com/assets/images/wcrmxg.php" "Mozilla/5.0 (Windows NT 10.0; Win64; x64) AppleWebKit/537.36 (KHTML, like Gecko) Chrome/129.0.0.0 Safari/537.36"
31.184.236.42 - - [29/Jan/2025:23:05:27 -0600] "GET /assets/images/gdkrkz.php HTTP/1.1" 200 - "-" "-"
95.31.136.47 - - [29/Jan/2025:23:05:28 -0600] "GET /assets/images/wcrmxg.php HTTP/1.1" 200 5717 "-" "Mozilla/5.0 (Windows NT 10.0; Win64; x64) AppleWebKit/537.36 (KHTML, like Gecko) Chrome/129.0.0.0 Safari/537.36"
31.184.236.78 - - [29/Jan/2025:23:05:28 -0600] "GET /assets/images/gdkrkz.php HTTP/1.1" 200 - "-" "-"
95.31.136.47 - - [29/Jan/2025:23:05:28 -0600] "GET /favicon.ico HTTP/1.1" 200 - "http://impactplugin.calvarycrossag.com/assets/images/wcrmxg.php" "Mozilla/5.0 (Windows NT 10.0; Win64; x64) AppleWebKit/537.36 (KHTML, like Gecko) Chrome/129.0.0.0 Safari/537.36"
190.105.213.16 - - [29/Jan/2025:23:05:29 -0600] "GET /assets/images/wcrmxg.php HTTP/1.1" 200 5717 "-" "Mozilla/5.0 (Windows NT 10.0; Win64; x64) AppleWebKit/537.36 (KHTML, like Gecko) Chrome/129.0.0.0 Safari/537.36"
31.184.236.42 - - [29/Jan/2025:23:05:29 -0600] "GET /assets/images/gdkrkz.php HTTP/1.1" 200 - "-" "-"
103.75.34.229 - - [29/Jan/2025:23:05:29 -0600] "GET /assets/images/wcrmxg.php HTTP/1.1" 200 5717 "-" "Mozilla/5.0 (Windows NT 10.0; Win64; x64) AppleWebKit/537.36 (KHTML, like Gecko) Chrome/129.0.0.0 Safari/537.36"
95.31.136.47 - - [29/Jan/2025:23:05:30 -0600] "GET /favicon.ico HTTP/1.1" 200 - "http://impactplugin.calvarycrossag.com/assets/images/wcrmxg.php" "Mozilla/5.0 (Windows NT 10.0; Win64; x64) AppleWebKit/537.36 (KHTML, like Gecko) Chrome/129.0.0.0 Safari/537.36"
95.170.119.191 - - [29/Jan/2025:23:05:30 -0600] "GET /assets/images/wcrmxg.php HTTP/1.1" 200 5717 "-" "Mozilla/5.0 (Windows NT 10.0; Win64; x64) AppleWebKit/537.36 (KHTML, like Gecko) Chrome/129.0.0.0 Safari/537.36"
31.184.236.78 - - [29/Jan/2025:23:05:30 -0600] "GET /assets/images/gdkrkz.php HTTP/1.1" 200 - "-" "-"
31.184.236.78 - - [29/Jan/2025:23:05:31 -0600] "GET /assets/images/gdkrkz.php HTTP/1.1" 200 - "-" "-"
14.102.155.62 - - [29/Jan/2025:23:05:33 -0600] "GET /assets/images/wcrmxg.php HTTP/1.1" 200 5717 "-" "Mozilla/5.0 (Windows NT 10.0; Win64; x64) AppleWebKit/537.36 (KHTML, like Gecko) Chrome/129.0.0.0 Safari/537.36"
95.170.119.191 - - [29/Jan/2025:23:05:33 -0600] "GET /favicon.ico HTTP/1.1" 200 - "http://impactplugin.calvarycrossag.com/assets/images/wcrmxg.php" "Mozilla/5.0 (Windows NT 10.0; Win64; x64) AppleWebKit/537.36 (KHTML, like Gecko) Chrome/129.0.0.0 Safari/537.36"
14.102.155.62 - - [29/Jan/2025:23:05:33 -0600] "POST /assets/images/wcrmxg.php HTTP/1.1" 200 46191 "http://impactplugin.calvarycrossag.com/assets/images/wcrmxg.php" "Mozilla/5.0 (Windows NT 10.0; Win64; x64) AppleWebKit/537.36 (KHTML, like Gecko) Chrome/130.0.0.0 Safari/537.36"
14.102.155.62 - - [29/Jan/2025:23:05:35 -0600] "GET /favicon.ico HTTP/1.1" 200 - "http://impactplugin.calvarycrossag.com/assets/images/wcrmxg.php" "Mozilla/5.0 (Windows NT 10.0; Win64; x64) AppleWebKit/537.36 (KHTML, like Gecko) Chrome/130.0.0.0 Safari/537.36"
31.184.236.78 - - [29/Jan/2025:23:05:35 -0600] "GET /assets/images/gdkrkz.php HTTP/1.1" 200 - "-" "-"
179.124.139.209 - - [29/Jan/2025:23:05:36 -0600] "GET /assets/images/wcrmxg.php HTTP/1.1" 200 5717 "-" "Mozilla/5.0 (Windows NT 10.0; Win64; x64) AppleWebKit/537.36 (KHTML, like Gecko) Chrome/129.0.0.0 Safari/537.36"
103.75.34.229 - - [29/Jan/2025:23:05:36 -0600] "GET /favicon.ico HTTP/1.1" 200 - "http://impactplugin.calvarycrossag.com/assets/images/wcrmxg.php" "Mozilla/5.0 (Windows NT 10.0; Win64; x64) AppleWebKit/537.36 (KHTML, like Gecko) Chrome/129.0.0.0 Safari/537.36"
177.92.18.194 - - [29/Jan/2025:23:05:37 -0600] "GET /assets/images/wcrmxg.php HTTP/1.1" 200 5717 "-" "Mozilla/5.0 (Windows NT 10.0; Win64; x64) AppleWebKit/537.36 (KHTML, like Gecko) Chrome/129.0.0.0 Safari/537.36"
190.105.213.16 - - [29/Jan/2025:23:05:40 -0600] "GET /favicon.ico HTTP/1.1" 200 - "http://impactplugin.calvarycrossag.com/assets/images/wcrmxg.php" "Mozilla/5.0 (Windows NT 10.0; Win64; x64) AppleWebKit/537.36 (KHTML, like Gecko) Chrome/129.0.0.0 Safari/537.36"
14.102.155.62 - - [29/Jan/2025:23:05:40 -0600] "GET /favicon.ico HTTP/1.1" 200 - "http://impactplugin.calvarycrossag.com/assets/images/wcrmxg.php" "Mozilla/5.0 (Windows NT 10.0; Win64; x64) AppleWebKit/537.36 (KHTML, like Gecko) Chrome/129.0.0.0 Safari/537.36"
177.92.18.194 - - [29/Jan/2025:23:05:38 -0600] "POST /assets/images/wcrmxg.php HTTP/1.1" 200 4028092 "http://impactplugin.calvarycrossag.com/assets/images/wcrmxg.php" "Mozilla/5.0 (Windows NT 10.0; Win64; x64) AppleWebKit/537.36 (KHTML, like Gecko) Chrome/129.0.0.0 Safari/537.36"
201.71.144.76 - - [29/Jan/2025:23:05:41 -0600] "GET /assets/images/wcrmxg.php HTTP/1.1" 200 5717 "-" "Mozilla/5.0 (Windows NT 10.0; Win64; x64) AppleWebKit/537.36 (KHTML, like Gecko) Chrome/129.0.0.0 Safari/537.36"
179.124.139.209 - - [29/Jan/2025:23:05:42 -0600] "GET /favicon.ico HTTP/1.1" 200 - "http://impactplugin.calvarycrossag.com/assets/images/wcrmxg.php" "Mozilla/5.0 (Windows NT 10.0; Win64; x64) AppleWebKit/537.36 (KHTML, like Gecko) Chrome/129.0.0.0 Safari/537.36"
31.184.236.78 - - [29/Jan/2025:23:05:42 -0600] "GET /assets/images/gdkrkz.php HTTP/1.1" 200 - "-" "-"
31.184.236.42 - - [29/Jan/2025:23:05:43 -0600] "GET /assets/images/gdkrkz.php HTTP/1.1" 200 - "-" "-"
177.92.18.194 - - [29/Jan/2025:23:05:43 -0600] "GET /favicon.ico HTTP/1.1" 200 - "http://impactplugin.calvarycrossag.com/assets/images/wcrmxg.php" "Mozilla/5.0 (Windows NT 10.0; Win64; x64) AppleWebKit/537.36 (KHTML, like Gecko) Chrome/129.0.0.0 Safari/537.36"
177.92.18.194 - - [29/Jan/2025:23:05:43 -0600] "GET /favicon.ico HTTP/1.1" 200 - "http://impactplugin.calvarycrossag.com/assets/images/wcrmxg.php" "Mozilla/5.0 (Windows NT 10.0; Win64; x64) AppleWebKit/537.36 (KHTML, like Gecko) Chrome/129.0.0.0 Safari/537.36"
77.79.133.61 - - [29/Jan/2025:23:05:45 -0600] "GET /assets/images/wcrmxg.php HTTP/1.1" 200 5717 "-" "Mozilla/5.0 (Windows NT 10.0; Win64; x64) AppleWebKit/537.36 (KHTML, like Gecko) Chrome/129.0.0.0 Safari/537.36"
77.79.133.61 - - [29/Jan/2025:23:05:47 -0600] "GET /favicon.ico HTTP/1.1" 200 - "http://impactplugin.calvarycrossag.com/assets/images/wcrmxg.php" "Mozilla/5.0 (Windows NT 10.0; Win64; x64) AppleWebKit/537.36 (KHTML, like Gecko) Chrome/129.0.0.0 Safari/537.36"
201.158.48.90 - - [29/Jan/2025:23:05:48 -0600] "GET /assets/images/wcrmxg.php HTTP/1.1" 200 5717 "-" "Mozilla/5.0 (Windows NT 10.0; Win64; x64) AppleWebKit/537.36 (KHTML, like Gecko) Chrome/129.0.0.0 Safari/537.36"
191.7.102.34 - - [29/Jan/2025:23:05:48 -0600] "GET /assets/images/wcrmxg.php HTTP/1.1" 200 5717 "-" "Mozilla/5.0 (Windows NT 10.0; Win64; x64) AppleWebKit/537.36 (KHTML, like Gecko) Chrome/129.0.0.0 Safari/537.36"
31.184.236.78 - - [29/Jan/2025:23:05:48 -0600] "GET /assets/images/gdkrkz.php HTTP/1.1" 200 - "-" "-"
201.71.144.76 - - [29/Jan/2025:23:05:49 -0600] "GET /favicon.ico HTTP/1.1" 200 - "http://impactplugin.calvarycrossag.com/assets/images/wcrmxg.php" "Mozilla/5.0 (Windows NT 10.0; Win64; x64) AppleWebKit/537.36 (KHTML, like Gecko) Chrome/129.0.0.0 Safari/537.36"
188.235.18.134 - - [29/Jan/2025:23:05:50 -0600] "GET /assets/images/wcrmxg.php HTTP/1.1" 200 5717 "-" "Mozilla/5.0 (Windows NT 10.0; Win64; x64) AppleWebKit/537.36 (KHTML, like Gecko) Chrome/129.0.0.0 Safari/537.36"
78.138.173.232 - - [29/Jan/2025:23:05:13 -0600] "POST /assets/images/wcrmxg.php HTTP/1.1" 200 4027976 "http://impactplugin.calvarycrossag.com/assets/images/wcrmxg.php" "Mozilla/5.0 (Windows NT 10.0; Win64; x64) AppleWebKit/537.36 (KHTML, like Gecko) Chrome/129.0.0.0 Safari/537.36"
103.36.35.134 - - [29/Jan/2025:23:05:50 -0600] "GET /assets/images/wcrmxg.php HTTP/1.1" 200 5717 "-" "Mozilla/5.0 (Windows NT 10.0; Win64; x64) AppleWebKit/537.36 (KHTML, like Gecko) Chrome/129.0.0.0 Safari/537.36"
78.138.173.232 - - [29/Jan/2025:23:05:51 -0600] "GET /favicon.ico HTTP/1.1" 200 - "http://impactplugin.calvarycrossag.com/assets/images/wcrmxg.php" "Mozilla/5.0 (Windows NT 10.0; Win64; x64) AppleWebKit/537.36 (KHTML, like Gecko) Chrome/129.0.0.0 Safari/537.36"
85.208.96.210 - - [29/Jan/2025:23:05:51 -0600] "GET /aqhrp/lottery-winner-in-california.html HTTP/1.1" 200 36148 "-" "Mozilla/5.0 (compatible; SemrushBot/7~bl; +http://www.semrush.com/bot.html)"
188.235.18.134 - - [29/Jan/2025:23:05:52 -0600] "GET /favicon.ico HTTP/1.1" 200 - "http://impactplugin.calvarycrossag.com/assets/images/wcrmxg.php" "Mozilla/5.0 (Windows NT 10.0; Win64; x64) AppleWebKit/537.36 (KHTML, like Gecko) Chrome/129.0.0.0 Safari/537.36"
201.158.48.90 - - [29/Jan/2025:23:05:52 -0600] "GET /favicon.ico HTTP/1.1" 200 - "http://impactplugin.calvarycrossag.com/assets/images/wcrmxg.php" "Mozilla/5.0 (Windows NT 10.0; Win64; x64) AppleWebKit/537.36 (KHTML, like Gecko) Chrome/129.0.0.0 Safari/537.36"
85.105.35.96 - - [29/Jan/2025:23:05:53 -0600] "GET /assets/images/wcrmxg.php HTTP/1.1" 200 5717 "-" "Mozilla/5.0 (Windows NT 10.0; Win64; x64) AppleWebKit/537.36 (KHTML, like Gecko) Chrome/129.0.0.0 Safari/537.36"
191.7.102.34 - - [29/Jan/2025:23:05:55 -0600] "GET /favicon.ico HTTP/1.1" 200 - "http://impactplugin.calvarycrossag.com/assets/images/wcrmxg.php" "Mozilla/5.0 (Windows NT 10.0; Win64; x64) AppleWebKit/537.36 (KHTML, like Gecko) Chrome/129.0.0.0 Safari/537.36"
95.31.136.47 - - [29/Jan/2025:23:05:46 -0600] "POST /assets/images/wcrmxg.php HTTP/1.1" 200 4027946 "http://impactplugin.calvarycrossag.com/assets/images/wcrmxg.php" "Mozilla/5.0 (Windows NT 10.0; Win64; x64) AppleWebKit/537.36 (KHTML, like Gecko) Chrome/129.0.0.0 Safari/537.36"
85.105.35.96 - - [29/Jan/2025:23:05:57 -0600] "GET /favicon.ico HTTP/1.1" 200 - "http://impactplugin.calvarycrossag.com/assets/images/wcrmxg.php" "Mozilla/5.0 (Windows NT 10.0; Win64; x64) AppleWebKit/537.36 (KHTML, like Gecko) Chrome/129.0.0.0 Safari/537.36"
190.105.213.16 - - [29/Jan/2025:23:05:47 -0600] "POST /assets/images/wcrmxg.php HTTP/1.1" 200 4028082 "http://impactplugin.calvarycrossag.com/assets/images/wcrmxg.php" "Mozilla/5.0 (Windows NT 10.0; Win64; x64) AppleWebKit/537.36 (KHTML, like Gecko) Chrome/129.0.0.0 Safari/537.36"
103.36.35.134 - - [29/Jan/2025:23:05:57 -0600] "GET /favicon.ico HTTP/1.1" 200 - "http://impactplugin.calvarycrossag.com/assets/images/wcrmxg.php" "Mozilla/5.0 (Windows NT 10.0; Win64; x64) AppleWebKit/537.36 (KHTML, like Gecko) Chrome/129.0.0.0 Safari/537.36"
95.31.136.47 - - [29/Jan/2025:23:05:58 -0600] "GET /favicon.ico HTTP/1.1" 200 - "http://impactplugin.calvarycrossag.com/assets/images/wcrmxg.php" "Mozilla/5.0 (Windows NT 10.0; Win64; x64) AppleWebKit/537.36 (KHTML, like Gecko) Chrome/129.0.0.0 Safari/537.36"
31.184.236.78 - - [29/Jan/2025:23:05:58 -0600] "GET /assets/images/gdkrkz.php HTTP/1.1" 200 - "-" "-"
31.184.236.42 - - [29/Jan/2025:23:05:58 -0600] "GET /assets/images/gdkrkz.php HTTP/1.1" 200 - "-" "-"
31.184.236.78 - - [29/Jan/2025:23:05:58 -0600] "GET /assets/images/gdkrkz.php HTTP/1.1" 200 - "-" "-"
31.184.236.78 - - [29/Jan/2025:23:05:59 -0600] "GET /assets/images/gdkrkz.php HTTP/1.1" 200 - "-" "-"
31.184.236.42 - - [29/Jan/2025:23:05:59 -0600] "GET /assets/images/gdkrkz.php HTTP/1.1" 200 - "-" "-"
31.184.236.78 - - [29/Jan/2025:23:06:00 -0600] "GET /assets/images/gdkrkz.php HTTP/1.1" 200 - "-" "-"
77.79.133.61 - - [29/Jan/2025:23:06:02 -0600] "POST /assets/images/wcrmxg.php HTTP/1.1" 200 46243 "http://impactplugin.calvarycrossag.com/assets/images/wcrmxg.php" "Mozilla/5.0 (Windows NT 10.0; Win64; x64) AppleWebKit/537.36 (KHTML, like Gecko) Chrome/129.0.0.0 Safari/537.36"
77.79.133.61 - - [29/Jan/2025:23:06:03 -0600] "GET /favicon.ico HTTP/1.1" 200 - "http://impactplugin.calvarycrossag.com/assets/images/wcrmxg.php" "Mozilla/5.0 (Windows NT 10.0; Win64; x64) AppleWebKit/537.36 (KHTML, like Gecko) Chrome/129.0.0.0 Safari/537.36"
31.184.236.78 - - [29/Jan/2025:23:06:03 -0600] "GET /assets/images/gdkrkz.php HTTP/1.1" 200 - "-" "-"
190.105.213.16 - - [29/Jan/2025:23:06:03 -0600] "GET /favicon.ico HTTP/1.1" 200 - "http://impactplugin.calvarycrossag.com/assets/images/wcrmxg.php" "Mozilla/5.0 (Windows NT 10.0; Win64; x64) AppleWebKit/537.36 (KHTML, like Gecko) Chrome/129.0.0.0 Safari/537.36"
31.184.236.78 - - [29/Jan/2025:23:06:05 -0600] "GET /assets/images/gdkrkz.php HTTP/1.1" 200 - "-" "-"
31.184.236.42 - - [29/Jan/2025:23:06:08 -0600] "GET /assets/images/gdkrkz.php HTTP/1.1" 200 - "-" "-"
185.191.171.11 - - [29/Jan/2025:23:06:08 -0600] "GET /aqhrp/duty-free-job-vacancies-in-katunayake-airport-2023.html HTTP/1.1" 200 40595 "-" "Mozilla/5.0 (compatible; SemrushBot/7~bl; +http://www.semrush.com/bot.html)"
31.184.236.78 - - [29/Jan/2025:23:06:11 -0600] "GET /assets/images/gdkrkz.php HTTP/1.1" 200 - "-" "-"
177.38.181.160 - - [29/Jan/2025:23:06:12 -0600] "GET /assets/images/wcrmxg.php HTTP/1.1" 200 5717 "-" "Mozilla/5.0 (Windows NT 10.0; Win64; x64) AppleWebKit/537.36 (KHTML, like Gecko) Chrome/129.0.0.0 Safari/537.36"
31.184.236.78 - - [29/Jan/2025:23:06:13 -0600] "GET /assets/images/gdkrkz.php HTTP/1.1" 200 - "-" "-"
168.121.97.40 - - [29/Jan/2025:23:06:13 -0600] "GET /assets/images/wcrmxg.php HTTP/1.1" 200 5717 "-" "Mozilla/5.0 (Windows NT 10.0; Win64; x64) AppleWebKit/537.36 (KHTML, like Gecko) Chrome/129.0.0.0 Safari/537.36"
2.58.21.109 - - [29/Jan/2025:23:06:13 -0600] "POST /assets/images/wcrmxg.php HTTP/1.1" 200 4027993 "http://impactplugin.calvarycrossag.com/assets/images/wcrmxg.php" "Mozilla/5.0 (Windows NT 10.0; Win64; x64) AppleWebKit/537.36 (KHTML, like Gecko) Chrome/129.0.0.0 Safari/537.36"
2.58.21.109 - - [29/Jan/2025:23:06:16 -0600] "GET /favicon.ico HTTP/1.1" 200 - "http://impactplugin.calvarycrossag.com/assets/images/wcrmxg.php" "Mozilla/5.0 (Windows NT 10.0; Win64; x64) AppleWebKit/537.36 (KHTML, like Gecko) Chrome/129.0.0.0 Safari/537.36"
179.124.139.209 - - [29/Jan/2025:23:06:16 -0600] "POST /assets/images/wcrmxg.php HTTP/1.1" 200 86408 "http://impactplugin.calvarycrossag.com/assets/images/wcrmxg.php" "Mozilla/5.0 (Windows NT 10.0; Win64; x64) AppleWebKit/537.36 (KHTML, like Gecko) Chrome/129.0.0.0 Safari/537.36"
179.124.139.209 - - [29/Jan/2025:23:06:17 -0600] "GET /favicon.ico HTTP/1.1" 200 - "http://impactplugin.calvarycrossag.com/assets/images/wcrmxg.php" "Mozilla/5.0 (Windows NT 10.0; Win64; x64) AppleWebKit/537.36 (KHTML, like Gecko) Chrome/129.0.0.0 Safari/537.36"
177.38.181.160 - - [29/Jan/2025:23:06:20 -0600] "GET /favicon.ico HTTP/1.1" 200 - "http://impactplugin.calvarycrossag.com/assets/images/wcrmxg.php" "Mozilla/5.0 (Windows NT 10.0; Win64; x64) AppleWebKit/537.36 (KHTML, like Gecko) Chrome/129.0.0.0 Safari/537.36"
2.58.21.151 - - [29/Jan/2025:23:06:20 -0600] "GET /assets/images/wcrmxg.php HTTP/1.1" 200 5717 "-" "Mozilla/5.0 (Windows NT 10.0; Win64; x64) AppleWebKit/537.36 (KHTML, like Gecko) Chrome/129.0.0.0 Safari/537.36"
168.121.97.40 - - [29/Jan/2025:23:06:20 -0600] "GET /favicon.ico HTTP/1.1" 200 - "http://impactplugin.calvarycrossag.com/assets/images/wcrmxg.php" "Mozilla/5.0 (Windows NT 10.0; Win64; x64) AppleWebKit/537.36 (KHTML, like Gecko) Chrome/129.0.0.0 Safari/537.36"
2.58.21.151 - - [29/Jan/2025:23:06:20 -0600] "GET /favicon.ico HTTP/1.1" 200 - "http://impactplugin.calvarycrossag.com/assets/images/wcrmxg.php" "Mozilla/5.0 (Windows NT 10.0; Win64; x64) AppleWebKit/537.36 (KHTML, like Gecko) Chrome/129.0.0.0 Safari/537.36"
31.184.236.78 - - [29/Jan/2025:23:06:22 -0600] "GET /assets/images/gdkrkz.php HTTP/1.1" 200 - "-" "-"
36.66.139.37 - - [29/Jan/2025:23:06:22 -0600] "GET /assets/images/wcrmxg.php HTTP/1.1" 200 5717 "-" "Mozilla/5.0 (Windows NT 10.0; Win64; x64) AppleWebKit/537.36 (KHTML, like Gecko) Chrome/129.0.0.0 Safari/537.36"
182.53.96.201 - - [29/Jan/2025:23:06:24 -0600] "GET /assets/images/wcrmxg.php HTTP/1.1" 200 5717 "-" "Mozilla/5.0 (Windows NT 10.0; Win64; x64) AppleWebKit/537.36 (KHTML, like Gecko) Chrome/129.0.0.0 Safari/537.36"
179.124.139.209 - - [29/Jan/2025:23:06:19 -0600] "POST /assets/images/wcrmxg.php HTTP/1.1" 200 3505060 "http://impactplugin.calvarycrossag.com/assets/images/wcrmxg.php" "Mozilla/5.0 (Windows NT 10.0; Win64; x64) AppleWebKit/537.36 (KHTML, like Gecko) Chrome/129.0.0.0 Safari/537.36"
179.124.139.209 - - [29/Jan/2025:23:06:24 -0600] "GET /favicon.ico HTTP/1.1" 200 - "http://impactplugin.calvarycrossag.com/assets/images/wcrmxg.php" "Mozilla/5.0 (Windows NT 10.0; Win64; x64) AppleWebKit/537.36 (KHTML, like Gecko) Chrome/129.0.0.0 Safari/537.36"
201.71.144.76 - - [29/Jan/2025:23:06:20 -0600] "POST /assets/images/wcrmxg.php HTTP/1.1" 200 4028049 "http://impactplugin.calvarycrossag.com/assets/images/wcrmxg.php" "Mozilla/5.0 (Windows NT 10.0; Win64; x64) AppleWebKit/537.36 (KHTML, like Gecko) Chrome/130.0.0.0 Safari/537.36"
194.44.65.204 - - [29/Jan/2025:23:06:25 -0600] "GET /assets/images/wcrmxg.php HTTP/1.1" 200 5717 "-" "Mozilla/5.0 (Windows NT 10.0; Win64; x64) AppleWebKit/537.36 (KHTML, like Gecko) Chrome/129.0.0.0 Safari/537.36"
31.184.236.78 - - [29/Jan/2025:23:06:25 -0600] "GET /assets/images/gdkrkz.php HTTP/1.1" 200 - "-" "-"
31.184.236.78 - - [29/Jan/2025:23:06:26 -0600] "GET /assets/images/gdkrkz.php HTTP/1.1" 200 - "-" "-"
31.184.236.42 - - [29/Jan/2025:23:06:26 -0600] "GET /assets/images/gdkrkz.php HTTP/1.1" 200 - "-" "-"
31.184.236.42 - - [29/Jan/2025:23:06:26 -0600] "GET /assets/images/gdkrkz.php HTTP/1.1" 200 - "-" "-"
194.44.65.204 - - [29/Jan/2025:23:06:27 -0600] "GET /favicon.ico HTTP/1.1" 200 - "http://impactplugin.calvarycrossag.com/assets/images/wcrmxg.php" "Mozilla/5.0 (Windows NT 10.0; Win64; x64) AppleWebKit/537.36 (KHTML, like Gecko) Chrome/129.0.0.0 Safari/537.36"
31.184.236.78 - - [29/Jan/2025:23:06:27 -0600] "GET /assets/images/gdkrkz.php HTTP/1.1" 200 - "-" "-"
