Your IP : 13.58.169.1


Current Path : /home/church/access-logs/
Upload File :
Current File : /home/church/access-logs/blackinbusinessdirectory.calvarycrossag.com-ssl_log

66.249.69.164 - - [29/Jan/2025:22:35:45 -0600] "GET /overground/qac/114731268 HTTP/1.1" 200 - "-" "Mozilla/5.0 (Linux; Android 6.0.1; Nexus 5X Build/MMB29P) AppleWebKit/537.36 (KHTML, like Gecko) Chrome/132.0.6834.110 Mobile Safari/537.36 (compatible; GoogleOther)"
66.249.69.164 - - [29/Jan/2025:22:37:47 -0600] "GET /erecter/1434893239 HTTP/1.1" 200 - "-" "Mozilla/5.0 (Linux; Android 6.0.1; Nexus 5X Build/MMB29P) AppleWebKit/537.36 (KHTML, like Gecko) Chrome/132.0.6834.110 Mobile Safari/537.36 (compatible; GoogleOther)"
147.78.47.38 - - [29/Jan/2025:22:38:44 -0600] "GET /index.php/jk HTTP/1.1" 200 - "-" "Mozilla/5.0 (Macintosh; Intel Mac OS X 10.15; rv:80.0) Gecko/20100101 Firefox/80.0"
66.249.69.165 - - [29/Jan/2025:22:39:50 -0600] "GET /bourn/rbj40911503 HTTP/1.1" 200 - "-" "Mozilla/5.0 (Linux; Android 6.0.1; Nexus 5X Build/MMB29P) AppleWebKit/537.36 (KHTML, like Gecko) Chrome/132.0.6834.110 Mobile Safari/537.36 (compatible; GoogleOther)"
66.249.69.165 - - [29/Jan/2025:22:41:30 -0600] "GET /galvanization/1434880451 HTTP/1.1" 200 - "-" "Mozilla/5.0 (Linux; Android 6.0.1; Nexus 5X Build/MMB29P) AppleWebKit/537.36 (KHTML, like Gecko) Chrome/132.0.6834.110 Mobile Safari/537.36 (compatible; GoogleOther)"
66.249.69.163 - - [29/Jan/2025:22:41:53 -0600] "GET /measurement/85319620 HTTP/1.1" 200 - "-" "Mozilla/5.0 (Linux; Android 6.0.1; Nexus 5X Build/MMB29P) AppleWebKit/537.36 (KHTML, like Gecko) Chrome/132.0.6834.110 Mobile Safari/537.36 (compatible; GoogleOther)"
66.249.69.165 - - [29/Jan/2025:22:43:55 -0600] "GET /reactive/detail/ae148040078 HTTP/1.1" 200 - "-" "Mozilla/5.0 (Linux; Android 6.0.1; Nexus 5X Build/MMB29P) AppleWebKit/537.36 (KHTML, like Gecko) Chrome/132.0.6834.110 Mobile Safari/537.36 (compatible; GoogleOther)"
66.249.69.165 - - [29/Jan/2025:22:45:08 -0600] "GET /hornyhead/entity/zb/70179643 HTTP/1.1" 200 - "-" "Mozilla/5.0 (Linux; Android 6.0.1; Nexus 5X Build/MMB29P) AppleWebKit/537.36 (KHTML, like Gecko) Chrome/132.0.6834.110 Mobile Safari/537.36 (compatible; Googlebot/2.1; +http://www.google.com/bot.html)"
66.249.69.163 - - [29/Jan/2025:22:45:42 -0600] "GET /custumary33707899 HTTP/1.1" 200 - "-" "Mozilla/5.0 (Linux; Android 6.0.1; Nexus 5X Build/MMB29P) AppleWebKit/537.36 (KHTML, like Gecko) Chrome/132.0.6834.110 Mobile Safari/537.36 (compatible; Googlebot/2.1; +http://www.google.com/bot.html)"
66.249.69.163 - - [29/Jan/2025:22:45:58 -0600] "GET /larghetto/product/ei60499174 HTTP/1.1" 200 - "-" "Mozilla/5.0 (Linux; Android 6.0.1; Nexus 5X Build/MMB29P) AppleWebKit/537.36 (KHTML, like Gecko) Chrome/132.0.6834.110 Mobile Safari/537.36 (compatible; GoogleOther)"
66.249.69.165 - - [29/Jan/2025:22:47:42 -0600] "GET /contrition/shopdetail/tz34036261 HTTP/1.1" 200 - "-" "Mozilla/5.0 (Linux; Android 6.0.1; Nexus 5X Build/MMB29P) AppleWebKit/537.36 (KHTML, like Gecko) Chrome/132.0.6834.110 Mobile Safari/537.36 (compatible; Googlebot/2.1; +http://www.google.com/bot.html)"
66.249.69.164 - - [29/Jan/2025:22:48:01 -0600] "GET /tabefied/m/131011328 HTTP/1.1" 200 - "-" "Mozilla/5.0 (Linux; Android 6.0.1; Nexus 5X Build/MMB29P) AppleWebKit/537.36 (KHTML, like Gecko) Chrome/132.0.6834.110 Mobile Safari/537.36 (compatible; GoogleOther)"
87.120.127.163 - - [29/Jan/2025:22:49:29 -0600] "GET /.well-known/info.php HTTP/1.1" 403 - "-" "Mozlila/5.0 (Linux; Android 7.0; SM-G892A Bulid/NRD90M; wv) AppleWebKit/537.36 (KHTML, like Gecko) Version/4.0 Chrome/60.0.3112.107 Moblie Safari/537.36"
66.249.69.165 - - [29/Jan/2025:22:50:08 -0600] "GET /kohlrabi/product/yo32126368 HTTP/1.1" 200 - "-" "Mozilla/5.0 (Linux; Android 6.0.1; Nexus 5X Build/MMB29P) AppleWebKit/537.36 (KHTML, like Gecko) Chrome/132.0.6834.110 Mobile Safari/537.36 (compatible; GoogleOther)"
66.249.69.164 - - [29/Jan/2025:22:52:15 -0600] "GET /protrusile/special/iq24808748 HTTP/1.1" 200 - "-" "Mozilla/5.0 (Linux; Android 6.0.1; Nexus 5X Build/MMB29P) AppleWebKit/537.36 (KHTML, like Gecko) Chrome/132.0.6834.110 Mobile Safari/537.36 (compatible; GoogleOther)"
66.249.69.165 - - [29/Jan/2025:22:54:09 -0600] "GET /ultimating/dh/43894325 HTTP/1.1" 200 - "-" "Mozilla/5.0 (Linux; Android 6.0.1; Nexus 5X Build/MMB29P) AppleWebKit/537.36 (KHTML, like Gecko) Chrome/132.0.6834.110 Mobile Safari/537.36 (compatible; Googlebot/2.1; +http://www.google.com/bot.html)"
66.249.69.163 - - [29/Jan/2025:22:54:15 -0600] "GET / HTTP/1.1" 200 - "-" "Mozilla/5.0 (Linux; Android 6.0.1; Nexus 5X Build/MMB29P) AppleWebKit/537.36 (KHTML, like Gecko) Chrome/132.0.6834.110 Mobile Safari/537.36 (compatible; Googlebot/2.1; +http://www.google.com/bot.html)"
66.249.69.163 - - [29/Jan/2025:22:54:22 -0600] "GET /erwinia/nxh40940127 HTTP/1.1" 200 - "-" "Mozilla/5.0 (Linux; Android 6.0.1; Nexus 5X Build/MMB29P) AppleWebKit/537.36 (KHTML, like Gecko) Chrome/132.0.6834.110 Mobile Safari/537.36 (compatible; GoogleOther)"
66.249.69.163 - - [29/Jan/2025:22:56:15 -0600] "GET / HTTP/1.1" 200 - "-" "Mozilla/5.0 (compatible; Googlebot/2.1; +http://www.google.com/bot.html)"
66.249.69.164 - - [29/Jan/2025:22:56:16 -0600] "GET / HTTP/1.1" 200 - "-" "Mozilla/5.0 (Linux; Android 6.0.1; Nexus 5X Build/MMB29P) AppleWebKit/537.36 (KHTML, like Gecko) Chrome/99.0.4844.84 Mobile Safari/537.36 (compatible; Googlebot/2.1; +http://www.google.com/bot.html)"
66.249.69.165 - - [29/Jan/2025:22:56:17 -0600] "GET /favicon.ico HTTP/1.1" 200 - "-" "Googlebot-Image/1.0"
66.249.69.163 - - [29/Jan/2025:22:56:29 -0600] "GET /entozoon/info/gy/24823108 HTTP/1.1" 200 - "-" "Mozilla/5.0 (Linux; Android 6.0.1; Nexus 5X Build/MMB29P) AppleWebKit/537.36 (KHTML, like Gecko) Chrome/132.0.6834.110 Mobile Safari/537.36 (compatible; GoogleOther)"
66.249.69.164 - - [29/Jan/2025:22:58:36 -0600] "GET /puddening/60029985 HTTP/1.1" 200 - "-" "Mozilla/5.0 (Linux; Android 6.0.1; Nexus 5X Build/MMB29P) AppleWebKit/537.36 (KHTML, like Gecko) Chrome/132.0.6834.110 Mobile Safari/537.36 (compatible; GoogleOther)"
66.249.69.165 - - [29/Jan/2025:23:00:43 -0600] "GET /bedside/kxo130979434 HTTP/1.1" 200 - "-" "Mozilla/5.0 (Linux; Android 6.0.1; Nexus 5X Build/MMB29P) AppleWebKit/537.36 (KHTML, like Gecko) Chrome/132.0.6834.110 Mobile Safari/537.36 (compatible; GoogleOther)"
66.249.69.163 - - [29/Jan/2025:23:02:50 -0600] "GET /unfeaty/s148081748 HTTP/1.1" 200 - "-" "Mozilla/5.0 (Linux; Android 6.0.1; Nexus 5X Build/MMB29P) AppleWebKit/537.36 (KHTML, like Gecko) Chrome/132.0.6834.110 Mobile Safari/537.36 (compatible; GoogleOther)"
66.249.69.164 - - [29/Jan/2025:23:04:57 -0600] "GET /sharewort/sbq119342564 HTTP/1.1" 200 - "-" "Mozilla/5.0 (Linux; Android 6.0.1; Nexus 5X Build/MMB29P) AppleWebKit/537.36 (KHTML, like Gecko) Chrome/132.0.6834.110 Mobile Safari/537.36 (compatible; GoogleOther)"
31.207.33.82 - - [29/Jan/2025:23:05:59 -0600] "POST /wp-login.php HTTP/1.1" 200 9657 "-" "Mozilla/5.0 (Windows NT 10.0; Win64; x64; rv:64.0) Gecko/20100101 Firefox/64.0"
66.249.69.165 - - [29/Jan/2025:23:07:04 -0600] "GET /gronias83445740 HTTP/1.1" 200 - "-" "Mozilla/5.0 (Linux; Android 6.0.1; Nexus 5X Build/MMB29P) AppleWebKit/537.36 (KHTML, like Gecko) Chrome/132.0.6834.110 Mobile Safari/537.36 (compatible; GoogleOther)"
66.249.69.165 - - [29/Jan/2025:23:09:11 -0600] "GET /plagiostome/product/rgh/63221477 HTTP/1.1" 200 - "-" "Mozilla/5.0 (Linux; Android 6.0.1; Nexus 5X Build/MMB29P) AppleWebKit/537.36 (KHTML, like Gecko) Chrome/132.0.6834.110 Mobile Safari/537.36 (compatible; GoogleOther)"
66.249.69.165 - - [29/Jan/2025:23:10:58 -0600] "GET /coagulable/shopbrand/r130134445 HTTP/1.1" 200 - "-" "Mozilla/5.0 (Linux; Android 6.0.1; Nexus 5X Build/MMB29P) AppleWebKit/537.36 (KHTML, like Gecko) Chrome/132.0.6834.110 Mobile Safari/537.36 (compatible; Googlebot/2.1; +http://www.google.com/bot.html)"
66.249.69.163 - - [29/Jan/2025:23:11:19 -0600] "GET /gurmy/82335838 HTTP/1.1" 200 - "-" "Mozilla/5.0 (Linux; Android 6.0.1; Nexus 5X Build/MMB29P) AppleWebKit/537.36 (KHTML, like Gecko) Chrome/132.0.6834.110 Mobile Safari/537.36 (compatible; GoogleOther)"
66.249.69.163 - - [29/Jan/2025:23:13:53 -0600] "GET /depositories/shopbrand/qq148066168 HTTP/1.1" 200 - "-" "Mozilla/5.0 (Linux; Android 6.0.1; Nexus 5X Build/MMB29P) AppleWebKit/537.36 (KHTML, like Gecko) Chrome/132.0.6834.110 Mobile Safari/537.36 (compatible; GoogleOther)"
66.249.69.164 - - [29/Jan/2025:23:13:56 -0600] "GET /multicellular115145615 HTTP/1.1" 200 - "-" "Mozilla/5.0 (Linux; Android 6.0.1; Nexus 5X Build/MMB29P) AppleWebKit/537.36 (KHTML, like Gecko) Chrome/132.0.6834.110 Mobile Safari/537.36 (compatible; GoogleOther)"
66.249.69.165 - - [29/Jan/2025:23:15:33 -0600] "GET /aspidistra/178333050 HTTP/1.1" 200 - "-" "Mozilla/5.0 (Linux; Android 6.0.1; Nexus 5X Build/MMB29P) AppleWebKit/537.36 (KHTML, like Gecko) Chrome/132.0.6834.110 Mobile Safari/537.36 (compatible; GoogleOther)"
66.249.69.165 - - [29/Jan/2025:23:17:40 -0600] "GET /finglefangle57730888 HTTP/1.1" 200 - "-" "Mozilla/5.0 (Linux; Android 6.0.1; Nexus 5X Build/MMB29P) AppleWebKit/537.36 (KHTML, like Gecko) Chrome/132.0.6834.110 Mobile Safari/537.36 (compatible; GoogleOther)"
66.249.69.163 - - [29/Jan/2025:23:17:41 -0600] "GET /pepperwort/jt155507761 HTTP/1.1" 200 - "-" "Mozilla/5.0 (Linux; Android 6.0.1; Nexus 5X Build/MMB29P) AppleWebKit/537.36 (KHTML, like Gecko) Chrome/132.0.6834.110 Mobile Safari/537.36 (compatible; Googlebot/2.1; +http://www.google.com/bot.html)"
66.249.69.164 - - [29/Jan/2025:23:19:47 -0600] "GET /olivite/ubi51735692 HTTP/1.1" 200 - "-" "Mozilla/5.0 (Linux; Android 6.0.1; Nexus 5X Build/MMB29P) AppleWebKit/537.36 (KHTML, like Gecko) Chrome/132.0.6834.110 Mobile Safari/537.36 (compatible; GoogleOther)"
66.249.69.163 - - [29/Jan/2025:23:21:54 -0600] "GET /tubicorn/36334294 HTTP/1.1" 200 - "-" "Mozilla/5.0 (Linux; Android 6.0.1; Nexus 5X Build/MMB29P) AppleWebKit/537.36 (KHTML, like Gecko) Chrome/132.0.6834.110 Mobile Safari/537.36 (compatible; GoogleOther)"
66.249.69.164 - - [29/Jan/2025:23:24:01 -0600] "GET /indoctrinated/item/ani13178992 HTTP/1.1" 200 - "-" "Mozilla/5.0 (Linux; Android 6.0.1; Nexus 5X Build/MMB29P) AppleWebKit/537.36 (KHTML, like Gecko) Chrome/132.0.6834.110 Mobile Safari/537.36 (compatible; GoogleOther)"
66.249.69.163 - - [29/Jan/2025:23:26:08 -0600] "GET /cruncher38917436 HTTP/1.1" 200 - "-" "Mozilla/5.0 (Linux; Android 6.0.1; Nexus 5X Build/MMB29P) AppleWebKit/537.36 (KHTML, like Gecko) Chrome/132.0.6834.110 Mobile Safari/537.36 (compatible; GoogleOther)"
66.249.69.163 - - [29/Jan/2025:23:26:58 -0600] "GET /soldierlike/items/oos/128313372 HTTP/1.1" 200 - "-" "Mozilla/5.0 (Linux; Android 6.0.1; Nexus 5X Build/MMB29P) AppleWebKit/537.36 (KHTML, like Gecko) Chrome/132.0.6834.110 Mobile Safari/537.36 (compatible; Googlebot/2.1; +http://www.google.com/bot.html)"
66.249.69.164 - - [29/Jan/2025:23:28:15 -0600] "GET /planeted/shopping/h/149832719 HTTP/1.1" 200 - "-" "Mozilla/5.0 (Linux; Android 6.0.1; Nexus 5X Build/MMB29P) AppleWebKit/537.36 (KHTML, like Gecko) Chrome/132.0.6834.110 Mobile Safari/537.36 (compatible; GoogleOther)"
66.249.69.163 - - [29/Jan/2025:23:30:22 -0600] "GET /peptogenic/n/35852059 HTTP/1.1" 200 - "-" "Mozilla/5.0 (Linux; Android 6.0.1; Nexus 5X Build/MMB29P) AppleWebKit/537.36 (KHTML, like Gecko) Chrome/132.0.6834.110 Mobile Safari/537.36 (compatible; GoogleOther)"
66.249.69.165 - - [29/Jan/2025:23:32:29 -0600] "GET /joewood/61391383 HTTP/1.1" 200 - "-" "Mozilla/5.0 (Linux; Android 6.0.1; Nexus 5X Build/MMB29P) AppleWebKit/537.36 (KHTML, like Gecko) Chrome/132.0.6834.110 Mobile Safari/537.36 (compatible; GoogleOther)"
66.249.69.165 - - [29/Jan/2025:23:34:36 -0600] "GET /leakage/i13615440 HTTP/1.1" 200 - "-" "Mozilla/5.0 (Linux; Android 6.0.1; Nexus 5X Build/MMB29P) AppleWebKit/537.36 (KHTML, like Gecko) Chrome/132.0.6834.110 Mobile Safari/537.36 (compatible; GoogleOther)"
66.249.69.164 - - [29/Jan/2025:23:36:43 -0600] "GET /mesodont/e16989450 HTTP/1.1" 200 - "-" "Mozilla/5.0 (Linux; Android 6.0.1; Nexus 5X Build/MMB29P) AppleWebKit/537.36 (KHTML, like Gecko) Chrome/132.0.6834.110 Mobile Safari/537.36 (compatible; GoogleOther)"
66.249.69.163 - - [29/Jan/2025:23:38:50 -0600] "GET /stiltify/159119818 HTTP/1.1" 200 - "-" "Mozilla/5.0 (Linux; Android 6.0.1; Nexus 5X Build/MMB29P) AppleWebKit/537.36 (KHTML, like Gecko) Chrome/132.0.6834.110 Mobile Safari/537.36 (compatible; GoogleOther)"
66.249.69.163 - - [29/Jan/2025:23:40:57 -0600] "GET /xiphiplastron/pr40941281 HTTP/1.1" 200 - "-" "Mozilla/5.0 (Linux; Android 6.0.1; Nexus 5X Build/MMB29P) AppleWebKit/537.36 (KHTML, like Gecko) Chrome/132.0.6834.110 Mobile Safari/537.36 (compatible; GoogleOther)"
66.249.69.164 - - [29/Jan/2025:23:43:04 -0600] "GET /arising34050060 HTTP/1.1" 200 - "-" "Mozilla/5.0 (Linux; Android 6.0.1; Nexus 5X Build/MMB29P) AppleWebKit/537.36 (KHTML, like Gecko) Chrome/132.0.6834.110 Mobile Safari/537.36 (compatible; GoogleOther)"
66.249.69.163 - - [29/Jan/2025:23:44:00 -0600] "GET /raguled/goods/fcv/128324607 HTTP/1.1" 200 - "-" "Mozilla/5.0 (Linux; Android 6.0.1; Nexus 5X Build/MMB29P) AppleWebKit/537.36 (KHTML, like Gecko) Chrome/132.0.6834.110 Mobile Safari/537.36 (compatible; Googlebot/2.1; +http://www.google.com/bot.html)"
66.249.69.164 - - [29/Jan/2025:23:45:12 -0600] "GET /medicinalis/products/bb175577221 HTTP/1.1" 200 - "-" "Mozilla/5.0 (Linux; Android 6.0.1; Nexus 5X Build/MMB29P) AppleWebKit/537.36 (KHTML, like Gecko) Chrome/132.0.6834.110 Mobile Safari/537.36 (compatible; GoogleOther)"
66.249.69.164 - - [29/Jan/2025:23:47:19 -0600] "GET /egotized/special/q60121736 HTTP/1.1" 200 - "-" "Mozilla/5.0 (Linux; Android 6.0.1; Nexus 5X Build/MMB29P) AppleWebKit/537.36 (KHTML, like Gecko) Chrome/132.0.6834.110 Mobile Safari/537.36 (compatible; GoogleOther)"
66.249.69.164 - - [29/Jan/2025:23:47:45 -0600] "GET /relish/qbg34419066 HTTP/1.1" 200 - "-" "Mozilla/5.0 (Linux; Android 6.0.1; Nexus 5X Build/MMB29P) AppleWebKit/537.36 (KHTML, like Gecko) Chrome/132.0.6834.110 Mobile Safari/537.36 (compatible; Googlebot/2.1; +http://www.google.com/bot.html)"
66.249.69.165 - - [29/Jan/2025:23:49:26 -0600] "GET /pregage33478374 HTTP/1.1" 200 - "-" "Mozilla/5.0 (Linux; Android 6.0.1; Nexus 5X Build/MMB29P) AppleWebKit/537.36 (KHTML, like Gecko) Chrome/132.0.6834.110 Mobile Safari/537.36 (compatible; GoogleOther)"
66.249.69.165 - - [29/Jan/2025:23:51:33 -0600] "GET /tortion/63213079 HTTP/1.1" 200 - "-" "Mozilla/5.0 (Linux; Android 6.0.1; Nexus 5X Build/MMB29P) AppleWebKit/537.36 (KHTML, like Gecko) Chrome/132.0.6834.110 Mobile Safari/537.36 (compatible; GoogleOther)"
66.249.69.164 - - [29/Jan/2025:23:53:40 -0600] "GET /psychiatric/xlt34608203 HTTP/1.1" 200 - "-" "Mozilla/5.0 (Linux; Android 6.0.1; Nexus 5X Build/MMB29P) AppleWebKit/537.36 (KHTML, like Gecko) Chrome/132.0.6834.110 Mobile Safari/537.36 (compatible; GoogleOther)"
66.249.69.165 - - [29/Jan/2025:23:55:47 -0600] "GET /intice1423810918 HTTP/1.1" 200 - "-" "Mozilla/5.0 (Linux; Android 6.0.1; Nexus 5X Build/MMB29P) AppleWebKit/537.36 (KHTML, like Gecko) Chrome/132.0.6834.110 Mobile Safari/537.36 (compatible; GoogleOther)"
20.171.207.6 - - [29/Jan/2025:23:57:40 -0600] "GET /robots.txt HTTP/2.0" 200 108 "-" "Mozilla/5.0 AppleWebKit/537.36 (KHTML, like Gecko; compatible; GPTBot/1.2; +https://openai.com/gptbot)"
66.249.69.165 - - [29/Jan/2025:23:57:54 -0600] "GET /finless/special/zj/52370925 HTTP/1.1" 200 - "-" "Mozilla/5.0 (Linux; Android 6.0.1; Nexus 5X Build/MMB29P) AppleWebKit/537.36 (KHTML, like Gecko) Chrome/132.0.6834.110 Mobile Safari/537.36 (compatible; GoogleOther)"
66.249.69.165 - - [30/Jan/2025:00:00:00 -0600] "GET /cafila/shopdetail/x/128318839 HTTP/1.1" 200 - "-" "Mozilla/5.0 (Linux; Android 6.0.1; Nexus 5X Build/MMB29P) AppleWebKit/537.36 (KHTML, like Gecko) Chrome/132.0.6834.110 Mobile Safari/537.36 (compatible; Googlebot/2.1; +http://www.google.com/bot.html)"
66.249.69.165 - - [30/Jan/2025:00:00:01 -0600] "GET /beget63246878 HTTP/1.1" 200 - "-" "Mozilla/5.0 (Linux; Android 6.0.1; Nexus 5X Build/MMB29P) AppleWebKit/537.36 (KHTML, like Gecko) Chrome/132.0.6834.110 Mobile Safari/537.36 (compatible; GoogleOther)"
66.249.69.165 - - [30/Jan/2025:00:02:08 -0600] "GET /inarched/1443819043 HTTP/1.1" 200 - "-" "Mozilla/5.0 (Linux; Android 6.0.1; Nexus 5X Build/MMB29P) AppleWebKit/537.36 (KHTML, like Gecko) Chrome/132.0.6834.110 Mobile Safari/537.36 (compatible; GoogleOther)"
66.249.69.163 - - [30/Jan/2025:00:04:15 -0600] "GET /dovelike/h/58297109 HTTP/1.1" 200 - "-" "Mozilla/5.0 (Linux; Android 6.0.1; Nexus 5X Build/MMB29P) AppleWebKit/537.36 (KHTML, like Gecko) Chrome/132.0.6834.110 Mobile Safari/537.36 (compatible; GoogleOther)"
66.249.69.165 - - [30/Jan/2025:00:06:22 -0600] "GET /glabrate/item/g/58295458 HTTP/1.1" 200 - "-" "Mozilla/5.0 (Linux; Android 6.0.1; Nexus 5X Build/MMB29P) AppleWebKit/537.36 (KHTML, like Gecko) Chrome/132.0.6834.110 Mobile Safari/537.36 (compatible; GoogleOther)"
66.249.69.165 - - [30/Jan/2025:00:08:29 -0600] "GET /hydrofluoric/1436108390 HTTP/1.1" 200 - "-" "Mozilla/5.0 (Linux; Android 6.0.1; Nexus 5X Build/MMB29P) AppleWebKit/537.36 (KHTML, like Gecko) Chrome/132.0.6834.110 Mobile Safari/537.36 (compatible; GoogleOther)"
66.249.69.165 - - [30/Jan/2025:00:10:00 -0600] "GET /blockheadism/orm15453580 HTTP/1.1" 200 - "-" "Mozilla/5.0 (Linux; Android 6.0.1; Nexus 5X Build/MMB29P) AppleWebKit/537.36 (KHTML, like Gecko) Chrome/132.0.6834.110 Mobile Safari/537.36 (compatible; Googlebot/2.1; +http://www.google.com/bot.html)"
66.249.69.164 - - [30/Jan/2025:00:10:36 -0600] "GET /seconded60188184 HTTP/1.1" 200 - "-" "Mozilla/5.0 (Linux; Android 6.0.1; Nexus 5X Build/MMB29P) AppleWebKit/537.36 (KHTML, like Gecko) Chrome/132.0.6834.110 Mobile Safari/537.36 (compatible; GoogleOther)"
66.249.69.164 - - [30/Jan/2025:00:11:30 -0600] "GET /bedstaves/253626823 HTTP/1.1" 200 - "-" "Mozilla/5.0 (Linux; Android 6.0.1; Nexus 5X Build/MMB29P) AppleWebKit/537.36 (KHTML, like Gecko) Chrome/132.0.6834.110 Mobile Safari/537.36 (compatible; GoogleOther)"
66.249.69.163 - - [30/Jan/2025:00:12:43 -0600] "GET /haemometer153585846 HTTP/1.1" 200 - "-" "Mozilla/5.0 (Linux; Android 6.0.1; Nexus 5X Build/MMB29P) AppleWebKit/537.36 (KHTML, like Gecko) Chrome/132.0.6834.110 Mobile Safari/537.36 (compatible; GoogleOther)"
111.225.148.20 - - [30/Jan/2025:00:13:50 -0600] "GET /places/page/7/ HTTP/2.0" 200 - "-" "Mozilla/5.0 (Linux; Android 5.0) AppleWebKit/537.36 (KHTML, like Gecko) Mobile Safari/537.36 (compatible; Bytespider; https://zhanzhang.toutiao.com/)"
66.249.69.163 - - [30/Jan/2025:00:14:50 -0600] "GET /ethnographically/114162453 HTTP/1.1" 200 - "-" "Mozilla/5.0 (Linux; Android 6.0.1; Nexus 5X Build/MMB29P) AppleWebKit/537.36 (KHTML, like Gecko) Chrome/132.0.6834.110 Mobile Safari/537.36 (compatible; GoogleOther)"
66.249.69.165 - - [30/Jan/2025:00:17:50 -0600] "GET /tournery63223721 HTTP/1.1" 200 - "-" "Mozilla/5.0 (Linux; Android 6.0.1; Nexus 5X Build/MMB29P) AppleWebKit/537.36 (KHTML, like Gecko) Chrome/132.0.6834.110 Mobile Safari/537.36 (compatible; GoogleOther)"
147.78.47.38 - - [30/Jan/2025:00:18:58 -0600] "GET /index.php/jk HTTP/1.1" 200 - "-" "Mozilla/5.0 (iPhone; CPU iPhone OS 13_4 like Mac OS X) AppleWebKit/605.1.15 (KHTML, like Gecko) Version/13.4.4 Mobile/15E148 Safari/604.1"
66.249.69.163 - - [30/Jan/2025:00:19:51 -0600] "GET /invitation/34007492 HTTP/1.1" 200 - "-" "Mozilla/5.0 (Linux; Android 6.0.1; Nexus 5X Build/MMB29P) AppleWebKit/537.36 (KHTML, like Gecko) Chrome/132.0.6834.110 Mobile Safari/537.36 (compatible; GoogleOther)"
66.249.69.164 - - [30/Jan/2025:00:19:53 -0600] "GET /cirrous/85360733 HTTP/1.1" 200 - "-" "Mozilla/5.0 (Linux; Android 6.0.1; Nexus 5X Build/MMB29P) AppleWebKit/537.36 (KHTML, like Gecko) Chrome/132.0.6834.110 Mobile Safari/537.36 (compatible; GoogleOther)"
66.249.69.164 - - [30/Jan/2025:00:21:57 -0600] "GET /jellies/shopping/p/71175851 HTTP/1.1" 200 - "-" "Mozilla/5.0 (Linux; Android 6.0.1; Nexus 5X Build/MMB29P) AppleWebKit/537.36 (KHTML, like Gecko) Chrome/132.0.6834.110 Mobile Safari/537.36 (compatible; GoogleOther)"
66.249.69.164 - - [30/Jan/2025:00:22:02 -0600] "GET /vaccinum/qi22655004 HTTP/1.1" 200 - "-" "Mozilla/5.0 (Linux; Android 6.0.1; Nexus 5X Build/MMB29P) AppleWebKit/537.36 (KHTML, like Gecko) Chrome/132.0.6834.110 Mobile Safari/537.36 (compatible; GoogleOther)"
66.249.69.164 - - [30/Jan/2025:00:23:00 -0600] "GET /emulsic1445121990 HTTP/1.1" 200 - "-" "Mozilla/5.0 (Linux; Android 6.0.1; Nexus 5X Build/MMB29P) AppleWebKit/537.36 (KHTML, like Gecko) Chrome/132.0.6834.110 Mobile Safari/537.36 (compatible; GoogleOther)"
66.249.69.164 - - [30/Jan/2025:00:23:03 -0600] "GET /zymological/tjn74738885 HTTP/1.1" 200 - "-" "Mozilla/5.0 (Linux; Android 6.0.1; Nexus 5X Build/MMB29P) AppleWebKit/537.36 (KHTML, like Gecko) Chrome/132.0.6834.110 Mobile Safari/537.36 (compatible; GoogleOther)"
66.249.69.165 - - [30/Jan/2025:00:24:08 -0600] "GET /pipped164274044 HTTP/1.1" 200 - "-" "Mozilla/5.0 (Linux; Android 6.0.1; Nexus 5X Build/MMB29P) AppleWebKit/537.36 (KHTML, like Gecko) Chrome/132.0.6834.110 Mobile Safari/537.36 (compatible; GoogleOther)"
4.227.36.12 - - [30/Jan/2025:00:24:13 -0600] "GET / HTTP/2.0" 200 - "-" "Mozilla/5.0 AppleWebKit/537.36 (KHTML, like Gecko; compatible; GPTBot/1.2; +https://openai.com/gptbot)"
66.249.69.163 - - [30/Jan/2025:00:24:26 -0600] "GET /congenious1447813186 HTTP/1.1" 200 - "-" "Mozilla/5.0 (Linux; Android 6.0.1; Nexus 5X Build/MMB29P) AppleWebKit/537.36 (KHTML, like Gecko) Chrome/132.0.6834.110 Mobile Safari/537.36 (compatible; GoogleOther)"
66.249.69.163 - - [30/Jan/2025:00:24:45 -0600] "GET /omphalode/sy/1419850768 HTTP/1.1" 200 - "-" "Mozilla/5.0 (Linux; Android 6.0.1; Nexus 5X Build/MMB29P) AppleWebKit/537.36 (KHTML, like Gecko) Chrome/132.0.6834.110 Mobile Safari/537.36 (compatible; Googlebot/2.1; +http://www.google.com/bot.html)"
66.249.69.165 - - [30/Jan/2025:00:25:14 -0600] "GET /diapasm/w/159524148 HTTP/1.1" 200 - "-" "Mozilla/5.0 (Linux; Android 6.0.1; Nexus 5X Build/MMB29P) AppleWebKit/537.36 (KHTML, like Gecko) Chrome/132.0.6834.110 Mobile Safari/537.36 (compatible; GoogleOther)"
20.15.133.184 - - [30/Jan/2025:00:25:29 -0600] "GET /bascinet18745453 HTTP/2.0" 200 - "-" "Mozilla/5.0 AppleWebKit/537.36 (KHTML, like Gecko; compatible; bingbot/2.0; +http://www.bing.com/bingbot.htm) Chrome/116.0.1938.76 Safari/537.36"
66.249.69.165 - - [30/Jan/2025:00:26:20 -0600] "GET /ajour/cce/131699208 HTTP/1.1" 200 - "-" "Mozilla/5.0 (Linux; Android 6.0.1; Nexus 5X Build/MMB29P) AppleWebKit/537.36 (KHTML, like Gecko) Chrome/132.0.6834.110 Mobile Safari/537.36 (compatible; GoogleOther)"
66.249.69.164 - - [30/Jan/2025:00:26:50 -0600] "GET /serviette/34016227 HTTP/1.1" 200 - "-" "Mozilla/5.0 (Linux; Android 6.0.1; Nexus 5X Build/MMB29P) AppleWebKit/537.36 (KHTML, like Gecko) Chrome/132.0.6834.110 Mobile Safari/537.36 (compatible; GoogleOther)"
66.249.69.164 - - [30/Jan/2025:00:27:26 -0600] "GET /ostentatious/dr65540141 HTTP/1.1" 200 - "-" "Mozilla/5.0 (Linux; Android 6.0.1; Nexus 5X Build/MMB29P) AppleWebKit/537.36 (KHTML, like Gecko) Chrome/132.0.6834.110 Mobile Safari/537.36 (compatible; GoogleOther)"
66.249.69.165 - - [30/Jan/2025:00:29:03 -0600] "GET /noninstitutional/i34614724 HTTP/1.1" 200 - "-" "Mozilla/5.0 (Linux; Android 6.0.1; Nexus 5X Build/MMB29P) AppleWebKit/537.36 (KHTML, like Gecko) Chrome/132.0.6834.110 Mobile Safari/537.36 (compatible; GoogleOther)"
66.249.69.163 - - [30/Jan/2025:00:29:14 -0600] "GET /breastplow/i35447168 HTTP/1.1" 200 - "-" "Mozilla/5.0 (Linux; Android 6.0.1; Nexus 5X Build/MMB29P) AppleWebKit/537.36 (KHTML, like Gecko) Chrome/132.0.6834.110 Mobile Safari/537.36 (compatible; GoogleOther)"
164.92.94.92 - - [30/Jan/2025:00:31:32 -0600] "GET / HTTP/1.1" 200 - "-" "Mozilla/5.0 (compatible)"
164.92.94.92 - - [30/Jan/2025:00:31:33 -0600] "GET /ads.txt HTTP/1.1" 200 - "-" "Mozilla/5.0 (compatible)"
66.249.69.165 - - [30/Jan/2025:00:32:15 -0600] "GET /causewayed/63239301 HTTP/1.1" 200 - "-" "Mozilla/5.0 (Linux; Android 6.0.1; Nexus 5X Build/MMB29P) AppleWebKit/537.36 (KHTML, like Gecko) Chrome/132.0.6834.110 Mobile Safari/537.36 (compatible; GoogleOther)"
66.249.69.164 - - [30/Jan/2025:00:32:17 -0600] "GET /sodality/nur/24811843 HTTP/1.1" 200 - "-" "Mozilla/5.0 (Linux; Android 6.0.1; Nexus 5X Build/MMB29P) AppleWebKit/537.36 (KHTML, like Gecko) Chrome/132.0.6834.110 Mobile Safari/537.36 (compatible; GoogleOther)"
66.249.69.164 - - [30/Jan/2025:00:33:33 -0600] "GET /enshroud/130969227 HTTP/1.1" 200 - "-" "Mozilla/5.0 (Linux; Android 6.0.1; Nexus 5X Build/MMB29P) AppleWebKit/537.36 (KHTML, like Gecko) Chrome/132.0.6834.110 Mobile Safari/537.36 (compatible; GoogleOther)"
66.249.69.163 - - [30/Jan/2025:00:33:47 -0600] "GET /caking/entity/o/49712408 HTTP/1.1" 200 - "-" "Mozilla/5.0 (Linux; Android 6.0.1; Nexus 5X Build/MMB29P) AppleWebKit/537.36 (KHTML, like Gecko) Chrome/132.0.6834.110 Mobile Safari/537.36 (compatible; Googlebot/2.1; +http://www.google.com/bot.html)"
66.249.69.164 - - [30/Jan/2025:00:34:02 -0600] "GET /manualist60052357 HTTP/1.1" 200 - "-" "Mozilla/5.0 (Linux; Android 6.0.1; Nexus 5X Build/MMB29P) AppleWebKit/537.36 (KHTML, like Gecko) Chrome/132.0.6834.110 Mobile Safari/537.36 (compatible; GoogleOther)"
66.249.69.163 - - [30/Jan/2025:00:34:47 -0600] "GET /melontho/149379070 HTTP/1.1" 200 - "-" "Mozilla/5.0 (Linux; Android 6.0.1; Nexus 5X Build/MMB29P) AppleWebKit/537.36 (KHTML, like Gecko) Chrome/132.0.6834.110 Mobile Safari/537.36 (compatible; Googlebot/2.1; +http://www.google.com/bot.html)"
66.249.69.165 - - [30/Jan/2025:00:35:38 -0600] "GET /extenuated/1434919026 HTTP/1.1" 200 - "-" "Mozilla/5.0 (Linux; Android 6.0.1; Nexus 5X Build/MMB29P) AppleWebKit/537.36 (KHTML, like Gecko) Chrome/132.0.6834.110 Mobile Safari/537.36 (compatible; GoogleOther)"
66.249.69.164 - - [30/Jan/2025:00:36:26 -0600] "GET /glimpsing/43896825 HTTP/1.1" 200 - "-" "Mozilla/5.0 (Linux; Android 6.0.1; Nexus 5X Build/MMB29P) AppleWebKit/537.36 (KHTML, like Gecko) Chrome/132.0.6834.110 Mobile Safari/537.36 (compatible; GoogleOther)"
66.249.69.163 - - [30/Jan/2025:00:37:50 -0600] "GET /postsphenoid130987768 HTTP/1.1" 200 - "-" "Mozilla/5.0 (Linux; Android 6.0.1; Nexus 5X Build/MMB29P) AppleWebKit/537.36 (KHTML, like Gecko) Chrome/132.0.6834.110 Mobile Safari/537.36 (compatible; GoogleOther)"
66.249.69.165 - - [30/Jan/2025:00:38:51 -0600] "GET /boatbill/u38183398 HTTP/1.1" 200 - "-" "Mozilla/5.0 (Linux; Android 6.0.1; Nexus 5X Build/MMB29P) AppleWebKit/537.36 (KHTML, like Gecko) Chrome/132.0.6834.110 Mobile Safari/537.36 (compatible; GoogleOther)"
66.249.69.165 - - [30/Jan/2025:00:40:02 -0600] "GET /oquassa85317120 HTTP/1.1" 200 - "-" "Mozilla/5.0 (Linux; Android 6.0.1; Nexus 5X Build/MMB29P) AppleWebKit/537.36 (KHTML, like Gecko) Chrome/132.0.6834.110 Mobile Safari/537.36 (compatible; GoogleOther)"
66.249.69.164 - - [30/Jan/2025:00:41:14 -0600] "GET /defraudation/sy60491962 HTTP/1.1" 200 - "-" "Mozilla/5.0 (Linux; Android 6.0.1; Nexus 5X Build/MMB29P) AppleWebKit/537.36 (KHTML, like Gecko) Chrome/132.0.6834.110 Mobile Safari/537.36 (compatible; GoogleOther)"
66.249.69.163 - - [30/Jan/2025:00:41:47 -0600] "GET /forcedness/item/n1425229807 HTTP/1.1" 200 - "-" "Mozilla/5.0 (Linux; Android 6.0.1; Nexus 5X Build/MMB29P) AppleWebKit/537.36 (KHTML, like Gecko) Chrome/132.0.6834.110 Mobile Safari/537.36 (compatible; Googlebot/2.1; +http://www.google.com/bot.html)"
66.249.69.163 - - [30/Jan/2025:00:43:13 -0600] "GET /phyllophagan163253924 HTTP/1.1" 200 - "-" "Mozilla/5.0 (Linux; Android 6.0.1; Nexus 5X Build/MMB29P) AppleWebKit/537.36 (KHTML, like Gecko) Chrome/132.0.6834.110 Mobile Safari/537.36 (compatible; GoogleOther)"
66.249.69.163 - - [30/Jan/2025:00:43:38 -0600] "GET /felodese/177706219 HTTP/1.1" 200 - "-" "Mozilla/5.0 (Linux; Android 6.0.1; Nexus 5X Build/MMB29P) AppleWebKit/537.36 (KHTML, like Gecko) Chrome/132.0.6834.110 Mobile Safari/537.36 (compatible; GoogleOther)"
66.249.69.163 - - [30/Jan/2025:00:45:46 -0600] "GET /allayed/s169697784 HTTP/1.1" 200 - "-" "Mozilla/5.0 (Linux; Android 6.0.1; Nexus 5X Build/MMB29P) AppleWebKit/537.36 (KHTML, like Gecko) Chrome/132.0.6834.110 Mobile Safari/537.36 (compatible; GoogleOther)"
66.249.69.164 - - [30/Jan/2025:00:46:03 -0600] "GET /drosera/1443891711 HTTP/1.1" 200 - "-" "Mozilla/5.0 (Linux; Android 6.0.1; Nexus 5X Build/MMB29P) AppleWebKit/537.36 (KHTML, like Gecko) Chrome/132.0.6834.110 Mobile Safari/537.36 (compatible; GoogleOther)"
66.249.69.165 - - [30/Jan/2025:00:47:52 -0600] "GET /aftershave/products/wue/170609690 HTTP/1.1" 200 - "-" "Mozilla/5.0 (Linux; Android 6.0.1; Nexus 5X Build/MMB29P) AppleWebKit/537.36 (KHTML, like Gecko) Chrome/132.0.6834.110 Mobile Safari/537.36 (compatible; GoogleOther)"
66.249.69.163 - - [30/Jan/2025:00:48:26 -0600] "GET /imaginate/shopping/esu/32639744 HTTP/1.1" 200 - "-" "Mozilla/5.0 (Linux; Android 6.0.1; Nexus 5X Build/MMB29P) AppleWebKit/537.36 (KHTML, like Gecko) Chrome/132.0.6834.110 Mobile Safari/537.36 (compatible; GoogleOther)"
66.249.69.163 - - [30/Jan/2025:00:48:58 -0600] "GET /careworn/products/j164280603 HTTP/1.1" 200 - "-" "Mozilla/5.0 (Linux; Android 6.0.1; Nexus 5X Build/MMB29P) AppleWebKit/537.36 (KHTML, like Gecko) Chrome/132.0.6834.110 Mobile Safari/537.36 (compatible; GoogleOther)"
66.249.69.163 - - [30/Jan/2025:00:50:50 -0600] "GET /customary/shopbrand/s63221076 HTTP/1.1" 200 - "-" "Mozilla/5.0 (Linux; Android 6.0.1; Nexus 5X Build/MMB29P) AppleWebKit/537.36 (KHTML, like Gecko) Chrome/132.0.6834.110 Mobile Safari/537.36 (compatible; GoogleOther)"
66.249.69.163 - - [30/Jan/2025:00:51:00 -0600] "GET /becks/133827777 HTTP/1.1" 200 - "-" "Mozilla/5.0 (Linux; Android 6.0.1; Nexus 5X Build/MMB29P) AppleWebKit/537.36 (KHTML, like Gecko) Chrome/132.0.6834.110 Mobile Safari/537.36 (compatible; GoogleOther)"
66.249.69.164 - - [30/Jan/2025:00:51:02 -0600] "GET /didrachm/tf/28408723 HTTP/1.1" 200 - "-" "Mozilla/5.0 (Linux; Android 6.0.1; Nexus 5X Build/MMB29P) AppleWebKit/537.36 (KHTML, like Gecko) Chrome/132.0.6834.110 Mobile Safari/537.36 (compatible; Googlebot/2.1; +http://www.google.com/bot.html)"
66.249.69.163 - - [30/Jan/2025:00:53:12 -0600] "GET /paraphernalia/e/167069414 HTTP/1.1" 200 - "-" "Mozilla/5.0 (Linux; Android 6.0.1; Nexus 5X Build/MMB29P) AppleWebKit/537.36 (KHTML, like Gecko) Chrome/132.0.6834.110 Mobile Safari/537.36 (compatible; GoogleOther)"
66.249.69.164 - - [30/Jan/2025:00:53:15 -0600] "GET /impassible/143250451 HTTP/1.1" 200 - "-" "Mozilla/5.0 (Linux; Android 6.0.1; Nexus 5X Build/MMB29P) AppleWebKit/537.36 (KHTML, like Gecko) Chrome/132.0.6834.110 Mobile Safari/537.36 (compatible; GoogleOther)"
66.249.69.165 - - [30/Jan/2025:00:56:24 -0600] "GET /canniness/1443838309 HTTP/1.1" 200 - "-" "Mozilla/5.0 (Linux; Android 6.0.1; Nexus 5X Build/MMB29P) AppleWebKit/537.36 (KHTML, like Gecko) Chrome/132.0.6834.110 Mobile Safari/537.36 (compatible; GoogleOther)"
66.249.69.165 - - [30/Jan/2025:00:56:26 -0600] "GET /clinch/89434515 HTTP/1.1" 200 - "-" "Mozilla/5.0 (Linux; Android 6.0.1; Nexus 5X Build/MMB29P) AppleWebKit/537.36 (KHTML, like Gecko) Chrome/132.0.6834.110 Mobile Safari/537.36 (compatible; GoogleOther)"
66.249.69.164 - - [30/Jan/2025:00:58:35 -0600] "GET /nonslaveholding/1443857908 HTTP/1.1" 200 - "-" "Mozilla/5.0 (Linux; Android 6.0.1; Nexus 5X Build/MMB29P) AppleWebKit/537.36 (KHTML, like Gecko) Chrome/132.0.6834.110 Mobile Safari/537.36 (compatible; GoogleOther)"
66.249.69.165 - - [30/Jan/2025:00:58:38 -0600] "GET /discrown/1461000190 HTTP/1.1" 200 - "-" "Mozilla/5.0 (Linux; Android 6.0.1; Nexus 5X Build/MMB29P) AppleWebKit/537.36 (KHTML, like Gecko) Chrome/132.0.6834.110 Mobile Safari/537.36 (compatible; GoogleOther)"
66.249.69.164 - - [30/Jan/2025:00:59:02 -0600] "GET /eastcentral/u/28440278 HTTP/1.1" 200 - "-" "Mozilla/5.0 (Linux; Android 6.0.1; Nexus 5X Build/MMB29P) AppleWebKit/537.36 (KHTML, like Gecko) Chrome/132.0.6834.110 Mobile Safari/537.36 (compatible; Googlebot/2.1; +http://www.google.com/bot.html)"
66.249.69.165 - - [30/Jan/2025:01:00:47 -0600] "GET /collision/d35198669 HTTP/1.1" 200 - "-" "Mozilla/5.0 (Linux; Android 6.0.1; Nexus 5X Build/MMB29P) AppleWebKit/537.36 (KHTML, like Gecko) Chrome/132.0.6834.110 Mobile Safari/537.36 (compatible; GoogleOther)"
31.207.33.82 - - [30/Jan/2025:01:01:26 -0600] "POST /wp-login.php HTTP/1.1" 200 9657 "-" "Mozilla/5.0 (Windows NT 10.0; Win64; x64; rv:46.0) Gecko/20100101 Firefox/46.0"
66.249.69.163 - - [30/Jan/2025:01:01:59 -0600] "GET /straight1458703537 HTTP/1.1" 200 - "-" "Mozilla/5.0 (Linux; Android 6.0.1; Nexus 5X Build/MMB29P) AppleWebKit/537.36 (KHTML, like Gecko) Chrome/132.0.6834.110 Mobile Safari/537.36 (compatible; GoogleOther)"
66.249.69.164 - - [30/Jan/2025:01:02:50 -0600] "GET /dryrubbing/60156292 HTTP/1.1" 200 - "-" "Mozilla/5.0 (Linux; Android 6.0.1; Nexus 5X Build/MMB29P) AppleWebKit/537.36 (KHTML, like Gecko) Chrome/132.0.6834.110 Mobile Safari/537.36 (compatible; GoogleOther)"
66.249.69.165 - - [30/Jan/2025:01:03:27 -0600] "POST /get-message-notify HTTP/1.1" 200 - "https://blackinbusinessdirectory.com/narcotia/goods/nch/115624919" "Mozilla/5.0 (Linux; Android 6.0.1; Nexus 5X Build/MMB29P) AppleWebKit/537.36 (KHTML, like Gecko) Chrome/131.0.6778.264 Mobile Safari/537.36 (compatible; Googlebot/2.1; +http://www.google.com/bot.html)"
66.249.69.163 - - [30/Jan/2025:01:04:11 -0600] "GET /evaginating/eda57077306 HTTP/1.1" 200 - "-" "Mozilla/5.0 (Linux; Android 6.0.1; Nexus 5X Build/MMB29P) AppleWebKit/537.36 (KHTML, like Gecko) Chrome/132.0.6834.110 Mobile Safari/537.36 (compatible; GoogleOther)"
66.249.69.163 - - [30/Jan/2025:01:04:26 -0600] "POST /get-message-notify HTTP/1.1" 200 - "https://blackinbusinessdirectory.com/faultfinder/product/e124530160" "Mozilla/5.0 (Linux; Android 6.0.1; Nexus 5X Build/MMB29P) AppleWebKit/537.36 (KHTML, like Gecko) Chrome/131.0.6778.264 Mobile Safari/537.36 (compatible; Googlebot/2.1; +http://www.google.com/bot.html)"
66.249.69.165 - - [30/Jan/2025:01:05:14 -0600] "GET /soundlessness/products/wy24786214 HTTP/1.1" 200 - "-" "Mozilla/5.0 (Linux; Android 6.0.1; Nexus 5X Build/MMB29P) AppleWebKit/537.36 (KHTML, like Gecko) Chrome/132.0.6834.110 Mobile Safari/537.36 (compatible; GoogleOther)"
66.249.69.165 - - [30/Jan/2025:01:06:22 -0600] "GET /homoplasty1447243778 HTTP/1.1" 200 - "-" "Mozilla/5.0 (Linux; Android 6.0.1; Nexus 5X Build/MMB29P) AppleWebKit/537.36 (KHTML, like Gecko) Chrome/132.0.6834.110 Mobile Safari/537.36 (compatible; GoogleOther)"
66.249.69.163 - - [30/Jan/2025:01:07:38 -0600] "GET /ugrian/hh63246255 HTTP/1.1" 200 - "-" "Mozilla/5.0 (Linux; Android 6.0.1; Nexus 5X Build/MMB29P) AppleWebKit/537.36 (KHTML, like Gecko) Chrome/132.0.6834.110 Mobile Safari/537.36 (compatible; GoogleOther)"
66.249.69.165 - - [30/Jan/2025:01:08:02 -0600] "GET /machilidae/smw/28422650 HTTP/1.1" 200 - "-" "Mozilla/5.0 (Linux; Android 6.0.1; Nexus 5X Build/MMB29P) AppleWebKit/537.36 (KHTML, like Gecko) Chrome/132.0.6834.110 Mobile Safari/537.36 (compatible; Googlebot/2.1; +http://www.google.com/bot.html)"
66.249.69.164 - - [30/Jan/2025:01:09:34 -0600] "GET /durable154424348 HTTP/1.1" 200 - "-" "Mozilla/5.0 (Linux; Android 6.0.1; Nexus 5X Build/MMB29P) AppleWebKit/537.36 (KHTML, like Gecko) Chrome/132.0.6834.110 Mobile Safari/537.36 (compatible; GoogleOther)"
66.249.69.164 - - [30/Jan/2025:01:10:02 -0600] "GET /incontiguously/38291919 HTTP/1.1" 200 - "-" "Mozilla/5.0 (Linux; Android 6.0.1; Nexus 5X Build/MMB29P) AppleWebKit/537.36 (KHTML, like Gecko) Chrome/132.0.6834.110 Mobile Safari/537.36 (compatible; GoogleOther)"
142.93.240.33 - - [30/Jan/2025:01:11:31 -0600] "POST /xmlrpc.php HTTP/1.1" 200 403 "-" "Mozilla/5.0 (Windows NT 10.0; Win64; x64; rv:85.0) Gecko/20100101 Firefox/85.0"
62.116.200.98 - - [30/Jan/2025:01:11:32 -0600] "POST /xmlrpc.php HTTP/1.1" 200 403 "-" "Mozilla/5.0 (iPod; CPU iPhone OS 14_6 like Mac OS X) AppleWebKit/605.1.15 (KHTML, like Gecko) CriOS/91.0.4472.80 Mobile/15E148 Safari/604.1"
188.166.240.196 - - [30/Jan/2025:01:11:37 -0600] "POST /xmlrpc.php HTTP/1.1" 200 403 "-" "Mozilla/5.0 (Windows NT 10.0; Win64; x64) AppleWebKit/537.36 (KHTML, like Gecko) Chrome/90.0.4430.212 Safari/537.36"
159.138.89.136 - - [30/Jan/2025:01:11:38 -0600] "POST /xmlrpc.php HTTP/1.1" 200 403 "-" "Mozilla/5.0 (Windows NT 10.0; Win64; x64) AppleWebKit/537.36 (KHTML, like Gecko) Chrome/79.0.3945.117 Safari/537.36"
66.249.69.163 - - [30/Jan/2025:01:11:46 -0600] "GET /monsignore/products/zuj/160435687 HTTP/1.1" 200 - "-" "Mozilla/5.0 (Linux; Android 6.0.1; Nexus 5X Build/MMB29P) AppleWebKit/537.36 (KHTML, like Gecko) Chrome/132.0.6834.110 Mobile Safari/537.36 (compatible; GoogleOther)"
142.93.240.33 - - [30/Jan/2025:01:11:48 -0600] "POST /xmlrpc.php HTTP/1.1" 200 403 "-" "Mozilla/5.0 (Windows NT 6.1; Win64; x64) AppleWebKit/537.36 (KHTML, like Gecko) Chrome/74.0.3729.169 Safari/537.36"
52.214.40.73 - - [30/Jan/2025:01:11:56 -0600] "POST /xmlrpc.php HTTP/1.1" 200 403 "-" "Mozilla/5.0 (Windows NT 5.1; rv:40.0) Gecko/20100101 Firefox/40.0"
104.199.38.183 - - [30/Jan/2025:01:11:59 -0600] "POST /xmlrpc.php HTTP/1.1" 200 403 "-" "Mozilla/5.0 (Windows NT 10.0; Win64; x64) AppleWebKit/537.36 (KHTML, like Gecko) Chrome/69.0.3497.100 Safari/537.36"
157.230.210.92 - - [30/Jan/2025:01:12:13 -0600] "POST /xmlrpc.php HTTP/1.1" 200 403 "-" "Mozilla/5.0 (Windows NT 10.0; Win64; x64) AppleWebKit/537.36 (KHTML, like Gecko) Chrome/79.0.3945.117 Safari/537.36"
103.98.6.153 - - [30/Jan/2025:01:12:16 -0600] "POST /xmlrpc.php HTTP/1.1" 200 403 "-" "Mozilla/5.0 (Windows NT 6.1; WOW64; rv:43.0) Gecko/20100101 Firefox/43.0"
66.249.69.164 - - [30/Jan/2025:01:12:26 -0600] "GET /periclinium34401114 HTTP/1.1" 200 - "-" "Mozilla/5.0 (Linux; Android 6.0.1; Nexus 5X Build/MMB29P) AppleWebKit/537.36 (KHTML, like Gecko) Chrome/132.0.6834.110 Mobile Safari/537.36 (compatible; GoogleOther)"
209.97.163.89 - - [30/Jan/2025:01:12:38 -0600] "POST /xmlrpc.php HTTP/1.1" 200 403 "-" "Mozilla/5.0 (Windows NT 10.0; Win64; x64) AppleWebKit/537.36 (KHTML, like Gecko) Chrome/80.0.3987.163 Safari/537.36"
66.249.69.163 - - [30/Jan/2025:01:12:57 -0600] "GET /pacer65884241 HTTP/1.1" 200 - "-" "Mozilla/5.0 (Linux; Android 6.0.1; Nexus 5X Build/MMB29P) AppleWebKit/537.36 (KHTML, like Gecko) Chrome/132.0.6834.110 Mobile Safari/537.36 (compatible; GoogleOther)"
66.249.69.163 - - [30/Jan/2025:01:14:50 -0600] "GET /relish/qbg34419066 HTTP/1.1" 200 - "-" "Mozilla/5.0 (Linux; Android 6.0.1; Nexus 5X Build/MMB29P) AppleWebKit/537.36 (KHTML, like Gecko) Chrome/132.0.6834.110 Mobile Safari/537.36 (compatible; GoogleOther)"
66.249.69.164 - - [30/Jan/2025:01:15:09 -0600] "GET /buchanga/139124291 HTTP/1.1" 200 - "-" "Mozilla/5.0 (Linux; Android 6.0.1; Nexus 5X Build/MMB29P) AppleWebKit/537.36 (KHTML, like Gecko) Chrome/132.0.6834.110 Mobile Safari/537.36 (compatible; GoogleOther)"
147.78.47.38 - - [30/Jan/2025:01:15:45 -0600] "GET /index.php/jk HTTP/1.1" 200 - "-" "Mozilla/5.0 (iPad; U; CPU OS 4_3_4 like Mac OS X; ja) AppleWebKit/533.17.9 (KHTML, like Gecko) Version/5.0.2 Mobile/8J2 Safari/6533.18.5"
66.249.69.163 - - [30/Jan/2025:01:16:49 -0600] "GET /redactor63946780 HTTP/1.1" 200 - "-" "Mozilla/5.0 (Linux; Android 6.0.1; Nexus 5X Build/MMB29P) AppleWebKit/537.36 (KHTML, like Gecko) Chrome/132.0.6834.110 Mobile Safari/537.36 (compatible; Googlebot/2.1; +http://www.google.com/bot.html)"
66.249.69.164 - - [30/Jan/2025:01:17:14 -0600] "GET /supertanker/61359491 HTTP/1.1" 200 - "-" "Mozilla/5.0 (Linux; Android 6.0.1; Nexus 5X Build/MMB29P) AppleWebKit/537.36 (KHTML, like Gecko) Chrome/132.0.6834.110 Mobile Safari/537.36 (compatible; GoogleOther)"
66.249.69.164 - - [30/Jan/2025:01:17:22 -0600] "GET /maternity/177566734 HTTP/1.1" 200 - "-" "Mozilla/5.0 (Linux; Android 6.0.1; Nexus 5X Build/MMB29P) AppleWebKit/537.36 (KHTML, like Gecko) Chrome/132.0.6834.110 Mobile Safari/537.36 (compatible; GoogleOther)"
66.249.69.163 - - [30/Jan/2025:01:19:32 -0600] "GET /carded/u153849138 HTTP/1.1" 200 - "-" "Mozilla/5.0 (Linux; Android 6.0.1; Nexus 5X Build/MMB29P) AppleWebKit/537.36 (KHTML, like Gecko) Chrome/132.0.6834.110 Mobile Safari/537.36 (compatible; GoogleOther)"
66.249.69.163 - - [30/Jan/2025:01:19:38 -0600] "GET /slice/34040570 HTTP/1.1" 200 - "-" "Mozilla/5.0 (Linux; Android 6.0.1; Nexus 5X Build/MMB29P) AppleWebKit/537.36 (KHTML, like Gecko) Chrome/132.0.6834.110 Mobile Safari/537.36 (compatible; GoogleOther)"
66.249.69.163 - - [30/Jan/2025:01:21:22 -0600] "GET /difference67169705 HTTP/1.1" 200 - "-" "Mozilla/5.0 (Linux; Android 6.0.1; Nexus 5X Build/MMB29P) AppleWebKit/537.36 (KHTML, like Gecko) Chrome/132.0.6834.110 Mobile Safari/537.36 (compatible; Googlebot/2.1; +http://www.google.com/bot.html)"
66.249.69.163 - - [30/Jan/2025:01:22:46 -0600] "GET /jargonelle/q83448306 HTTP/1.1" 200 - "-" "Mozilla/5.0 (Linux; Android 6.0.1; Nexus 5X Build/MMB29P) AppleWebKit/537.36 (KHTML, like Gecko) Chrome/132.0.6834.110 Mobile Safari/537.36 (compatible; GoogleOther)"
66.249.69.165 - - [30/Jan/2025:01:22:48 -0600] "GET /energy1442000470 HTTP/1.1" 200 - "-" "Mozilla/5.0 (Linux; Android 6.0.1; Nexus 5X Build/MMB29P) AppleWebKit/537.36 (KHTML, like Gecko) Chrome/132.0.6834.110 Mobile Safari/537.36 (compatible; GoogleOther)"
66.249.69.163 - - [30/Jan/2025:01:23:57 -0600] "GET /fretfulness/product/zv74743339 HTTP/1.1" 200 - "-" "Mozilla/5.0 (Linux; Android 6.0.1; Nexus 5X Build/MMB29P) AppleWebKit/537.36 (KHTML, like Gecko) Chrome/132.0.6834.110 Mobile Safari/537.36 (compatible; GoogleOther)"
66.249.69.165 - - [30/Jan/2025:01:24:26 -0600] "GET /convallariaceae/items/o/135652468 HTTP/1.1" 200 - "-" "Mozilla/5.0 (Linux; Android 6.0.1; Nexus 5X Build/MMB29P) AppleWebKit/537.36 (KHTML, like Gecko) Chrome/132.0.6834.110 Mobile Safari/537.36 (compatible; GoogleOther)"
66.249.69.163 - - [30/Jan/2025:01:24:38 -0600] "GET /coppernickel/detail/p28437155 HTTP/1.1" 200 - "-" "Mozilla/5.0 (Linux; Android 6.0.1; Nexus 5X Build/MMB29P) AppleWebKit/537.36 (KHTML, like Gecko) Chrome/132.0.6834.110 Mobile Safari/537.36 (compatible; Googlebot/2.1; +http://www.google.com/bot.html)"
66.249.69.165 - - [30/Jan/2025:01:26:08 -0600] "GET /debet/f65541455 HTTP/1.1" 200 - "-" "Mozilla/5.0 (Linux; Android 6.0.1; Nexus 5X Build/MMB29P) AppleWebKit/537.36 (KHTML, like Gecko) Chrome/132.0.6834.110 Mobile Safari/537.36 (compatible; GoogleOther)"
66.249.69.163 - - [30/Jan/2025:01:26:50 -0600] "GET /convoyed/shopdetail/nyh/35867605 HTTP/1.1" 200 - "-" "Mozilla/5.0 (Linux; Android 6.0.1; Nexus 5X Build/MMB29P) AppleWebKit/537.36 (KHTML, like Gecko) Chrome/132.0.6834.110 Mobile Safari/537.36 (compatible; GoogleOther)"
66.249.69.163 - - [30/Jan/2025:01:28:19 -0600] "GET /reflectent138168838 HTTP/1.1" 200 - "-" "Mozilla/5.0 (Linux; Android 6.0.1; Nexus 5X Build/MMB29P) AppleWebKit/537.36 (KHTML, like Gecko) Chrome/132.0.6834.110 Mobile Safari/537.36 (compatible; GoogleOther)"
66.249.69.163 - - [30/Jan/2025:01:29:14 -0600] "GET /admirer1434877949 HTTP/1.1" 200 - "-" "Mozilla/5.0 (Linux; Android 6.0.1; Nexus 5X Build/MMB29P) AppleWebKit/537.36 (KHTML, like Gecko) Chrome/132.0.6834.110 Mobile Safari/537.36 (compatible; GoogleOther)"
66.249.69.165 - - [30/Jan/2025:01:30:31 -0600] "GET /dermestoid78696437 HTTP/1.1" 200 - "-" "Mozilla/5.0 (Linux; Android 6.0.1; Nexus 5X Build/MMB29P) AppleWebKit/537.36 (KHTML, like Gecko) Chrome/132.0.6834.110 Mobile Safari/537.36 (compatible; GoogleOther)"
66.249.69.164 - - [30/Jan/2025:01:31:38 -0600] "GET /superheated/m46089016 HTTP/1.1" 200 - "-" "Mozilla/5.0 (Linux; Android 6.0.1; Nexus 5X Build/MMB29P) AppleWebKit/537.36 (KHTML, like Gecko) Chrome/132.0.6834.110 Mobile Safari/537.36 (compatible; GoogleOther)"
66.249.69.164 - - [30/Jan/2025:01:34:04 -0600] "GET /sounded/shopping/jn28417155 HTTP/1.1" 200 - "-" "Mozilla/5.0 (Linux; Android 6.0.1; Nexus 5X Build/MMB29P) AppleWebKit/537.36 (KHTML, like Gecko) Chrome/132.0.6834.110 Mobile Safari/537.36 (compatible; Googlebot/2.1; +http://www.google.com/bot.html)"
66.249.69.163 - - [30/Jan/2025:01:34:43 -0600] "GET /vulturism/qjc145459342 HTTP/1.1" 200 - "-" "Mozilla/5.0 (Linux; Android 6.0.1; Nexus 5X Build/MMB29P) AppleWebKit/537.36 (KHTML, like Gecko) Chrome/132.0.6834.110 Mobile Safari/537.36 (compatible; GoogleOther)"
66.249.69.163 - - [30/Jan/2025:01:34:45 -0600] "GET /overflourish/60514464 HTTP/1.1" 200 - "-" "Mozilla/5.0 (Linux; Android 6.0.1; Nexus 5X Build/MMB29P) AppleWebKit/537.36 (KHTML, like Gecko) Chrome/132.0.6834.110 Mobile Safari/537.36 (compatible; GoogleOther)"
66.249.69.164 - - [30/Jan/2025:01:35:49 -0600] "GET /equery/mw175552906 HTTP/1.1" 200 - "-" "Mozilla/5.0 (Linux; Android 6.0.1; Nexus 5X Build/MMB29P) AppleWebKit/537.36 (KHTML, like Gecko) Chrome/132.0.6834.110 Mobile Safari/537.36 (compatible; GoogleOther)"
66.249.69.165 - - [30/Jan/2025:01:36:26 -0600] "GET /elata/ok159134050 HTTP/1.1" 200 - "-" "Mozilla/5.0 (Linux; Android 6.0.1; Nexus 5X Build/MMB29P) AppleWebKit/537.36 (KHTML, like Gecko) Chrome/132.0.6834.110 Mobile Safari/537.36 (compatible; GoogleOther)"
66.249.69.163 - - [30/Jan/2025:01:37:06 -0600] "GET /lutra78707702 HTTP/1.1" 200 - "-" "Mozilla/5.0 (Linux; Android 6.0.1; Nexus 5X Build/MMB29P) AppleWebKit/537.36 (KHTML, like Gecko) Chrome/132.0.6834.110 Mobile Safari/537.36 (compatible; GoogleOther)"
66.249.69.163 - - [30/Jan/2025:01:38:39 -0600] "GET /campaigning/info/o1456929678 HTTP/1.1" 200 - "-" "Mozilla/5.0 (Linux; Android 6.0.1; Nexus 5X Build/MMB29P) AppleWebKit/537.36 (KHTML, like Gecko) Chrome/132.0.6834.110 Mobile Safari/537.36 (compatible; Googlebot/2.1; +http://www.google.com/bot.html)"
66.249.69.163 - - [30/Jan/2025:01:38:50 -0600] "GET /slamming/px36377585 HTTP/1.1" 200 - "-" "Mozilla/5.0 (Linux; Android 6.0.1; Nexus 5X Build/MMB29P) AppleWebKit/537.36 (KHTML, like Gecko) Chrome/132.0.6834.110 Mobile Safari/537.36 (compatible; GoogleOther)"
66.249.69.164 - - [30/Jan/2025:01:39:18 -0600] "GET /palmatisect/mg/1455062914 HTTP/1.1" 200 - "-" "Mozilla/5.0 (Linux; Android 6.0.1; Nexus 5X Build/MMB29P) AppleWebKit/537.36 (KHTML, like Gecko) Chrome/132.0.6834.110 Mobile Safari/537.36 (compatible; GoogleOther)"
66.249.69.163 - - [30/Jan/2025:01:41:14 -0600] "GET /salsify/25188106 HTTP/1.1" 200 - "-" "Mozilla/5.0 (Linux; Android 6.0.1; Nexus 5X Build/MMB29P) AppleWebKit/537.36 (KHTML, like Gecko) Chrome/132.0.6834.110 Mobile Safari/537.36 (compatible; GoogleOther)"
66.249.69.165 - - [30/Jan/2025:01:42:04 -0600] "GET /quinoidine/ngt/28404109 HTTP/1.1" 200 - "-" "Mozilla/5.0 (Linux; Android 6.0.1; Nexus 5X Build/MMB29P) AppleWebKit/537.36 (KHTML, like Gecko) Chrome/132.0.6834.110 Mobile Safari/537.36 (compatible; Googlebot/2.1; +http://www.google.com/bot.html)"
66.249.69.163 - - [30/Jan/2025:01:42:30 -0600] "GET /predominate/75459845 HTTP/1.1" 200 - "-" "Mozilla/5.0 (Linux; Android 6.0.1; Nexus 5X Build/MMB29P) AppleWebKit/537.36 (KHTML, like Gecko) Chrome/132.0.6834.110 Mobile Safari/537.36 (compatible; GoogleOther)"
66.249.69.163 - - [30/Jan/2025:01:43:38 -0600] "GET /phage/xv73276419 HTTP/1.1" 200 - "-" "Mozilla/5.0 (Linux; Android 6.0.1; Nexus 5X Build/MMB29P) AppleWebKit/537.36 (KHTML, like Gecko) Chrome/132.0.6834.110 Mobile Safari/537.36 (compatible; GoogleOther)"
66.249.69.165 - - [30/Jan/2025:01:43:41 -0600] "GET /cortices1447071936 HTTP/1.1" 200 - "-" "Mozilla/5.0 (Linux; Android 6.0.1; Nexus 5X Build/MMB29P) AppleWebKit/537.36 (KHTML, like Gecko) Chrome/132.0.6834.110 Mobile Safari/537.36 (compatible; GoogleOther)"
66.249.69.165 - - [30/Jan/2025:01:45:53 -0600] "GET /prismatically/154600471 HTTP/1.1" 200 - "-" "Mozilla/5.0 (Linux; Android 6.0.1; Nexus 5X Build/MMB29P) AppleWebKit/537.36 (KHTML, like Gecko) Chrome/132.0.6834.110 Mobile Safari/537.36 (compatible; GoogleOther)"
66.249.69.164 - - [30/Jan/2025:01:46:02 -0600] "GET /philological/shopdetail/w36350770 HTTP/1.1" 200 - "-" "Mozilla/5.0 (Linux; Android 6.0.1; Nexus 5X Build/MMB29P) AppleWebKit/537.36 (KHTML, like Gecko) Chrome/132.0.6834.110 Mobile Safari/537.36 (compatible; GoogleOther)"
66.249.69.165 - - [30/Jan/2025:01:48:05 -0600] "GET /neopaganism/rxz1443192997 HTTP/1.1" 200 - "-" "Mozilla/5.0 (Linux; Android 6.0.1; Nexus 5X Build/MMB29P) AppleWebKit/537.36 (KHTML, like Gecko) Chrome/132.0.6834.110 Mobile Safari/537.36 (compatible; GoogleOther)"
66.249.69.163 - - [30/Jan/2025:01:48:23 -0600] "GET /decandrian/ey/20644700 HTTP/1.1" 200 - "-" "Mozilla/5.0 (Linux; Android 6.0.1; Nexus 5X Build/MMB29P) AppleWebKit/537.36 (KHTML, like Gecko) Chrome/132.0.6834.110 Mobile Safari/537.36 (compatible; Googlebot/2.1; +http://www.google.com/bot.html)"
66.249.69.163 - - [30/Jan/2025:01:48:26 -0600] "GET /capillariness/mig/35203876 HTTP/1.1" 200 - "-" "Mozilla/5.0 (Linux; Android 6.0.1; Nexus 5X Build/MMB29P) AppleWebKit/537.36 (KHTML, like Gecko) Chrome/132.0.6834.110 Mobile Safari/537.36 (compatible; GoogleOther)"
66.249.69.165 - - [30/Jan/2025:01:50:16 -0600] "GET /warega/79007794 HTTP/1.1" 200 - "-" "Mozilla/5.0 (Linux; Android 6.0.1; Nexus 5X Build/MMB29P) AppleWebKit/537.36 (KHTML, like Gecko) Chrome/132.0.6834.110 Mobile Safari/537.36 (compatible; GoogleOther)"
66.249.69.163 - - [30/Jan/2025:01:50:50 -0600] "GET /decemvir/113861930 HTTP/1.1" 200 - "-" "Mozilla/5.0 (Linux; Android 6.0.1; Nexus 5X Build/MMB29P) AppleWebKit/537.36 (KHTML, like Gecko) Chrome/132.0.6834.110 Mobile Safari/537.36 (compatible; GoogleOther)"
66.249.69.164 - - [30/Jan/2025:01:53:28 -0600] "GET /dextrose/fzf73682159 HTTP/1.1" 200 - "-" "Mozilla/5.0 (Linux; Android 6.0.1; Nexus 5X Build/MMB29P) AppleWebKit/537.36 (KHTML, like Gecko) Chrome/132.0.6834.110 Mobile Safari/537.36 (compatible; GoogleOther)"
66.249.69.163 - - [30/Jan/2025:01:53:31 -0600] "GET /araucaria/products/rz181538057 HTTP/1.1" 200 - "-" "Mozilla/5.0 (Linux; Android 6.0.1; Nexus 5X Build/MMB29P) AppleWebKit/537.36 (KHTML, like Gecko) Chrome/132.0.6834.110 Mobile Safari/537.36 (compatible; GoogleOther)"
66.249.69.163 - - [30/Jan/2025:01:53:33 -0600] "GET /kokama/66341909 HTTP/1.1" 200 - "-" "Mozilla/5.0 (Linux; Android 6.0.1; Nexus 5X Build/MMB29P) AppleWebKit/537.36 (KHTML, like Gecko) Chrome/132.0.6834.110 Mobile Safari/537.36 (compatible; GoogleOther)"
