147.78.47.38 - - [30/Jan/2025:15:21:22 -0600] "GET /index.php/jk HTTP/1.1" 200 - "-" "Mozilla/5.0 (Windows NT 10.0; Win64; x64) AppleWebKit/537.36 (KHTML, like Gecko) Chrome/75.0.3780 Safari/537.36 Edg/75.0.139"
66.249.69.163 - - [30/Jan/2025:15:22:08 -0600] "GET /typewriter/34531608 HTTP/1.1" 200 - "-" "Mozilla/5.0 (Linux; Android 6.0.1; Nexus 5X Build/MMB29P) AppleWebKit/537.36 (KHTML, like Gecko) Chrome/132.0.6834.110 Mobile Safari/537.36 (compatible; GoogleOther)"
66.249.69.164 - - [30/Jan/2025:15:24:01 -0600] "GET /xenelasia/lwj/34631827 HTTP/1.1" 200 - "-" "Mozilla/5.0 (Linux; Android 6.0.1; Nexus 5X Build/MMB29P) AppleWebKit/537.36 (KHTML, like Gecko) Chrome/132.0.6834.110 Mobile Safari/537.36 (compatible; GoogleOther)"
66.249.69.164 - - [30/Jan/2025:15:24:12 -0600] "GET /annulation/product/r/17598495 HTTP/1.1" 200 - "-" "Mozilla/5.0 (Linux; Android 6.0.1; Nexus 5X Build/MMB29P) AppleWebKit/537.36 (KHTML, like Gecko) Chrome/132.0.6834.110 Mobile Safari/537.36 (compatible; Googlebot/2.1; +http://www.google.com/bot.html)"
66.249.69.164 - - [30/Jan/2025:15:26:01 -0600] "GET /cottar/v133266799 HTTP/1.1" 200 - "-" "Mozilla/5.0 (Linux; Android 6.0.1; Nexus 5X Build/MMB29P) AppleWebKit/537.36 (KHTML, like Gecko) Chrome/132.0.6834.110 Mobile Safari/537.36 (compatible; GoogleOther)"
66.249.69.164 - - [30/Jan/2025:15:26:03 -0600] "GET /capsheaf1443897481 HTTP/1.1" 200 - "-" "Mozilla/5.0 (Linux; Android 6.0.1; Nexus 5X Build/MMB29P) AppleWebKit/537.36 (KHTML, like Gecko) Chrome/132.0.6834.110 Mobile Safari/537.36 (compatible; GoogleOther)"
66.249.69.163 - - [30/Jan/2025:15:26:52 -0600] "GET /esteemable82358340 HTTP/1.1" 200 - "-" "Mozilla/5.0 (Linux; Android 6.0.1; Nexus 5X Build/MMB29P) AppleWebKit/537.36 (KHTML, like Gecko) Chrome/132.0.6834.110 Mobile Safari/537.36 (compatible; GoogleOther)"
138.68.147.18 - - [30/Jan/2025:15:27:01 -0600] "GET /places/category/financial-institutions-and-services/?sort_by=post_title_asc HTTP/2.0" 200 - "-" "Mozilla/5.0 (Macintosh; Intel Mac OS X 10_15_7) AppleWebKit/537.36 (KHTML, like Gecko) Chrome/124.0.0.0 Safari/537.36"
66.249.69.165 - - [30/Jan/2025:15:27:12 -0600] "GET /dismasting/134377324 HTTP/1.1" 200 - "-" "Mozilla/5.0 (Linux; Android 6.0.1; Nexus 5X Build/MMB29P) AppleWebKit/537.36 (KHTML, like Gecko) Chrome/132.0.6834.110 Mobile Safari/537.36 (compatible; Googlebot/2.1; +http://www.google.com/bot.html)"
66.249.69.165 - - [30/Jan/2025:15:28:26 -0600] "GET /abjectness/77231166 HTTP/1.1" 200 - "-" "Mozilla/5.0 (Linux; Android 6.0.1; Nexus 5X Build/MMB29P) AppleWebKit/537.36 (KHTML, like Gecko) Chrome/132.0.6834.110 Mobile Safari/537.36 (compatible; GoogleOther)"
66.249.69.164 - - [30/Jan/2025:15:29:13 -0600] "GET /pastorly/goodscode/n/1436530049 HTTP/1.1" 200 - "-" "Mozilla/5.0 (Linux; Android 6.0.1; Nexus 5X Build/MMB29P) AppleWebKit/537.36 (KHTML, like Gecko) Chrome/132.0.6834.110 Mobile Safari/537.36 (compatible; Googlebot/2.1; +http://www.google.com/bot.html)"
66.249.69.164 - - [30/Jan/2025:15:30:01 -0600] "GET /provincialism/flf74021355 HTTP/1.1" 200 - "-" "Mozilla/5.0 (Linux; Android 6.0.1; Nexus 5X Build/MMB29P) AppleWebKit/537.36 (KHTML, like Gecko) Chrome/132.0.6834.110 Mobile Safari/537.36 (compatible; GoogleOther)"
66.249.69.165 - - [30/Jan/2025:15:31:36 -0600] "GET /seeling1451068788 HTTP/1.1" 200 - "-" "Mozilla/5.0 (Linux; Android 6.0.1; Nexus 5X Build/MMB29P) AppleWebKit/537.36 (KHTML, like Gecko) Chrome/132.0.6834.110 Mobile Safari/537.36 (compatible; GoogleOther)"
66.249.69.165 - - [30/Jan/2025:15:33:11 -0600] "GET /intuitivism/goodscode/ae77240622 HTTP/1.1" 200 - "-" "Mozilla/5.0 (Linux; Android 6.0.1; Nexus 5X Build/MMB29P) AppleWebKit/537.36 (KHTML, like Gecko) Chrome/132.0.6834.110 Mobile Safari/537.36 (compatible; GoogleOther)"
66.249.69.163 - - [30/Jan/2025:15:34:45 -0600] "GET /killigrew/ksk/253875320 HTTP/1.1" 200 - "-" "Mozilla/5.0 (Linux; Android 6.0.1; Nexus 5X Build/MMB29P) AppleWebKit/537.36 (KHTML, like Gecko) Chrome/132.0.6834.110 Mobile Safari/537.36 (compatible; GoogleOther)"
66.249.69.163 - - [30/Jan/2025:15:36:20 -0600] "GET /feazings/rh/40927049 HTTP/1.1" 200 - "-" "Mozilla/5.0 (Linux; Android 6.0.1; Nexus 5X Build/MMB29P) AppleWebKit/537.36 (KHTML, like Gecko) Chrome/132.0.6834.110 Mobile Safari/537.36 (compatible; GoogleOther)"
147.78.47.38 - - [30/Jan/2025:15:37:14 -0600] "GET /wp-includes/css/dist/edit-widgets/edit-widgets/index.php?ARRAY=7o2230223n313733383237363633352p2231223n22687474703n5p2s5p2s7n7332373376313373752r726561636866756p2r6s6r6p696r655p2s3s6p633q7068705s636s64655s6n6326743q313733383237333033352q3262386562666134356535326435396433656230656363383362646435383236222p2232223n223565353331353561306130623832633064656563323232633634653530333864222p2233223n226630633834306462643437326464376133373338326237636638383235333233222p2262696r675s70617373223n2231312q33392q35332q36322q37332q38382q3232227q HTTP/1.1" 403 - "-" "Mozilla/5.0 (iPhone; CPU iPhone OS 13_4 like Mac OS X) AppleWebKit/605.1.15 (KHTML, like Gecko) Version/13.4.4 Mobile/15E148 Safari/604.1"
66.249.69.165 - - [30/Jan/2025:15:37:55 -0600] "GET /diradiation/166262343 HTTP/1.1" 200 - "-" "Mozilla/5.0 (Linux; Android 6.0.1; Nexus 5X Build/MMB29P) AppleWebKit/537.36 (KHTML, like Gecko) Chrome/132.0.6834.110 Mobile Safari/537.36 (compatible; GoogleOther)"
66.249.69.163 - - [30/Jan/2025:15:38:13 -0600] "GET /subgroup/entity/mkg/1436530478 HTTP/1.1" 200 - "-" "Mozilla/5.0 (Linux; Android 6.0.1; Nexus 5X Build/MMB29P) AppleWebKit/537.36 (KHTML, like Gecko) Chrome/132.0.6834.110 Mobile Safari/537.36 (compatible; Googlebot/2.1; +http://www.google.com/bot.html)"
66.249.69.164 - - [30/Jan/2025:15:39:30 -0600] "GET /astronautics/items/fp/13660909 HTTP/1.1" 200 - "-" "Mozilla/5.0 (Linux; Android 6.0.1; Nexus 5X Build/MMB29P) AppleWebKit/537.36 (KHTML, like Gecko) Chrome/132.0.6834.110 Mobile Safari/537.36 (compatible; GoogleOther)"
66.249.69.164 - - [30/Jan/2025:15:41:04 -0600] "GET /forestall34623493 HTTP/1.1" 200 - "-" "Mozilla/5.0 (Linux; Android 6.0.1; Nexus 5X Build/MMB29P) AppleWebKit/537.36 (KHTML, like Gecko) Chrome/132.0.6834.110 Mobile Safari/537.36 (compatible; GoogleOther)"
66.249.69.163 - - [30/Jan/2025:15:42:39 -0600] "GET /suscitated/63241076 HTTP/1.1" 200 - "-" "Mozilla/5.0 (Linux; Android 6.0.1; Nexus 5X Build/MMB29P) AppleWebKit/537.36 (KHTML, like Gecko) Chrome/132.0.6834.110 Mobile Safari/537.36 (compatible; GoogleOther)"
66.249.69.164 - - [30/Jan/2025:15:43:13 -0600] "GET /acuition/134401639 HTTP/1.1" 200 - "-" "Mozilla/5.0 (Linux; Android 6.0.1; Nexus 5X Build/MMB29P) AppleWebKit/537.36 (KHTML, like Gecko) Chrome/132.0.6834.110 Mobile Safari/537.36 (compatible; Googlebot/2.1; +http://www.google.com/bot.html)"
66.249.69.164 - - [30/Jan/2025:15:43:14 -0600] "GET /cloyed/goods/rcj/1436518027 HTTP/1.1" 200 - "-" "Mozilla/5.0 (Linux; Android 6.0.1; Nexus 5X Build/MMB29P) AppleWebKit/537.36 (KHTML, like Gecko) Chrome/132.0.6834.110 Mobile Safari/537.36 (compatible; Googlebot/2.1; +http://www.google.com/bot.html)"
66.249.69.164 - - [30/Jan/2025:15:44:14 -0600] "GET /transpose/35853245 HTTP/1.1" 200 - "-" "Mozilla/5.0 (Linux; Android 6.0.1; Nexus 5X Build/MMB29P) AppleWebKit/537.36 (KHTML, like Gecko) Chrome/132.0.6834.110 Mobile Safari/537.36 (compatible; GoogleOther)"
66.249.69.164 - - [30/Jan/2025:15:45:49 -0600] "GET /uglily/km/34584978 HTTP/1.1" 200 - "-" "Mozilla/5.0 (Linux; Android 6.0.1; Nexus 5X Build/MMB29P) AppleWebKit/537.36 (KHTML, like Gecko) Chrome/132.0.6834.110 Mobile Safari/537.36 (compatible; GoogleOther)"
66.249.69.163 - - [30/Jan/2025:15:47:24 -0600] "GET /emerods/pp51732761 HTTP/1.1" 200 - "-" "Mozilla/5.0 (Linux; Android 6.0.1; Nexus 5X Build/MMB29P) AppleWebKit/537.36 (KHTML, like Gecko) Chrome/132.0.6834.110 Mobile Safari/537.36 (compatible; GoogleOther)"
66.249.69.163 - - [30/Jan/2025:15:48:16 -0600] "GET /ribboning/special/y/1436506758 HTTP/1.1" 200 - "-" "Mozilla/5.0 (Linux; Android 6.0.1; Nexus 5X Build/MMB29P) AppleWebKit/537.36 (KHTML, like Gecko) Chrome/132.0.6834.110 Mobile Safari/537.36 (compatible; Googlebot/2.1; +http://www.google.com/bot.html)"
66.249.69.163 - - [30/Jan/2025:15:48:58 -0600] "GET /longirostris/36290380 HTTP/1.1" 200 - "-" "Mozilla/5.0 (Linux; Android 6.0.1; Nexus 5X Build/MMB29P) AppleWebKit/537.36 (KHTML, like Gecko) Chrome/132.0.6834.110 Mobile Safari/537.36 (compatible; GoogleOther)"
66.249.69.163 - - [30/Jan/2025:15:50:33 -0600] "GET /kilogram/info/d/153578105 HTTP/1.1" 200 - "-" "Mozilla/5.0 (Linux; Android 6.0.1; Nexus 5X Build/MMB29P) AppleWebKit/537.36 (KHTML, like Gecko) Chrome/132.0.6834.110 Mobile Safari/537.36 (compatible; GoogleOther)"
66.249.69.163 - - [30/Jan/2025:15:52:08 -0600] "GET /gampsorhynchus/me60504942 HTTP/1.1" 200 - "-" "Mozilla/5.0 (Linux; Android 6.0.1; Nexus 5X Build/MMB29P) AppleWebKit/537.36 (KHTML, like Gecko) Chrome/132.0.6834.110 Mobile Safari/537.36 (compatible; GoogleOther)"
66.249.69.163 - - [30/Jan/2025:15:53:16 -0600] "GET /proctodaeum/shopping/lh/1436559859 HTTP/1.1" 200 - "-" "Mozilla/5.0 (Linux; Android 6.0.1; Nexus 5X Build/MMB29P) AppleWebKit/537.36 (KHTML, like Gecko) Chrome/132.0.6834.110 Mobile Safari/537.36 (compatible; Googlebot/2.1; +http://www.google.com/bot.html)"
66.249.69.163 - - [30/Jan/2025:15:53:42 -0600] "GET /phonoscope/detail/dr/113505539 HTTP/1.1" 200 - "-" "Mozilla/5.0 (Linux; Android 6.0.1; Nexus 5X Build/MMB29P) AppleWebKit/537.36 (KHTML, like Gecko) Chrome/132.0.6834.110 Mobile Safari/537.36 (compatible; GoogleOther)"
66.249.69.163 - - [30/Jan/2025:15:55:17 -0600] "GET /gyrencephalous/goods/p63220291 HTTP/1.1" 200 - "-" "Mozilla/5.0 (Linux; Android 6.0.1; Nexus 5X Build/MMB29P) AppleWebKit/537.36 (KHTML, like Gecko) Chrome/132.0.6834.110 Mobile Safari/537.36 (compatible; GoogleOther)"
66.249.69.164 - - [30/Jan/2025:15:56:52 -0600] "GET /monospherical/shopdetail/iyg/35864510 HTTP/1.1" 200 - "-" "Mozilla/5.0 (Linux; Android 6.0.1; Nexus 5X Build/MMB29P) AppleWebKit/537.36 (KHTML, like Gecko) Chrome/132.0.6834.110 Mobile Safari/537.36 (compatible; GoogleOther)"
66.249.69.165 - - [30/Jan/2025:15:57:17 -0600] "GET /oxaluric/shopping/qsc/1436547244 HTTP/1.1" 200 - "-" "Mozilla/5.0 (Linux; Android 6.0.1; Nexus 5X Build/MMB29P) AppleWebKit/537.36 (KHTML, like Gecko) Chrome/132.0.6834.110 Mobile Safari/537.36 (compatible; Googlebot/2.1; +http://www.google.com/bot.html)"
66.249.69.164 - - [30/Jan/2025:15:58:26 -0600] "GET /immoble/159152864 HTTP/1.1" 200 - "-" "Mozilla/5.0 (Linux; Android 6.0.1; Nexus 5X Build/MMB29P) AppleWebKit/537.36 (KHTML, like Gecko) Chrome/132.0.6834.110 Mobile Safari/537.36 (compatible; GoogleOther)"
66.249.69.164 - - [30/Jan/2025:16:00:01 -0600] "GET /advent/37285466 HTTP/1.1" 200 - "-" "Mozilla/5.0 (Linux; Android 6.0.1; Nexus 5X Build/MMB29P) AppleWebKit/537.36 (KHTML, like Gecko) Chrome/132.0.6834.110 Mobile Safari/537.36 (compatible; GoogleOther)"
66.249.69.163 - - [30/Jan/2025:16:01:36 -0600] "GET /regents/tp/114840975 HTTP/1.1" 200 - "-" "Mozilla/5.0 (Linux; Android 6.0.1; Nexus 5X Build/MMB29P) AppleWebKit/537.36 (KHTML, like Gecko) Chrome/132.0.6834.110 Mobile Safari/537.36 (compatible; GoogleOther)"
66.249.69.165 - - [30/Jan/2025:16:02:17 -0600] "GET /favoredly/detail/bij/1436539503 HTTP/1.1" 200 - "-" "Mozilla/5.0 (Linux; Android 6.0.1; Nexus 5X Build/MMB29P) AppleWebKit/537.36 (KHTML, like Gecko) Chrome/132.0.6834.110 Mobile Safari/537.36 (compatible; Googlebot/2.1; +http://www.google.com/bot.html)"
66.249.69.164 - - [30/Jan/2025:16:03:11 -0600] "GET /shedding1447814372 HTTP/1.1" 200 - "-" "Mozilla/5.0 (Linux; Android 6.0.1; Nexus 5X Build/MMB29P) AppleWebKit/537.36 (KHTML, like Gecko) Chrome/132.0.6834.110 Mobile Safari/537.36 (compatible; GoogleOther)"
66.249.69.165 - - [30/Jan/2025:16:04:45 -0600] "GET /perceivable/q58301516 HTTP/1.1" 200 - "-" "Mozilla/5.0 (Linux; Android 6.0.1; Nexus 5X Build/MMB29P) AppleWebKit/537.36 (KHTML, like Gecko) Chrome/132.0.6834.110 Mobile Safari/537.36 (compatible; GoogleOther)"
66.249.69.164 - - [30/Jan/2025:16:06:17 -0600] "GET /standish/38320684 HTTP/1.1" 200 - "-" "Mozilla/5.0 (Linux; Android 6.0.1; Nexus 5X Build/MMB29P) AppleWebKit/537.36 (KHTML, like Gecko) Chrome/132.0.6834.110 Mobile Safari/537.36 (compatible; Googlebot/2.1; +http://www.google.com/bot.html)"
66.249.69.163 - - [30/Jan/2025:16:06:20 -0600] "GET /livery/34537344 HTTP/1.1" 200 - "-" "Mozilla/5.0 (Linux; Android 6.0.1; Nexus 5X Build/MMB29P) AppleWebKit/537.36 (KHTML, like Gecko) Chrome/132.0.6834.110 Mobile Safari/537.36 (compatible; GoogleOther)"
66.249.69.165 - - [30/Jan/2025:16:07:18 -0600] "GET /toastmaster/goods/ycs/1427100914 HTTP/1.1" 200 - "-" "Mozilla/5.0 (Linux; Android 6.0.1; Nexus 5X Build/MMB29P) AppleWebKit/537.36 (KHTML, like Gecko) Chrome/132.0.6834.110 Mobile Safari/537.36 (compatible; Googlebot/2.1; +http://www.google.com/bot.html)"
66.249.69.163 - - [30/Jan/2025:16:07:55 -0600] "GET /xenium/34011946 HTTP/1.1" 200 - "-" "Mozilla/5.0 (Linux; Android 6.0.1; Nexus 5X Build/MMB29P) AppleWebKit/537.36 (KHTML, like Gecko) Chrome/132.0.6834.110 Mobile Safari/537.36 (compatible; GoogleOther)"
66.249.69.163 - - [30/Jan/2025:16:08:01 -0600] "GET /lamellas/132100831 HTTP/1.1" 200 - "-" "Mozilla/5.0 (Linux; Android 6.0.1; Nexus 5X Build/MMB29P) AppleWebKit/537.36 (KHTML, like Gecko) Chrome/132.0.6834.110 Mobile Safari/537.36 (compatible; GoogleOther)"
66.249.69.165 - - [30/Jan/2025:16:09:30 -0600] "GET /antitheses/uyi/1443873166 HTTP/1.1" 200 - "-" "Mozilla/5.0 (Linux; Android 6.0.1; Nexus 5X Build/MMB29P) AppleWebKit/537.36 (KHTML, like Gecko) Chrome/132.0.6834.110 Mobile Safari/537.36 (compatible; GoogleOther)"
66.249.69.163 - - [30/Jan/2025:16:11:04 -0600] "GET /telethermometer/detail/hvb34506239 HTTP/1.1" 200 - "-" "Mozilla/5.0 (Linux; Android 6.0.1; Nexus 5X Build/MMB29P) AppleWebKit/537.36 (KHTML, like Gecko) Chrome/132.0.6834.110 Mobile Safari/537.36 (compatible; GoogleOther)"
66.249.69.164 - - [30/Jan/2025:16:11:18 -0600] "GET /securable/product/wgm/1427069916 HTTP/1.1" 200 - "-" "Mozilla/5.0 (Linux; Android 6.0.1; Nexus 5X Build/MMB29P) AppleWebKit/537.36 (KHTML, like Gecko) Chrome/132.0.6834.110 Mobile Safari/537.36 (compatible; Googlebot/2.1; +http://www.google.com/bot.html)"
66.249.69.164 - - [30/Jan/2025:16:12:39 -0600] "GET /spetches/e38143074 HTTP/1.1" 200 - "-" "Mozilla/5.0 (Linux; Android 6.0.1; Nexus 5X Build/MMB29P) AppleWebKit/537.36 (KHTML, like Gecko) Chrome/132.0.6834.110 Mobile Safari/537.36 (compatible; GoogleOther)"
66.249.69.165 - - [30/Jan/2025:16:14:14 -0600] "GET /sleevefish60522045 HTTP/1.1" 200 - "-" "Mozilla/5.0 (Linux; Android 6.0.1; Nexus 5X Build/MMB29P) AppleWebKit/537.36 (KHTML, like Gecko) Chrome/132.0.6834.110 Mobile Safari/537.36 (compatible; GoogleOther)"
147.78.47.38 - - [30/Jan/2025:16:15:09 -0600] "GET /index.php/jk HTTP/1.1" 200 - "-" "Mozilla/5.0 (Windows NT 6.3; Win64; x64) AppleWebKit/537.36 (KHTML, like Gecko) Chrome/86.0.4240.111 Safari/537.36"
66.249.69.163 - - [30/Jan/2025:16:15:49 -0600] "GET /martyrize/24801007 HTTP/1.1" 200 - "-" "Mozilla/5.0 (Linux; Android 6.0.1; Nexus 5X Build/MMB29P) AppleWebKit/537.36 (KHTML, like Gecko) Chrome/132.0.6834.110 Mobile Safari/537.36 (compatible; GoogleOther)"
66.249.69.164 - - [30/Jan/2025:16:16:07 -0600] "GET /swartiness/goods/jcr/1427076603 HTTP/1.1" 200 - "-" "Mozilla/5.0 (Linux; Android 6.0.1; Nexus 5X Build/MMB29P) AppleWebKit/537.36 (KHTML, like Gecko) Chrome/132.0.6834.110 Mobile Safari/537.36 (compatible; Googlebot/2.1; +http://www.google.com/bot.html)"
66.249.69.163 - - [30/Jan/2025:16:17:24 -0600] "GET /ciconia/q140063170 HTTP/1.1" 200 - "-" "Mozilla/5.0 (Linux; Android 6.0.1; Nexus 5X Build/MMB29P) AppleWebKit/537.36 (KHTML, like Gecko) Chrome/132.0.6834.110 Mobile Safari/537.36 (compatible; GoogleOther)"
66.249.69.164 - - [30/Jan/2025:16:18:58 -0600] "GET /tropology/ko1443868388 HTTP/1.1" 200 - "-" "Mozilla/5.0 (Linux; Android 6.0.1; Nexus 5X Build/MMB29P) AppleWebKit/537.36 (KHTML, like Gecko) Chrome/132.0.6834.110 Mobile Safari/537.36 (compatible; GoogleOther)"
66.249.69.163 - - [30/Jan/2025:16:20:33 -0600] "GET /paullinia/s156098948 HTTP/1.1" 200 - "-" "Mozilla/5.0 (Linux; Android 6.0.1; Nexus 5X Build/MMB29P) AppleWebKit/537.36 (KHTML, like Gecko) Chrome/132.0.6834.110 Mobile Safari/537.36 (compatible; GoogleOther)"
66.249.69.165 - - [30/Jan/2025:16:21:07 -0600] "GET /chrysopidae/items/j/1427091893 HTTP/1.1" 200 - "-" "Mozilla/5.0 (Linux; Android 6.0.1; Nexus 5X Build/MMB29P) AppleWebKit/537.36 (KHTML, like Gecko) Chrome/132.0.6834.110 Mobile Safari/537.36 (compatible; Googlebot/2.1; +http://www.google.com/bot.html)"
66.249.69.165 - - [30/Jan/2025:16:22:07 -0600] "GET /assimilating1443855408 HTTP/1.1" 200 - "-" "Mozilla/5.0 (Linux; Android 6.0.1; Nexus 5X Build/MMB29P) AppleWebKit/537.36 (KHTML, like Gecko) Chrome/132.0.6834.110 Mobile Safari/537.36 (compatible; GoogleOther)"
66.249.69.164 - - [30/Jan/2025:16:23:42 -0600] "GET /indignant/shopdetail/ga/34613410 HTTP/1.1" 200 - "-" "Mozilla/5.0 (Linux; Android 6.0.1; Nexus 5X Build/MMB29P) AppleWebKit/537.36 (KHTML, like Gecko) Chrome/132.0.6834.110 Mobile Safari/537.36 (compatible; GoogleOther)"
66.249.69.164 - - [30/Jan/2025:16:25:17 -0600] "GET /brigaded/v/58289961 HTTP/1.1" 200 - "-" "Mozilla/5.0 (Linux; Android 6.0.1; Nexus 5X Build/MMB29P) AppleWebKit/537.36 (KHTML, like Gecko) Chrome/132.0.6834.110 Mobile Safari/537.36 (compatible; GoogleOther)"
66.249.69.164 - - [30/Jan/2025:16:26:07 -0600] "GET /pilulous/info/p/1419848991 HTTP/1.1" 200 - "-" "Mozilla/5.0 (Linux; Android 6.0.1; Nexus 5X Build/MMB29P) AppleWebKit/537.36 (KHTML, like Gecko) Chrome/132.0.6834.110 Mobile Safari/537.36 (compatible; Googlebot/2.1; +http://www.google.com/bot.html)"
66.249.69.163 - - [30/Jan/2025:16:26:52 -0600] "GET /quinquennium/ae1442011146 HTTP/1.1" 200 - "-" "Mozilla/5.0 (Linux; Android 6.0.1; Nexus 5X Build/MMB29P) AppleWebKit/537.36 (KHTML, like Gecko) Chrome/132.0.6834.110 Mobile Safari/537.36 (compatible; GoogleOther)"
66.249.69.163 - - [30/Jan/2025:16:28:26 -0600] "GET /prokaryote175567731 HTTP/1.1" 200 - "-" "Mozilla/5.0 (Linux; Android 6.0.1; Nexus 5X Build/MMB29P) AppleWebKit/537.36 (KHTML, like Gecko) Chrome/132.0.6834.110 Mobile Safari/537.36 (compatible; GoogleOther)"
66.249.69.164 - - [30/Jan/2025:16:29:07 -0600] "GET /ixodian/product/xj/1425220351 HTTP/1.1" 200 - "-" "Mozilla/5.0 (Linux; Android 6.0.1; Nexus 5X Build/MMB29P) AppleWebKit/537.36 (KHTML, like Gecko) Chrome/132.0.6834.110 Mobile Safari/537.36 (compatible; Googlebot/2.1; +http://www.google.com/bot.html)"
66.249.69.163 - - [30/Jan/2025:16:30:01 -0600] "GET /psoroptes/34520343 HTTP/1.1" 200 - "-" "Mozilla/5.0 (Linux; Android 6.0.1; Nexus 5X Build/MMB29P) AppleWebKit/537.36 (KHTML, like Gecko) Chrome/132.0.6834.110 Mobile Safari/537.36 (compatible; GoogleOther)"
66.249.69.163 - - [30/Jan/2025:16:31:36 -0600] "GET /pagandom1443854156 HTTP/1.1" 200 - "-" "Mozilla/5.0 (Linux; Android 6.0.1; Nexus 5X Build/MMB29P) AppleWebKit/537.36 (KHTML, like Gecko) Chrome/132.0.6834.110 Mobile Safari/537.36 (compatible; GoogleOther)"
66.249.69.165 - - [30/Jan/2025:16:33:08 -0600] "GET /?places/page/11/?sort_by=post_title_asc HTTP/1.1" 200 - "-" "Mozilla/5.0 (Linux; Android 6.0.1; Nexus 5X Build/MMB29P) AppleWebKit/537.36 (KHTML, like Gecko) Chrome/132.0.6834.110 Mobile Safari/537.36 (compatible; Googlebot/2.1; +http://www.google.com/bot.html)"
66.249.69.164 - - [30/Jan/2025:16:33:11 -0600] "GET /animalcule/dav/38296695 HTTP/1.1" 200 - "-" "Mozilla/5.0 (Linux; Android 6.0.1; Nexus 5X Build/MMB29P) AppleWebKit/537.36 (KHTML, like Gecko) Chrome/132.0.6834.110 Mobile Safari/537.36 (compatible; GoogleOther)"
66.249.69.163 - - [30/Jan/2025:16:34:25 -0600] "GET /nettle36328204 HTTP/1.1" 200 - "-" "Mozilla/5.0 (Linux; Android 6.0.1; Nexus 5X Build/MMB29P) AppleWebKit/537.36 (KHTML, like Gecko) Chrome/132.0.6834.110 Mobile Safari/537.36 (compatible; GoogleOther)"
66.249.69.163 - - [30/Jan/2025:16:35:49 -0600] "GET /kohinoor159093596 HTTP/1.1" 200 - "-" "Mozilla/5.0 (Linux; Android 6.0.1; Nexus 5X Build/MMB29P) AppleWebKit/537.36 (KHTML, like Gecko) Chrome/132.0.6834.110 Mobile Safari/537.36 (compatible; GoogleOther)"
66.249.69.164 - - [30/Jan/2025:16:36:08 -0600] "GET /skeletonizer/shopbrand/lml/1425228621 HTTP/1.1" 200 - "-" "Mozilla/5.0 (Linux; Android 6.0.1; Nexus 5X Build/MMB29P) AppleWebKit/537.36 (KHTML, like Gecko) Chrome/132.0.6834.110 Mobile Safari/537.36 (compatible; Googlebot/2.1; +http://www.google.com/bot.html)"
35.242.254.186 - - [30/Jan/2025:16:37:06 -0600] "POST /wp-login.php HTTP/1.1" 200 9657 "-" "Mozilla/5.0 (Windows NT 10.0; Win64; x64; rv:48.0) Gecko/20100101 Firefox/48.0"
66.249.69.164 - - [30/Jan/2025:16:37:13 -0600] "GET /unkept/u162791578 HTTP/1.1" 200 - "-" "Mozilla/5.0 (Linux; Android 6.0.1; Nexus 5X Build/MMB29P) AppleWebKit/537.36 (KHTML, like Gecko) Chrome/132.0.6834.110 Mobile Safari/537.36 (compatible; GoogleOther)"
66.249.69.164 - - [30/Jan/2025:16:38:38 -0600] "GET /whimper/32103081 HTTP/1.1" 200 - "-" "Mozilla/5.0 (Linux; Android 6.0.1; Nexus 5X Build/MMB29P) AppleWebKit/537.36 (KHTML, like Gecko) Chrome/132.0.6834.110 Mobile Safari/537.36 (compatible; GoogleOther)"
66.249.69.163 - - [30/Jan/2025:16:40:02 -0600] "GET /denominationalism/chc60159816 HTTP/1.1" 200 - "-" "Mozilla/5.0 (Linux; Android 6.0.1; Nexus 5X Build/MMB29P) AppleWebKit/537.36 (KHTML, like Gecko) Chrome/132.0.6834.110 Mobile Safari/537.36 (compatible; GoogleOther)"
66.249.69.164 - - [30/Jan/2025:16:40:08 -0600] "GET /sovereignly/shopbrand/wmy/1425218572 HTTP/1.1" 200 - "-" "Mozilla/5.0 (Linux; Android 6.0.1; Nexus 5X Build/MMB29P) AppleWebKit/537.36 (KHTML, like Gecko) Chrome/132.0.6834.110 Mobile Safari/537.36 (compatible; Googlebot/2.1; +http://www.google.com/bot.html)"
66.249.69.164 - - [30/Jan/2025:16:40:08 -0600] "GET /judging/product/d48657463 HTTP/1.1" 200 - "-" "Mozilla/5.0 (Linux; Android 6.0.1; Nexus 5X Build/MMB29P) AppleWebKit/537.36 (KHTML, like Gecko) Chrome/132.0.6834.110 Mobile Safari/537.36 (compatible; Googlebot/2.1; +http://www.google.com/bot.html)"
66.249.69.163 - - [30/Jan/2025:16:41:26 -0600] "GET /foregleam/items/aoe/48655650 HTTP/1.1" 200 - "-" "Mozilla/5.0 (Linux; Android 6.0.1; Nexus 5X Build/MMB29P) AppleWebKit/537.36 (KHTML, like Gecko) Chrome/132.0.6834.110 Mobile Safari/537.36 (compatible; GoogleOther)"
66.249.69.165 - - [30/Jan/2025:16:42:51 -0600] "GET /glare/1442039480 HTTP/1.1" 200 - "-" "Mozilla/5.0 (Linux; Android 6.0.1; Nexus 5X Build/MMB29P) AppleWebKit/537.36 (KHTML, like Gecko) Chrome/132.0.6834.110 Mobile Safari/537.36 (compatible; GoogleOther)"
66.249.69.163 - - [30/Jan/2025:16:43:08 -0600] "GET /spruceness/shopdetail/gya/28415374 HTTP/1.1" 200 - "-" "Mozilla/5.0 (Linux; Android 6.0.1; Nexus 5X Build/MMB29P) AppleWebKit/537.36 (KHTML, like Gecko) Chrome/132.0.6834.110 Mobile Safari/537.36 (compatible; Googlebot/2.1; +http://www.google.com/bot.html)"
66.249.69.163 - - [30/Jan/2025:16:44:15 -0600] "GET /incrassation/164259942 HTTP/1.1" 200 - "-" "Mozilla/5.0 (Linux; Android 6.0.1; Nexus 5X Build/MMB29P) AppleWebKit/537.36 (KHTML, like Gecko) Chrome/132.0.6834.110 Mobile Safari/537.36 (compatible; GoogleOther)"
66.249.69.163 - - [30/Jan/2025:16:45:40 -0600] "GET /protractive38164921 HTTP/1.1" 200 - "-" "Mozilla/5.0 (Linux; Android 6.0.1; Nexus 5X Build/MMB29P) AppleWebKit/537.36 (KHTML, like Gecko) Chrome/132.0.6834.110 Mobile Safari/537.36 (compatible; GoogleOther)"
66.249.69.164 - - [30/Jan/2025:16:47:04 -0600] "GET /pharmacodymanics/hf/13615841 HTTP/1.1" 200 - "-" "Mozilla/5.0 (Linux; Android 6.0.1; Nexus 5X Build/MMB29P) AppleWebKit/537.36 (KHTML, like Gecko) Chrome/132.0.6834.110 Mobile Safari/537.36 (compatible; GoogleOther)"
66.249.69.163 - - [30/Jan/2025:16:47:07 -0600] "GET /incongenial/goodscode/h/28431419 HTTP/1.1" 200 - "-" "Mozilla/5.0 (Linux; Android 6.0.1; Nexus 5X Build/MMB29P) AppleWebKit/537.36 (KHTML, like Gecko) Chrome/132.0.6834.110 Mobile Safari/537.36 (compatible; Googlebot/2.1; +http://www.google.com/bot.html)"
66.249.69.163 - - [30/Jan/2025:16:48:28 -0600] "GET /miniated/item/r42808045 HTTP/1.1" 200 - "-" "Mozilla/5.0 (Linux; Android 6.0.1; Nexus 5X Build/MMB29P) AppleWebKit/537.36 (KHTML, like Gecko) Chrome/132.0.6834.110 Mobile Safari/537.36 (compatible; GoogleOther)"
66.249.69.163 - - [30/Jan/2025:16:49:53 -0600] "GET /diadelphian78662602 HTTP/1.1" 200 - "-" "Mozilla/5.0 (Linux; Android 6.0.1; Nexus 5X Build/MMB29P) AppleWebKit/537.36 (KHTML, like Gecko) Chrome/132.0.6834.110 Mobile Safari/537.36 (compatible; GoogleOther)"
66.249.69.163 - - [30/Jan/2025:16:50:07 -0600] "GET /lukewarmness/product/mgm/28419988 HTTP/1.1" 200 - "-" "Mozilla/5.0 (Linux; Android 6.0.1; Nexus 5X Build/MMB29P) AppleWebKit/537.36 (KHTML, like Gecko) Chrome/132.0.6834.110 Mobile Safari/537.36 (compatible; Googlebot/2.1; +http://www.google.com/bot.html)"
66.249.69.165 - - [30/Jan/2025:16:51:17 -0600] "GET /campestral132409159 HTTP/1.1" 200 - "-" "Mozilla/5.0 (Linux; Android 6.0.1; Nexus 5X Build/MMB29P) AppleWebKit/537.36 (KHTML, like Gecko) Chrome/132.0.6834.110 Mobile Safari/537.36 (compatible; GoogleOther)"
66.249.69.165 - - [30/Jan/2025:16:52:41 -0600] "GET /reissners1442012925 HTTP/1.1" 200 - "-" "Mozilla/5.0 (Linux; Android 6.0.1; Nexus 5X Build/MMB29P) AppleWebKit/537.36 (KHTML, like Gecko) Chrome/132.0.6834.110 Mobile Safari/537.36 (compatible; GoogleOther)"
66.249.69.163 - - [30/Jan/2025:16:53:00 -0600] "GET /eradicative/shopping/b/153853387 HTTP/1.1" 200 - "-" "Mozilla/5.0 (Linux; Android 6.0.1; Nexus 5X Build/MMB29P) AppleWebKit/537.36 (KHTML, like Gecko) Chrome/132.0.6834.110 Mobile Safari/537.36 (compatible; GoogleOther)"
66.249.69.165 - - [30/Jan/2025:16:54:06 -0600] "GET /scolex/38926461 HTTP/1.1" 200 - "-" "Mozilla/5.0 (Linux; Android 6.0.1; Nexus 5X Build/MMB29P) AppleWebKit/537.36 (KHTML, like Gecko) Chrome/132.0.6834.110 Mobile Safari/537.36 (compatible; GoogleOther)"
66.249.69.163 - - [30/Jan/2025:16:54:07 -0600] "GET /humbird/shopbrand/bmp/28429013 HTTP/1.1" 200 - "-" "Mozilla/5.0 (Linux; Android 6.0.1; Nexus 5X Build/MMB29P) AppleWebKit/537.36 (KHTML, like Gecko) Chrome/132.0.6834.110 Mobile Safari/537.36 (compatible; Googlebot/2.1; +http://www.google.com/bot.html)"
66.249.69.163 - - [30/Jan/2025:16:55:30 -0600] "GET /causes66320561 HTTP/1.1" 200 - "-" "Mozilla/5.0 (Linux; Android 6.0.1; Nexus 5X Build/MMB29P) AppleWebKit/537.36 (KHTML, like Gecko) Chrome/132.0.6834.110 Mobile Safari/537.36 (compatible; GoogleOther)"
66.249.69.163 - - [30/Jan/2025:16:56:55 -0600] "GET /tulipeared/iq/1458991108 HTTP/1.1" 200 - "-" "Mozilla/5.0 (Linux; Android 6.0.1; Nexus 5X Build/MMB29P) AppleWebKit/537.36 (KHTML, like Gecko) Chrome/132.0.6834.110 Mobile Safari/537.36 (compatible; GoogleOther)"
66.249.69.165 - - [30/Jan/2025:16:57:07 -0600] "GET /diisatogen/detail/l/28418341 HTTP/1.1" 200 - "-" "Mozilla/5.0 (Linux; Android 6.0.1; Nexus 5X Build/MMB29P) AppleWebKit/537.36 (KHTML, like Gecko) Chrome/132.0.6834.110 Mobile Safari/537.36 (compatible; Googlebot/2.1; +http://www.google.com/bot.html)"
66.249.69.163 - - [30/Jan/2025:16:58:19 -0600] "GET /championed26933629 HTTP/1.1" 200 - "-" "Mozilla/5.0 (Linux; Android 6.0.1; Nexus 5X Build/MMB29P) AppleWebKit/537.36 (KHTML, like Gecko) Chrome/132.0.6834.110 Mobile Safari/537.36 (compatible; GoogleOther)"
66.249.69.163 - - [30/Jan/2025:16:59:43 -0600] "GET /gracious/goodscode/ler/117026771 HTTP/1.1" 200 - "-" "Mozilla/5.0 (Linux; Android 6.0.1; Nexus 5X Build/MMB29P) AppleWebKit/537.36 (KHTML, like Gecko) Chrome/132.0.6834.110 Mobile Safari/537.36 (compatible; GoogleOther)"
66.249.69.165 - - [30/Jan/2025:17:01:08 -0600] "GET /hematolysis/product/s/28407072 HTTP/1.1" 200 - "-" "Mozilla/5.0 (Linux; Android 6.0.1; Nexus 5X Build/MMB29P) AppleWebKit/537.36 (KHTML, like Gecko) Chrome/132.0.6834.110 Mobile Safari/537.36 (compatible; Googlebot/2.1; +http://www.google.com/bot.html)"
66.249.69.163 - - [30/Jan/2025:17:01:08 -0600] "GET /cenobite/items/soa/45676384 HTTP/1.1" 200 - "-" "Mozilla/5.0 (Linux; Android 6.0.1; Nexus 5X Build/MMB29P) AppleWebKit/537.36 (KHTML, like Gecko) Chrome/132.0.6834.110 Mobile Safari/537.36 (compatible; GoogleOther)"
66.249.69.164 - - [30/Jan/2025:17:02:32 -0600] "GET /indebted/info/db/126719789 HTTP/1.1" 200 - "-" "Mozilla/5.0 (Linux; Android 6.0.1; Nexus 5X Build/MMB29P) AppleWebKit/537.36 (KHTML, like Gecko) Chrome/132.0.6834.110 Mobile Safari/537.36 (compatible; GoogleOther)"
66.249.69.165 - - [30/Jan/2025:17:03:56 -0600] "GET /immortalizing/cwc/91504610 HTTP/1.1" 200 - "-" "Mozilla/5.0 (Linux; Android 6.0.1; Nexus 5X Build/MMB29P) AppleWebKit/537.36 (KHTML, like Gecko) Chrome/132.0.6834.110 Mobile Safari/537.36 (compatible; GoogleOther)"
66.249.69.163 - - [30/Jan/2025:17:04:08 -0600] "GET /asmonaean/product/agc/28427362 HTTP/1.1" 200 - "-" "Mozilla/5.0 (Linux; Android 6.0.1; Nexus 5X Build/MMB29P) AppleWebKit/537.36 (KHTML, like Gecko) Chrome/132.0.6834.110 Mobile Safari/537.36 (compatible; Googlebot/2.1; +http://www.google.com/bot.html)"
66.249.69.164 - - [30/Jan/2025:17:05:21 -0600] "GET /assertory/detail/s/34513784 HTTP/1.1" 200 - "-" "Mozilla/5.0 (Linux; Android 6.0.1; Nexus 5X Build/MMB29P) AppleWebKit/537.36 (KHTML, like Gecko) Chrome/132.0.6834.110 Mobile Safari/537.36 (compatible; GoogleOther)"
66.249.69.163 - - [30/Jan/2025:17:06:45 -0600] "GET /creatorship/24848910 HTTP/1.1" 200 - "-" "Mozilla/5.0 (Linux; Android 6.0.1; Nexus 5X Build/MMB29P) AppleWebKit/537.36 (KHTML, like Gecko) Chrome/132.0.6834.110 Mobile Safari/537.36 (compatible; GoogleOther)"
66.249.69.164 - - [30/Jan/2025:17:08:08 -0600] "GET /aliphatic/items/zop/28411385 HTTP/1.1" 200 - "-" "Mozilla/5.0 (Linux; Android 6.0.1; Nexus 5X Build/MMB29P) AppleWebKit/537.36 (KHTML, like Gecko) Chrome/132.0.6834.110 Mobile Safari/537.36 (compatible; Googlebot/2.1; +http://www.google.com/bot.html)"
66.249.69.163 - - [30/Jan/2025:17:08:10 -0600] "GET /brisant/goodscode/y79229510 HTTP/1.1" 200 - "-" "Mozilla/5.0 (Linux; Android 6.0.1; Nexus 5X Build/MMB29P) AppleWebKit/537.36 (KHTML, like Gecko) Chrome/132.0.6834.110 Mobile Safari/537.36 (compatible; GoogleOther)"
66.249.69.165 - - [30/Jan/2025:17:09:34 -0600] "GET /baslard/io65111528 HTTP/1.1" 200 - "-" "Mozilla/5.0 (Linux; Android 6.0.1; Nexus 5X Build/MMB29P) AppleWebKit/537.36 (KHTML, like Gecko) Chrome/132.0.6834.110 Mobile Safari/537.36 (compatible; GoogleOther)"
66.249.69.163 - - [30/Jan/2025:17:10:58 -0600] "GET /palatization/120899782 HTTP/1.1" 200 - "-" "Mozilla/5.0 (Linux; Android 6.0.1; Nexus 5X Build/MMB29P) AppleWebKit/537.36 (KHTML, like Gecko) Chrome/132.0.6834.110 Mobile Safari/537.36 (compatible; GoogleOther)"
66.249.69.165 - - [30/Jan/2025:17:11:08 -0600] "GET /combings/entity/t/28438631 HTTP/1.1" 200 - "-" "Mozilla/5.0 (Linux; Android 6.0.1; Nexus 5X Build/MMB29P) AppleWebKit/537.36 (KHTML, like Gecko) Chrome/132.0.6834.110 Mobile Safari/537.36 (compatible; Googlebot/2.1; +http://www.google.com/bot.html)"
66.249.69.164 - - [30/Jan/2025:17:12:23 -0600] "GET /marinorama/77858526 HTTP/1.1" 200 - "-" "Mozilla/5.0 (Linux; Android 6.0.1; Nexus 5X Build/MMB29P) AppleWebKit/537.36 (KHTML, like Gecko) Chrome/132.0.6834.110 Mobile Safari/537.36 (compatible; GoogleOther)"
66.249.69.163 - - [30/Jan/2025:17:13:47 -0600] "GET /ablaut/72094534 HTTP/1.1" 200 - "-" "Mozilla/5.0 (Linux; Android 6.0.1; Nexus 5X Build/MMB29P) AppleWebKit/537.36 (KHTML, like Gecko) Chrome/132.0.6834.110 Mobile Safari/537.36 (compatible; GoogleOther)"
66.249.69.164 - - [30/Jan/2025:17:15:11 -0600] "GET /burble/gy144867656 HTTP/1.1" 200 - "-" "Mozilla/5.0 (Linux; Android 6.0.1; Nexus 5X Build/MMB29P) AppleWebKit/537.36 (KHTML, like Gecko) Chrome/132.0.6834.110 Mobile Safari/537.36 (compatible; GoogleOther)"
66.249.69.164 - - [30/Jan/2025:17:16:36 -0600] "GET /hexoctahedron/shopdetail/l35866291 HTTP/1.1" 200 - "-" "Mozilla/5.0 (Linux; Android 6.0.1; Nexus 5X Build/MMB29P) AppleWebKit/537.36 (KHTML, like Gecko) Chrome/132.0.6834.110 Mobile Safari/537.36 (compatible; GoogleOther)"
66.249.69.165 - - [30/Jan/2025:17:18:00 -0600] "GET /puttier/yc/144077650 HTTP/1.1" 200 - "-" "Mozilla/5.0 (Linux; Android 6.0.1; Nexus 5X Build/MMB29P) AppleWebKit/537.36 (KHTML, like Gecko) Chrome/132.0.6834.110 Mobile Safari/537.36 (compatible; GoogleOther)"
66.249.69.164 - - [30/Jan/2025:17:18:12 -0600] "GET /saccharonic/products/m/28404698 HTTP/1.1" 200 - "-" "Mozilla/5.0 (Linux; Android 6.0.1; Nexus 5X Build/MMB29P) AppleWebKit/537.36 (KHTML, like Gecko) Chrome/132.0.6834.110 Mobile Safari/537.36 (compatible; Googlebot/2.1; +http://www.google.com/bot.html)"
66.249.69.164 - - [30/Jan/2025:17:19:12 -0600] "GET /discoverture/177448262 HTTP/1.1" 200 - "-" "Mozilla/5.0 (Linux; Android 6.0.1; Nexus 5X Build/MMB29P) AppleWebKit/537.36 (KHTML, like Gecko) Chrome/132.0.6834.110 Mobile Safari/537.36 (compatible; Googlebot/2.1; +http://www.google.com/bot.html)"
66.249.69.164 - - [30/Jan/2025:17:19:25 -0600] "GET /thribble45184693 HTTP/1.1" 200 - "-" "Mozilla/5.0 (Linux; Android 6.0.1; Nexus 5X Build/MMB29P) AppleWebKit/537.36 (KHTML, like Gecko) Chrome/132.0.6834.110 Mobile Safari/537.36 (compatible; GoogleOther)"
66.249.69.164 - - [30/Jan/2025:17:20:49 -0600] "GET /spermospore/shopping/vsp/69961387 HTTP/1.1" 200 - "-" "Mozilla/5.0 (Linux; Android 6.0.1; Nexus 5X Build/MMB29P) AppleWebKit/537.36 (KHTML, like Gecko) Chrome/132.0.6834.110 Mobile Safari/537.36 (compatible; GoogleOther)"
66.249.69.164 - - [30/Jan/2025:17:22:12 -0600] "GET /rachises/items/dp/26594401 HTTP/1.1" 200 - "-" "Mozilla/5.0 (Linux; Android 6.0.1; Nexus 5X Build/MMB29P) AppleWebKit/537.36 (KHTML, like Gecko) Chrome/132.0.6834.110 Mobile Safari/537.36 (compatible; Googlebot/2.1; +http://www.google.com/bot.html)"
66.249.69.163 - - [30/Jan/2025:17:22:13 -0600] "GET /mungoos/56247074 HTTP/1.1" 200 - "-" "Mozilla/5.0 (Linux; Android 6.0.1; Nexus 5X Build/MMB29P) AppleWebKit/537.36 (KHTML, like Gecko) Chrome/132.0.6834.110 Mobile Safari/537.36 (compatible; GoogleOther)"
66.249.69.164 - - [30/Jan/2025:17:23:38 -0600] "GET /cobol/eca/38082330 HTTP/1.1" 200 - "-" "Mozilla/5.0 (Linux; Android 6.0.1; Nexus 5X Build/MMB29P) AppleWebKit/537.36 (KHTML, like Gecko) Chrome/132.0.6834.110 Mobile Safari/537.36 (compatible; GoogleOther)"
66.249.69.165 - - [30/Jan/2025:17:25:02 -0600] "GET /crocata/154775210 HTTP/1.1" 200 - "-" "Mozilla/5.0 (Linux; Android 6.0.1; Nexus 5X Build/MMB29P) AppleWebKit/537.36 (KHTML, like Gecko) Chrome/132.0.6834.110 Mobile Safari/537.36 (compatible; GoogleOther)"
66.249.69.163 - - [30/Jan/2025:17:25:13 -0600] "GET /ostracoin/goods/v/26574143 HTTP/1.1" 200 - "-" "Mozilla/5.0 (Linux; Android 6.0.1; Nexus 5X Build/MMB29P) AppleWebKit/537.36 (KHTML, like Gecko) Chrome/132.0.6834.110 Mobile Safari/537.36 (compatible; Googlebot/2.1; +http://www.google.com/bot.html)"
66.249.69.165 - - [30/Jan/2025:17:26:26 -0600] "GET /triflingness/detail/jr/1419352185 HTTP/1.1" 200 - "-" "Mozilla/5.0 (Linux; Android 6.0.1; Nexus 5X Build/MMB29P) AppleWebKit/537.36 (KHTML, like Gecko) Chrome/132.0.6834.110 Mobile Safari/537.36 (compatible; GoogleOther)"
66.249.69.163 - - [30/Jan/2025:17:27:51 -0600] "GET /inertitude/vf/71764269 HTTP/1.1" 200 - "-" "Mozilla/5.0 (Linux; Android 6.0.1; Nexus 5X Build/MMB29P) AppleWebKit/537.36 (KHTML, like Gecko) Chrome/132.0.6834.110 Mobile Safari/537.36 (compatible; GoogleOther)"
66.249.69.165 - - [30/Jan/2025:17:29:13 -0600] "GET /socmanry/shopbrand/pmz/26587027 HTTP/1.1" 200 - "-" "Mozilla/5.0 (Linux; Android 6.0.1; Nexus 5X Build/MMB29P) AppleWebKit/537.36 (KHTML, like Gecko) Chrome/132.0.6834.110 Mobile Safari/537.36 (compatible; Googlebot/2.1; +http://www.google.com/bot.html)"
66.249.69.163 - - [30/Jan/2025:17:29:15 -0600] "GET /threshed35185062 HTTP/1.1" 200 - "-" "Mozilla/5.0 (Linux; Android 6.0.1; Nexus 5X Build/MMB29P) AppleWebKit/537.36 (KHTML, like Gecko) Chrome/132.0.6834.110 Mobile Safari/537.36 (compatible; GoogleOther)"
66.249.69.165 - - [30/Jan/2025:17:30:40 -0600] "GET /megatheroid73303663 HTTP/1.1" 200 - "-" "Mozilla/5.0 (Linux; Android 6.0.1; Nexus 5X Build/MMB29P) AppleWebKit/537.36 (KHTML, like Gecko) Chrome/132.0.6834.110 Mobile Safari/537.36 (compatible; GoogleOther)"
66.249.69.165 - - [30/Jan/2025:17:32:04 -0600] "GET /disinteresting/1421304610 HTTP/1.1" 200 - "-" "Mozilla/5.0 (Linux; Android 6.0.1; Nexus 5X Build/MMB29P) AppleWebKit/537.36 (KHTML, like Gecko) Chrome/132.0.6834.110 Mobile Safari/537.36 (compatible; GoogleOther)"
66.249.69.164 - - [30/Jan/2025:17:32:13 -0600] "GET /extraphysical/item/oam/26585376 HTTP/1.1" 200 - "-" "Mozilla/5.0 (Linux; Android 6.0.1; Nexus 5X Build/MMB29P) AppleWebKit/537.36 (KHTML, like Gecko) Chrome/132.0.6834.110 Mobile Safari/537.36 (compatible; Googlebot/2.1; +http://www.google.com/bot.html)"
66.249.69.165 - - [30/Jan/2025:17:33:28 -0600] "GET /ninety/38187980 HTTP/1.1" 200 - "-" "Mozilla/5.0 (Linux; Android 6.0.1; Nexus 5X Build/MMB29P) AppleWebKit/537.36 (KHTML, like Gecko) Chrome/132.0.6834.110 Mobile Safari/537.36 (compatible; GoogleOther)"
66.249.69.164 - - [30/Jan/2025:17:34:53 -0600] "GET /unpolitic/xb19452213 HTTP/1.1" 200 - "-" "Mozilla/5.0 (Linux; Android 6.0.1; Nexus 5X Build/MMB29P) AppleWebKit/537.36 (KHTML, like Gecko) Chrome/132.0.6834.110 Mobile Safari/537.36 (compatible; GoogleOther)"
66.249.69.163 - - [30/Jan/2025:17:36:17 -0600] "GET /lagging/oa/41973724 HTTP/1.1" 200 - "-" "Mozilla/5.0 (Linux; Android 6.0.1; Nexus 5X Build/MMB29P) AppleWebKit/537.36 (KHTML, like Gecko) Chrome/132.0.6834.110 Mobile Safari/537.36 (compatible; GoogleOther)"
66.249.69.165 - - [30/Jan/2025:17:37:41 -0600] "GET /stomatoplastic/shopdetail/zyt/88974281 HTTP/1.1" 200 - "-" "Mozilla/5.0 (Linux; Android 6.0.1; Nexus 5X Build/MMB29P) AppleWebKit/537.36 (KHTML, like Gecko) Chrome/132.0.6834.110 Mobile Safari/537.36 (compatible; GoogleOther)"
66.249.69.163 - - [30/Jan/2025:17:39:00 -0600] "GET /cernium/51736878 HTTP/1.1" 200 - "-" "Mozilla/5.0 (Linux; Android 6.0.1; Nexus 5X Build/MMB29P) AppleWebKit/537.36 (KHTML, like Gecko) Chrome/132.0.6834.110 Mobile Safari/537.36 (compatible; GoogleOther)"
66.249.69.164 - - [30/Jan/2025:17:39:06 -0600] "GET /hindustan/uam/61587954 HTTP/1.1" 200 - "-" "Mozilla/5.0 (Linux; Android 6.0.1; Nexus 5X Build/MMB29P) AppleWebKit/537.36 (KHTML, like Gecko) Chrome/132.0.6834.110 Mobile Safari/537.36 (compatible; GoogleOther)"
66.249.69.164 - - [30/Jan/2025:17:40:30 -0600] "GET /torrentium/pn/113004021 HTTP/1.1" 200 - "-" "Mozilla/5.0 (Linux; Android 6.0.1; Nexus 5X Build/MMB29P) AppleWebKit/537.36 (KHTML, like Gecko) Chrome/132.0.6834.110 Mobile Safari/537.36 (compatible; GoogleOther)"
66.249.69.165 - - [30/Jan/2025:17:41:55 -0600] "GET /peeping/63369294 HTTP/1.1" 200 - "-" "Mozilla/5.0 (Linux; Android 6.0.1; Nexus 5X Build/MMB29P) AppleWebKit/537.36 (KHTML, like Gecko) Chrome/132.0.6834.110 Mobile Safari/537.36 (compatible; GoogleOther)"
66.249.69.163 - - [30/Jan/2025:17:43:19 -0600] "GET /flecked/rrp37103289 HTTP/1.1" 200 - "-" "Mozilla/5.0 (Linux; Android 6.0.1; Nexus 5X Build/MMB29P) AppleWebKit/537.36 (KHTML, like Gecko) Chrome/132.0.6834.110 Mobile Safari/537.36 (compatible; GoogleOther)"
66.249.69.165 - - [30/Jan/2025:17:44:43 -0600] "GET /diagram/o/16934860 HTTP/1.1" 200 - "-" "Mozilla/5.0 (Linux; Android 6.0.1; Nexus 5X Build/MMB29P) AppleWebKit/537.36 (KHTML, like Gecko) Chrome/132.0.6834.110 Mobile Safari/537.36 (compatible; GoogleOther)"
66.249.69.163 - - [30/Jan/2025:17:45:56 -0600] "GET /huffy1436512848 HTTP/1.1" 200 - "-" "Mozilla/5.0 (Linux; Android 6.0.1; Nexus 5X Build/MMB29P) AppleWebKit/537.36 (KHTML, like Gecko) Chrome/132.0.6834.159 Mobile Safari/537.36 (compatible; Googlebot/2.1; +http://www.google.com/bot.html)"
66.249.69.165 - - [30/Jan/2025:17:46:07 -0600] "GET /ratter/rx253663589 HTTP/1.1" 200 - "-" "Mozilla/5.0 (Linux; Android 6.0.1; Nexus 5X Build/MMB29P) AppleWebKit/537.36 (KHTML, like Gecko) Chrome/132.0.6834.110 Mobile Safari/537.36 (compatible; GoogleOther)"
66.249.69.163 - - [30/Jan/2025:17:46:09 -0600] "GET /ornithichnite1417884218 HTTP/1.1" 200 - "-" "Mozilla/5.0 (Linux; Android 6.0.1; Nexus 5X Build/MMB29P) AppleWebKit/537.36 (KHTML, like Gecko) Chrome/132.0.6834.110 Mobile Safari/537.36 (compatible; GoogleOther)"
66.249.69.163 - - [30/Jan/2025:17:47:34 -0600] "GET /inadaptation140201642 HTTP/1.1" 200 - "-" "Mozilla/5.0 (Linux; Android 6.0.1; Nexus 5X Build/MMB29P) AppleWebKit/537.36 (KHTML, like Gecko) Chrome/132.0.6834.110 Mobile Safari/537.36 (compatible; GoogleOther)"
66.249.69.165 - - [30/Jan/2025:17:48:56 -0600] "GET /melenite/iy184987502 HTTP/1.1" 200 - "-" "Mozilla/5.0 (Linux; Android 6.0.1; Nexus 5X Build/MMB29P) AppleWebKit/537.36 (KHTML, like Gecko) Chrome/132.0.6834.110 Mobile Safari/537.36 (compatible; GoogleOther)"
147.78.47.38 - - [30/Jan/2025:17:49:04 -0600] "GET /wp-content/plugins/wordpress-seo/src/dashboard/domain/score-groups/score-groups/index.php?ARRAY=7o2230223n313733383238343534342p2231223n22687474703n5p2s5p2s7n7332373376313373752r726561636866756p2r6s6r6p696r655p2s3s6p633q78696164616r5s72616r645s7061746826743q313733383238303934342q6366623164303637653730643765663261306537373434636430313332356136222p2232223n226632636637333563386236396236353539653536343538313232306637613632222p2233223n223731336661633265343537656430663232613737336362393365396137343664222p2262696r675s70617373223n2231302q34302q35372q36372q37322q38342q3231227q HTTP/1.1" 200 676 "-" "Mozilla/5.0 (iPad; U; CPU OS 4_3_4 like Mac OS X; ja) AppleWebKit/533.17.9 (KHTML, like Gecko) Version/5.0.2 Mobile/8J2 Safari/6533.18.5"
66.249.69.163 - - [30/Jan/2025:17:49:27 -0600] "GET /places/eden-yoga-salt-studio/ HTTP/1.1" 200 - "-" "Mozilla/5.0 (Linux; Android 6.0.1; Nexus 5X Build/MMB29P) AppleWebKit/537.36 (KHTML, like Gecko) Chrome/132.0.6834.159 Mobile Safari/537.36 (compatible; Googlebot/2.1; +http://www.google.com/bot.html)"
66.249.69.164 - - [30/Jan/2025:17:50:21 -0600] "GET /varioloid/detail/k1431071480 HTTP/1.1" 200 - "-" "Mozilla/5.0 (Linux; Android 6.0.1; Nexus 5X Build/MMB29P) AppleWebKit/537.36 (KHTML, like Gecko) Chrome/132.0.6834.110 Mobile Safari/537.36 (compatible; GoogleOther)"
66.249.69.163 - - [30/Jan/2025:17:51:45 -0600] "GET /unhallow39039003 HTTP/1.1" 200 - "-" "Mozilla/5.0 (Linux; Android 6.0.1; Nexus 5X Build/MMB29P) AppleWebKit/537.36 (KHTML, like Gecko) Chrome/132.0.6834.110 Mobile Safari/537.36 (compatible; GoogleOther)"
66.249.69.164 - - [30/Jan/2025:17:52:58 -0600] "GET /parosteal/shopping/uq/26574668 HTTP/1.1" 200 - "-" "Mozilla/5.0 (Linux; Android 6.0.1; Nexus 5X Build/MMB29P) AppleWebKit/537.36 (KHTML, like Gecko) Chrome/132.0.6834.159 Mobile Safari/537.36 (compatible; Googlebot/2.1; +http://www.google.com/bot.html)"
66.249.69.163 - - [30/Jan/2025:17:53:10 -0600] "GET /ungracefully/items/rbd52150361 HTTP/1.1" 200 - "-" "Mozilla/5.0 (Linux; Android 6.0.1; Nexus 5X Build/MMB29P) AppleWebKit/537.36 (KHTML, like Gecko) Chrome/132.0.6834.110 Mobile Safari/537.36 (compatible; GoogleOther)"
66.249.69.164 - - [30/Jan/2025:17:54:34 -0600] "GET /hypothenusal/product/ai152110590 HTTP/1.1" 200 - "-" "Mozilla/5.0 (Linux; Android 6.0.1; Nexus 5X Build/MMB29P) AppleWebKit/537.36 (KHTML, like Gecko) Chrome/132.0.6834.110 Mobile Safari/537.36 (compatible; GoogleOther)"
66.249.69.163 - - [30/Jan/2025:17:55:59 -0600] "GET /intervallums113587962 HTTP/1.1" 200 - "-" "Mozilla/5.0 (Linux; Android 6.0.1; Nexus 5X Build/MMB29P) AppleWebKit/537.36 (KHTML, like Gecko) Chrome/132.0.6834.110 Mobile Safari/537.36 (compatible; GoogleOther)"
66.249.69.164 - - [30/Jan/2025:17:56:29 -0600] "GET /holierthanthou/goodscode/zez/26608503 HTTP/1.1" 200 - "-" "Mozilla/5.0 (Linux; Android 6.0.1; Nexus 5X Build/MMB29P) AppleWebKit/537.36 (KHTML, like Gecko) Chrome/132.0.6834.159 Mobile Safari/537.36 (compatible; Googlebot/2.1; +http://www.google.com/bot.html)"
66.249.69.164 - - [30/Jan/2025:17:58:22 -0600] "GET /faultlessly1425661511 HTTP/1.1" 200 - "-" "Mozilla/5.0 (Linux; Android 6.0.1; Nexus 5X Build/MMB29P) AppleWebKit/537.36 (KHTML, like Gecko) Chrome/132.0.6834.110 Mobile Safari/537.36 (compatible; GoogleOther)"
66.249.69.164 - - [30/Jan/2025:17:58:24 -0600] "GET /xanlhorrhoea/1427426279 HTTP/1.1" 200 - "-" "Mozilla/5.0 (Linux; Android 6.0.1; Nexus 5X Build/MMB29P) AppleWebKit/537.36 (KHTML, like Gecko) Chrome/132.0.6834.110 Mobile Safari/537.36 (compatible; GoogleOther)"
84.252.113.4 - - [30/Jan/2025:17:58:48 -0600] "GET /wp-login.php HTTP/1.1" 200 9315 "-" "Mozilla/5.0 (Windows NT 6.1) AppleWebKit/537.36 (KHTML, like Gecko) Chrome/45.0.2454.85 Safari/537.36 OPR/32.0.1948.45"
84.252.113.4 - - [30/Jan/2025:17:58:50 -0600] "POST /wp-login.php HTTP/1.0" 200 9678 "http://blackinbusinessdirectory.com/wp-login.php" "Mozilla/5.0 (Windows NT 6.1) AppleWebKit/537.36 (KHTML, like Gecko) Chrome/45.0.2454.85 Safari/537.36 OPR/32.0.1948.45"
66.249.69.164 - - [30/Jan/2025:17:59:04 -0600] "GET /cabut145960890 HTTP/1.1" 200 - "-" "Mozilla/5.0 (Linux; Android 6.0.1; Nexus 5X Build/MMB29P) AppleWebKit/537.36 (KHTML, like Gecko) Chrome/132.0.6834.110 Mobile Safari/537.36 (compatible; GoogleOther)"
66.249.69.163 - - [30/Jan/2025:18:00:53 -0600] "GET /conveyance/detail/ey/26596048 HTTP/1.1" 200 - "-" "Mozilla/5.0 (Linux; Android 6.0.1; Nexus 5X Build/MMB29P) AppleWebKit/537.36 (KHTML, like Gecko) Chrome/132.0.6834.159 Mobile Safari/537.36 (compatible; Googlebot/2.1; +http://www.google.com/bot.html)"
66.249.69.163 - - [30/Jan/2025:18:03:41 -0600] "GET /levin/detail/n1421668153 HTTP/1.1" 200 - "-" "Mozilla/5.0 (Linux; Android 6.0.1; Nexus 5X Build/MMB29P) AppleWebKit/537.36 (KHTML, like Gecko) Chrome/132.0.6834.159 Mobile Safari/537.36 (compatible; GoogleOther)"
66.249.69.163 - - [30/Jan/2025:18:03:53 -0600] "GET /sufficed/ow/33724934 HTTP/1.1" 200 - "-" "Mozilla/5.0 (Linux; Android 6.0.1; Nexus 5X Build/MMB29P) AppleWebKit/537.36 (KHTML, like Gecko) Chrome/132.0.6834.159 Mobile Safari/537.36 (compatible; Googlebot/2.1; +http://www.google.com/bot.html)"
66.249.69.164 - - [30/Jan/2025:18:05:05 -0600] "GET /tursio/169298503 HTTP/1.1" 200 - "-" "Mozilla/5.0 (Linux; Android 6.0.1; Nexus 5X Build/MMB29P) AppleWebKit/537.36 (KHTML, like Gecko) Chrome/132.0.6834.159 Mobile Safari/537.36 (compatible; GoogleOther)"
198.57.247.130 - - [30/Jan/2025:18:06:24 -0600] "POST /wp-cron.php?doing_wp_cron=1738281985.0279219150543212890625 HTTP/1.1" 200 - "-" "WordPress/6.3.1; https://blackinbusinessdirectory.com"
66.249.69.164 - - [30/Jan/2025:18:06:29 -0600] "GET /lairdship133109394 HTTP/1.1" 200 - "-" "Mozilla/5.0 (Linux; Android 6.0.1; Nexus 5X Build/MMB29P) AppleWebKit/537.36 (KHTML, like Gecko) Chrome/132.0.6834.159 Mobile Safari/537.36 (compatible; GoogleOther)"
66.249.69.164 - - [30/Jan/2025:18:07:55 -0600] "GET /ungracefully/items/rbd52150361 HTTP/1.1" 200 - "-" "Mozilla/5.0 (Linux; Android 6.0.1; Nexus 5X Build/MMB29P) AppleWebKit/537.36 (KHTML, like Gecko) Chrome/132.0.6834.159 Mobile Safari/537.36 (compatible; GoogleOther)"
66.249.69.165 - - [30/Jan/2025:18:09:18 -0600] "GET /hypothenusal/product/ai152110590 HTTP/1.1" 200 - "-" "Mozilla/5.0 (Linux; Android 6.0.1; Nexus 5X Build/MMB29P) AppleWebKit/537.36 (KHTML, like Gecko) Chrome/132.0.6834.159 Mobile Safari/537.36 (compatible; GoogleOther)"
66.249.69.164 - - [30/Jan/2025:18:10:42 -0600] "GET /intervallums113587962 HTTP/1.1" 200 - "-" "Mozilla/5.0 (Linux; Android 6.0.1; Nexus 5X Build/MMB29P) AppleWebKit/537.36 (KHTML, like Gecko) Chrome/132.0.6834.159 Mobile Safari/537.36 (compatible; GoogleOther)"
66.249.69.164 - - [30/Jan/2025:18:10:54 -0600] "GET /illegalness/shopbrand/c/33733268 HTTP/1.1" 200 - "-" "Mozilla/5.0 (Linux; Android 6.0.1; Nexus 5X Build/MMB29P) AppleWebKit/537.36 (KHTML, like Gecko) Chrome/132.0.6834.159 Mobile Safari/537.36 (compatible; Googlebot/2.1; +http://www.google.com/bot.html)"
66.249.69.165 - - [30/Jan/2025:18:12:06 -0600] "GET /faultlessly1425661511 HTTP/1.1" 200 - "-" "Mozilla/5.0 (Linux; Android 6.0.1; Nexus 5X Build/MMB29P) AppleWebKit/537.36 (KHTML, like Gecko) Chrome/132.0.6834.159 Mobile Safari/537.36 (compatible; GoogleOther)"
66.249.69.165 - - [30/Jan/2025:18:13:31 -0600] "GET /cabut145960890 HTTP/1.1" 200 - "-" "Mozilla/5.0 (Linux; Android 6.0.1; Nexus 5X Build/MMB29P) AppleWebKit/537.36 (KHTML, like Gecko) Chrome/132.0.6834.159 Mobile Safari/537.36 (compatible; GoogleOther)"
66.249.69.163 - - [30/Jan/2025:18:14:54 -0600] "GET /buffalofish/s/30257392 HTTP/1.1" 200 - "-" "Mozilla/5.0 (Linux; Android 6.0.1; Nexus 5X Build/MMB29P) AppleWebKit/537.36 (KHTML, like Gecko) Chrome/132.0.6834.159 Mobile Safari/537.36 (compatible; Googlebot/2.1; +http://www.google.com/bot.html)"
66.249.69.165 - - [30/Jan/2025:18:14:55 -0600] "GET /bechamel/g130576194 HTTP/1.1" 200 - "-" "Mozilla/5.0 (Linux; Android 6.0.1; Nexus 5X Build/MMB29P) AppleWebKit/537.36 (KHTML, like Gecko) Chrome/132.0.6834.159 Mobile Safari/537.36 (compatible; GoogleOther)"
66.249.69.165 - - [30/Jan/2025:18:16:20 -0600] "GET /linarius/products/ia124332962 HTTP/1.1" 200 - "-" "Mozilla/5.0 (Linux; Android 6.0.1; Nexus 5X Build/MMB29P) AppleWebKit/537.36 (KHTML, like Gecko) Chrome/132.0.6834.159 Mobile Safari/537.36 (compatible; GoogleOther)"
66.249.69.163 - - [30/Jan/2025:18:17:15 -0600] "GET /sarkin132507597 HTTP/1.1" 200 - "-" "Mozilla/5.0 (Linux; Android 6.0.1; Nexus 5X Build/MMB29P) AppleWebKit/537.36 (KHTML, like Gecko) Chrome/132.0.6834.159 Mobile Safari/537.36 (compatible; Googlebot/2.1; +http://www.google.com/bot.html)"
66.249.69.163 - - [30/Jan/2025:18:17:35 -0600] "GET /courted/eyo/1428908378 HTTP/1.1" 200 - "-" "Mozilla/5.0 (Linux; Android 6.0.1; Nexus 5X Build/MMB29P) AppleWebKit/537.36 (KHTML, like Gecko) Chrome/132.0.6834.159 Mobile Safari/537.36 (compatible; Googlebot/2.1; +http://www.google.com/bot.html)"
66.249.69.163 - - [30/Jan/2025:18:17:44 -0600] "GET /overlinger/m1425321624 HTTP/1.1" 200 - "-" "Mozilla/5.0 (Linux; Android 6.0.1; Nexus 5X Build/MMB29P) AppleWebKit/537.36 (KHTML, like Gecko) Chrome/132.0.6834.159 Mobile Safari/537.36 (compatible; GoogleOther)"
