[Sun May 05 19:57:47.020205 2024] [core:error] [pid 24163:tid 47510033757952] [remote 69.222.196.79:65387] AH00124: Request exceeded the limit of 10 internal redirects due to probable configuration error. Use 'LimitInternalRecursion' to increase the limit if necessary. Use 'LogLevel debug' to get a backtrace.
[Sun May 05 19:57:47.020254 2024] [core:error] [pid 24163:tid 47510033757952] [remote 69.222.196.79:65387] AH00124: Request exceeded the limit of 10 internal redirects due to probable configuration error. Use 'LimitInternalRecursion' to increase the limit if necessary. Use 'LogLevel debug' to get a backtrace.
[Sun May 05 19:57:47.220944 2024] [core:error] [pid 24163:tid 47510058972928] [remote 69.222.196.79:65387] AH00124: Request exceeded the limit of 10 internal redirects due to probable configuration error. Use 'LimitInternalRecursion' to increase the limit if necessary. Use 'LogLevel debug' to get a backtrace., referer: https://rhythm-and-roots.calvarycrossag.com/wp/events-2
[Sun May 05 19:57:47.220973 2024] [core:error] [pid 24163:tid 47510058972928] [remote 69.222.196.79:65387] AH00124: Request exceeded the limit of 10 internal redirects due to probable configuration error. Use 'LimitInternalRecursion' to increase the limit if necessary. Use 'LogLevel debug' to get a backtrace., referer: https://rhythm-and-roots.calvarycrossag.com/wp/events-2
[Sun May 05 19:59:28.894897 2024] [:error] [pid 24671:tid 47510115706624] [client 104.236.64.227:56900] File does not exist: /var/www/html/upl.php
[Sun May 05 19:59:29.590704 2024] [:error] [pid 24162:tid 47510109402880] [client 104.236.64.227:56930] File does not exist: /var/www/html/1.php
[Sun May 05 19:59:30.285922 2024] [:error] [pid 24163:tid 47510098896640] [client 104.236.64.227:56966] File does not exist: /var/www/html/password.php
[Sun May 05 19:59:30.458291 2024] [:error] [pid 24162:tid 47510094694144] [client 104.236.64.227:56976] File does not exist: /var/www/html/info.php
[Sun May 05 21:18:13.306459 2024] [core:error] [pid 24163:tid 47510056871680] [remote 69.222.196.79:49640] AH00124: Request exceeded the limit of 10 internal redirects due to probable configuration error. Use 'LimitInternalRecursion' to increase the limit if necessary. Use 'LogLevel debug' to get a backtrace., referer: https://rhythm-and-roots.calvarycrossag.com/wp/wp-admin/post.php?post=356&action=elementor
[Sun May 05 21:18:13.307254 2024] [core:error] [pid 24163:tid 47510056871680] [remote 69.222.196.79:49640] AH00124: Request exceeded the limit of 10 internal redirects due to probable configuration error. Use 'LimitInternalRecursion' to increase the limit if necessary. Use 'LogLevel debug' to get a backtrace., referer: https://rhythm-and-roots.calvarycrossag.com/wp/wp-admin/post.php?post=356&action=elementor
[Sun May 05 21:28:10.600011 2024] [core:error] [pid 24162:tid 47510065276672] [remote 69.222.196.79:49709] AH00124: Request exceeded the limit of 10 internal redirects due to probable configuration error. Use 'LimitInternalRecursion' to increase the limit if necessary. Use 'LogLevel debug' to get a backtrace., referer: https://rhythm-and-roots.calvarycrossag.com/wp/wp-admin/post.php?post=380&action=elementor
[Sun May 05 21:28:10.600406 2024] [core:error] [pid 24162:tid 47510065276672] [remote 69.222.196.79:49709] AH00124: Request exceeded the limit of 10 internal redirects due to probable configuration error. Use 'LimitInternalRecursion' to increase the limit if necessary. Use 'LogLevel debug' to get a backtrace., referer: https://rhythm-and-roots.calvarycrossag.com/wp/wp-admin/post.php?post=380&action=elementor
[Sun May 05 21:43:23.165684 2024] [proxy_fcgi:error] [pid 24268:tid 47510029555456] [remote 69.222.196.79:49832] AH01067: Failed to read FastCGI header, referer: https://rhythm-and-roots.calvarycrossag.com/wp/wp-admin/post.php?post=380&action=elementor
[Sun May 05 21:43:23.167514 2024] [proxy_fcgi:error] [pid 24268:tid 47510029555456] (104)Connection reset by peer: [remote 69.222.196.79:49832] AH01075: Error dispatching request to : , referer: https://rhythm-and-roots.calvarycrossag.com/wp/wp-admin/post.php?post=380&action=elementor
[Sun May 05 21:43:23.168839 2024] [core:error] [pid 24268:tid 47510029555456] [remote 69.222.196.79:49832] AH00124: Request exceeded the limit of 10 internal redirects due to probable configuration error. Use 'LimitInternalRecursion' to increase the limit if necessary. Use 'LogLevel debug' to get a backtrace., referer: https://rhythm-and-roots.calvarycrossag.com/wp/wp-admin/post.php?post=380&action=elementor
[Sun May 05 21:44:38.871695 2024] [proxy_fcgi:error] [pid 24671:tid 47510037960448] [remote 69.222.196.79:49841] AH01067: Failed to read FastCGI header, referer: https://rhythm-and-roots.calvarycrossag.com/wp/wp-admin/post.php?post=380&action=elementor
[Sun May 05 21:44:38.871977 2024] [proxy_fcgi:error] [pid 24671:tid 47510037960448] (104)Connection reset by peer: [remote 69.222.196.79:49841] AH01075: Error dispatching request to : , referer: https://rhythm-and-roots.calvarycrossag.com/wp/wp-admin/post.php?post=380&action=elementor
[Sun May 05 21:44:38.875317 2024] [core:error] [pid 24671:tid 47510037960448] [remote 69.222.196.79:49841] AH00124: Request exceeded the limit of 10 internal redirects due to probable configuration error. Use 'LimitInternalRecursion' to increase the limit if necessary. Use 'LogLevel debug' to get a backtrace., referer: https://rhythm-and-roots.calvarycrossag.com/wp/wp-admin/post.php?post=380&action=elementor
[Sun May 05 22:18:13.995748 2024] [core:error] [pid 24671:tid 47510056871680] [remote 69.222.196.79:50265] AH00124: Request exceeded the limit of 10 internal redirects due to probable configuration error. Use 'LimitInternalRecursion' to increase the limit if necessary. Use 'LogLevel debug' to get a backtrace., referer: https://rhythm-and-roots.calvarycrossag.com/wp/wp-admin/post.php?post=7&action=elementor
[Sun May 05 22:18:13.995799 2024] [core:error] [pid 24671:tid 47510056871680] [remote 69.222.196.79:50265] AH00124: Request exceeded the limit of 10 internal redirects due to probable configuration error. Use 'LimitInternalRecursion' to increase the limit if necessary. Use 'LogLevel debug' to get a backtrace., referer: https://rhythm-and-roots.calvarycrossag.com/wp/wp-admin/post.php?post=7&action=elementor
[Sun May 05 22:42:26.676702 2024] [access_compat:error] [pid 24268:tid 47510086289152] [client 4.242.220.49:51924] AH01797: client denied by server configuration: /home/church/public_html/wp-content/uploads/wpcf7_captcha/, referer: binance.com
[Sun May 05 22:50:21.135104 2024] [proxy_fcgi:error] [pid 5515:tid 47510023251712] [remote 69.222.196.79:50649] AH01067: Failed to read FastCGI header, referer: https://rhythm-and-roots.calvarycrossag.com/wp/wp-admin/post.php?post=7&action=elementor
[Sun May 05 22:50:21.135848 2024] [proxy_fcgi:error] [pid 5515:tid 47510023251712] (104)Connection reset by peer: [remote 69.222.196.79:50649] AH01075: Error dispatching request to : , referer: https://rhythm-and-roots.calvarycrossag.com/wp/wp-admin/post.php?post=7&action=elementor
[Sun May 05 22:50:21.137061 2024] [core:error] [pid 5515:tid 47510023251712] [remote 69.222.196.79:50649] AH00124: Request exceeded the limit of 10 internal redirects due to probable configuration error. Use 'LimitInternalRecursion' to increase the limit if necessary. Use 'LogLevel debug' to get a backtrace., referer: https://rhythm-and-roots.calvarycrossag.com/wp/wp-admin/post.php?post=7&action=elementor
[Sun May 05 22:50:37.198668 2024] [proxy_fcgi:error] [pid 24163:tid 47510048466688] [remote 69.222.196.79:50651] AH01067: Failed to read FastCGI header, referer: https://rhythm-and-roots.calvarycrossag.com/wp/wp-admin/post.php?post=7&action=elementor
[Sun May 05 22:50:37.198718 2024] [proxy_fcgi:error] [pid 24163:tid 47510048466688] (104)Connection reset by peer: [remote 69.222.196.79:50651] AH01075: Error dispatching request to : , referer: https://rhythm-and-roots.calvarycrossag.com/wp/wp-admin/post.php?post=7&action=elementor
[Sun May 05 22:50:37.199952 2024] [core:error] [pid 24163:tid 47510048466688] [remote 69.222.196.79:50651] AH00124: Request exceeded the limit of 10 internal redirects due to probable configuration error. Use 'LimitInternalRecursion' to increase the limit if necessary. Use 'LogLevel debug' to get a backtrace., referer: https://rhythm-and-roots.calvarycrossag.com/wp/wp-admin/post.php?post=7&action=elementor
[Sun May 05 22:50:49.921679 2024] [proxy_fcgi:error] [pid 24671:tid 47510031656704] [remote 69.222.196.79:50653] AH01067: Failed to read FastCGI header, referer: https://rhythm-and-roots.calvarycrossag.com/wp/wp-admin/post.php?post=7&action=elementor
[Sun May 05 22:50:49.922250 2024] [proxy_fcgi:error] [pid 24671:tid 47510031656704] (104)Connection reset by peer: [remote 69.222.196.79:50653] AH01075: Error dispatching request to : , referer: https://rhythm-and-roots.calvarycrossag.com/wp/wp-admin/post.php?post=7&action=elementor
[Sun May 05 22:50:49.926412 2024] [core:error] [pid 24671:tid 47510031656704] [remote 69.222.196.79:50653] AH00124: Request exceeded the limit of 10 internal redirects due to probable configuration error. Use 'LimitInternalRecursion' to increase the limit if necessary. Use 'LogLevel debug' to get a backtrace., referer: https://rhythm-and-roots.calvarycrossag.com/wp/wp-admin/post.php?post=7&action=elementor
[Sun May 05 22:53:39.638573 2024] [core:error] [pid 24163:tid 47510054770432] [remote 69.222.196.79:50679] AH00124: Request exceeded the limit of 10 internal redirects due to probable configuration error. Use 'LimitInternalRecursion' to increase the limit if necessary. Use 'LogLevel debug' to get a backtrace., referer: https://rhythm-and-roots.calvarycrossag.com/wp/wp-admin/post.php?post=7&action=elementor
[Sun May 05 22:53:39.638981 2024] [core:error] [pid 24163:tid 47510054770432] [remote 69.222.196.79:50679] AH00124: Request exceeded the limit of 10 internal redirects due to probable configuration error. Use 'LimitInternalRecursion' to increase the limit if necessary. Use 'LogLevel debug' to get a backtrace., referer: https://rhythm-and-roots.calvarycrossag.com/wp/wp-admin/post.php?post=7&action=elementor
[Sun May 05 22:53:40.057248 2024] [core:error] [pid 24163:tid 47510021150464] [remote 69.222.196.79:50679] AH00124: Request exceeded the limit of 10 internal redirects due to probable configuration error. Use 'LimitInternalRecursion' to increase the limit if necessary. Use 'LogLevel debug' to get a backtrace., referer: https://rhythm-and-roots.calvarycrossag.com/wp/wp-admin/post.php?post=46&action=elementor
[Sun May 05 22:53:40.057303 2024] [core:error] [pid 24163:tid 47510021150464] [remote 69.222.196.79:50679] AH00124: Request exceeded the limit of 10 internal redirects due to probable configuration error. Use 'LimitInternalRecursion' to increase the limit if necessary. Use 'LogLevel debug' to get a backtrace., referer: https://rhythm-and-roots.calvarycrossag.com/wp/wp-admin/post.php?post=46&action=elementor
[Sun May 05 22:56:32.987833 2024] [proxy_fcgi:error] [pid 5515:tid 47510027454208] [remote 69.222.196.79:50720] AH01067: Failed to read FastCGI header, referer: https://rhythm-and-roots.calvarycrossag.com/wp/wp-admin/post.php?post=7&action=elementor
[Sun May 05 22:56:32.987950 2024] [proxy_fcgi:error] [pid 5515:tid 47510027454208] (104)Connection reset by peer: [remote 69.222.196.79:50720] AH01075: Error dispatching request to : , referer: https://rhythm-and-roots.calvarycrossag.com/wp/wp-admin/post.php?post=7&action=elementor
[Sun May 05 22:56:32.989290 2024] [core:error] [pid 5515:tid 47510027454208] [remote 69.222.196.79:50720] AH00124: Request exceeded the limit of 10 internal redirects due to probable configuration error. Use 'LimitInternalRecursion' to increase the limit if necessary. Use 'LogLevel debug' to get a backtrace., referer: https://rhythm-and-roots.calvarycrossag.com/wp/wp-admin/post.php?post=7&action=elementor
[Sun May 05 22:58:42.865671 2024] [proxy_fcgi:error] [pid 5515:tid 47510044264192] [remote 69.222.196.79:50734] AH01067: Failed to read FastCGI header, referer: https://rhythm-and-roots.calvarycrossag.com/wp/wp-admin/post.php?post=7&action=elementor
[Sun May 05 22:58:42.865738 2024] [proxy_fcgi:error] [pid 5515:tid 47510044264192] (104)Connection reset by peer: [remote 69.222.196.79:50734] AH01075: Error dispatching request to : , referer: https://rhythm-and-roots.calvarycrossag.com/wp/wp-admin/post.php?post=7&action=elementor
[Sun May 05 22:58:42.866955 2024] [core:error] [pid 5515:tid 47510044264192] [remote 69.222.196.79:50734] AH00124: Request exceeded the limit of 10 internal redirects due to probable configuration error. Use 'LimitInternalRecursion' to increase the limit if necessary. Use 'LogLevel debug' to get a backtrace., referer: https://rhythm-and-roots.calvarycrossag.com/wp/wp-admin/post.php?post=7&action=elementor
[Sun May 05 23:00:19.161216 2024] [proxy_fcgi:error] [pid 24162:tid 47510037960448] [remote 69.222.196.79:50741] AH01067: Failed to read FastCGI header, referer: https://rhythm-and-roots.calvarycrossag.com/wp/wp-admin/post.php?post=7&action=elementor
[Sun May 05 23:00:19.161446 2024] [proxy_fcgi:error] [pid 24162:tid 47510037960448] (104)Connection reset by peer: [remote 69.222.196.79:50741] AH01075: Error dispatching request to : , referer: https://rhythm-and-roots.calvarycrossag.com/wp/wp-admin/post.php?post=7&action=elementor
[Sun May 05 23:00:19.164272 2024] [core:error] [pid 24162:tid 47510037960448] [remote 69.222.196.79:50741] AH00124: Request exceeded the limit of 10 internal redirects due to probable configuration error. Use 'LimitInternalRecursion' to increase the limit if necessary. Use 'LogLevel debug' to get a backtrace., referer: https://rhythm-and-roots.calvarycrossag.com/wp/wp-admin/post.php?post=7&action=elementor
[Sun May 05 23:16:27.829412 2024] [core:error] [pid 24268:tid 47510019049216] [remote 69.222.196.79:50856] AH00124: Request exceeded the limit of 10 internal redirects due to probable configuration error. Use 'LimitInternalRecursion' to increase the limit if necessary. Use 'LogLevel debug' to get a backtrace., referer: https://rhythm-and-roots.calvarycrossag.com/wp/wp-admin/nav-menus.php
[Sun May 05 23:16:27.829775 2024] [core:error] [pid 24268:tid 47510019049216] [remote 69.222.196.79:50856] AH00124: Request exceeded the limit of 10 internal redirects due to probable configuration error. Use 'LimitInternalRecursion' to increase the limit if necessary. Use 'LogLevel debug' to get a backtrace., referer: https://rhythm-and-roots.calvarycrossag.com/wp/wp-admin/nav-menus.php
[Sun May 05 23:20:24.539209 2024] [core:error] [pid 24162:tid 47510063175424] [remote 69.222.196.79:50870] AH00124: Request exceeded the limit of 10 internal redirects due to probable configuration error. Use 'LimitInternalRecursion' to increase the limit if necessary. Use 'LogLevel debug' to get a backtrace., referer: https://rhythm-and-roots.calvarycrossag.com/wp/wp-admin/nav-menus.php
[Sun May 05 23:20:24.539292 2024] [core:error] [pid 24162:tid 47510063175424] [remote 69.222.196.79:50870] AH00124: Request exceeded the limit of 10 internal redirects due to probable configuration error. Use 'LimitInternalRecursion' to increase the limit if necessary. Use 'LogLevel debug' to get a backtrace., referer: https://rhythm-and-roots.calvarycrossag.com/wp/wp-admin/nav-menus.php
[Sun May 05 23:23:02.217896 2024] [core:error] [pid 24671:tid 47510019049216] [remote 69.222.196.79:50901] AH00124: Request exceeded the limit of 10 internal redirects due to probable configuration error. Use 'LimitInternalRecursion' to increase the limit if necessary. Use 'LogLevel debug' to get a backtrace., referer: https://rhythm-and-roots.calvarycrossag.com/wp/wp-admin/post.php?post=7&action=elementor
[Sun May 05 23:23:02.217971 2024] [core:error] [pid 24671:tid 47510019049216] [remote 69.222.196.79:50901] AH00124: Request exceeded the limit of 10 internal redirects due to probable configuration error. Use 'LimitInternalRecursion' to increase the limit if necessary. Use 'LogLevel debug' to get a backtrace., referer: https://rhythm-and-roots.calvarycrossag.com/wp/wp-admin/post.php?post=7&action=elementor
[Sun May 05 23:30:16.105676 2024] [ssl:error] [pid 24162:tid 47510109402880] (70007)The timeout specified has expired: [client 66.249.75.128:36723] AH01977: failed reading line from OCSP server
[Sun May 05 23:30:16.105740 2024] [ssl:error] [pid 24162:tid 47510109402880] [client 66.249.75.128:36723] AH01980: bad response from OCSP server: (none)
[Sun May 05 23:30:16.105820 2024] [ssl:error] [pid 24162:tid 47510109402880] AH01941: stapling_renew_response: responder error
[Mon May 06 02:40:13.630860 2024] [:error] [pid 5515:tid 47510103099136] [client 94.156.64.75:38882] File does not exist: /home/church/public_html/blackinbusinessdirectory.com/.well-known/index.php
[Mon May 06 02:40:23.211163 2024] [:error] [pid 24163:tid 47510107301632] [client 94.156.64.75:44504] File does not exist: /home/church/public_html/blackinbusinessdirectory.com/.well-known/index.php
[Mon May 06 02:40:26.959181 2024] [autoindex:error] [pid 24163:tid 47510107301632] [client 94.156.64.75:44504] AH01276: Cannot serve directory /home/church/public_html/blackinbusinessdirectory.com/.well-known/: No matching DirectoryIndex (index.php,index.php8,index.php7,index.php5,index.perl,index.pl,index.plx,index.ppl,index.cgi,index.jsp,index.jp,index.phtml,index.shtml,index.xhtml,index.html,index.htm,index.js) found, and server-generated directory index forbidden by Options directive
[Mon May 06 02:40:34.133483 2024] [:error] [pid 24162:tid 47510107301632] [client 94.156.64.75:52784] File does not exist: /home/church/public_html/blackinbusinessdirectory.com/.well-known/pki-validation/index.php
[Mon May 06 02:41:38.762138 2024] [cgid:error] [pid 24671:tid 47510084187904] [client 94.156.64.75:49822] AH01265: attempt to invoke directory as script: /home/church/public_html/blackinbusinessdirectory.com/cgi-bin/
[Mon May 06 02:42:14.171738 2024] [autoindex:error] [pid 24268:tid 47510084187904] [client 94.156.64.75:39332] AH01276: Cannot serve directory /home/church/public_html/blackinbusinessdirectory.com/wp-admin/css/: No matching DirectoryIndex (index.php,index.php8,index.php7,index.php5,index.perl,index.pl,index.plx,index.ppl,index.cgi,index.jsp,index.jp,index.phtml,index.shtml,index.xhtml,index.html,index.htm,index.js) found, and server-generated directory index forbidden by Options directive
[Mon May 06 02:42:24.981946 2024] [autoindex:error] [pid 24671:tid 47510122010368] [client 94.156.64.75:50746] AH01276: Cannot serve directory /home/church/public_html/blackinbusinessdirectory.com/wp-admin/css/colors/: No matching DirectoryIndex (index.php,index.php8,index.php7,index.php5,index.perl,index.pl,index.plx,index.ppl,index.cgi,index.jsp,index.jp,index.phtml,index.shtml,index.xhtml,index.html,index.htm,index.js) found, and server-generated directory index forbidden by Options directive
[Mon May 06 02:42:44.385896 2024] [autoindex:error] [pid 24268:tid 47510086289152] [client 94.156.64.75:52178] AH01276: Cannot serve directory /home/church/public_html/blackinbusinessdirectory.com/wp-admin/css/colors/blue/: No matching DirectoryIndex (index.php,index.php8,index.php7,index.php5,index.perl,index.pl,index.plx,index.ppl,index.cgi,index.jsp,index.jp,index.phtml,index.shtml,index.xhtml,index.html,index.htm,index.js) found, and server-generated directory index forbidden by Options directive
[Mon May 06 02:43:02.271478 2024] [autoindex:error] [pid 24162:tid 47510094694144] [client 94.156.64.75:43894] AH01276: Cannot serve directory /home/church/public_html/blackinbusinessdirectory.com/wp-admin/css/colors/coffee/: No matching DirectoryIndex (index.php,index.php8,index.php7,index.php5,index.perl,index.pl,index.plx,index.ppl,index.cgi,index.jsp,index.jp,index.phtml,index.shtml,index.xhtml,index.html,index.htm,index.js) found, and server-generated directory index forbidden by Options directive
[Mon May 06 02:43:19.777190 2024] [autoindex:error] [pid 24163:tid 47510103099136] [client 94.156.64.75:48012] AH01276: Cannot serve directory /home/church/public_html/blackinbusinessdirectory.com/wp-admin/css/colors/ectoplasm/: No matching DirectoryIndex (index.php,index.php8,index.php7,index.php5,index.perl,index.pl,index.plx,index.ppl,index.cgi,index.jsp,index.jp,index.phtml,index.shtml,index.xhtml,index.html,index.htm,index.js) found, and server-generated directory index forbidden by Options directive
[Mon May 06 02:43:33.822488 2024] [autoindex:error] [pid 24671:tid 47510079985408] [client 94.156.64.75:60900] AH01276: Cannot serve directory /home/church/public_html/blackinbusinessdirectory.com/wp-admin/css/colors/midnight/: No matching DirectoryIndex (index.php,index.php8,index.php7,index.php5,index.perl,index.pl,index.plx,index.ppl,index.cgi,index.jsp,index.jp,index.phtml,index.shtml,index.xhtml,index.html,index.htm,index.js) found, and server-generated directory index forbidden by Options directive
[Mon May 06 02:43:48.228436 2024] [autoindex:error] [pid 24268:tid 47510090491648] [client 94.156.64.75:46436] AH01276: Cannot serve directory /home/church/public_html/blackinbusinessdirectory.com/wp-admin/css/colors/modern/: No matching DirectoryIndex (index.php,index.php8,index.php7,index.php5,index.perl,index.pl,index.plx,index.ppl,index.cgi,index.jsp,index.jp,index.phtml,index.shtml,index.xhtml,index.html,index.htm,index.js) found, and server-generated directory index forbidden by Options directive
[Mon May 06 02:44:07.811208 2024] [proxy_fcgi:error] [pid 24163:tid 47510105200384] [client 45.133.173.23:54586] AH01071: Got error 'Primary script unknown'
[Mon May 06 02:44:09.802393 2024] [autoindex:error] [pid 24163:tid 47510111504128] [client 94.156.64.75:55550] AH01276: Cannot serve directory /home/church/public_html/blackinbusinessdirectory.com/wp-admin/css/colors/ocean/: No matching DirectoryIndex (index.php,index.php8,index.php7,index.php5,index.perl,index.pl,index.plx,index.ppl,index.cgi,index.jsp,index.jp,index.phtml,index.shtml,index.xhtml,index.html,index.htm,index.js) found, and server-generated directory index forbidden by Options directive
[Mon May 06 02:44:42.615072 2024] [proxy_fcgi:error] [pid 24163:tid 47510105200384] [client 45.133.173.23:54586] AH01071: Got error 'Primary script unknown'
[Mon May 06 02:44:46.570607 2024] [autoindex:error] [pid 5515:tid 47510077884160] [client 94.156.64.75:46516] AH01276: Cannot serve directory /home/church/public_html/blackinbusinessdirectory.com/wp-admin/images/: No matching DirectoryIndex (index.php,index.php8,index.php7,index.php5,index.perl,index.pl,index.plx,index.ppl,index.cgi,index.jsp,index.jp,index.phtml,index.shtml,index.xhtml,index.html,index.htm,index.js) found, and server-generated directory index forbidden by Options directive
[Mon May 06 02:44:54.521044 2024] [proxy_fcgi:error] [pid 24268:tid 47510119909120] [client 45.133.173.23:50974] AH01071: Got error 'Primary script unknown'
[Mon May 06 02:45:01.559066 2024] [autoindex:error] [pid 24671:tid 47510119909120] [client 94.156.64.75:49040] AH01276: Cannot serve directory /home/church/public_html/blackinbusinessdirectory.com/wp-admin/includes/: No matching DirectoryIndex (index.php,index.php8,index.php7,index.php5,index.perl,index.pl,index.plx,index.ppl,index.cgi,index.jsp,index.jp,index.phtml,index.shtml,index.xhtml,index.html,index.htm,index.js) found, and server-generated directory index forbidden by Options directive
[Mon May 06 02:45:14.814892 2024] [autoindex:error] [pid 24162:tid 47510115706624] [client 94.156.64.75:41060] AH01276: Cannot serve directory /home/church/public_html/blackinbusinessdirectory.com/wp-admin/js/: No matching DirectoryIndex (index.php,index.php8,index.php7,index.php5,index.perl,index.pl,index.plx,index.ppl,index.cgi,index.jsp,index.jp,index.phtml,index.shtml,index.xhtml,index.html,index.htm,index.js) found, and server-generated directory index forbidden by Options directive
[Mon May 06 02:45:30.201645 2024] [autoindex:error] [pid 24268:tid 47510088390400] [client 94.156.64.75:59132] AH01276: Cannot serve directory /home/church/public_html/blackinbusinessdirectory.com/wp-admin/js/widgets/: No matching DirectoryIndex (index.php,index.php8,index.php7,index.php5,index.perl,index.pl,index.plx,index.ppl,index.cgi,index.jsp,index.jp,index.phtml,index.shtml,index.xhtml,index.html,index.htm,index.js) found, and server-generated directory index forbidden by Options directive
[Mon May 06 02:45:36.137683 2024] [proxy_fcgi:error] [pid 24268:tid 47510119909120] [client 45.133.173.23:50974] AH01071: Got error 'Primary script unknown'
[Mon May 06 02:45:46.408722 2024] [autoindex:error] [pid 24162:tid 47510105200384] [client 94.156.64.75:43248] AH01276: Cannot serve directory /home/church/public_html/blackinbusinessdirectory.com/wp-admin/maint/: No matching DirectoryIndex (index.php,index.php8,index.php7,index.php5,index.perl,index.pl,index.plx,index.ppl,index.cgi,index.jsp,index.jp,index.phtml,index.shtml,index.xhtml,index.html,index.htm,index.js) found, and server-generated directory index forbidden by Options directive
[Mon May 06 02:45:58.492642 2024] [proxy_fcgi:error] [pid 24268:tid 47510122010368] [client 45.133.173.23:50594] AH01071: Got error 'Primary script unknown'
[Mon May 06 02:46:13.838938 2024] [proxy_fcgi:error] [pid 24268:tid 47510122010368] [client 45.133.173.23:50594] AH01071: Got error 'Primary script unknown'
[Mon May 06 02:46:24.374914 2024] [proxy_fcgi:error] [pid 24268:tid 47510122010368] [client 45.133.173.23:50594] AH01071: Got error 'Primary script unknown'
[Mon May 06 02:46:38.441536 2024] [proxy_fcgi:error] [pid 24268:tid 47510122010368] [client 45.133.173.23:50594] AH01071: Got error 'Primary script unknown'
[Mon May 06 02:46:45.536866 2024] [autoindex:error] [pid 24163:tid 47510109402880] [client 94.156.64.75:37272] AH01276: Cannot serve directory /home/church/public_html/blackinbusinessdirectory.com/wp-content/upgrade/: No matching DirectoryIndex (index.php,index.php8,index.php7,index.php5,index.perl,index.pl,index.plx,index.ppl,index.cgi,index.jsp,index.jp,index.phtml,index.shtml,index.xhtml,index.html,index.htm,index.js) found, and server-generated directory index forbidden by Options directive
[Mon May 06 02:46:50.168152 2024] [access_compat:error] [pid 24162:tid 47510122010368] [client 94.156.64.75:55054] AH01797: client denied by server configuration: /home/church/public_html/blackinbusinessdirectory.com/wp-content/uploads/index.php
[Mon May 06 02:46:51.524705 2024] [proxy_fcgi:error] [pid 24268:tid 47510122010368] [client 45.133.173.23:50594] AH01071: Got error 'Primary script unknown'
[Mon May 06 02:46:58.012500 2024] [access_compat:error] [pid 5515:tid 47510079985408] [client 94.156.64.75:51316] AH01797: client denied by server configuration: /home/church/public_html/blackinbusinessdirectory.com/wp-content/uploads/index.php
[Mon May 06 02:47:01.949496 2024] [access_compat:error] [pid 5515:tid 47510079985408] [client 94.156.64.75:51316] AH01797: client denied by server configuration: /home/church/public_html/blackinbusinessdirectory.com/wp-content/uploads/index.php
[Mon May 06 02:47:04.643292 2024] [proxy_fcgi:error] [pid 24671:tid 47510098896640] [client 45.133.173.23:64953] AH01071: Got error 'Primary script unknown'
[Mon May 06 02:47:13.568769 2024] [proxy_fcgi:error] [pid 24671:tid 47510098896640] [client 45.133.173.23:64953] AH01071: Got error 'Primary script unknown'
[Mon May 06 02:47:20.682736 2024] [proxy_fcgi:error] [pid 24671:tid 47510098896640] [client 45.133.173.23:64953] AH01071: Got error 'Primary script unknown'
[Mon May 06 02:47:21.016248 2024] [autoindex:error] [pid 5515:tid 47510113605376] [client 94.156.64.75:45884] AH01276: Cannot serve directory /home/church/public_html/blackinbusinessdirectory.com/wp-includes/: No matching DirectoryIndex (index.php,index.php8,index.php7,index.php5,index.perl,index.pl,index.plx,index.ppl,index.cgi,index.jsp,index.jp,index.phtml,index.shtml,index.xhtml,index.html,index.htm,index.js) found, and server-generated directory index forbidden by Options directive
[Mon May 06 02:47:28.124992 2024] [autoindex:error] [pid 24163:tid 47510077884160] [client 94.156.64.75:56644] AH01276: Cannot serve directory /home/church/public_html/blackinbusinessdirectory.com/wp-includes/ID3/: No matching DirectoryIndex (index.php,index.php8,index.php7,index.php5,index.perl,index.pl,index.plx,index.ppl,index.cgi,index.jsp,index.jp,index.phtml,index.shtml,index.xhtml,index.html,index.htm,index.js) found, and server-generated directory index forbidden by Options directive
[Mon May 06 02:47:40.409487 2024] [proxy_fcgi:error] [pid 24671:tid 47510098896640] [client 45.133.173.23:64953] AH01071: Got error 'Primary script unknown'
[Mon May 06 02:47:43.577087 2024] [autoindex:error] [pid 24671:tid 47510192129792] [client 94.156.64.75:38110] AH01276: Cannot serve directory /home/church/public_html/blackinbusinessdirectory.com/wp-includes/IXR/: No matching DirectoryIndex (index.php,index.php8,index.php7,index.php5,index.perl,index.pl,index.plx,index.ppl,index.cgi,index.jsp,index.jp,index.phtml,index.shtml,index.xhtml,index.html,index.htm,index.js) found, and server-generated directory index forbidden by Options directive
[Mon May 06 02:47:46.624187 2024] [proxy_fcgi:error] [pid 24671:tid 47510098896640] [client 45.133.173.23:64953] AH01071: Got error 'Primary script unknown'
[Mon May 06 02:47:56.385309 2024] [autoindex:error] [pid 24268:tid 47510098896640] [client 94.156.64.75:51314] AH01276: Cannot serve directory /home/church/public_html/blackinbusinessdirectory.com/wp-includes/PHPMailer/: No matching DirectoryIndex (index.php,index.php8,index.php7,index.php5,index.perl,index.pl,index.plx,index.ppl,index.cgi,index.jsp,index.jp,index.phtml,index.shtml,index.xhtml,index.html,index.htm,index.js) found, and server-generated directory index forbidden by Options directive
[Mon May 06 02:48:12.301955 2024] [proxy_fcgi:error] [pid 24163:tid 47510094694144] [client 45.133.173.23:63830] AH01071: Got error 'Primary script unknown'
[Mon May 06 02:48:12.930817 2024] [autoindex:error] [pid 24268:tid 47510103099136] [client 94.156.64.75:40114] AH01276: Cannot serve directory /home/church/public_html/blackinbusinessdirectory.com/wp-includes/Requests/: No matching DirectoryIndex (index.php,index.php8,index.php7,index.php5,index.perl,index.pl,index.plx,index.ppl,index.cgi,index.jsp,index.jp,index.phtml,index.shtml,index.xhtml,index.html,index.htm,index.js) found, and server-generated directory index forbidden by Options directive
[Mon May 06 02:48:17.492771 2024] [proxy_fcgi:error] [pid 24163:tid 47510094694144] [client 45.133.173.23:63830] AH01071: Got error 'Primary script unknown'
[Mon May 06 02:48:33.507357 2024] [proxy_fcgi:error] [pid 24163:tid 47510094694144] [client 45.133.173.23:63830] AH01071: Got error 'Primary script unknown'
[Mon May 06 02:48:41.237926 2024] [proxy_fcgi:error] [pid 24163:tid 47510094694144] [client 45.133.173.23:63830] AH01071: Got error 'Primary script unknown'
[Mon May 06 02:49:01.982821 2024] [proxy_fcgi:error] [pid 24268:tid 47510117807872] [client 45.133.173.23:62071] AH01071: Got error 'Primary script unknown'
[Mon May 06 02:49:18.084201 2024] [proxy_fcgi:error] [pid 24268:tid 47510117807872] [client 45.133.173.23:62071] AH01071: Got error 'Primary script unknown'
[Mon May 06 02:49:20.000152 2024] [proxy_fcgi:error] [pid 24268:tid 47510117807872] [client 45.133.173.23:62071] AH01071: Got error 'Primary script unknown'
[Mon May 06 02:49:26.213819 2024] [proxy_fcgi:error] [pid 24268:tid 47510117807872] [client 45.133.173.23:62071] AH01071: Got error 'Primary script unknown'
[Mon May 06 02:49:39.395511 2024] [proxy_fcgi:error] [pid 24268:tid 47510117807872] [client 45.133.173.23:62071] AH01071: Got error 'Primary script unknown'
[Mon May 06 02:50:06.341311 2024] [proxy_fcgi:error] [pid 24162:tid 47510113605376] [client 45.133.173.23:61019] AH01071: Got error 'Primary script unknown'
[Mon May 06 02:50:24.446508 2024] [proxy_fcgi:error] [pid 24162:tid 47510113605376] [client 45.133.173.23:61019] AH01071: Got error 'Primary script unknown'
[Mon May 06 02:50:29.780184 2024] [proxy_fcgi:error] [pid 24162:tid 47510113605376] [client 45.133.173.23:61019] AH01071: Got error 'Primary script unknown'
[Mon May 06 02:50:44.827940 2024] [proxy_fcgi:error] [pid 24162:tid 47510113605376] [client 45.133.173.23:61019] AH01071: Got error 'Primary script unknown'
[Mon May 06 02:50:46.616374 2024] [proxy_fcgi:error] [pid 24671:tid 47510073681664] [client 45.133.173.23:60360] AH01071: Got error 'Primary script unknown'
[Mon May 06 02:50:47.348536 2024] [autoindex:error] [pid 5515:tid 47510086289152] [client 94.156.64.75:44114] AH01276: Cannot serve directory /home/church/public_html/blackinbusinessdirectory.com/wp-includes/SimplePie/: No matching DirectoryIndex (index.php,index.php8,index.php7,index.php5,index.perl,index.pl,index.plx,index.ppl,index.cgi,index.jsp,index.jp,index.phtml,index.shtml,index.xhtml,index.html,index.htm,index.js) found, and server-generated directory index forbidden by Options directive
[Mon May 06 02:50:56.277814 2024] [proxy_fcgi:error] [pid 24671:tid 47510073681664] [client 45.133.173.23:60360] AH01071: Got error 'Primary script unknown'
[Mon May 06 02:50:57.625743 2024] [proxy_fcgi:error] [pid 24671:tid 47510073681664] [client 45.133.173.23:60360] AH01071: Got error 'Primary script unknown'
[Mon May 06 02:51:03.033036 2024] [autoindex:error] [pid 24671:tid 47510111504128] [client 94.156.64.75:53008] AH01276: Cannot serve directory /home/church/public_html/blackinbusinessdirectory.com/wp-includes/SimplePie/Cache/: No matching DirectoryIndex (index.php,index.php8,index.php7,index.php5,index.perl,index.pl,index.plx,index.ppl,index.cgi,index.jsp,index.jp,index.phtml,index.shtml,index.xhtml,index.html,index.htm,index.js) found, and server-generated directory index forbidden by Options directive
[Mon May 06 02:51:10.805256 2024] [proxy_fcgi:error] [pid 24671:tid 47510073681664] [client 45.133.173.23:60360] AH01071: Got error 'Primary script unknown'
[Mon May 06 02:51:18.968892 2024] [autoindex:error] [pid 24163:tid 47510096795392] [client 94.156.64.75:58030] AH01276: Cannot serve directory /home/church/public_html/blackinbusinessdirectory.com/wp-includes/SimplePie/Content/Type/: No matching DirectoryIndex (index.php,index.php8,index.php7,index.php5,index.perl,index.pl,index.plx,index.ppl,index.cgi,index.jsp,index.jp,index.phtml,index.shtml,index.xhtml,index.html,index.htm,index.js) found, and server-generated directory index forbidden by Options directive
[Mon May 06 02:51:27.449040 2024] [autoindex:error] [pid 24671:tid 47510084187904] [client 94.156.64.75:53072] AH01276: Cannot serve directory /home/church/public_html/blackinbusinessdirectory.com/wp-includes/SimplePie/Decode/HTML/: No matching DirectoryIndex (index.php,index.php8,index.php7,index.php5,index.perl,index.pl,index.plx,index.ppl,index.cgi,index.jsp,index.jp,index.phtml,index.shtml,index.xhtml,index.html,index.htm,index.js) found, and server-generated directory index forbidden by Options directive
[Mon May 06 02:51:44.175038 2024] [autoindex:error] [pid 24163:tid 47510092592896] [client 94.156.64.75:37974] AH01276: Cannot serve directory /home/church/public_html/blackinbusinessdirectory.com/wp-includes/SimplePie/HTTP/: No matching DirectoryIndex (index.php,index.php8,index.php7,index.php5,index.perl,index.pl,index.plx,index.ppl,index.cgi,index.jsp,index.jp,index.phtml,index.shtml,index.xhtml,index.html,index.htm,index.js) found, and server-generated directory index forbidden by Options directive
[Mon May 06 02:51:52.943727 2024] [proxy_fcgi:error] [pid 24268:tid 47510192129792] [client 45.133.173.23:55944] AH01071: Got error 'Primary script unknown'
[Mon May 06 02:51:57.084098 2024] [autoindex:error] [pid 24671:tid 47510115706624] [client 94.156.64.75:51836] AH01276: Cannot serve directory /home/church/public_html/blackinbusinessdirectory.com/wp-includes/SimplePie/Net/: No matching DirectoryIndex (index.php,index.php8,index.php7,index.php5,index.perl,index.pl,index.plx,index.ppl,index.cgi,index.jsp,index.jp,index.phtml,index.shtml,index.xhtml,index.html,index.htm,index.js) found, and server-generated directory index forbidden by Options directive
[Mon May 06 02:52:05.451685 2024] [proxy_fcgi:error] [pid 24268:tid 47510192129792] [client 45.133.173.23:55944] AH01071: Got error 'Primary script unknown'
[Mon May 06 02:52:10.366888 2024] [proxy_fcgi:error] [pid 24268:tid 47510192129792] [client 45.133.173.23:55944] AH01071: Got error 'Primary script unknown'
[Mon May 06 02:52:15.170849 2024] [proxy_fcgi:error] [pid 24268:tid 47510192129792] [client 45.133.173.23:55944] AH01071: Got error 'Primary script unknown'
[Mon May 06 02:52:18.618620 2024] [autoindex:error] [pid 24162:tid 47510075782912] [client 94.156.64.75:53434] AH01276: Cannot serve directory /home/church/public_html/blackinbusinessdirectory.com/wp-includes/SimplePie/Parse/: No matching DirectoryIndex (index.php,index.php8,index.php7,index.php5,index.perl,index.pl,index.plx,index.ppl,index.cgi,index.jsp,index.jp,index.phtml,index.shtml,index.xhtml,index.html,index.htm,index.js) found, and server-generated directory index forbidden by Options directive
[Mon May 06 02:52:37.505469 2024] [proxy_fcgi:error] [pid 24163:tid 47510098896640] [client 45.133.173.23:52753] AH01071: Got error 'Primary script unknown'
[Mon May 06 02:52:41.506423 2024] [autoindex:error] [pid 24162:tid 47510094694144] [client 94.156.64.75:56282] AH01276: Cannot serve directory /home/church/public_html/blackinbusinessdirectory.com/wp-includes/SimplePie/XML/Declaration/: No matching DirectoryIndex (index.php,index.php8,index.php7,index.php5,index.perl,index.pl,index.plx,index.ppl,index.cgi,index.jsp,index.jp,index.phtml,index.shtml,index.xhtml,index.html,index.htm,index.js) found, and server-generated directory index forbidden by Options directive
[Mon May 06 02:52:47.744679 2024] [autoindex:error] [pid 5515:tid 47510090491648] [client 94.156.64.75:55292] AH01276: Cannot serve directory /home/church/public_html/blackinbusinessdirectory.com/wp-includes/Text/: No matching DirectoryIndex (index.php,index.php8,index.php7,index.php5,index.perl,index.pl,index.plx,index.ppl,index.cgi,index.jsp,index.jp,index.phtml,index.shtml,index.xhtml,index.html,index.htm,index.js) found, and server-generated directory index forbidden by Options directive
[Mon May 06 02:52:50.213291 2024] [proxy_fcgi:error] [pid 24163:tid 47510098896640] [client 45.133.173.23:52753] AH01071: Got error 'Primary script unknown'
[Mon May 06 02:52:57.382323 2024] [proxy_fcgi:error] [pid 24163:tid 47510098896640] [client 45.133.173.23:52753] AH01071: Got error 'Primary script unknown'
[Mon May 06 02:53:03.866479 2024] [autoindex:error] [pid 24162:tid 47510073681664] [client 94.156.64.75:51758] AH01276: Cannot serve directory /home/church/public_html/blackinbusinessdirectory.com/wp-includes/Text/Diff/: No matching DirectoryIndex (index.php,index.php8,index.php7,index.php5,index.perl,index.pl,index.plx,index.ppl,index.cgi,index.jsp,index.jp,index.phtml,index.shtml,index.xhtml,index.html,index.htm,index.js) found, and server-generated directory index forbidden by Options directive
[Mon May 06 02:53:04.236534 2024] [proxy_fcgi:error] [pid 24163:tid 47510098896640] [client 45.133.173.23:52753] AH01071: Got error 'Primary script unknown'
[Mon May 06 02:53:11.537206 2024] [autoindex:error] [pid 24268:tid 47510090491648] [client 94.156.64.75:53756] AH01276: Cannot serve directory /home/church/public_html/blackinbusinessdirectory.com/wp-includes/Text/Diff/Engine/: No matching DirectoryIndex (index.php,index.php8,index.php7,index.php5,index.perl,index.pl,index.plx,index.ppl,index.cgi,index.jsp,index.jp,index.phtml,index.shtml,index.xhtml,index.html,index.htm,index.js) found, and server-generated directory index forbidden by Options directive
[Mon May 06 02:53:21.432329 2024] [proxy_fcgi:error] [pid 24163:tid 47510098896640] [client 45.133.173.23:52753] AH01071: Got error 'Primary script unknown'
[Mon May 06 02:53:32.583696 2024] [autoindex:error] [pid 24162:tid 47510096795392] [client 94.156.64.75:41304] AH01276: Cannot serve directory /home/church/public_html/blackinbusinessdirectory.com/wp-includes/Text/Diff/Renderer/: No matching DirectoryIndex (index.php,index.php8,index.php7,index.php5,index.perl,index.pl,index.plx,index.ppl,index.cgi,index.jsp,index.jp,index.phtml,index.shtml,index.xhtml,index.html,index.htm,index.js) found, and server-generated directory index forbidden by Options directive
[Mon May 06 02:53:50.288760 2024] [autoindex:error] [pid 24268:tid 47510092592896] [client 94.156.64.75:53898] AH01276: Cannot serve directory /home/church/public_html/blackinbusinessdirectory.com/wp-includes/assets/: No matching DirectoryIndex (index.php,index.php8,index.php7,index.php5,index.perl,index.pl,index.plx,index.ppl,index.cgi,index.jsp,index.jp,index.phtml,index.shtml,index.xhtml,index.html,index.htm,index.js) found, and server-generated directory index forbidden by Options directive
[Mon May 06 02:54:06.166122 2024] [autoindex:error] [pid 5515:tid 47510105200384] [client 94.156.64.75:46904] AH01276: Cannot serve directory /home/church/public_html/blackinbusinessdirectory.com/wp-includes/block-patterns/: No matching DirectoryIndex (index.php,index.php8,index.php7,index.php5,index.perl,index.pl,index.plx,index.ppl,index.cgi,index.jsp,index.jp,index.phtml,index.shtml,index.xhtml,index.html,index.htm,index.js) found, and server-generated directory index forbidden by Options directive
[Mon May 06 02:54:21.330750 2024] [autoindex:error] [pid 24162:tid 47510090491648] [client 94.156.64.75:56200] AH01276: Cannot serve directory /home/church/public_html/blackinbusinessdirectory.com/wp-includes/block-supports/: No matching DirectoryIndex (index.php,index.php8,index.php7,index.php5,index.perl,index.pl,index.plx,index.ppl,index.cgi,index.jsp,index.jp,index.phtml,index.shtml,index.xhtml,index.html,index.htm,index.js) found, and server-generated directory index forbidden by Options directive
[Mon May 06 02:54:38.876950 2024] [autoindex:error] [pid 24268:tid 47510109402880] [client 94.156.64.75:45348] AH01276: Cannot serve directory /home/church/public_html/blackinbusinessdirectory.com/wp-includes/blocks/archives/: No matching DirectoryIndex (index.php,index.php8,index.php7,index.php5,index.perl,index.pl,index.plx,index.ppl,index.cgi,index.jsp,index.jp,index.phtml,index.shtml,index.xhtml,index.html,index.htm,index.js) found, and server-generated directory index forbidden by Options directive
[Mon May 06 02:54:42.187312 2024] [access_compat:error] [pid 24163:tid 47510084187904] [client 45.133.173.23:64156] AH01797: client denied by server configuration: /home/church/public_html/wp-content/uploads/wpcf7_captcha/
[Mon May 06 02:55:56.027424 2024] [autoindex:error] [pid 5515:tid 47510100997888] [client 94.156.64.75:52650] AH01276: Cannot serve directory /home/church/public_html/blackinbusinessdirectory.com/wp-includes/blocks/audio/: No matching DirectoryIndex (index.php,index.php8,index.php7,index.php5,index.perl,index.pl,index.plx,index.ppl,index.cgi,index.jsp,index.jp,index.phtml,index.shtml,index.xhtml,index.html,index.htm,index.js) found, and server-generated directory index forbidden by Options directive
[Mon May 06 02:56:14.276455 2024] [autoindex:error] [pid 24268:tid 47510094694144] [client 94.156.64.75:44086] AH01276: Cannot serve directory /home/church/public_html/blackinbusinessdirectory.com/wp-includes/blocks/block/: No matching DirectoryIndex (index.php,index.php8,index.php7,index.php5,index.perl,index.pl,index.plx,index.ppl,index.cgi,index.jsp,index.jp,index.phtml,index.shtml,index.xhtml,index.html,index.htm,index.js) found, and server-generated directory index forbidden by Options directive
[Mon May 06 02:56:25.924774 2024] [autoindex:error] [pid 24671:tid 47510122010368] [client 94.156.64.75:41062] AH01276: Cannot serve directory /home/church/public_html/blackinbusinessdirectory.com/wp-includes/blocks/button/: No matching DirectoryIndex (index.php,index.php8,index.php7,index.php5,index.perl,index.pl,index.plx,index.ppl,index.cgi,index.jsp,index.jp,index.phtml,index.shtml,index.xhtml,index.html,index.htm,index.js) found, and server-generated directory index forbidden by Options directive
[Mon May 06 02:56:42.280932 2024] [autoindex:error] [pid 24268:tid 47510092592896] [client 94.156.64.75:51162] AH01276: Cannot serve directory /home/church/public_html/blackinbusinessdirectory.com/wp-includes/blocks/buttons/: No matching DirectoryIndex (index.php,index.php8,index.php7,index.php5,index.perl,index.pl,index.plx,index.ppl,index.cgi,index.jsp,index.jp,index.phtml,index.shtml,index.xhtml,index.html,index.htm,index.js) found, and server-generated directory index forbidden by Options directive
[Mon May 06 02:57:02.076426 2024] [cgid:error] [pid 5515:tid 47510094694144] [client 45.133.173.23:61131] AH01265: attempt to invoke directory as script: /home/church/public_html/cgi-bin/
[Mon May 06 03:28:24.162070 2024] [:error] [pid 24268:tid 47510100997888] [client 15.204.31.182:59380] File does not exist: /var/www/html/upl.php
[Mon May 06 03:28:24.629262 2024] [:error] [pid 5515:tid 47510105200384] [client 15.204.31.182:59420] File does not exist: /var/www/html/1.php
[Mon May 06 03:28:25.099483 2024] [:error] [pid 24671:tid 47510096795392] [client 15.204.31.182:59460] File does not exist: /var/www/html/password.php
[Mon May 06 03:28:25.223825 2024] [:error] [pid 5515:tid 47510077884160] [client 15.204.31.182:59468] File does not exist: /var/www/html/info.php
[Mon May 06 04:51:06.760632 2024] [autoindex:error] [pid 24163:tid 47510107301632] [client 185.91.69.157:61863] AH01276: Cannot serve directory /home/church/public_html/blackinbusinessdirectory.com/.well-known/: No matching DirectoryIndex (index.php,index.php8,index.php7,index.php5,index.perl,index.pl,index.plx,index.ppl,index.cgi,index.jsp,index.jp,index.phtml,index.shtml,index.xhtml,index.html,index.htm,index.js) found, and server-generated directory index forbidden by Options directive
[Mon May 06 04:51:21.563414 2024] [autoindex:error] [pid 24671:tid 47510111504128] [client 185.91.69.157:63734] AH01276: Cannot serve directory /home/church/public_html/blackinbusinessdirectory.com/.well-known/: No matching DirectoryIndex (index.php,index.php8,index.php7,index.php5,index.perl,index.pl,index.plx,index.ppl,index.cgi,index.jsp,index.jp,index.phtml,index.shtml,index.xhtml,index.html,index.htm,index.js) found, and server-generated directory index forbidden by Options directive
[Mon May 06 04:51:43.823886 2024] [autoindex:error] [pid 5515:tid 47510086289152] [client 185.91.69.157:51683] AH01276: Cannot serve directory /home/church/public_html/blackinbusinessdirectory.com/.well-known/acme-challenge/: No matching DirectoryIndex (index.php,index.php8,index.php7,index.php5,index.perl,index.pl,index.plx,index.ppl,index.cgi,index.jsp,index.jp,index.phtml,index.shtml,index.xhtml,index.html,index.htm,index.js) found, and server-generated directory index forbidden by Options directive
[Mon May 06 04:52:08.367348 2024] [autoindex:error] [pid 24268:tid 47510073681664] [client 185.91.69.157:63316] AH01276: Cannot serve directory /home/church/public_html/blackinbusinessdirectory.com/.well-known/acme-challenge/: No matching DirectoryIndex (index.php,index.php8,index.php7,index.php5,index.perl,index.pl,index.plx,index.ppl,index.cgi,index.jsp,index.jp,index.phtml,index.shtml,index.xhtml,index.html,index.htm,index.js) found, and server-generated directory index forbidden by Options directive
[Mon May 06 04:52:33.604143 2024] [autoindex:error] [pid 24162:tid 47510098896640] [client 185.91.69.157:52426] AH01276: Cannot serve directory /home/church/public_html/blackinbusinessdirectory.com/.well-known/pki-validation/: No matching DirectoryIndex (index.php,index.php8,index.php7,index.php5,index.perl,index.pl,index.plx,index.ppl,index.cgi,index.jsp,index.jp,index.phtml,index.shtml,index.xhtml,index.html,index.htm,index.js) found, and server-generated directory index forbidden by Options directive
[Mon May 06 04:56:57.180956 2024] [cgid:error] [pid 24671:tid 47510122010368] [client 185.91.69.157:53622] AH01265: attempt to invoke directory as script: /home/church/public_html/blackinbusinessdirectory.com/cgi-bin/
[Mon May 06 04:57:11.940180 2024] [cgid:error] [pid 24268:tid 47510090491648] [client 185.91.69.157:55477] AH01265: attempt to invoke directory as script: /home/church/public_html/blackinbusinessdirectory.com/cgi-bin/
[Mon May 06 05:07:36.446989 2024] [autoindex:error] [pid 24163:tid 47510119909120] [client 185.91.69.157:64402] AH01276: Cannot serve directory /home/church/public_html/blackinbusinessdirectory.com/wp-admin/css/: No matching DirectoryIndex (index.php,index.php8,index.php7,index.php5,index.perl,index.pl,index.plx,index.ppl,index.cgi,index.jsp,index.jp,index.phtml,index.shtml,index.xhtml,index.html,index.htm,index.js) found, and server-generated directory index forbidden by Options directive
[Mon May 06 05:07:49.699206 2024] [autoindex:error] [pid 24163:tid 47510113605376] [client 185.91.69.157:53101] AH01276: Cannot serve directory /home/church/public_html/blackinbusinessdirectory.com/wp-admin/css/: No matching DirectoryIndex (index.php,index.php8,index.php7,index.php5,index.perl,index.pl,index.plx,index.ppl,index.cgi,index.jsp,index.jp,index.phtml,index.shtml,index.xhtml,index.html,index.htm,index.js) found, and server-generated directory index forbidden by Options directive
