185.191.171.17 - - [07/Feb/2025:09:34:12 -0600] "GET /aqhrp/radamm-breaking-news.html HTTP/1.1" 200 28782 "-" "Mozilla/5.0 (compatible; SemrushBot/7~bl; +http://www.semrush.com/bot.html)"
185.191.171.3 - - [07/Feb/2025:09:34:26 -0600] "GET /aqhrp/ormond-beach-newspaper.html HTTP/1.1" 200 40973 "-" "Mozilla/5.0 (compatible; SemrushBot/7~bl; +http://www.semrush.com/bot.html)"
185.191.171.19 - - [07/Feb/2025:09:34:40 -0600] "GET /aqhrp/how-to-adjust-retained-earnings-in-quickbooks.html HTTP/1.1" 200 30938 "-" "Mozilla/5.0 (compatible; SemrushBot/7~bl; +http://www.semrush.com/bot.html)"
185.191.171.4 - - [07/Feb/2025:09:34:43 -0600] "GET /aqhrp/api-rest-issabel-tutorial.html HTTP/1.1" 200 30822 "-" "Mozilla/5.0 (compatible; SemrushBot/7~bl; +http://www.semrush.com/bot.html)"
185.191.171.17 - - [07/Feb/2025:09:35:04 -0600] "GET /aqhrp/cogat-composite-score-132-interpretation-reddit.html HTTP/1.1" 200 43229 "-" "Mozilla/5.0 (compatible; SemrushBot/7~bl; +http://www.semrush.com/bot.html)"
185.191.171.19 - - [07/Feb/2025:09:35:14 -0600] "GET /aqhrp/chilton-county-warrants.html HTTP/1.1" 200 36187 "-" "Mozilla/5.0 (compatible; SemrushBot/7~bl; +http://www.semrush.com/bot.html)"
185.191.171.17 - - [07/Feb/2025:09:36:06 -0600] "GET /fblslia/tokyo-revengers-chronological-order.html HTTP/1.1" 200 32416 "-" "Mozilla/5.0 (compatible; SemrushBot/7~bl; +http://www.semrush.com/bot.html)"
185.191.171.6 - - [07/Feb/2025:09:36:31 -0600] "GET /aqhrp/lethal-panda-scripts-download-free.html HTTP/1.1" 200 35704 "-" "Mozilla/5.0 (compatible; SemrushBot/7~bl; +http://www.semrush.com/bot.html)"
85.208.96.208 - - [07/Feb/2025:09:36:39 -0600] "GET /fblslia/morton-johnson-obituaries-benton-il.html HTTP/1.1" 200 44365 "-" "Mozilla/5.0 (compatible; SemrushBot/7~bl; +http://www.semrush.com/bot.html)"
185.191.171.8 - - [07/Feb/2025:09:37:08 -0600] "GET /aqhrp/bank-of-america-remote-jobs.html HTTP/1.1" 200 53509 "-" "Mozilla/5.0 (compatible; SemrushBot/7~bl; +http://www.semrush.com/bot.html)"
85.208.96.211 - - [07/Feb/2025:09:37:27 -0600] "GET /aqhrp/euclid-campus-online-login-password.html HTTP/1.1" 200 27322 "-" "Mozilla/5.0 (compatible; SemrushBot/7~bl; +http://www.semrush.com/bot.html)"
185.191.171.3 - - [07/Feb/2025:09:37:37 -0600] "GET /aqhrp/titanic-facts-no-one-knew.html HTTP/1.1" 200 45239 "-" "Mozilla/5.0 (compatible; SemrushBot/7~bl; +http://www.semrush.com/bot.html)"
185.191.171.18 - - [07/Feb/2025:09:37:40 -0600] "GET /aqhrp/working-in-coles.html HTTP/1.1" 200 40728 "-" "Mozilla/5.0 (compatible; SemrushBot/7~bl; +http://www.semrush.com/bot.html)"
185.191.171.15 - - [07/Feb/2025:09:37:43 -0600] "GET /aqhrp/mack-bros-evo-action-review.html HTTP/1.1" 200 53916 "-" "Mozilla/5.0 (compatible; SemrushBot/7~bl; +http://www.semrush.com/bot.html)"
185.191.171.4 - - [07/Feb/2025:09:37:46 -0600] "GET /aqhrp/rivertown-funeral-home-obituaries-near-dubai.html HTTP/1.1" 200 33316 "-" "Mozilla/5.0 (compatible; SemrushBot/7~bl; +http://www.semrush.com/bot.html)"
185.191.171.13 - - [07/Feb/2025:09:37:47 -0600] "GET /aqhrp/insecam-live-cameras-directory.html HTTP/1.1" 200 23779 "-" "Mozilla/5.0 (compatible; SemrushBot/7~bl; +http://www.semrush.com/bot.html)"
185.191.171.14 - - [07/Feb/2025:09:38:03 -0600] "GET /fblslia/active-inmate-list-seneca-county-ohio.html HTTP/1.1" 200 44580 "-" "Mozilla/5.0 (compatible; SemrushBot/7~bl; +http://www.semrush.com/bot.html)"
216.244.66.234 - - [07/Feb/2025:09:38:04 -0600] "GET /robots.txt HTTP/1.1" 200 1017 "-" "Mozilla/5.0 (compatible; DotBot/1.2; +https://opensiteexplorer.org/dotbot; help@moz.com)"
185.191.171.13 - - [07/Feb/2025:09:38:11 -0600] "GET /aqhrp/google-lens-open.html HTTP/1.1" 200 26910 "-" "Mozilla/5.0 (compatible; SemrushBot/7~bl; +http://www.semrush.com/bot.html)"
185.191.171.7 - - [07/Feb/2025:09:38:18 -0600] "GET /aqhrp/kijiji-jobs-scarborough-no-experience-needed-part-time.html HTTP/1.1" 200 43165 "-" "Mozilla/5.0 (compatible; SemrushBot/7~bl; +http://www.semrush.com/bot.html)"
185.191.171.8 - - [07/Feb/2025:09:38:32 -0600] "GET /aqhrp/cheap-houses-for-rent-in-clermont-fl-by-owner.html HTTP/1.1" 200 32565 "-" "Mozilla/5.0 (compatible; SemrushBot/7~bl; +http://www.semrush.com/bot.html)"
185.191.171.13 - - [07/Feb/2025:09:38:34 -0600] "GET /fblslia/spoofing-vs-phishing-pharming.html HTTP/1.1" 200 49346 "-" "Mozilla/5.0 (compatible; SemrushBot/7~bl; +http://www.semrush.com/bot.html)"
85.208.96.207 - - [07/Feb/2025:09:38:36 -0600] "GET /aqhrp/quantum-fiber-outage.html HTTP/1.1" 200 33422 "-" "Mozilla/5.0 (compatible; SemrushBot/7~bl; +http://www.semrush.com/bot.html)"
47.82.11.148 - - [07/Feb/2025:09:38:49 -0600] "GET /aqhrp/green-hills-funeral-home-rancho-palos-verdes.html HTTP/1.1" 200 27552 "http://impactplugin.calvarycrossag.com/aqhrp/green-hills-funeral-home-rancho-palos-verdes.html" "Mozilla/5.0 (Windows NT 10.0; Win64; x64) AppleWebKit/537.36 (KHTML, like Gecko) Chrome/114.0.0.0 Safari/537.36 Edg/114.0.1823.43"
119.8.103.181 - - [07/Feb/2025:09:38:52 -0600] "GET /fblslia/deepcool-cpu-fans.html HTTP/2.0" 200 49656 "http://impactplugin.calvarycrossag.com/fblslia/deepcool-cpu-fans.html" "Mozilla/5.0 (Windows NT 10.0; Win64; x64) AppleWebKit/537.36 (KHTML, like Gecko) Chrome/104.0.0.0 Safari/537.36"
119.8.103.181 - - [07/Feb/2025:09:38:52 -0600] "GET /fblslia/deepcool-cpu-fans.html HTTP/1.1" 101 - "http://impactplugin.calvarycrossag.com/fblslia/deepcool-cpu-fans.html" "Mozilla/5.0 (Windows NT 10.0; Win64; x64) AppleWebKit/537.36 (KHTML, like Gecko) Chrome/104.0.0.0 Safari/537.36"
85.208.96.212 - - [07/Feb/2025:09:39:00 -0600] "GET /aqhrp/bewogen-synoniemen.html HTTP/1.1" 200 35613 "-" "Mozilla/5.0 (compatible; SemrushBot/7~bl; +http://www.semrush.com/bot.html)"
85.208.96.200 - - [07/Feb/2025:09:39:04 -0600] "GET /aqhrp/ksib-news.html HTTP/1.1" 200 26739 "-" "Mozilla/5.0 (compatible; SemrushBot/7~bl; +http://www.semrush.com/bot.html)"
85.208.96.198 - - [07/Feb/2025:09:39:09 -0600] "GET /aqhrp/upholstery-webbing-near-dhaka.html HTTP/1.1" 200 47518 "-" "Mozilla/5.0 (compatible; SemrushBot/7~bl; +http://www.semrush.com/bot.html)"
5.255.231.61 - - [07/Feb/2025:09:39:27 -0600] "GET /aqhrp/jojo-punch-sfx.html HTTP/1.1" 200 38766 "-" "Mozilla/5.0 (compatible; YandexBot/3.0; +http://yandex.com/bots)"
47.128.56.154 - - [07/Feb/2025:09:39:40 -0600] "GET /fblslia/truck-driver-visa-sponsorship-jobs-nz.html HTTP/1.1" 200 55970 "-" "Mozilla/5.0 (Linux; Android 5.0) AppleWebKit/537.36 (KHTML, like Gecko) Mobile Safari/537.36 (compatible; Bytespider; spider-feedback@bytedance.com)"
85.208.96.212 - - [07/Feb/2025:09:39:45 -0600] "GET /aqhrp/1938-chevy-sedan-for-sale.html HTTP/1.1" 200 46228 "-" "Mozilla/5.0 (compatible; SemrushBot/7~bl; +http://www.semrush.com/bot.html)"
85.208.96.210 - - [07/Feb/2025:09:40:30 -0600] "GET /fblslia/google-marketing-manager-salary-near-redlands-ca.html HTTP/1.1" 200 34406 "-" "Mozilla/5.0 (compatible; SemrushBot/7~bl; +http://www.semrush.com/bot.html)"
185.191.171.5 - - [07/Feb/2025:09:40:58 -0600] "GET /aqhrp/faribault-mn-obituaries-parker-kohl.html HTTP/1.1" 200 41497 "-" "Mozilla/5.0 (compatible; SemrushBot/7~bl; +http://www.semrush.com/bot.html)"
85.208.96.212 - - [07/Feb/2025:09:41:10 -0600] "GET /aqhrp/traffic-fines.html HTTP/1.1" 200 45373 "-" "Mozilla/5.0 (compatible; SemrushBot/7~bl; +http://www.semrush.com/bot.html)"
85.208.96.210 - - [07/Feb/2025:09:41:35 -0600] "GET /aqhrp/south-carolina-judicial-page.html HTTP/1.1" 200 56752 "-" "Mozilla/5.0 (compatible; SemrushBot/7~bl; +http://www.semrush.com/bot.html)"
185.191.171.7 - - [07/Feb/2025:09:41:45 -0600] "GET /aqhrp/is-nurosym-a-scam.html HTTP/1.1" 200 43488 "-" "Mozilla/5.0 (compatible; SemrushBot/7~bl; +http://www.semrush.com/bot.html)"
185.191.171.10 - - [07/Feb/2025:09:41:49 -0600] "GET /fblslia/pdf-to-base64-converter.html HTTP/1.1" 200 38505 "-" "Mozilla/5.0 (compatible; SemrushBot/7~bl; +http://www.semrush.com/bot.html)"
185.191.171.5 - - [07/Feb/2025:09:42:04 -0600] "GET /aqhrp/salvage-cars.html HTTP/1.1" 200 44124 "-" "Mozilla/5.0 (compatible; SemrushBot/7~bl; +http://www.semrush.com/bot.html)"
185.191.171.13 - - [07/Feb/2025:09:42:05 -0600] "GET /aqhrp/florida-arrests-org-seminole.html HTTP/1.1" 200 23499 "-" "Mozilla/5.0 (compatible; SemrushBot/7~bl; +http://www.semrush.com/bot.html)"
85.208.96.197 - - [07/Feb/2025:09:42:06 -0600] "GET /aqhrp/entry-level-supply-chain-titles.html HTTP/1.1" 200 60196 "-" "Mozilla/5.0 (compatible; SemrushBot/7~bl; +http://www.semrush.com/bot.html)"
185.191.171.14 - - [07/Feb/2025:09:42:08 -0600] "GET /fblslia/latest-elliot-lake-obituaries.html HTTP/1.1" 200 40461 "-" "Mozilla/5.0 (compatible; SemrushBot/7~bl; +http://www.semrush.com/bot.html)"
85.208.96.208 - - [07/Feb/2025:09:42:27 -0600] "GET /aqhrp/pimcore-wordpress-integration.html HTTP/1.1" 200 65760 "-" "Mozilla/5.0 (compatible; SemrushBot/7~bl; +http://www.semrush.com/bot.html)"
85.208.96.200 - - [07/Feb/2025:09:42:28 -0600] "GET /fblslia/sim-settlements-2-settlers.html HTTP/1.1" 200 53062 "-" "Mozilla/5.0 (compatible; SemrushBot/7~bl; +http://www.semrush.com/bot.html)"
85.208.96.210 - - [07/Feb/2025:09:42:33 -0600] "GET /fblslia/jerseyville-il-obituaries.html HTTP/1.1" 200 38876 "-" "Mozilla/5.0 (compatible; SemrushBot/7~bl; +http://www.semrush.com/bot.html)"
185.191.171.14 - - [07/Feb/2025:09:42:46 -0600] "GET /aqhrp/docker-bash-into-container-example.html HTTP/1.1" 200 31863 "-" "Mozilla/5.0 (compatible; SemrushBot/7~bl; +http://www.semrush.com/bot.html)"
85.208.96.208 - - [07/Feb/2025:09:42:48 -0600] "GET /aqhrp/duplin-county-public-records-property-by-address.html HTTP/1.1" 200 38456 "-" "Mozilla/5.0 (compatible; SemrushBot/7~bl; +http://www.semrush.com/bot.html)"
85.208.96.194 - - [07/Feb/2025:09:43:04 -0600] "GET /aqhrp/reed-funeral-home-ltd-obituaries.html HTTP/1.1" 200 61460 "-" "Mozilla/5.0 (compatible; SemrushBot/7~bl; +http://www.semrush.com/bot.html)"
185.191.171.2 - - [07/Feb/2025:09:43:09 -0600] "GET /aqhrp/paid-apps-gone-free-apk.html HTTP/1.1" 200 29753 "-" "Mozilla/5.0 (compatible; SemrushBot/7~bl; +http://www.semrush.com/bot.html)"
47.128.121.131 - - [07/Feb/2025:09:43:10 -0600] "GET /aqhrp/rfp-response-template-excel.html HTTP/1.1" 200 38582 "-" "Mozilla/5.0 (Linux; Android 5.0) AppleWebKit/537.36 (KHTML, like Gecko) Mobile Safari/537.36 (compatible; Bytespider; spider-feedback@bytedance.com)"
47.82.11.229 - - [07/Feb/2025:09:43:33 -0600] "GET /aqhrp/national-airport-corporation-job-vacancies-2024.html HTTP/1.1" 200 41702 "http://impactplugin.calvarycrossag.com/aqhrp/national-airport-corporation-job-vacancies-2024.html" "Mozilla/5.0 (Windows NT 10.0; Win64; x64) AppleWebKit/537.36 (KHTML, like Gecko) Chrome/114.0.0.0 Safari/537.36 Edg/114.0.1823.43"
166.108.192.252 - - [07/Feb/2025:09:43:33 -0600] "GET /aqhrp/kendo-grid-events-error.html HTTP/2.0" 200 40546 "http://impactplugin.calvarycrossag.com/aqhrp/kendo-grid-events-error.html" "Mozilla/5.0 (Windows NT 10.0; Win64; x64) AppleWebKit/537.36 (KHTML, like Gecko) Chrome/116.0.0.0 Safari/537.36"
166.108.192.252 - - [07/Feb/2025:09:43:33 -0600] "GET /aqhrp/kendo-grid-events-error.html HTTP/1.1" 101 - "http://impactplugin.calvarycrossag.com/aqhrp/kendo-grid-events-error.html" "Mozilla/5.0 (Windows NT 10.0; Win64; x64) AppleWebKit/537.36 (KHTML, like Gecko) Chrome/116.0.0.0 Safari/537.36"
185.191.171.16 - - [07/Feb/2025:09:43:48 -0600] "GET /aqhrp/dubuque-funeral-homes-obituaries.html HTTP/1.1" 200 47142 "-" "Mozilla/5.0 (compatible; SemrushBot/7~bl; +http://www.semrush.com/bot.html)"
47.82.11.247 - - [07/Feb/2025:09:43:56 -0600] "GET /aqhrp/job-vacancy-in-pokhara-today-for-female.html HTTP/1.1" 200 50278 "http://impactplugin.calvarycrossag.com/aqhrp/job-vacancy-in-pokhara-today-for-female.html" "Mozilla/5.0 (Windows NT 10.0; Win64; x64) AppleWebKit/537.36 (KHTML, like Gecko) Chrome/114.0.0.0 Safari/537.36 Edg/114.0.1823.43"
47.82.11.10 - - [07/Feb/2025:09:43:58 -0600] "GET /aqhrp/axilight-laser-before-and-after.html HTTP/1.1" 200 32480 "http://impactplugin.calvarycrossag.com/aqhrp/axilight-laser-before-and-after.html" "Mozilla/5.0 (Windows NT 10.0; Win64; x64) AppleWebKit/537.36 (KHTML, like Gecko) Chrome/114.0.0.0 Safari/537.36 Edg/114.0.1823.43"
47.82.10.64 - - [07/Feb/2025:09:44:00 -0600] "GET /aqhrp/critical-role-campaigns.html HTTP/1.1" 200 57002 "http://impactplugin.calvarycrossag.com/aqhrp/critical-role-campaigns.html" "Mozilla/5.0 (Windows NT 10.0; Win64; x64) AppleWebKit/537.36 (KHTML, like Gecko) Chrome/114.0.0.0 Safari/537.36 Edg/114.0.1823.43"
47.82.11.169 - - [07/Feb/2025:09:44:00 -0600] "GET /aqhrp/tony-williams-singer-wikipedia.html HTTP/1.1" 200 38370 "http://impactplugin.calvarycrossag.com/aqhrp/tony-williams-singer-wikipedia.html" "Mozilla/5.0 (Windows NT 10.0; Win64; x64) AppleWebKit/537.36 (KHTML, like Gecko) Chrome/114.0.0.0 Safari/537.36 Edg/114.0.1823.43"
85.208.96.200 - - [07/Feb/2025:09:44:40 -0600] "GET /aqhrp/renee-jackson-facebook.html HTTP/1.1" 200 34073 "-" "Mozilla/5.0 (compatible; SemrushBot/7~bl; +http://www.semrush.com/bot.html)"
111.119.234.142 - - [07/Feb/2025:09:44:42 -0600] "GET /aqhrp/citi-handlowy-aplikacja.html HTTP/2.0" 200 42827 "http://impactplugin.calvarycrossag.com/aqhrp/citi-handlowy-aplikacja.html" "Mozilla/5.0 (Windows NT 10.0; Win64; x64) AppleWebKit/537.36 (KHTML, like Gecko) Chrome/104.0.0.0 Safari/537.36"
111.119.234.142 - - [07/Feb/2025:09:44:42 -0600] "GET /aqhrp/citi-handlowy-aplikacja.html HTTP/1.1" 101 - "http://impactplugin.calvarycrossag.com/aqhrp/citi-handlowy-aplikacja.html" "Mozilla/5.0 (Windows NT 10.0; Win64; x64) AppleWebKit/537.36 (KHTML, like Gecko) Chrome/104.0.0.0 Safari/537.36"
85.208.96.200 - - [07/Feb/2025:09:44:57 -0600] "GET /aqhrp/wanway-sms-commands.html HTTP/1.1" 200 43117 "-" "Mozilla/5.0 (compatible; SemrushBot/7~bl; +http://www.semrush.com/bot.html)"
85.208.96.208 - - [07/Feb/2025:09:45:09 -0600] "GET /fblslia/minimum-coins-coding-ninjas.html HTTP/1.1" 200 52519 "-" "Mozilla/5.0 (compatible; SemrushBot/7~bl; +http://www.semrush.com/bot.html)"
185.191.171.9 - - [07/Feb/2025:09:45:22 -0600] "GET /aqhrp/law-firm-incident-response-plan.html HTTP/1.1" 200 55369 "-" "Mozilla/5.0 (compatible; SemrushBot/7~bl; +http://www.semrush.com/bot.html)"
78.138.173.232 - - [07/Feb/2025:09:45:34 -0600] "GET /assets/images/wcrmxg.php HTTP/1.1" 200 5717 "-" "Mozilla/5.0 (Windows NT 10.0; Win64; x64) AppleWebKit/537.36 (KHTML, like Gecko) Chrome/129.0.0.0 Safari/537.36"
78.138.173.232 - - [07/Feb/2025:09:45:36 -0600] "GET /favicon.ico HTTP/1.1" 200 - "http://impactplugin.calvarycrossag.com/assets/images/wcrmxg.php" "Mozilla/5.0 (Windows NT 10.0; Win64; x64) AppleWebKit/537.36 (KHTML, like Gecko) Chrome/129.0.0.0 Safari/537.36"
85.208.96.200 - - [07/Feb/2025:09:45:39 -0600] "GET /aqhrp/theoretical-corporate-finance.html HTTP/1.1" 200 36981 "-" "Mozilla/5.0 (compatible; SemrushBot/7~bl; +http://www.semrush.com/bot.html)"
185.191.171.18 - - [07/Feb/2025:09:45:42 -0600] "GET /fblslia/columbus-ohio-obituaries-by-last-name.html HTTP/1.1" 200 28896 "-" "Mozilla/5.0 (compatible; SemrushBot/7~bl; +http://www.semrush.com/bot.html)"
216.244.66.234 - - [07/Feb/2025:09:45:43 -0600] "GET /fblslia/smh-death-notices-near-canby-or.html HTTP/1.1" 200 30040 "-" "Mozilla/5.0 (compatible; DotBot/1.2; +https://opensiteexplorer.org/dotbot; help@moz.com)"
85.208.96.203 - - [07/Feb/2025:09:45:48 -0600] "GET /aqhrp/union-county-org-website.html HTTP/1.1" 200 55795 "-" "Mozilla/5.0 (compatible; SemrushBot/7~bl; +http://www.semrush.com/bot.html)"
85.208.96.210 - - [07/Feb/2025:09:45:50 -0600] "GET /fblslia/deemix-2024-+-arl.html HTTP/1.1" 404 - "-" "Mozilla/5.0 (compatible; SemrushBot/7~bl; +http://www.semrush.com/bot.html)"
216.244.66.234 - - [07/Feb/2025:09:45:50 -0600] "GET /aqhrp/franklin-county-jail-current-inmates-near-el-alto.html HTTP/1.1" 200 49000 "-" "Mozilla/5.0 (compatible; DotBot/1.2; +https://opensiteexplorer.org/dotbot; help@moz.com)"
216.244.66.234 - - [07/Feb/2025:09:45:52 -0600] "GET /aqhrp/acca-level-3-practice-exam-questions.html HTTP/1.1" 200 28846 "-" "Mozilla/5.0 (compatible; DotBot/1.2; +https://opensiteexplorer.org/dotbot; help@moz.com)"
216.244.66.234 - - [07/Feb/2025:09:45:54 -0600] "GET /aqhrp/axis-bank-credit-card-activation.html HTTP/1.1" 200 45810 "-" "Mozilla/5.0 (compatible; DotBot/1.2; +https://opensiteexplorer.org/dotbot; help@moz.com)"
216.244.66.234 - - [07/Feb/2025:09:45:56 -0600] "GET /aqhrp/cbs-shreveport-news.html HTTP/1.1" 200 34629 "-" "Mozilla/5.0 (compatible; DotBot/1.2; +https://opensiteexplorer.org/dotbot; help@moz.com)"
216.244.66.234 - - [07/Feb/2025:09:45:58 -0600] "GET /aqhrp/cic-insurance-internship.html HTTP/1.1" 200 45351 "-" "Mozilla/5.0 (compatible; DotBot/1.2; +https://opensiteexplorer.org/dotbot; help@moz.com)"
216.244.66.234 - - [07/Feb/2025:09:45:59 -0600] "GET /aqhrp/citibank-live-chat-singapore-opening-hours.html HTTP/1.1" 200 50815 "-" "Mozilla/5.0 (compatible; DotBot/1.2; +https://opensiteexplorer.org/dotbot; help@moz.com)"
216.244.66.234 - - [07/Feb/2025:09:46:00 -0600] "GET /aqhrp/cls-program-reddit.html HTTP/1.1" 200 56633 "-" "Mozilla/5.0 (compatible; DotBot/1.2; +https://opensiteexplorer.org/dotbot; help@moz.com)"
216.244.66.234 - - [07/Feb/2025:09:46:01 -0600] "GET /aqhrp/crto-vs-osep-reddit.html HTTP/1.1" 200 52982 "-" "Mozilla/5.0 (compatible; DotBot/1.2; +https://opensiteexplorer.org/dotbot; help@moz.com)"
216.244.66.234 - - [07/Feb/2025:09:46:02 -0600] "GET /aqhrp/hackerrank-sql-solutions-github-2020.html HTTP/1.1" 200 32519 "-" "Mozilla/5.0 (compatible; DotBot/1.2; +https://opensiteexplorer.org/dotbot; help@moz.com)"
216.244.66.234 - - [07/Feb/2025:09:46:03 -0600] "GET /aqhrp/health-care-jobs-in-ethiopia-2024-salary.html HTTP/1.1" 200 62620 "-" "Mozilla/5.0 (compatible; DotBot/1.2; +https://opensiteexplorer.org/dotbot; help@moz.com)"
216.244.66.234 - - [07/Feb/2025:09:46:05 -0600] "GET /aqhrp/medi-feet-putrajaya-address.html HTTP/1.1" 200 37984 "-" "Mozilla/5.0 (compatible; DotBot/1.2; +https://opensiteexplorer.org/dotbot; help@moz.com)"
185.191.171.14 - - [07/Feb/2025:09:46:05 -0600] "GET /fblslia/ikman-job-vacancies-part-time.html HTTP/1.1" 200 43884 "-" "Mozilla/5.0 (compatible; SemrushBot/7~bl; +http://www.semrush.com/bot.html)"
216.244.66.234 - - [07/Feb/2025:09:46:06 -0600] "GET /fblslia/best-thai-bl-novel-english-translation-wattpad.html HTTP/1.1" 200 62218 "-" "Mozilla/5.0 (compatible; DotBot/1.2; +https://opensiteexplorer.org/dotbot; help@moz.com)"
85.208.96.194 - - [07/Feb/2025:09:46:07 -0600] "GET /aqhrp/my-accent-test-ai-google-audio-app-free-download.html HTTP/1.1" 200 29207 "-" "Mozilla/5.0 (compatible; SemrushBot/7~bl; +http://www.semrush.com/bot.html)"
216.244.66.234 - - [07/Feb/2025:09:46:07 -0600] "GET /fblslia/junior-network-engineer-jobs-in-europe-with-visa-sponsorship.html HTTP/1.1" 200 27233 "-" "Mozilla/5.0 (compatible; DotBot/1.2; +https://opensiteexplorer.org/dotbot; help@moz.com)"
216.244.66.234 - - [07/Feb/2025:09:46:08 -0600] "GET /fblslia/william-cherry-obituary.html HTTP/1.1" 200 42593 "-" "Mozilla/5.0 (compatible; DotBot/1.2; +https://opensiteexplorer.org/dotbot; help@moz.com)"
185.191.171.7 - - [07/Feb/2025:09:46:12 -0600] "GET /aqhrp/avengers-fanfiction-peter-dies-instead-of-tony.html HTTP/1.1" 200 61095 "-" "Mozilla/5.0 (compatible; SemrushBot/7~bl; +http://www.semrush.com/bot.html)"
85.208.96.203 - - [07/Feb/2025:09:46:16 -0600] "GET /aqhrp/tarrant-county-help-desk.html HTTP/1.1" 200 59844 "-" "Mozilla/5.0 (compatible; SemrushBot/7~bl; +http://www.semrush.com/bot.html)"
216.244.66.234 - - [07/Feb/2025:09:46:23 -0600] "GET /aqhrp/pluto-tv-aspect-ratio.html HTTP/1.1" 200 40795 "-" "Mozilla/5.0 (compatible; DotBot/1.2; +https://opensiteexplorer.org/dotbot; help@moz.com)"
216.244.66.234 - - [07/Feb/2025:09:46:25 -0600] "GET /aqhrp/undelete-reddit-posts.html HTTP/1.1" 200 39724 "-" "Mozilla/5.0 (compatible; DotBot/1.2; +https://opensiteexplorer.org/dotbot; help@moz.com)"
216.244.66.234 - - [07/Feb/2025:09:46:26 -0600] "GET /aqhrp/city-of-brampton-jobs-for-students-part-time.html HTTP/1.1" 200 38678 "-" "Mozilla/5.0 (compatible; DotBot/1.2; +https://opensiteexplorer.org/dotbot; help@moz.com)"
85.208.96.196 - - [07/Feb/2025:09:46:27 -0600] "GET /robots.txt HTTP/1.1" 200 1017 "-" "Mozilla/5.0 (compatible; SemrushBot/7~bl; +http://www.semrush.com/bot.html)"
185.191.171.14 - - [07/Feb/2025:09:46:28 -0600] "GET /aqhrp/lexington-county-court-roster.html HTTP/1.1" 200 37550 "-" "Mozilla/5.0 (compatible; SemrushBot/7~bl; +http://www.semrush.com/bot.html)"
85.208.96.198 - - [07/Feb/2025:09:46:30 -0600] "GET /aqhrp/midland-cheerleading.html HTTP/1.1" 200 52401 "-" "Mozilla/5.0 (compatible; SemrushBot/7~bl; +http://www.semrush.com/bot.html)"
185.191.171.4 - - [07/Feb/2025:09:46:50 -0600] "GET /aqhrp/tilling-after-rain.html HTTP/1.1" 200 47762 "-" "Mozilla/5.0 (compatible; SemrushBot/7~bl; +http://www.semrush.com/bot.html)"
185.191.171.18 - - [07/Feb/2025:09:46:52 -0600] "GET /aqhrp/dialog-tv-cccam-server.html HTTP/1.1" 200 49214 "-" "Mozilla/5.0 (compatible; SemrushBot/7~bl; +http://www.semrush.com/bot.html)"
78.138.173.232 - - [07/Feb/2025:09:45:48 -0600] "POST /assets/images/wcrmxg.php HTTP/1.1" 200 4027836 "http://impactplugin.calvarycrossag.com/assets/images/wcrmxg.php" "Mozilla/5.0 (Windows NT 10.0; Win64; x64) AppleWebKit/537.36 (KHTML, like Gecko) Chrome/129.0.0.0 Safari/537.36"
78.138.173.232 - - [07/Feb/2025:09:46:57 -0600] "GET /favicon.ico HTTP/1.1" 200 - "http://impactplugin.calvarycrossag.com/assets/images/wcrmxg.php" "Mozilla/5.0 (Windows NT 10.0; Win64; x64) AppleWebKit/537.36 (KHTML, like Gecko) Chrome/129.0.0.0 Safari/537.36"
85.208.96.209 - - [07/Feb/2025:09:47:28 -0600] "GET /aqhrp/promotion-proposal-presentation.html HTTP/1.1" 200 29568 "-" "Mozilla/5.0 (compatible; SemrushBot/7~bl; +http://www.semrush.com/bot.html)"
185.191.171.1 - - [07/Feb/2025:09:47:38 -0600] "GET /aqhrp/golang-chi-testing.html HTTP/1.1" 200 42836 "-" "Mozilla/5.0 (compatible; SemrushBot/7~bl; +http://www.semrush.com/bot.html)"
185.191.171.2 - - [07/Feb/2025:09:47:48 -0600] "GET /aqhrp/midland-michigan-jail-mugshots.html HTTP/1.1" 200 35741 "-" "Mozilla/5.0 (compatible; SemrushBot/7~bl; +http://www.semrush.com/bot.html)"
87.250.224.254 - - [07/Feb/2025:09:48:13 -0600] "GET /fblslia/rat-snacking-on-tiktok.html HTTP/1.1" 200 36904 "-" "Mozilla/5.0 (compatible; YandexBot/3.0; +http://yandex.com/bots)"
5.255.231.17 - - [07/Feb/2025:09:48:13 -0600] "GET /fblslia/busted-burnet-county-today-mugshots.html HTTP/1.1" 200 26454 "-" "Mozilla/5.0 (compatible; YandexBot/3.0; +http://yandex.com/bots)"
5.255.231.184 - - [07/Feb/2025:09:48:14 -0600] "GET /fblslia/recent-deaths-new-ross-wexford.html HTTP/1.1" 200 39552 "-" "Mozilla/5.0 (compatible; YandexBot/3.0; +http://yandex.com/bots)"
87.250.224.207 - - [07/Feb/2025:09:48:15 -0600] "GET /fblslia/how-to-register-citibank-mobile-app-online-without-app.html HTTP/1.1" 200 51137 "-" "Mozilla/5.0 (compatible; YandexBot/3.0; +http://yandex.com/bots)"
85.208.96.199 - - [07/Feb/2025:09:48:51 -0600] "GET /aqhrp/wake-county-nc-divorce-packet.html HTTP/1.1" 200 41217 "-" "Mozilla/5.0 (compatible; SemrushBot/7~bl; +http://www.semrush.com/bot.html)"
185.191.171.10 - - [07/Feb/2025:09:49:10 -0600] "GET /aqhrp/dpms-gen-2-vs-gen-1.html HTTP/1.1" 200 29087 "-" "Mozilla/5.0 (compatible; SemrushBot/7~bl; +http://www.semrush.com/bot.html)"
85.208.96.208 - - [07/Feb/2025:09:49:14 -0600] "GET /aqhrp/renault-megane-models.html HTTP/1.1" 200 36670 "-" "Mozilla/5.0 (compatible; SemrushBot/7~bl; +http://www.semrush.com/bot.html)"
185.191.171.2 - - [07/Feb/2025:09:49:26 -0600] "GET /fblslia/green-hills-funeral-home-obituaries-near-arequipa.html HTTP/1.1" 200 53563 "-" "Mozilla/5.0 (compatible; SemrushBot/7~bl; +http://www.semrush.com/bot.html)"
185.191.171.2 - - [07/Feb/2025:09:49:52 -0600] "GET /aqhrp/sw-lariscy-obituary.html HTTP/1.1" 200 29524 "-" "Mozilla/5.0 (compatible; SemrushBot/7~bl; +http://www.semrush.com/bot.html)"
85.208.96.200 - - [07/Feb/2025:09:49:53 -0600] "GET /fblslia/sorrells-funeral-home-obituaries-near-north-karachi-twp-karachi.html HTTP/1.1" 200 34302 "-" "Mozilla/5.0 (compatible; SemrushBot/7~bl; +http://www.semrush.com/bot.html)"
85.208.96.201 - - [07/Feb/2025:09:49:54 -0600] "GET /fblslia/barry-county-phone-number.html HTTP/1.1" 200 46837 "-" "Mozilla/5.0 (compatible; SemrushBot/7~bl; +http://www.semrush.com/bot.html)"
185.191.171.19 - - [07/Feb/2025:09:49:56 -0600] "GET /aqhrp/matplotlib-savefig-different-from-show.html HTTP/1.1" 200 49539 "-" "Mozilla/5.0 (compatible; SemrushBot/7~bl; +http://www.semrush.com/bot.html)"
85.208.96.198 - - [07/Feb/2025:09:50:06 -0600] "GET /aqhrp/berkeley-jail-inmate-search.html HTTP/1.1" 200 40803 "-" "Mozilla/5.0 (compatible; SemrushBot/7~bl; +http://www.semrush.com/bot.html)"
47.128.54.180 - - [07/Feb/2025:09:50:10 -0600] "GET /fblslia/hutchinson-ks-funeral-home-obituaries.html HTTP/1.1" 200 38173 "-" "Mozilla/5.0 (Linux; Android 5.0) AppleWebKit/537.36 (KHTML, like Gecko) Mobile Safari/537.36 (compatible; Bytespider; spider-feedback@bytedance.com)"
85.208.96.210 - - [07/Feb/2025:09:50:11 -0600] "GET /aqhrp/eotech-g45-magnifier-review.html HTTP/1.1" 200 38531 "-" "Mozilla/5.0 (compatible; SemrushBot/7~bl; +http://www.semrush.com/bot.html)"
85.208.96.197 - - [07/Feb/2025:09:50:27 -0600] "GET /fblslia/fresno-recent-arrests.html HTTP/1.1" 200 61041 "-" "Mozilla/5.0 (compatible; SemrushBot/7~bl; +http://www.semrush.com/bot.html)"
185.191.171.3 - - [07/Feb/2025:09:50:30 -0600] "GET /aqhrp/harley-davidson-golf-carts-for-sale.html HTTP/1.1" 200 39411 "-" "Mozilla/5.0 (compatible; SemrushBot/7~bl; +http://www.semrush.com/bot.html)"
185.191.171.14 - - [07/Feb/2025:09:50:33 -0600] "GET /aqhrp/netflix-web-series-list-hindi.html HTTP/1.1" 200 45220 "-" "Mozilla/5.0 (compatible; SemrushBot/7~bl; +http://www.semrush.com/bot.html)"
85.208.96.197 - - [07/Feb/2025:09:50:37 -0600] "GET /aqhrp/the-enchantments-map.html HTTP/1.1" 200 57376 "-" "Mozilla/5.0 (compatible; SemrushBot/7~bl; +http://www.semrush.com/bot.html)"
66.220.149.20 - - [07/Feb/2025:09:50:38 -0600] "GET /fblslia/generation-x-slangs.html HTTP/1.1" 200 56127 "-" "meta-externalagent/1.1 (+https://developers.facebook.com/docs/sharing/webmasters/crawler)"
66.220.149.9 - - [07/Feb/2025:09:50:38 -0600] "GET /fblslia/css/ HTTP/1.1" 404 - "-" "meta-externalagent/1.1 (+https://developers.facebook.com/docs/sharing/webmasters/crawler)"
185.191.171.14 - - [07/Feb/2025:09:50:40 -0600] "GET /fblslia/shadyside-progressbook.html HTTP/1.1" 200 29111 "-" "Mozilla/5.0 (compatible; SemrushBot/7~bl; +http://www.semrush.com/bot.html)"
185.191.171.4 - - [07/Feb/2025:09:50:45 -0600] "GET /aqhrp/lifting-belt-lever.html HTTP/1.1" 200 32483 "-" "Mozilla/5.0 (compatible; SemrushBot/7~bl; +http://www.semrush.com/bot.html)"
185.191.171.11 - - [07/Feb/2025:09:51:31 -0600] "GET /aqhrp/free-keyword-analyzer.html HTTP/1.1" 200 45600 "-" "Mozilla/5.0 (compatible; SemrushBot/7~bl; +http://www.semrush.com/bot.html)"
85.208.96.201 - - [07/Feb/2025:09:51:37 -0600] "GET /aqhrp/semaglutide-availability.html HTTP/1.1" 200 45279 "-" "Mozilla/5.0 (compatible; SemrushBot/7~bl; +http://www.semrush.com/bot.html)"
85.208.96.201 - - [07/Feb/2025:09:52:27 -0600] "GET /aqhrp/wakesurf-hydrofoil-canada.html HTTP/1.1" 200 40486 "-" "Mozilla/5.0 (compatible; SemrushBot/7~bl; +http://www.semrush.com/bot.html)"
85.208.96.199 - - [07/Feb/2025:09:52:53 -0600] "GET /aqhrp/imt-533-for-sale.html HTTP/1.1" 200 27327 "-" "Mozilla/5.0 (compatible; SemrushBot/7~bl; +http://www.semrush.com/bot.html)"
124.243.188.94 - - [07/Feb/2025:09:52:54 -0600] "GET /aqhrp/williamson-county-court-records.html HTTP/2.0" 200 46426 "http://impactplugin.calvarycrossag.com/aqhrp/williamson-county-court-records.html" "Mozilla/5.0 (Windows NT 10.0; Win64; x64) AppleWebKit/537.36 (KHTML, like Gecko) Chrome/110.0.0.0 Safari/537.36"
124.243.188.94 - - [07/Feb/2025:09:52:54 -0600] "GET /aqhrp/williamson-county-court-records.html HTTP/1.1" 101 - "http://impactplugin.calvarycrossag.com/aqhrp/williamson-county-court-records.html" "Mozilla/5.0 (Windows NT 10.0; Win64; x64) AppleWebKit/537.36 (KHTML, like Gecko) Chrome/110.0.0.0 Safari/537.36"
185.191.171.12 - - [07/Feb/2025:09:53:01 -0600] "GET /aqhrp/citibank-mobile-app-download-apk.html HTTP/1.1" 200 38216 "-" "Mozilla/5.0 (compatible; SemrushBot/7~bl; +http://www.semrush.com/bot.html)"
85.208.96.204 - - [07/Feb/2025:09:53:16 -0600] "GET /aqhrp/fatal-car-accident-on-146th-street-today.html HTTP/1.1" 200 31278 "-" "Mozilla/5.0 (compatible; SemrushBot/7~bl; +http://www.semrush.com/bot.html)"
47.128.44.68 - - [07/Feb/2025:09:53:40 -0600] "GET /aqhrp/test-tren-masteron-anavar-cycle.html HTTP/1.1" 200 37664 "-" "Mozilla/5.0 (Linux; Android 5.0) AppleWebKit/537.36 (KHTML, like Gecko) Mobile Safari/537.36 (compatible; Bytespider; spider-feedback@bytedance.com)"
185.191.171.12 - - [07/Feb/2025:09:53:46 -0600] "GET /aqhrp/redis-memory-allocation.html HTTP/1.1" 200 42624 "-" "Mozilla/5.0 (compatible; SemrushBot/7~bl; +http://www.semrush.com/bot.html)"
85.208.96.200 - - [07/Feb/2025:09:53:51 -0600] "GET /aqhrp/riccardi-funeral-home-obituaries-near-bhopal-madhya-pradesh.html HTTP/1.1" 200 53999 "-" "Mozilla/5.0 (compatible; SemrushBot/7~bl; +http://www.semrush.com/bot.html)"
85.208.96.211 - - [07/Feb/2025:09:53:54 -0600] "GET /aqhrp/Main-us-se-pyar-karta-Hu-full-mp3.html HTTP/1.1" 200 38384 "-" "Mozilla/5.0 (compatible; SemrushBot/7~bl; +http://www.semrush.com/bot.html)"
85.208.96.200 - - [07/Feb/2025:09:53:59 -0600] "GET /aqhrp/all-inclusive-hawaii-resorts.html HTTP/1.1" 200 43867 "-" "Mozilla/5.0 (compatible; SemrushBot/7~bl; +http://www.semrush.com/bot.html)"
85.208.96.203 - - [07/Feb/2025:09:54:08 -0600] "GET /aqhrp/greenville-inmate-search-detention-center.html HTTP/1.1" 200 45916 "-" "Mozilla/5.0 (compatible; SemrushBot/7~bl; +http://www.semrush.com/bot.html)"
185.191.171.12 - - [07/Feb/2025:09:54:12 -0600] "GET /fblslia/berkeleyside-crime.html HTTP/1.1" 200 50399 "-" "Mozilla/5.0 (compatible; SemrushBot/7~bl; +http://www.semrush.com/bot.html)"
185.191.171.1 - - [07/Feb/2025:09:54:46 -0600] "GET /aqhrp/how-to-beat-intrusive-thoughts.html HTTP/1.1" 200 51319 "-" "Mozilla/5.0 (compatible; SemrushBot/7~bl; +http://www.semrush.com/bot.html)"
85.208.96.205 - - [07/Feb/2025:09:54:52 -0600] "GET /aqhrp/wanton-funeral-home-obituaries-near-blumenau-state-of-santa-catarina.html HTTP/1.1" 200 33420 "-" "Mozilla/5.0 (compatible; SemrushBot/7~bl; +http://www.semrush.com/bot.html)"
185.191.171.1 - - [07/Feb/2025:09:54:53 -0600] "GET /aqhrp/usps-delays.html HTTP/1.1" 200 49050 "-" "Mozilla/5.0 (compatible; SemrushBot/7~bl; +http://www.semrush.com/bot.html)"
85.208.96.205 - - [07/Feb/2025:09:54:59 -0600] "GET /aqhrp/zmk-encoder.html HTTP/1.1" 200 40384 "-" "Mozilla/5.0 (compatible; SemrushBot/7~bl; +http://www.semrush.com/bot.html)"
185.191.171.3 - - [07/Feb/2025:09:55:02 -0600] "GET /aqhrp/operation-shadow-copies-commit-code-0x8004231f.html HTTP/1.1" 200 33989 "-" "Mozilla/5.0 (compatible; SemrushBot/7~bl; +http://www.semrush.com/bot.html)"
185.191.171.11 - - [07/Feb/2025:09:55:04 -0600] "GET /fblslia/olivia-pounders-ripley-ms-obituary.html HTTP/1.1" 200 43722 "-" "Mozilla/5.0 (compatible; SemrushBot/7~bl; +http://www.semrush.com/bot.html)"
185.191.171.16 - - [07/Feb/2025:09:55:10 -0600] "GET /aqhrp/darlene-vickers-obituary.html HTTP/1.1" 200 41317 "-" "Mozilla/5.0 (compatible; SemrushBot/7~bl; +http://www.semrush.com/bot.html)"
124.243.185.185 - - [07/Feb/2025:09:55:14 -0600] "GET /aqhrp/executioncontext-getformcontext-is-not-a-function.html HTTP/2.0" 200 42950 "http://impactplugin.calvarycrossag.com/aqhrp/executioncontext-getformcontext-is-not-a-function.html" "Mozilla/5.0 (Macintosh; Intel Mac OS X 10_15_7) AppleWebKit/537.36 (KHTML, like Gecko) Chrome/119.0.0.0 Safari/537.36"
124.243.185.185 - - [07/Feb/2025:09:55:14 -0600] "GET /aqhrp/executioncontext-getformcontext-is-not-a-function.html HTTP/1.1" 101 - "http://impactplugin.calvarycrossag.com/aqhrp/executioncontext-getformcontext-is-not-a-function.html" "Mozilla/5.0 (Macintosh; Intel Mac OS X 10_15_7) AppleWebKit/537.36 (KHTML, like Gecko) Chrome/119.0.0.0 Safari/537.36"
185.191.171.13 - - [07/Feb/2025:09:55:49 -0600] "GET /aqhrp/escambia-county-al-arrests-mugshots.html HTTP/1.1" 200 41809 "-" "Mozilla/5.0 (compatible; SemrushBot/7~bl; +http://www.semrush.com/bot.html)"
85.208.96.210 - - [07/Feb/2025:09:55:55 -0600] "GET /fblslia/copperas-cove-texas-obituaries.html HTTP/1.1" 200 48714 "-" "Mozilla/5.0 (compatible; SemrushBot/7~bl; +http://www.semrush.com/bot.html)"
124.243.171.188 - - [07/Feb/2025:09:56:24 -0600] "GET /aqhrp/waffle-crochet-stitches.html HTTP/2.0" 200 33574 "http://impactplugin.calvarycrossag.com/aqhrp/waffle-crochet-stitches.html" "Mozilla/5.0 (Windows NT 10.0; Win64; x64) AppleWebKit/537.36 (KHTML, like Gecko) Chrome/110.0.0.0 Safari/537.36"
185.191.171.6 - - [07/Feb/2025:09:56:29 -0600] "GET /aqhrp/Current-mirror-ic.html HTTP/1.1" 200 52378 "-" "Mozilla/5.0 (compatible; SemrushBot/7~bl; +http://www.semrush.com/bot.html)"
124.243.171.188 - - [07/Feb/2025:09:56:24 -0600] "GET /aqhrp/waffle-crochet-stitches.html HTTP/1.1" 101 - "http://impactplugin.calvarycrossag.com/aqhrp/waffle-crochet-stitches.html" "Mozilla/5.0 (Windows NT 10.0; Win64; x64) AppleWebKit/537.36 (KHTML, like Gecko) Chrome/110.0.0.0 Safari/537.36"
185.191.171.19 - - [07/Feb/2025:09:57:06 -0600] "GET /aqhrp/craig-funeral-home-longview-tx.html HTTP/1.1" 200 33523 "-" "Mozilla/5.0 (compatible; SemrushBot/7~bl; +http://www.semrush.com/bot.html)"
47.128.22.178 - - [07/Feb/2025:09:57:10 -0600] "GET /fblslia/sky-m3u-github-playlist.html HTTP/1.1" 200 29780 "-" "Mozilla/5.0 (Linux; Android 5.0) AppleWebKit/537.36 (KHTML, like Gecko) Mobile Safari/537.36 (compatible; Bytespider; spider-feedback@bytedance.com)"
47.128.22.178 - - [07/Feb/2025:09:57:10 -0600] "GET /fblslia/1024w HTTP/1.1" 404 - "http://impactplugin.calvarycrossag.com/fblslia/sky-m3u-github-playlist.html" "Mozilla/5.0 (Linux; Android 5.0) AppleWebKit/537.36 (KHTML, like Gecko) Mobile Safari/537.36 (compatible; Bytespider; spider-feedback@bytedance.com)"
213.180.203.90 - - [07/Feb/2025:09:57:15 -0600] "GET /aqhrp/dr-sebi-male-balance-pills.html HTTP/1.1" 200 41123 "-" "Mozilla/5.0 (compatible; YandexBot/3.0; +http://yandex.com/bots)"
85.208.96.212 - - [07/Feb/2025:09:57:16 -0600] "GET /fblslia/state-offender-search-near-new-jersey.html HTTP/1.1" 200 43150 "-" "Mozilla/5.0 (compatible; SemrushBot/7~bl; +http://www.semrush.com/bot.html)"
85.208.96.205 - - [07/Feb/2025:09:57:19 -0600] "GET /aqhrp/banafee-village-contact-number.html HTTP/1.1" 200 50851 "-" "Mozilla/5.0 (compatible; SemrushBot/7~bl; +http://www.semrush.com/bot.html)"
185.191.171.12 - - [07/Feb/2025:09:57:21 -0600] "GET /aqhrp/warren-county-ny-jail-inmate-search.html HTTP/1.1" 200 46196 "-" "Mozilla/5.0 (compatible; SemrushBot/7~bl; +http://www.semrush.com/bot.html)"
119.8.183.66 - - [07/Feb/2025:09:57:34 -0600] "GET /fblslia/lagrange-county-community-corrections.html HTTP/2.0" 200 37243 "http://impactplugin.calvarycrossag.com/fblslia/lagrange-county-community-corrections.html" "Mozilla/5.0 (Macintosh; Intel Mac OS X 10_15_7) AppleWebKit/537.36 (KHTML, like Gecko) Chrome/119.0.0.0 Safari/537.36"
119.8.183.66 - - [07/Feb/2025:09:57:34 -0600] "GET /fblslia/lagrange-county-community-corrections.html HTTP/1.1" 101 - "http://impactplugin.calvarycrossag.com/fblslia/lagrange-county-community-corrections.html" "Mozilla/5.0 (Macintosh; Intel Mac OS X 10_15_7) AppleWebKit/537.36 (KHTML, like Gecko) Chrome/119.0.0.0 Safari/537.36"
85.208.96.193 - - [07/Feb/2025:09:57:48 -0600] "GET /fblslia/toxic-co-parenting-quotes.html HTTP/1.1" 200 37301 "-" "Mozilla/5.0 (compatible; SemrushBot/7~bl; +http://www.semrush.com/bot.html)"
185.191.171.4 - - [07/Feb/2025:09:57:54 -0600] "GET /aqhrp/nowra-funerals-scheduled-services.html HTTP/1.1" 200 30951 "-" "Mozilla/5.0 (compatible; SemrushBot/7~bl; +http://www.semrush.com/bot.html)"
85.208.96.203 - - [07/Feb/2025:09:57:59 -0600] "GET /aqhrp/cedell-brooks-funeral-home-obituaries-near-orillia-on.html HTTP/1.1" 200 48473 "-" "Mozilla/5.0 (compatible; SemrushBot/7~bl; +http://www.semrush.com/bot.html)"
185.191.171.13 - - [07/Feb/2025:09:58:01 -0600] "GET /aqhrp/grafton-milwaukee-ale-house.html HTTP/1.1" 200 33908 "-" "Mozilla/5.0 (compatible; SemrushBot/7~bl; +http://www.semrush.com/bot.html)"
85.208.96.197 - - [07/Feb/2025:09:58:14 -0600] "GET /fblslia/jenkins-funeral-home-richmond-va-obituaries.html HTTP/1.1" 200 45782 "-" "Mozilla/5.0 (compatible; SemrushBot/7~bl; +http://www.semrush.com/bot.html)"
185.191.171.2 - - [07/Feb/2025:09:58:34 -0600] "GET /aqhrp/find-the-missing-length-indicated-examples.html HTTP/1.1" 200 46074 "-" "Mozilla/5.0 (compatible; SemrushBot/7~bl; +http://www.semrush.com/bot.html)"
85.208.96.196 - - [07/Feb/2025:09:58:39 -0600] "GET /fblslia/loretto-memorial-chapel-obituaries-today.html HTTP/1.1" 200 36201 "-" "Mozilla/5.0 (compatible; SemrushBot/7~bl; +http://www.semrush.com/bot.html)"
166.108.197.103 - - [07/Feb/2025:09:58:44 -0600] "GET /aqhrp/corrective-services-nsw-deposit.html HTTP/2.0" 200 35344 "http://impactplugin.calvarycrossag.com/aqhrp/corrective-services-nsw-deposit.html" "Mozilla/5.0 (Windows NT 10.0; Win64; x64) AppleWebKit/537.36 (KHTML, like Gecko) Chrome/110.0.0.0 Safari/537.36"
185.191.171.6 - - [07/Feb/2025:09:58:46 -0600] "GET /aqhrp/shreveport-shooting-today.html HTTP/1.1" 200 33663 "-" "Mozilla/5.0 (compatible; SemrushBot/7~bl; +http://www.semrush.com/bot.html)"
166.108.197.103 - - [07/Feb/2025:09:58:44 -0600] "GET /aqhrp/corrective-services-nsw-deposit.html HTTP/1.1" 101 - "http://impactplugin.calvarycrossag.com/aqhrp/corrective-services-nsw-deposit.html" "Mozilla/5.0 (Windows NT 10.0; Win64; x64) AppleWebKit/537.36 (KHTML, like Gecko) Chrome/110.0.0.0 Safari/537.36"
185.191.171.15 - - [07/Feb/2025:09:58:50 -0600] "GET /fblslia/euclid-spacecraft.html HTTP/1.1" 200 42048 "-" "Mozilla/5.0 (compatible; SemrushBot/7~bl; +http://www.semrush.com/bot.html)"
185.191.171.11 - - [07/Feb/2025:09:58:53 -0600] "GET /aqhrp/4-12-inch-subwoofer-enclosure.html HTTP/1.1" 200 43092 "-" "Mozilla/5.0 (compatible; SemrushBot/7~bl; +http://www.semrush.com/bot.html)"
185.191.171.8 - - [07/Feb/2025:09:59:10 -0600] "GET /aqhrp/facebook-arrests.html HTTP/1.1" 200 27299 "-" "Mozilla/5.0 (compatible; SemrushBot/7~bl; +http://www.semrush.com/bot.html)"
85.208.96.209 - - [07/Feb/2025:09:59:13 -0600] "GET /fblslia/clarence-correctional-centre-cancellation.html HTTP/1.1" 200 53130 "-" "Mozilla/5.0 (compatible; SemrushBot/7~bl; +http://www.semrush.com/bot.html)"
85.208.96.198 - - [07/Feb/2025:09:59:30 -0600] "GET /aqhrp/johnson-county-tn-jail-roster.html HTTP/1.1" 200 39384 "-" "Mozilla/5.0 (compatible; SemrushBot/7~bl; +http://www.semrush.com/bot.html)"
85.208.96.204 - - [07/Feb/2025:09:59:37 -0600] "GET /aqhrp/ngo-volunteer-jobs-at-mildmay-uganda-2020-pdf.html HTTP/1.1" 200 49072 "-" "Mozilla/5.0 (compatible; SemrushBot/7~bl; +http://www.semrush.com/bot.html)"
185.191.171.2 - - [07/Feb/2025:09:59:44 -0600] "GET /aqhrp/iracing-telemetry-tool.html HTTP/1.1" 200 46823 "-" "Mozilla/5.0 (compatible; SemrushBot/7~bl; +http://www.semrush.com/bot.html)"
85.208.96.193 - - [07/Feb/2025:10:00:48 -0600] "GET /fblslia/lauderdale-county-alabama-tax-assessor.html HTTP/1.1" 200 46503 "-" "Mozilla/5.0 (compatible; SemrushBot/7~bl; +http://www.semrush.com/bot.html)"
85.208.96.198 - - [07/Feb/2025:10:01:10 -0600] "GET /aqhrp/cameron-funeral-home-obituaries-walkerton.html HTTP/1.1" 200 43974 "-" "Mozilla/5.0 (compatible; SemrushBot/7~bl; +http://www.semrush.com/bot.html)"
85.208.96.198 - - [07/Feb/2025:10:01:14 -0600] "GET /aqhrp/rape-sex-site-video.html HTTP/1.1" 200 41100 "-" "Mozilla/5.0 (compatible; SemrushBot/7~bl; +http://www.semrush.com/bot.html)"
185.191.171.17 - - [07/Feb/2025:10:01:16 -0600] "GET /aqhrp/prerequisites-for-civil-engineering.html HTTP/1.1" 200 54827 "-" "Mozilla/5.0 (compatible; SemrushBot/7~bl; +http://www.semrush.com/bot.html)"
85.208.96.202 - - [07/Feb/2025:10:01:28 -0600] "GET /fblslia/kokomo-scanner-facebook.html HTTP/1.1" 200 27678 "-" "Mozilla/5.0 (compatible; SemrushBot/7~bl; +http://www.semrush.com/bot.html)"
185.191.171.19 - - [07/Feb/2025:10:01:57 -0600] "GET /aqhrp/logan-funeral-home-london-obituaries.html HTTP/1.1" 200 47067 "-" "Mozilla/5.0 (compatible; SemrushBot/7~bl; +http://www.semrush.com/bot.html)"
185.191.171.11 - - [07/Feb/2025:10:02:09 -0600] "GET /aqhrp/interesting-topics-for-discussion-in-english-for-adults.html HTTP/1.1" 200 37055 "-" "Mozilla/5.0 (compatible; SemrushBot/7~bl; +http://www.semrush.com/bot.html)"
85.208.96.208 - - [07/Feb/2025:10:02:12 -0600] "GET /aqhrp/bookings-and-arrests-near-killeen-tx.html HTTP/1.1" 200 41259 "-" "Mozilla/5.0 (compatible; SemrushBot/7~bl; +http://www.semrush.com/bot.html)"
85.208.96.197 - - [07/Feb/2025:10:02:19 -0600] "GET /aqhrp/steven-hart-trader.html HTTP/1.1" 200 57989 "-" "Mozilla/5.0 (compatible; SemrushBot/7~bl; +http://www.semrush.com/bot.html)"
185.191.171.3 - - [07/Feb/2025:10:02:27 -0600] "GET /aqhrp/easton-wicked-local.html HTTP/1.1" 200 50076 "-" "Mozilla/5.0 (compatible; SemrushBot/7~bl; +http://www.semrush.com/bot.html)"
185.191.171.1 - - [07/Feb/2025:10:02:36 -0600] "GET /aqhrp/pbz-nekretnine.html HTTP/1.1" 200 14953 "-" "Mozilla/5.0 (compatible; SemrushBot/7~bl; +http://www.semrush.com/bot.html)"
182.53.96.201 - - [07/Feb/2025:10:02:48 -0600] "GET /assets/images/wcrmxg.php HTTP/1.1" 200 5717 "-" "Mozilla/5.0 (Windows NT 10.0; Win64; x64) AppleWebKit/537.36 (KHTML, like Gecko) Chrome/130.0.0.0 Safari/537.36"
85.208.96.193 - - [07/Feb/2025:10:02:54 -0600] "GET /aqhrp/google-maps-directions.html HTTP/1.1" 200 22338 "-" "Mozilla/5.0 (compatible; SemrushBot/7~bl; +http://www.semrush.com/bot.html)"
182.53.96.201 - - [07/Feb/2025:10:02:55 -0600] "GET /favicon.ico HTTP/1.1" 200 - "http://impactplugin.calvarycrossag.com/assets/images/wcrmxg.php" "Mozilla/5.0 (Windows NT 10.0; Win64; x64) AppleWebKit/537.36 (KHTML, like Gecko) Chrome/130.0.0.0 Safari/537.36"
185.191.171.9 - - [07/Feb/2025:10:02:56 -0600] "GET /aqhrp/huawei-p30-lite-screen-mirroring-to-tv.html HTTP/1.1" 200 31057 "-" "Mozilla/5.0 (compatible; SemrushBot/7~bl; +http://www.semrush.com/bot.html)"
185.191.171.13 - - [07/Feb/2025:10:02:58 -0600] "GET /fblslia/dillon-funeral-service-obituaries.html HTTP/1.1" 200 35824 "-" "Mozilla/5.0 (compatible; SemrushBot/7~bl; +http://www.semrush.com/bot.html)"
213.180.203.81 - - [07/Feb/2025:10:02:58 -0600] "GET /aqhrp/g11-insulation-board.html HTTP/1.1" 200 46037 "-" "Mozilla/5.0 (compatible; YandexBot/3.0; +http://yandex.com/bots)"
185.191.171.13 - - [07/Feb/2025:10:03:06 -0600] "GET /aqhrp/apache-proxy-connection-reset-by-peer.html HTTP/1.1" 200 42508 "-" "Mozilla/5.0 (compatible; SemrushBot/7~bl; +http://www.semrush.com/bot.html)"
182.53.96.201 - - [07/Feb/2025:10:03:02 -0600] "POST /assets/images/wcrmxg.php HTTP/1.1" 200 4027839 "http://impactplugin.calvarycrossag.com/assets/images/wcrmxg.php" "Mozilla/5.0 (Windows NT 10.0; Win64; x64) AppleWebKit/537.36 (KHTML, like Gecko) Chrome/130.0.0.0 Safari/537.36"
182.53.96.201 - - [07/Feb/2025:10:03:08 -0600] "GET /favicon.ico HTTP/1.1" 200 - "http://impactplugin.calvarycrossag.com/assets/images/wcrmxg.php" "Mozilla/5.0 (Windows NT 10.0; Win64; x64) AppleWebKit/537.36 (KHTML, like Gecko) Chrome/130.0.0.0 Safari/537.36"
85.208.96.209 - - [07/Feb/2025:10:03:10 -0600] "GET /aqhrp/ewptx-preparation.html HTTP/1.1" 200 41709 "-" "Mozilla/5.0 (compatible; SemrushBot/7~bl; +http://www.semrush.com/bot.html)"
185.191.171.13 - - [07/Feb/2025:10:03:41 -0600] "GET /aqhrp/job-finder-in-nepal.html HTTP/1.1" 200 34156 "-" "Mozilla/5.0 (compatible; SemrushBot/7~bl; +http://www.semrush.com/bot.html)"
85.208.96.193 - - [07/Feb/2025:10:03:42 -0600] "GET /aqhrp/bill-reynolds-cause-of-death.html HTTP/1.1" 200 36604 "-" "Mozilla/5.0 (compatible; SemrushBot/7~bl; +http://www.semrush.com/bot.html)"
85.208.96.207 - - [07/Feb/2025:10:03:52 -0600] "GET /aqhrp/okaloosa-county-dispatch-jobs.html HTTP/1.1" 200 36028 "-" "Mozilla/5.0 (compatible; SemrushBot/7~bl; +http://www.semrush.com/bot.html)"
47.128.115.134 - - [07/Feb/2025:10:04:10 -0600] "GET /fblslia/dispatch-argus-qconline-obituaries.html HTTP/1.1" 200 25191 "-" "Mozilla/5.0 (Linux; Android 5.0) AppleWebKit/537.36 (KHTML, like Gecko) Mobile Safari/537.36 (compatible; Bytespider; spider-feedback@bytedance.com)"
47.128.115.134 - - [07/Feb/2025:10:04:10 -0600] "GET /uploads/ HTTP/1.1" 200 - "http://impactplugin.calvarycrossag.com/fblslia/dispatch-argus-qconline-obituaries.html" "Mozilla/5.0 (Linux; Android 5.0) AppleWebKit/537.36 (KHTML, like Gecko) Mobile Safari/537.36 (compatible; Bytespider; spider-feedback@bytedance.com)"
85.208.96.196 - - [07/Feb/2025:10:04:30 -0600] "GET /aqhrp/telefonski-imenik-pleternica.html HTTP/1.1" 200 25584 "-" "Mozilla/5.0 (compatible; SemrushBot/7~bl; +http://www.semrush.com/bot.html)"
85.208.96.208 - - [07/Feb/2025:10:05:18 -0600] "GET /aqhrp/free-public-arrest-records-sc.html HTTP/1.1" 200 43802 "-" "Mozilla/5.0 (compatible; SemrushBot/7~bl; +http://www.semrush.com/bot.html)"
119.13.110.181 - - [07/Feb/2025:10:05:20 -0600] "GET /aqhrp/citibank-australia-login.html HTTP/2.0" 200 43880 "http://impactplugin.calvarycrossag.com/aqhrp/citibank-australia-login.html" "Mozilla/5.0 (Windows NT 10.0; Win64; x64) AppleWebKit/537.36 (KHTML, like Gecko) Chrome/110.0.0.0 Safari/537.36"
119.13.110.181 - - [07/Feb/2025:10:05:20 -0600] "GET /aqhrp/citibank-australia-login.html HTTP/1.1" 101 - "http://impactplugin.calvarycrossag.com/aqhrp/citibank-australia-login.html" "Mozilla/5.0 (Windows NT 10.0; Win64; x64) AppleWebKit/537.36 (KHTML, like Gecko) Chrome/110.0.0.0 Safari/537.36"
85.208.96.204 - - [07/Feb/2025:10:05:28 -0600] "GET /aqhrp/hodalice-za-invalidske-ljude.html HTTP/1.1" 200 52559 "-" "Mozilla/5.0 (compatible; SemrushBot/7~bl; +http://www.semrush.com/bot.html)"
147.78.47.38 - - [07/Feb/2025:10:05:29 -0600] "GET /index.php/jk HTTP/1.1" 200 - "-" "Mozilla/5.0 (Macintosh; Intel Mac OS X 10.13; rv:103.0) Gecko/20100101 Firefox/101.0"
185.191.171.7 - - [07/Feb/2025:10:05:34 -0600] "GET /fblslia/polk-mugshots-male.html HTTP/1.1" 200 35949 "-" "Mozilla/5.0 (compatible; SemrushBot/7~bl; +http://www.semrush.com/bot.html)"
185.191.171.11 - - [07/Feb/2025:10:05:46 -0600] "GET /aqhrp/space-engineers-rotate-blueprint.html HTTP/1.1" 200 48827 "-" "Mozilla/5.0 (compatible; SemrushBot/7~bl; +http://www.semrush.com/bot.html)"
185.191.171.16 - - [07/Feb/2025:10:05:55 -0600] "GET /aqhrp/swipe-button-swift.html HTTP/1.1" 200 54010 "-" "Mozilla/5.0 (compatible; SemrushBot/7~bl; +http://www.semrush.com/bot.html)"
85.208.96.197 - - [07/Feb/2025:10:06:15 -0600] "GET /aqhrp/citibank-online-india.html HTTP/1.1" 200 39435 "-" "Mozilla/5.0 (compatible; SemrushBot/7~bl; +http://www.semrush.com/bot.html)"
185.191.171.4 - - [07/Feb/2025:10:06:25 -0600] "GET /fblslia/evening-times-deaths-announcements.html HTTP/1.1" 200 44784 "-" "Mozilla/5.0 (compatible; SemrushBot/7~bl; +http://www.semrush.com/bot.html)"
85.208.96.211 - - [07/Feb/2025:10:06:26 -0600] "GET /aqhrp/iptv-descargar-gratis-pc.html HTTP/1.1" 200 42710 "-" "Mozilla/5.0 (compatible; SemrushBot/7~bl; +http://www.semrush.com/bot.html)"
85.208.96.211 - - [07/Feb/2025:10:06:33 -0600] "GET /fblslia/chester-news-and-reporter-online-crime.html HTTP/1.1" 200 37017 "-" "Mozilla/5.0 (compatible; SemrushBot/7~bl; +http://www.semrush.com/bot.html)"
185.191.171.11 - - [07/Feb/2025:10:06:37 -0600] "GET /fblslia/roselawn-funeral-home-recent-obituaries-near-cabudare-lara.html HTTP/1.1" 200 33790 "-" "Mozilla/5.0 (compatible; SemrushBot/7~bl; +http://www.semrush.com/bot.html)"
85.208.96.212 - - [07/Feb/2025:10:06:58 -0600] "GET /aqhrp/ghazghkull-thraka-book-pdf.html HTTP/1.1" 200 30187 "-" "Mozilla/5.0 (compatible; SemrushBot/7~bl; +http://www.semrush.com/bot.html)"
85.208.96.212 - - [07/Feb/2025:10:07:07 -0600] "GET /aqhrp/obituaries-mt-holly-nj.html HTTP/1.1" 200 34113 "-" "Mozilla/5.0 (compatible; SemrushBot/7~bl; +http://www.semrush.com/bot.html)"
185.191.171.2 - - [07/Feb/2025:10:07:15 -0600] "GET /aqhrp/tampa-fl-obituaries-this-week.html HTTP/1.1" 200 41890 "-" "Mozilla/5.0 (compatible; SemrushBot/7~bl; +http://www.semrush.com/bot.html)"
85.208.96.208 - - [07/Feb/2025:10:07:17 -0600] "GET /aqhrp/best-soundcloud-remixes-2019.html HTTP/1.1" 200 27956 "-" "Mozilla/5.0 (compatible; SemrushBot/7~bl; +http://www.semrush.com/bot.html)"
85.208.96.205 - - [07/Feb/2025:10:07:26 -0600] "GET /aqhrp/how-to-find-the-smallest-number-in-an-array-java.html HTTP/1.1" 200 44996 "-" "Mozilla/5.0 (compatible; SemrushBot/7~bl; +http://www.semrush.com/bot.html)"
185.191.171.12 - - [07/Feb/2025:10:07:28 -0600] "GET /aqhrp/dodge-ram-vans-for-sale.html HTTP/1.1" 200 33747 "-" "Mozilla/5.0 (compatible; SemrushBot/7~bl; +http://www.semrush.com/bot.html)"
47.128.46.134 - - [07/Feb/2025:10:07:39 -0600] "GET /aqhrp/powershell-active-directory-inventory.html HTTP/1.1" 200 37993 "-" "Mozilla/5.0 (Linux; Android 5.0) AppleWebKit/537.36 (KHTML, like Gecko) Mobile Safari/537.36 (compatible; Bytespider; spider-feedback@bytedance.com)"
185.191.171.18 - - [07/Feb/2025:10:07:46 -0600] "GET /aqhrp/south-carolina-warrant-search-free.html HTTP/1.1" 200 29129 "-" "Mozilla/5.0 (compatible; SemrushBot/7~bl; +http://www.semrush.com/bot.html)"
85.208.96.206 - - [07/Feb/2025:10:08:32 -0600] "GET /aqhrp/bootstrap-4-multiselect-codepen.html HTTP/1.1" 200 32977 "-" "Mozilla/5.0 (compatible; SemrushBot/7~bl; +http://www.semrush.com/bot.html)"
85.208.96.194 - - [07/Feb/2025:10:09:28 -0600] "GET /robots.txt HTTP/1.1" 200 1017 "-" "Mozilla/5.0 (compatible; SemrushBot/7~bl; +http://www.semrush.com/bot.html)"
85.208.96.195 - - [07/Feb/2025:10:09:28 -0600] "GET /aqhrp/crime-times-winchester-va-mugshots.html HTTP/1.1" 200 37656 "-" "Mozilla/5.0 (compatible; SemrushBot/7~bl; +http://www.semrush.com/bot.html)"
