85.208.96.206 - - [07/Feb/2025:08:55:21 -0600] "GET /aqhrp/st-louis-city-jail.html HTTP/1.1" 200 54929 "-" "Mozilla/5.0 (compatible; SemrushBot/7~bl; +http://www.semrush.com/bot.html)"
85.208.96.196 - - [07/Feb/2025:08:55:29 -0600] "GET /fblslia/monroe-utah-obituaries.html HTTP/1.1" 200 34889 "-" "Mozilla/5.0 (compatible; SemrushBot/7~bl; +http://www.semrush.com/bot.html)"
122.8.187.218 - - [07/Feb/2025:08:55:40 -0600] "GET /aqhrp/used-mobile-homes-for-sale-houston-under-$10000-near-dallas.html HTTP/2.0" 404 - "http://impactplugin.calvarycrossag.com/aqhrp/used-mobile-homes-for-sale-houston-under-$10000-near-dallas.html" "Mozilla/5.0 (Windows NT 10.0; Win64; x64) AppleWebKit/537.36 (KHTML, like Gecko) Chrome/110.0.0.0 Safari/537.36"
122.8.187.218 - - [07/Feb/2025:08:55:40 -0600] "GET /aqhrp/used-mobile-homes-for-sale-houston-under-$10000-near-dallas.html HTTP/1.1" 101 - "http://impactplugin.calvarycrossag.com/aqhrp/used-mobile-homes-for-sale-houston-under-$10000-near-dallas.html" "Mozilla/5.0 (Windows NT 10.0; Win64; x64) AppleWebKit/537.36 (KHTML, like Gecko) Chrome/110.0.0.0 Safari/537.36"
85.208.96.206 - - [07/Feb/2025:08:56:05 -0600] "GET /aqhrp/barry-funeral-home-obituaries-rome-ny.html HTTP/1.1" 200 26495 "-" "Mozilla/5.0 (compatible; SemrushBot/7~bl; +http://www.semrush.com/bot.html)"
185.191.171.2 - - [07/Feb/2025:08:56:07 -0600] "GET /aqhrp/duplin-county-nc-paramedics.html HTTP/1.1" 200 44943 "-" "Mozilla/5.0 (compatible; SemrushBot/7~bl; +http://www.semrush.com/bot.html)"
185.191.171.8 - - [07/Feb/2025:08:56:09 -0600] "GET /aqhrp/lake-county-clerk-of-courts-docket.html HTTP/1.1" 200 64286 "-" "Mozilla/5.0 (compatible; SemrushBot/7~bl; +http://www.semrush.com/bot.html)"
185.191.171.16 - - [07/Feb/2025:08:56:10 -0600] "GET /aqhrp/public-criminal-records-florida-free.html HTTP/1.1" 200 44419 "-" "Mozilla/5.0 (compatible; SemrushBot/7~bl; +http://www.semrush.com/bot.html)"
85.208.96.209 - - [07/Feb/2025:08:56:18 -0600] "GET /aqhrp/count-of-distinct-substrings-of-a-string-using-suffix-tree.html HTTP/1.1" 200 50969 "-" "Mozilla/5.0 (compatible; SemrushBot/7~bl; +http://www.semrush.com/bot.html)"
85.208.96.206 - - [07/Feb/2025:08:56:29 -0600] "GET /aqhrp/remove-text-from-image-free.html HTTP/1.1" 200 42122 "-" "Mozilla/5.0 (compatible; SemrushBot/7~bl; +http://www.semrush.com/bot.html)"
185.191.171.16 - - [07/Feb/2025:08:56:49 -0600] "GET /fblslia/walton-county-inmate-roster-ga.html HTTP/1.1" 200 48823 "-" "Mozilla/5.0 (compatible; SemrushBot/7~bl; +http://www.semrush.com/bot.html)"
185.191.171.11 - - [07/Feb/2025:08:57:00 -0600] "GET /aqhrp/daily-sentinel-grand-junction-obituaries.html HTTP/1.1" 200 32338 "-" "Mozilla/5.0 (compatible; SemrushBot/7~bl; +http://www.semrush.com/bot.html)"
185.191.171.13 - - [07/Feb/2025:08:57:04 -0600] "GET /fblslia/guilford-county-sheriff-arrest-records.html HTTP/1.1" 200 51462 "-" "Mozilla/5.0 (compatible; SemrushBot/7~bl; +http://www.semrush.com/bot.html)"
185.191.171.12 - - [07/Feb/2025:08:57:19 -0600] "GET /fblslia/oswego-county-police-blotter-today-mugshots.html HTTP/1.1" 200 47008 "-" "Mozilla/5.0 (compatible; SemrushBot/7~bl; +http://www.semrush.com/bot.html)"
85.208.96.196 - - [07/Feb/2025:08:57:21 -0600] "GET /aqhrp/nova-grace-powell-funeral-home.html HTTP/1.1" 200 37334 "-" "Mozilla/5.0 (compatible; SemrushBot/7~bl; +http://www.semrush.com/bot.html)"
85.208.96.201 - - [07/Feb/2025:08:57:22 -0600] "GET /fblslia/gemini-trust-company-scam.html HTTP/1.1" 200 47513 "-" "Mozilla/5.0 (compatible; SemrushBot/7~bl; +http://www.semrush.com/bot.html)"
185.191.171.3 - - [07/Feb/2025:08:57:47 -0600] "GET /aqhrp/paid-daily-temp-agencies.html HTTP/1.1" 200 37552 "-" "Mozilla/5.0 (compatible; SemrushBot/7~bl; +http://www.semrush.com/bot.html)"
85.208.96.209 - - [07/Feb/2025:08:57:56 -0600] "GET /aqhrp/how-to-use-webbing-stretcher.html HTTP/1.1" 200 41102 "-" "Mozilla/5.0 (compatible; SemrushBot/7~bl; +http://www.semrush.com/bot.html)"
185.191.171.11 - - [07/Feb/2025:08:58:34 -0600] "GET /fblslia/shelby-star-mugshots-last-30-days.html HTTP/1.1" 200 42206 "-" "Mozilla/5.0 (compatible; SemrushBot/7~bl; +http://www.semrush.com/bot.html)"
216.244.66.234 - - [07/Feb/2025:08:58:58 -0600] "GET /aqhrp/pellerin-funeral-home-obituaries-near-bandung-bandung-city-west-java.html HTTP/1.1" 200 43256 "-" "Mozilla/5.0 (compatible; DotBot/1.2; +https://opensiteexplorer.org/dotbot; help@moz.com)"
85.208.96.210 - - [07/Feb/2025:08:59:04 -0600] "GET /aqhrp/4-horseman-gottman-pdf.html HTTP/1.1" 200 42547 "-" "Mozilla/5.0 (compatible; SemrushBot/7~bl; +http://www.semrush.com/bot.html)"
185.191.171.16 - - [07/Feb/2025:08:59:17 -0600] "GET /aqhrp/hall-venue-hire-near-me.html HTTP/1.1" 200 44486 "-" "Mozilla/5.0 (compatible; SemrushBot/7~bl; +http://www.semrush.com/bot.html)"
216.244.66.234 - - [07/Feb/2025:08:59:19 -0600] "GET /aqhrp/dynafocal-engine-mounts.html HTTP/1.1" 200 56962 "-" "Mozilla/5.0 (compatible; DotBot/1.2; +https://opensiteexplorer.org/dotbot; help@moz.com)"
216.244.66.234 - - [07/Feb/2025:08:59:21 -0600] "GET /aqhrp/nba-2k18-expansion-team-ideas.html HTTP/1.1" 200 34086 "-" "Mozilla/5.0 (compatible; DotBot/1.2; +https://opensiteexplorer.org/dotbot; help@moz.com)"
216.244.66.234 - - [07/Feb/2025:08:59:24 -0600] "GET /aqhrp/sunset-funeral-home-dothan-al-obituaries.html HTTP/1.1" 200 36136 "-" "Mozilla/5.0 (compatible; DotBot/1.2; +https://opensiteexplorer.org/dotbot; help@moz.com)"
216.244.66.234 - - [07/Feb/2025:08:59:25 -0600] "GET /aqhrp/synology-mail-server-smtp-relay.html HTTP/1.1" 200 24155 "-" "Mozilla/5.0 (compatible; DotBot/1.2; +https://opensiteexplorer.org/dotbot; help@moz.com)"
216.244.66.234 - - [07/Feb/2025:08:59:27 -0600] "GET /aqhrp/wolfersberger-funeral-home-obituaries.html HTTP/1.1" 200 50734 "-" "Mozilla/5.0 (compatible; DotBot/1.2; +https://opensiteexplorer.org/dotbot; help@moz.com)"
216.244.66.234 - - [07/Feb/2025:08:59:28 -0600] "GET /fblslia/apoteka-maelia-novi-sad.html HTTP/1.1" 200 33648 "-" "Mozilla/5.0 (compatible; DotBot/1.2; +https://opensiteexplorer.org/dotbot; help@moz.com)"
216.244.66.234 - - [07/Feb/2025:08:59:29 -0600] "GET /fblslia/marshall-texas-funeral-homes.html HTTP/1.1" 200 45616 "-" "Mozilla/5.0 (compatible; DotBot/1.2; +https://opensiteexplorer.org/dotbot; help@moz.com)"
216.244.66.234 - - [07/Feb/2025:08:59:30 -0600] "GET /fblslia/nc-adult-protective-services-manual.html HTTP/1.1" 200 64119 "-" "Mozilla/5.0 (compatible; DotBot/1.2; +https://opensiteexplorer.org/dotbot; help@moz.com)"
85.208.96.199 - - [07/Feb/2025:08:59:36 -0600] "GET /fblslia/prasetina-jagnjetina-cena.html HTTP/1.1" 200 49869 "-" "Mozilla/5.0 (compatible; SemrushBot/7~bl; +http://www.semrush.com/bot.html)"
85.208.96.197 - - [07/Feb/2025:08:59:48 -0600] "GET /aqhrp/trumbull-county-prison-inmate-search.html HTTP/1.1" 200 43518 "-" "Mozilla/5.0 (compatible; SemrushBot/7~bl; +http://www.semrush.com/bot.html)"
216.244.66.234 - - [07/Feb/2025:08:59:50 -0600] "GET /aqhrp/deemix-2024-descargar-apk-download-ios-2022.html HTTP/1.1" 200 39172 "-" "Mozilla/5.0 (compatible; DotBot/1.2; +https://opensiteexplorer.org/dotbot; help@moz.com)"
85.208.96.201 - - [07/Feb/2025:09:00:12 -0600] "GET /aqhrp/brighteyes-obituaries-detroit.html HTTP/1.1" 200 33183 "-" "Mozilla/5.0 (compatible; SemrushBot/7~bl; +http://www.semrush.com/bot.html)"
185.191.171.11 - - [07/Feb/2025:09:00:15 -0600] "GET /aqhrp/wise-county-deed-records.html HTTP/1.1" 200 46770 "-" "Mozilla/5.0 (compatible; SemrushBot/7~bl; +http://www.semrush.com/bot.html)"
185.191.171.10 - - [07/Feb/2025:09:00:35 -0600] "GET /aqhrp/4-hours-part-time-job-singapore-for-students-work-from-home-without-experience.html HTTP/1.1" 200 49692 "-" "Mozilla/5.0 (compatible; SemrushBot/7~bl; +http://www.semrush.com/bot.html)"
185.191.171.10 - - [07/Feb/2025:09:00:48 -0600] "GET /fblslia/triumph-tire-machine.html HTTP/1.1" 200 42630 "-" "Mozilla/5.0 (compatible; SemrushBot/7~bl; +http://www.semrush.com/bot.html)"
185.191.171.2 - - [07/Feb/2025:09:00:49 -0600] "GET /robots.txt HTTP/1.1" 200 1017 "-" "Mozilla/5.0 (compatible; SemrushBot/7~bl; +http://www.semrush.com/bot.html)"
85.208.96.204 - - [07/Feb/2025:09:00:49 -0600] "GET /aqhrp/Is-suboxone-vegan.html HTTP/1.1" 200 44536 "-" "Mozilla/5.0 (compatible; SemrushBot/7~bl; +http://www.semrush.com/bot.html)"
85.208.96.204 - - [07/Feb/2025:09:00:59 -0600] "GET /fblslia/dealsea-deals-today-news.html HTTP/1.1" 200 28430 "-" "Mozilla/5.0 (compatible; SemrushBot/7~bl; +http://www.semrush.com/bot.html)"
85.208.96.207 - - [07/Feb/2025:09:01:08 -0600] "GET /aqhrp/isabella-county-manhunt-today.html HTTP/1.1" 200 41296 "-" "Mozilla/5.0 (compatible; SemrushBot/7~bl; +http://www.semrush.com/bot.html)"
85.208.96.202 - - [07/Feb/2025:09:01:09 -0600] "GET /aqhrp/used-mobile-homes-for-sale-houston-with-land.html HTTP/1.1" 200 36185 "-" "Mozilla/5.0 (compatible; SemrushBot/7~bl; +http://www.semrush.com/bot.html)"
85.208.96.206 - - [07/Feb/2025:09:01:11 -0600] "GET /fblslia/turner-porter-peel-chapel-obituaries.html HTTP/1.1" 200 49344 "-" "Mozilla/5.0 (compatible; SemrushBot/7~bl; +http://www.semrush.com/bot.html)"
185.191.171.11 - - [07/Feb/2025:09:01:14 -0600] "GET /aqhrp/sim-live-tracking.html HTTP/1.1" 200 34694 "-" "Mozilla/5.0 (compatible; SemrushBot/7~bl; +http://www.semrush.com/bot.html)"
189.1.244.204 - - [07/Feb/2025:09:01:30 -0600] "GET /aqhrp/ss22jwb-quizlet.html HTTP/2.0" 200 61515 "http://impactplugin.calvarycrossag.com/aqhrp/ss22jwb-quizlet.html" "Mozilla/5.0 (Macintosh; Intel Mac OS X 10_15_7) AppleWebKit/537.36 (KHTML, like Gecko) Chrome/131.0.0.0 Safari/537.36"
189.1.244.204 - - [07/Feb/2025:09:01:30 -0600] "GET /aqhrp/ss22jwb-quizlet.html HTTP/1.1" 101 - "http://impactplugin.calvarycrossag.com/aqhrp/ss22jwb-quizlet.html" "Mozilla/5.0 (Macintosh; Intel Mac OS X 10_15_7) AppleWebKit/537.36 (KHTML, like Gecko) Chrome/131.0.0.0 Safari/537.36"
85.208.96.209 - - [07/Feb/2025:09:01:40 -0600] "GET /aqhrp/green-hills-mortuary-rancho-palos.html HTTP/1.1" 200 48763 "-" "Mozilla/5.0 (compatible; SemrushBot/7~bl; +http://www.semrush.com/bot.html)"
85.208.96.193 - - [07/Feb/2025:09:01:45 -0600] "GET /aqhrp/cash-jobs-downtown-toronto-part-time.html HTTP/1.1" 200 34365 "-" "Mozilla/5.0 (compatible; SemrushBot/7~bl; +http://www.semrush.com/bot.html)"
185.191.171.12 - - [07/Feb/2025:09:01:48 -0600] "GET /aqhrp/selling-products-hackerrank-solution-github-javatpoint.html HTTP/1.1" 200 36039 "-" "Mozilla/5.0 (compatible; SemrushBot/7~bl; +http://www.semrush.com/bot.html)"
85.208.96.205 - - [07/Feb/2025:09:02:23 -0600] "GET /aqhrp/acacia-courtney-birthday.html HTTP/1.1" 200 48692 "-" "Mozilla/5.0 (compatible; SemrushBot/7~bl; +http://www.semrush.com/bot.html)"
119.8.127.132 - - [07/Feb/2025:09:02:40 -0600] "GET /aqhrp/obituaries-for-caldwell-new-jersey-in-west-orange-new-jersey.html HTTP/2.0" 200 55525 "http://impactplugin.calvarycrossag.com/aqhrp/obituaries-for-caldwell-new-jersey-in-west-orange-new-jersey.html" "Mozilla/5.0 (Windows NT 10.0; Win64; x64) AppleWebKit/537.36 (KHTML, like Gecko) Chrome/107.0.0.0 Safari/537.36"
119.8.127.132 - - [07/Feb/2025:09:02:40 -0600] "GET /aqhrp/obituaries-for-caldwell-new-jersey-in-west-orange-new-jersey.html HTTP/1.1" 101 - "http://impactplugin.calvarycrossag.com/aqhrp/obituaries-for-caldwell-new-jersey-in-west-orange-new-jersey.html" "Mozilla/5.0 (Windows NT 10.0; Win64; x64) AppleWebKit/537.36 (KHTML, like Gecko) Chrome/107.0.0.0 Safari/537.36"
185.191.171.10 - - [07/Feb/2025:09:03:03 -0600] "GET /fblslia/just-connect-inmate-identification-number.html HTTP/1.1" 200 54219 "-" "Mozilla/5.0 (compatible; SemrushBot/7~bl; +http://www.semrush.com/bot.html)"
47.82.10.124 - - [07/Feb/2025:09:03:45 -0600] "GET /aqhrp/tierce-ordre-en-3.html HTTP/1.1" 200 52732 "http://impactplugin.calvarycrossag.com/aqhrp/tierce-ordre-en-3.html" "Mozilla/5.0 (Windows NT 10.0; Win64; x64) AppleWebKit/537.36 (KHTML, like Gecko) Chrome/114.0.0.0 Safari/537.36 Edg/114.0.1823.43"
101.44.69.245 - - [07/Feb/2025:09:03:50 -0600] "GET /aqhrp/who-should-gemini-avoid.html HTTP/2.0" 200 32936 "http://impactplugin.calvarycrossag.com/aqhrp/who-should-gemini-avoid.html" "Mozilla/5.0 (Windows NT 10.0; Win64; x64) AppleWebKit/537.36 (KHTML, like Gecko) Chrome/116.0.0.0 Safari/537.36"
185.191.171.2 - - [07/Feb/2025:09:03:52 -0600] "GET /aqhrp/holden-308-engine-parts-ebay.html HTTP/1.1" 200 41619 "-" "Mozilla/5.0 (compatible; SemrushBot/7~bl; +http://www.semrush.com/bot.html)"
101.44.69.245 - - [07/Feb/2025:09:03:50 -0600] "GET /aqhrp/who-should-gemini-avoid.html HTTP/1.1" 101 - "http://impactplugin.calvarycrossag.com/aqhrp/who-should-gemini-avoid.html" "Mozilla/5.0 (Windows NT 10.0; Win64; x64) AppleWebKit/537.36 (KHTML, like Gecko) Chrome/116.0.0.0 Safari/537.36"
185.191.171.13 - - [07/Feb/2025:09:03:58 -0600] "GET /aqhrp/carman-funeral-home-flatwoods-ky-obituaries.html HTTP/1.1" 200 30489 "-" "Mozilla/5.0 (compatible; SemrushBot/7~bl; +http://www.semrush.com/bot.html)"
147.78.47.38 - - [07/Feb/2025:09:04:11 -0600] "GET /index.php/jk HTTP/1.1" 200 - "-" "Mozilla/5.0 (Windows NT 10.0; Win64; x64) AppleWebKit/537.36 (KHTML, like Gecko) Chrome/81.0.3282.140 Safari/537.36 Edge/18.17763"
85.208.96.197 - - [07/Feb/2025:09:04:12 -0600] "GET /fblslia/warren-county-current-inmates.html HTTP/1.1" 200 65222 "-" "Mozilla/5.0 (compatible; SemrushBot/7~bl; +http://www.semrush.com/bot.html)"
47.82.10.188 - - [07/Feb/2025:09:04:14 -0600] "GET /aqhrp/real-estate-chapter-4-quiz.html HTTP/1.1" 200 43819 "http://impactplugin.calvarycrossag.com/aqhrp/real-estate-chapter-4-quiz.html" "Mozilla/5.0 (Windows NT 10.0; Win64; x64) AppleWebKit/537.36 (KHTML, like Gecko) Chrome/114.0.0.0 Safari/537.36 Edg/114.0.1823.43"
85.208.96.206 - - [07/Feb/2025:09:04:27 -0600] "GET /aqhrp/hamilton-funeral-home-walterboro-sc-obituaries.html HTTP/1.1" 200 49570 "-" "Mozilla/5.0 (compatible; SemrushBot/7~bl; +http://www.semrush.com/bot.html)"
85.208.96.200 - - [07/Feb/2025:09:04:33 -0600] "GET /aqhrp/base64-encode-javascript.html HTTP/1.1" 200 44027 "-" "Mozilla/5.0 (compatible; SemrushBot/7~bl; +http://www.semrush.com/bot.html)"
47.128.114.209 - - [07/Feb/2025:09:04:40 -0600] "GET /fblslia/itachi-gamer-fanfiction-naruto.html HTTP/1.1" 200 58067 "-" "Mozilla/5.0 (Linux; Android 5.0) AppleWebKit/537.36 (KHTML, like Gecko) Mobile Safari/537.36 (compatible; Bytespider; spider-feedback@bytedance.com)"
47.128.114.209 - - [07/Feb/2025:09:04:41 -0600] "GET /fblslia/css/ HTTP/1.1" 404 - "http://impactplugin.calvarycrossag.com/fblslia/itachi-gamer-fanfiction-naruto.html" "Mozilla/5.0 (Linux; Android 5.0) AppleWebKit/537.36 (KHTML, like Gecko) Mobile Safari/537.36 (compatible; Bytespider; spider-feedback@bytedance.com)"
185.191.171.11 - - [07/Feb/2025:09:04:43 -0600] "GET /aqhrp/citi-vmware-horizon-client.html HTTP/1.1" 200 36054 "-" "Mozilla/5.0 (compatible; SemrushBot/7~bl; +http://www.semrush.com/bot.html)"
185.191.171.2 - - [07/Feb/2025:09:04:44 -0600] "GET /aqhrp/crc-mismatch-rdr2.html HTTP/1.1" 200 37061 "-" "Mozilla/5.0 (compatible; SemrushBot/7~bl; +http://www.semrush.com/bot.html)"
85.208.96.201 - - [07/Feb/2025:09:04:47 -0600] "GET /fblslia/cumberland-county-court-cases-today.html HTTP/1.1" 200 38915 "-" "Mozilla/5.0 (compatible; SemrushBot/7~bl; +http://www.semrush.com/bot.html)"
85.208.96.201 - - [07/Feb/2025:09:05:03 -0600] "GET /fblslia/cate-tone-are-un-tractor-u650.html HTTP/1.1" 200 58832 "-" "Mozilla/5.0 (compatible; SemrushBot/7~bl; +http://www.semrush.com/bot.html)"
85.208.96.201 - - [07/Feb/2025:09:05:11 -0600] "GET /aqhrp/mccormick-backhoe.html HTTP/1.1" 200 27558 "-" "Mozilla/5.0 (compatible; SemrushBot/7~bl; +http://www.semrush.com/bot.html)"
85.208.96.197 - - [07/Feb/2025:09:05:23 -0600] "GET /aqhrp/dunzo-chennai-contact-number-whatsapp-number.html HTTP/1.1" 200 29660 "-" "Mozilla/5.0 (compatible; SemrushBot/7~bl; +http://www.semrush.com/bot.html)"
185.191.171.4 - - [07/Feb/2025:09:05:32 -0600] "GET /fblslia/llano-county-warrant-search.html HTTP/1.1" 200 48630 "-" "Mozilla/5.0 (compatible; SemrushBot/7~bl; +http://www.semrush.com/bot.html)"
85.208.96.211 - - [07/Feb/2025:09:05:41 -0600] "GET /fblslia/banner-news-magnolia-arkansas-archives.html HTTP/1.1" 200 39341 "-" "Mozilla/5.0 (compatible; SemrushBot/7~bl; +http://www.semrush.com/bot.html)"
185.191.171.12 - - [07/Feb/2025:09:05:43 -0600] "GET /aqhrp/apple-uae-student-discount.html HTTP/1.1" 200 41966 "-" "Mozilla/5.0 (compatible; SemrushBot/7~bl; +http://www.semrush.com/bot.html)"
85.208.96.200 - - [07/Feb/2025:09:05:47 -0600] "GET /aqhrp/elements-of-fire-ppt.html HTTP/1.1" 200 31920 "-" "Mozilla/5.0 (compatible; SemrushBot/7~bl; +http://www.semrush.com/bot.html)"
85.208.96.206 - - [07/Feb/2025:09:05:49 -0600] "GET /aqhrp/waze-traffic-hamilton.html HTTP/1.1" 200 24848 "-" "Mozilla/5.0 (compatible; SemrushBot/7~bl; +http://www.semrush.com/bot.html)"
85.208.96.207 - - [07/Feb/2025:09:06:03 -0600] "GET /aqhrp/black-wifi-hacker-plus-apkpure.html HTTP/1.1" 200 36584 "-" "Mozilla/5.0 (compatible; SemrushBot/7~bl; +http://www.semrush.com/bot.html)"
185.191.171.13 - - [07/Feb/2025:09:07:12 -0600] "GET /fblslia/doc-inmate-search-near-winter-garden-fl.html HTTP/1.1" 200 36787 "-" "Mozilla/5.0 (compatible; SemrushBot/7~bl; +http://www.semrush.com/bot.html)"
122.8.184.123 - - [07/Feb/2025:09:07:21 -0600] "GET /aqhrp/how-to-keep-footer-at-bottom-of-page.html HTTP/2.0" 200 46579 "http://impactplugin.calvarycrossag.com/aqhrp/how-to-keep-footer-at-bottom-of-page.html" "Mozilla/5.0 (Windows NT 10.0; Win64; x64) AppleWebKit/537.36 (KHTML, like Gecko) Chrome/116.0.0.0 Safari/537.36"
122.8.184.123 - - [07/Feb/2025:09:07:21 -0600] "GET /aqhrp/how-to-keep-footer-at-bottom-of-page.html HTTP/1.1" 101 - "http://impactplugin.calvarycrossag.com/aqhrp/how-to-keep-footer-at-bottom-of-page.html" "Mozilla/5.0 (Windows NT 10.0; Win64; x64) AppleWebKit/537.36 (KHTML, like Gecko) Chrome/116.0.0.0 Safari/537.36"
185.191.171.4 - - [07/Feb/2025:09:08:09 -0600] "GET /fblslia/nacogdoches-funeral-home-cason-monk.html HTTP/1.1" 200 45913 "-" "Mozilla/5.0 (compatible; SemrushBot/7~bl; +http://www.semrush.com/bot.html)"
185.191.171.12 - - [07/Feb/2025:09:08:15 -0600] "GET /aqhrp/busted-mugshots-search.html HTTP/1.1" 200 33755 "-" "Mozilla/5.0 (compatible; SemrushBot/7~bl; +http://www.semrush.com/bot.html)"
85.208.96.208 - - [07/Feb/2025:09:08:18 -0600] "GET /aqhrp/clown-horror-movie-terrifier-2-full-movie.html HTTP/1.1" 200 37400 "-" "Mozilla/5.0 (compatible; SemrushBot/7~bl; +http://www.semrush.com/bot.html)"
185.191.171.10 - - [07/Feb/2025:09:08:27 -0600] "GET /aqhrp/des-moines-iowa-movie-theater.html HTTP/1.1" 200 39371 "-" "Mozilla/5.0 (compatible; SemrushBot/7~bl; +http://www.semrush.com/bot.html)"
185.191.171.1 - - [07/Feb/2025:09:08:30 -0600] "GET /aqhrp/official-obituary-website.html HTTP/1.1" 200 36620 "-" "Mozilla/5.0 (compatible; SemrushBot/7~bl; +http://www.semrush.com/bot.html)"
85.208.96.208 - - [07/Feb/2025:09:08:50 -0600] "GET /aqhrp/wetzel-funeral-home-obituaries.html HTTP/1.1" 200 53154 "-" "Mozilla/5.0 (compatible; SemrushBot/7~bl; +http://www.semrush.com/bot.html)"
185.191.171.12 - - [07/Feb/2025:09:09:00 -0600] "GET /aqhrp/cost-accounting-practice-questions.html HTTP/1.1" 200 54619 "-" "Mozilla/5.0 (compatible; SemrushBot/7~bl; +http://www.semrush.com/bot.html)"
85.208.96.202 - - [07/Feb/2025:09:09:03 -0600] "GET /aqhrp/adjustable-webbing-straps.html HTTP/1.1" 200 51218 "-" "Mozilla/5.0 (compatible; SemrushBot/7~bl; +http://www.semrush.com/bot.html)"
170.80.33.58 - - [07/Feb/2025:09:09:09 -0600] "GET /assets/images/wcrmxg.php HTTP/1.1" 200 5717 "-" "Mozilla/5.0 (Windows NT 10.0; Win64; x64) AppleWebKit/537.36 (KHTML, like Gecko) Chrome/130.0.0.0 Safari/537.36"
185.191.171.13 - - [07/Feb/2025:09:09:12 -0600] "GET /aqhrp/aiken-county-sheriff-dispatch-live.html HTTP/1.1" 200 37725 "-" "Mozilla/5.0 (compatible; SemrushBot/7~bl; +http://www.semrush.com/bot.html)"
170.80.33.58 - - [07/Feb/2025:09:09:17 -0600] "GET /favicon.ico HTTP/1.1" 200 - "http://impactplugin.calvarycrossag.com/assets/images/wcrmxg.php" "Mozilla/5.0 (Windows NT 10.0; Win64; x64) AppleWebKit/537.36 (KHTML, like Gecko) Chrome/130.0.0.0 Safari/537.36"
85.208.96.204 - - [07/Feb/2025:09:09:24 -0600] "GET /aqhrp/robeson-county-public-records-search.html HTTP/1.1" 200 48951 "-" "Mozilla/5.0 (compatible; SemrushBot/7~bl; +http://www.semrush.com/bot.html)"
185.191.171.14 - - [07/Feb/2025:09:09:26 -0600] "GET /aqhrp/burnet-county-official-public-records.html HTTP/1.1" 200 43521 "-" "Mozilla/5.0 (compatible; SemrushBot/7~bl; +http://www.semrush.com/bot.html)"
170.80.33.58 - - [07/Feb/2025:09:09:23 -0600] "POST /assets/images/wcrmxg.php HTTP/1.1" 200 4028016 "http://impactplugin.calvarycrossag.com/assets/images/wcrmxg.php" "Mozilla/5.0 (Windows NT 10.0; Win64; x64) AppleWebKit/537.36 (KHTML, like Gecko) Chrome/130.0.0.0 Safari/537.36"
85.208.96.198 - - [07/Feb/2025:09:09:32 -0600] "GET /aqhrp/ka-vinyl.html HTTP/1.1" 200 36995 "-" "Mozilla/5.0 (compatible; SemrushBot/7~bl; +http://www.semrush.com/bot.html)"
170.80.33.58 - - [07/Feb/2025:09:09:33 -0600] "GET /favicon.ico HTTP/1.1" 200 - "http://impactplugin.calvarycrossag.com/assets/images/wcrmxg.php" "Mozilla/5.0 (Windows NT 10.0; Win64; x64) AppleWebKit/537.36 (KHTML, like Gecko) Chrome/130.0.0.0 Safari/537.36"
85.208.96.201 - - [07/Feb/2025:09:09:34 -0600] "GET /aqhrp/sullivan-county-indiana-jail-arrests.html HTTP/1.1" 200 43224 "-" "Mozilla/5.0 (compatible; SemrushBot/7~bl; +http://www.semrush.com/bot.html)"
185.191.171.16 - - [07/Feb/2025:09:09:46 -0600] "GET /aqhrp/izuku-masters-one-for-all-early-fanfiction-ao3.html HTTP/1.1" 200 47937 "-" "Mozilla/5.0 (compatible; SemrushBot/7~bl; +http://www.semrush.com/bot.html)"
185.191.171.4 - - [07/Feb/2025:09:09:49 -0600] "GET /aqhrp/world-record-ski-cliff-jump.html HTTP/1.1" 200 28049 "-" "Mozilla/5.0 (compatible; SemrushBot/7~bl; +http://www.semrush.com/bot.html)"
5.255.231.64 - - [07/Feb/2025:09:09:51 -0600] "GET /aqhrp/used-curb-machine-for-sale-ebay.html HTTP/1.1" 200 39709 "-" "Mozilla/5.0 (compatible; YandexBot/3.0; +http://yandex.com/bots)"
185.191.171.3 - - [07/Feb/2025:09:09:59 -0600] "GET /aqhrp/teen-milf-stud-anal.html HTTP/1.1" 200 34734 "-" "Mozilla/5.0 (compatible; SemrushBot/7~bl; +http://www.semrush.com/bot.html)"
213.180.203.111 - - [07/Feb/2025:09:10:16 -0600] "GET /aqhrp/terratech-steam.html HTTP/1.1" 200 34124 "-" "Mozilla/5.0 (compatible; YandexBot/3.0; +http://yandex.com/bots)"
185.191.171.13 - - [07/Feb/2025:09:10:44 -0600] "GET /aqhrp/munderloh-funeral-home-obituaries-near-sogamoso-boyaca.html HTTP/1.1" 200 42025 "-" "Mozilla/5.0 (compatible; SemrushBot/7~bl; +http://www.semrush.com/bot.html)"
85.208.96.208 - - [07/Feb/2025:09:11:24 -0600] "GET /aqhrp/black-market-cigarettes-reddit.html HTTP/1.1" 200 32102 "-" "Mozilla/5.0 (compatible; SemrushBot/7~bl; +http://www.semrush.com/bot.html)"
185.191.171.12 - - [07/Feb/2025:09:12:24 -0600] "GET /aqhrp/northolt-crime-today.html HTTP/1.1" 200 33488 "-" "Mozilla/5.0 (compatible; SemrushBot/7~bl; +http://www.semrush.com/bot.html)"
85.208.96.199 - - [07/Feb/2025:09:12:26 -0600] "GET /aqhrp/california-obituaries-by-last-name.html HTTP/1.1" 200 31219 "-" "Mozilla/5.0 (compatible; SemrushBot/7~bl; +http://www.semrush.com/bot.html)"
85.208.96.202 - - [07/Feb/2025:09:12:33 -0600] "GET /aqhrp/what-do-front-desk-receptionist.html HTTP/1.1" 200 59355 "-" "Mozilla/5.0 (compatible; SemrushBot/7~bl; +http://www.semrush.com/bot.html)"
85.208.96.202 - - [07/Feb/2025:09:12:35 -0600] "GET /aqhrp/robert-voorhees-wikipedia.html HTTP/1.1" 200 57643 "-" "Mozilla/5.0 (compatible; SemrushBot/7~bl; +http://www.semrush.com/bot.html)"
85.208.96.208 - - [07/Feb/2025:09:12:38 -0600] "GET /aqhrp/starborn-minecraft-origins-mod.html HTTP/1.1" 200 25764 "-" "Mozilla/5.0 (compatible; SemrushBot/7~bl; +http://www.semrush.com/bot.html)"
66.249.69.104 - - [07/Feb/2025:09:12:47 -0600] "GET /robots.txt HTTP/1.1" 200 1017 "-" "Mozilla/5.0 (compatible; Googlebot/2.1; +http://www.google.com/bot.html)"
66.249.69.103 - - [07/Feb/2025:09:12:47 -0600] "GET /aqhrp/samostrel-prodaja.html HTTP/1.1" 200 60044 "-" "Mozilla/5.0 (Linux; Android 6.0.1; Nexus 5X Build/MMB29P) AppleWebKit/537.36 (KHTML, like Gecko) Chrome/132.0.6834.159 Mobile Safari/537.36 (compatible; GoogleOther)"
85.208.96.208 - - [07/Feb/2025:09:13:07 -0600] "GET /fblslia/dispatch-argus-e-edition-login.html HTTP/1.1" 200 27290 "-" "Mozilla/5.0 (compatible; SemrushBot/7~bl; +http://www.semrush.com/bot.html)"
185.191.171.14 - - [07/Feb/2025:09:13:12 -0600] "GET /aqhrp/Outlaws-mc-forever-chapter.html HTTP/1.1" 200 33400 "-" "Mozilla/5.0 (compatible; SemrushBot/7~bl; +http://www.semrush.com/bot.html)"
85.208.96.198 - - [07/Feb/2025:09:13:18 -0600] "GET /fblslia/strickland-funeral-home-hartwell-chapel.html HTTP/1.1" 200 33539 "-" "Mozilla/5.0 (compatible; SemrushBot/7~bl; +http://www.semrush.com/bot.html)"
85.208.96.202 - - [07/Feb/2025:09:13:21 -0600] "GET /aqhrp/kubota-zd21-transaxle.html HTTP/1.1" 200 29207 "-" "Mozilla/5.0 (compatible; SemrushBot/7~bl; +http://www.semrush.com/bot.html)"
85.208.96.199 - - [07/Feb/2025:09:13:33 -0600] "GET /aqhrp/burnet-county-clerk-recording-fees.html HTTP/1.1" 200 30924 "-" "Mozilla/5.0 (compatible; SemrushBot/7~bl; +http://www.semrush.com/bot.html)"
185.191.171.1 - - [07/Feb/2025:09:13:40 -0600] "GET /aqhrp/keyword-planner-in-digital-marketing.html HTTP/1.1" 200 45284 "-" "Mozilla/5.0 (compatible; SemrushBot/7~bl; +http://www.semrush.com/bot.html)"
185.191.171.7 - - [07/Feb/2025:09:13:49 -0600] "GET /aqhrp/battery-terminal-cap.html HTTP/1.1" 200 30326 "-" "Mozilla/5.0 (compatible; SemrushBot/7~bl; +http://www.semrush.com/bot.html)"
185.191.171.13 - - [07/Feb/2025:09:13:50 -0600] "GET /aqhrp/emagine-noblesville-movie-theater-showtimes.html HTTP/1.1" 200 18367 "-" "Mozilla/5.0 (compatible; SemrushBot/7~bl; +http://www.semrush.com/bot.html)"
213.180.203.110 - - [07/Feb/2025:09:14:04 -0600] "GET /aqhrp/county-down-song.html HTTP/1.1" 200 39112 "-" "Mozilla/5.0 (compatible; YandexBot/3.0; +http://yandex.com/bots)"
46.250.175.23 - - [07/Feb/2025:09:14:21 -0600] "GET /aqhrp/itil-awareness-wipro-dumps.html HTTP/2.0" 200 46505 "http://impactplugin.calvarycrossag.com/aqhrp/itil-awareness-wipro-dumps.html" "Mozilla/5.0 (Windows NT 10.0; Win64; x64) AppleWebKit/537.36 (KHTML, like Gecko) Chrome/101.0.4951.64 Safari/537.36 Edg/101.0.1210.47"
85.208.96.206 - - [07/Feb/2025:09:14:22 -0600] "GET /aqhrp/mdot-cameras-michigan.html HTTP/1.1" 200 18721 "-" "Mozilla/5.0 (compatible; SemrushBot/7~bl; +http://www.semrush.com/bot.html)"
85.208.96.208 - - [07/Feb/2025:09:14:25 -0600] "GET /aqhrp/mimms-funeral-home-obituaries-richmond-va.html HTTP/1.1" 200 31742 "-" "Mozilla/5.0 (compatible; SemrushBot/7~bl; +http://www.semrush.com/bot.html)"
46.250.175.23 - - [07/Feb/2025:09:14:21 -0600] "GET /aqhrp/itil-awareness-wipro-dumps.html HTTP/1.1" 101 - "http://impactplugin.calvarycrossag.com/aqhrp/itil-awareness-wipro-dumps.html" "Mozilla/5.0 (Windows NT 10.0; Win64; x64) AppleWebKit/537.36 (KHTML, like Gecko) Chrome/101.0.4951.64 Safari/537.36 Edg/101.0.1210.47"
185.191.171.8 - - [07/Feb/2025:09:14:26 -0600] "GET /aqhrp/pulsar-thermion-xm50.html HTTP/1.1" 200 40053 "-" "Mozilla/5.0 (compatible; SemrushBot/7~bl; +http://www.semrush.com/bot.html)"
185.191.171.16 - - [07/Feb/2025:09:14:35 -0600] "GET /fblslia/what-is-matriculation-in-university.html HTTP/1.1" 200 49620 "-" "Mozilla/5.0 (compatible; SemrushBot/7~bl; +http://www.semrush.com/bot.html)"
85.208.96.198 - - [07/Feb/2025:09:15:14 -0600] "GET /aqhrp/motorized-bicycle.html HTTP/1.1" 200 47036 "-" "Mozilla/5.0 (compatible; SemrushBot/7~bl; +http://www.semrush.com/bot.html)"
185.191.171.8 - - [07/Feb/2025:09:15:45 -0600] "GET /aqhrp/betonski-blok-40x20x20-cijena.html HTTP/1.1" 200 43058 "-" "Mozilla/5.0 (compatible; SemrushBot/7~bl; +http://www.semrush.com/bot.html)"
85.208.96.196 - - [07/Feb/2025:09:16:08 -0600] "GET /fblslia/hospitality-sponsorship-uk.html HTTP/1.1" 200 62222 "-" "Mozilla/5.0 (compatible; SemrushBot/7~bl; +http://www.semrush.com/bot.html)"
185.191.171.1 - - [07/Feb/2025:09:16:23 -0600] "GET /aqhrp/anime-cartoon-xxx-porn.html HTTP/1.1" 200 28147 "-" "Mozilla/5.0 (compatible; SemrushBot/7~bl; +http://www.semrush.com/bot.html)"
85.208.96.198 - - [07/Feb/2025:09:16:27 -0600] "GET /aqhrp/arnett-steele-funeral-home-obits.html HTTP/1.1" 200 34999 "-" "Mozilla/5.0 (compatible; SemrushBot/7~bl; +http://www.semrush.com/bot.html)"
185.191.171.9 - - [07/Feb/2025:09:16:56 -0600] "GET /aqhrp/colonel-russell-williams-netflix.html HTTP/1.1" 200 32442 "-" "Mozilla/5.0 (compatible; SemrushBot/7~bl; +http://www.semrush.com/bot.html)"
85.208.96.207 - - [07/Feb/2025:09:16:58 -0600] "GET /fblslia/v3cube-gojek-login-philippines.html HTTP/1.1" 200 38608 "-" "Mozilla/5.0 (compatible; SemrushBot/7~bl; +http://www.semrush.com/bot.html)"
185.191.171.18 - - [07/Feb/2025:09:17:18 -0600] "GET /fblslia/abercrombie-news.html HTTP/1.1" 200 37748 "-" "Mozilla/5.0 (compatible; SemrushBot/7~bl; +http://www.semrush.com/bot.html)"
85.208.96.211 - - [07/Feb/2025:09:17:25 -0600] "GET /aqhrp/how-to-upload-to-tableau-public.html HTTP/1.1" 200 40315 "-" "Mozilla/5.0 (compatible; SemrushBot/7~bl; +http://www.semrush.com/bot.html)"
185.191.171.8 - - [07/Feb/2025:09:17:35 -0600] "GET /fblslia/justin-fike-obituary-columbus-ohio.html HTTP/1.1" 200 32339 "-" "Mozilla/5.0 (compatible; SemrushBot/7~bl; +http://www.semrush.com/bot.html)"
85.208.96.194 - - [07/Feb/2025:09:17:42 -0600] "GET /aqhrp/warehouse-skills-and-responsibilities.html HTTP/1.1" 200 50983 "-" "Mozilla/5.0 (compatible; SemrushBot/7~bl; +http://www.semrush.com/bot.html)"
185.191.171.3 - - [07/Feb/2025:09:17:44 -0600] "GET /aqhrp/recent-arrests-charlotte-nc-yesterday-facebook.html HTTP/1.1" 200 27990 "-" "Mozilla/5.0 (compatible; SemrushBot/7~bl; +http://www.semrush.com/bot.html)"
85.208.96.210 - - [07/Feb/2025:09:17:45 -0600] "GET /aqhrp/kakanui-hunting.html HTTP/1.1" 200 47074 "-" "Mozilla/5.0 (compatible; SemrushBot/7~bl; +http://www.semrush.com/bot.html)"
121.91.173.72 - - [07/Feb/2025:09:17:51 -0600] "GET /aqhrp/nord-sample-library.html HTTP/2.0" 200 48354 "http://impactplugin.calvarycrossag.com/aqhrp/nord-sample-library.html" "Mozilla/5.0 (Macintosh; Intel Mac OS X 10_15_7) AppleWebKit/537.36 (KHTML, like Gecko) Chrome/123.0.0.0 Safari/537.36"
185.191.171.9 - - [07/Feb/2025:09:17:52 -0600] "GET /aqhrp/git-commit-no-such-file-or-directory-ubuntu.html HTTP/1.1" 200 46260 "-" "Mozilla/5.0 (compatible; SemrushBot/7~bl; +http://www.semrush.com/bot.html)"
121.91.173.72 - - [07/Feb/2025:09:17:51 -0600] "GET /aqhrp/nord-sample-library.html HTTP/1.1" 101 - "http://impactplugin.calvarycrossag.com/aqhrp/nord-sample-library.html" "Mozilla/5.0 (Macintosh; Intel Mac OS X 10_15_7) AppleWebKit/537.36 (KHTML, like Gecko) Chrome/123.0.0.0 Safari/537.36"
185.191.171.5 - - [07/Feb/2025:09:18:11 -0600] "GET /aqhrp/catawba-county-court-docket-for-today.html HTTP/1.1" 200 45309 "-" "Mozilla/5.0 (compatible; SemrushBot/7~bl; +http://www.semrush.com/bot.html)"
185.191.171.8 - - [07/Feb/2025:09:18:38 -0600] "GET /fblslia/west-african-restaurant-brooklyn.html HTTP/1.1" 200 56656 "-" "Mozilla/5.0 (compatible; SemrushBot/7~bl; +http://www.semrush.com/bot.html)"
85.208.96.211 - - [07/Feb/2025:09:18:44 -0600] "GET /aqhrp/Gham-e-dil-mukesh-my-love.html HTTP/1.1" 200 27956 "-" "Mozilla/5.0 (compatible; SemrushBot/7~bl; +http://www.semrush.com/bot.html)"
85.208.96.201 - - [07/Feb/2025:09:18:58 -0600] "GET /fblslia/citimanager-military-benefits-phone-number.html HTTP/1.1" 200 42407 "-" "Mozilla/5.0 (compatible; SemrushBot/7~bl; +http://www.semrush.com/bot.html)"
85.208.96.206 - - [07/Feb/2025:09:19:18 -0600] "GET /aqhrp/whoose-in-jail-guilford-county.html HTTP/1.1" 200 51642 "-" "Mozilla/5.0 (compatible; SemrushBot/7~bl; +http://www.semrush.com/bot.html)"
185.191.171.10 - - [07/Feb/2025:09:19:59 -0600] "GET /aqhrp/free-editable-traditional-obituary-template.html HTTP/1.1" 200 46485 "-" "Mozilla/5.0 (compatible; SemrushBot/7~bl; +http://www.semrush.com/bot.html)"
85.208.96.193 - - [07/Feb/2025:09:20:05 -0600] "GET /aqhrp/girls-whatsapp-group-link-for-gb-whatsapp.html HTTP/1.1" 200 40386 "-" "Mozilla/5.0 (compatible; SemrushBot/7~bl; +http://www.semrush.com/bot.html)"
101.44.71.232 - - [07/Feb/2025:09:20:11 -0600] "GET /aqhrp/right-to-know-defence.html HTTP/2.0" 200 32967 "http://impactplugin.calvarycrossag.com/aqhrp/right-to-know-defence.html" "Mozilla/5.0 (Windows NT 10.0; Win64; x64) AppleWebKit/537.36 (KHTML, like Gecko) Chrome/107.0.0.0 Safari/537.36"
101.44.71.232 - - [07/Feb/2025:09:20:11 -0600] "GET /aqhrp/right-to-know-defence.html HTTP/1.1" 101 - "http://impactplugin.calvarycrossag.com/aqhrp/right-to-know-defence.html" "Mozilla/5.0 (Windows NT 10.0; Win64; x64) AppleWebKit/537.36 (KHTML, like Gecko) Chrome/107.0.0.0 Safari/537.36"
185.191.171.14 - - [07/Feb/2025:09:20:36 -0600] "GET /aqhrp/hackerrank-visible-towers.html HTTP/1.1" 200 42111 "-" "Mozilla/5.0 (compatible; SemrushBot/7~bl; +http://www.semrush.com/bot.html)"
185.191.171.3 - - [07/Feb/2025:09:20:47 -0600] "GET /aqhrp/wojstrom-obituaries.html HTTP/1.1" 200 36110 "-" "Mozilla/5.0 (compatible; SemrushBot/7~bl; +http://www.semrush.com/bot.html)"
85.208.96.208 - - [07/Feb/2025:09:20:52 -0600] "GET /aqhrp/tivimate-premium-free-download.html HTTP/1.1" 200 44235 "-" "Mozilla/5.0 (compatible; SemrushBot/7~bl; +http://www.semrush.com/bot.html)"
185.191.171.9 - - [07/Feb/2025:09:21:13 -0600] "GET /fblslia/best-sql-practice-website.html HTTP/1.1" 200 51678 "-" "Mozilla/5.0 (compatible; SemrushBot/7~bl; +http://www.semrush.com/bot.html)"
185.191.171.6 - - [07/Feb/2025:09:21:22 -0600] "GET /fblslia/lebanon-county-prison-inmate-lookup.html HTTP/1.1" 200 64657 "-" "Mozilla/5.0 (compatible; SemrushBot/7~bl; +http://www.semrush.com/bot.html)"
85.208.96.198 - - [07/Feb/2025:09:21:25 -0600] "GET /aqhrp/practice-writing-sql-queries-online.html HTTP/1.1" 200 54485 "-" "Mozilla/5.0 (compatible; SemrushBot/7~bl; +http://www.semrush.com/bot.html)"
185.191.171.19 - - [07/Feb/2025:09:21:42 -0600] "GET /aqhrp/spartanburg-county-inmates.html HTTP/1.1" 200 66103 "-" "Mozilla/5.0 (compatible; SemrushBot/7~bl; +http://www.semrush.com/bot.html)"
85.208.96.204 - - [07/Feb/2025:09:21:44 -0600] "GET /aqhrp/jamaica-telegram-groups.html HTTP/1.1" 200 37211 "-" "Mozilla/5.0 (compatible; SemrushBot/7~bl; +http://www.semrush.com/bot.html)"
185.191.171.8 - - [07/Feb/2025:09:21:47 -0600] "GET /aqhrp/reddit-lysergi-closing.html HTTP/1.1" 200 34411 "-" "Mozilla/5.0 (compatible; SemrushBot/7~bl; +http://www.semrush.com/bot.html)"
85.208.96.207 - - [07/Feb/2025:09:21:53 -0600] "GET /aqhrp/posey-dudley-funeral-home.html HTTP/1.1" 200 33846 "-" "Mozilla/5.0 (compatible; SemrushBot/7~bl; +http://www.semrush.com/bot.html)"
85.208.96.201 - - [07/Feb/2025:09:22:04 -0600] "GET /fblslia/smyth-county-jail-inmate-search.html HTTP/1.1" 200 41286 "-" "Mozilla/5.0 (compatible; SemrushBot/7~bl; +http://www.semrush.com/bot.html)"
47.128.48.21 - - [07/Feb/2025:09:22:10 -0600] "GET /fblslia/4x4-second-hand-parts.html HTTP/1.1" 200 44933 "-" "Mozilla/5.0 (Linux; Android 5.0) AppleWebKit/537.36 (KHTML, like Gecko) Mobile Safari/537.36 (compatible; Bytespider; spider-feedback@bytedance.com)"
185.191.171.8 - - [07/Feb/2025:09:22:19 -0600] "GET /aqhrp/st-clair-county-accident-yesterday.html HTTP/1.1" 200 34908 "-" "Mozilla/5.0 (compatible; SemrushBot/7~bl; +http://www.semrush.com/bot.html)"
185.191.171.19 - - [07/Feb/2025:09:22:22 -0600] "GET /aqhrp/old-pickup-trucks-for-sale.html HTTP/1.1" 200 51725 "-" "Mozilla/5.0 (compatible; SemrushBot/7~bl; +http://www.semrush.com/bot.html)"
185.191.171.14 - - [07/Feb/2025:09:22:26 -0600] "GET /aqhrp/rx-580-supported-motherboard.html HTTP/1.1" 200 36002 "-" "Mozilla/5.0 (compatible; SemrushBot/7~bl; +http://www.semrush.com/bot.html)"
85.208.96.207 - - [07/Feb/2025:09:22:45 -0600] "GET /aqhrp/noga-funeral-home-obituaries.html HTTP/1.1" 200 38184 "-" "Mozilla/5.0 (compatible; SemrushBot/7~bl; +http://www.semrush.com/bot.html)"
85.208.96.201 - - [07/Feb/2025:09:23:13 -0600] "GET /aqhrp/rheem-heat-pump-reviews-consumer-reports.html HTTP/1.1" 200 41975 "-" "Mozilla/5.0 (compatible; SemrushBot/7~bl; +http://www.semrush.com/bot.html)"
85.208.96.207 - - [07/Feb/2025:09:23:57 -0600] "GET /aqhrp/doj-press-release-today.html HTTP/1.1" 200 52276 "-" "Mozilla/5.0 (compatible; SemrushBot/7~bl; +http://www.semrush.com/bot.html)"
85.208.96.201 - - [07/Feb/2025:09:24:14 -0600] "GET /robots.txt HTTP/1.1" 200 1017 "-" "Mozilla/5.0 (compatible; SemrushBot/7~bl; +http://www.semrush.com/bot.html)"
185.191.171.8 - - [07/Feb/2025:09:24:14 -0600] "GET /aqhrp/hoffman-family-gold-release-date.html HTTP/1.1" 200 43356 "-" "Mozilla/5.0 (compatible; SemrushBot/7~bl; +http://www.semrush.com/bot.html)"
185.191.171.9 - - [07/Feb/2025:09:24:45 -0600] "GET /aqhrp/denver-obituaries-and-death-notices.html HTTP/1.1" 200 31101 "-" "Mozilla/5.0 (compatible; SemrushBot/7~bl; +http://www.semrush.com/bot.html)"
85.208.96.210 - - [07/Feb/2025:09:24:47 -0600] "GET /aqhrp/rudo-beograd-ortopedska-pomagala.html HTTP/1.1" 200 40484 "-" "Mozilla/5.0 (compatible; SemrushBot/7~bl; +http://www.semrush.com/bot.html)"
190.92.234.235 - - [07/Feb/2025:09:24:52 -0600] "GET /fblslia/union-county-sc-recent-arrests.html HTTP/2.0" 200 41044 "http://impactplugin.calvarycrossag.com/fblslia/union-county-sc-recent-arrests.html" "Mozilla/5.0 (Windows NT 10.0; Win64; x64) AppleWebKit/537.36 (KHTML, like Gecko) Chrome/107.0.0.0 Safari/537.36"
190.92.234.235 - - [07/Feb/2025:09:24:52 -0600] "GET /fblslia/union-county-sc-recent-arrests.html HTTP/1.1" 101 - "http://impactplugin.calvarycrossag.com/fblslia/union-county-sc-recent-arrests.html" "Mozilla/5.0 (Windows NT 10.0; Win64; x64) AppleWebKit/537.36 (KHTML, like Gecko) Chrome/107.0.0.0 Safari/537.36"
95.108.213.246 - - [07/Feb/2025:09:25:07 -0600] "GET /aqhrp/how-to-get-one-million-diamonds-in-royale-high.html HTTP/1.1" 200 35882 "-" "Mozilla/5.0 (compatible; YandexBot/3.0; +http://yandex.com/bots)"
95.108.213.237 - - [07/Feb/2025:09:25:08 -0600] "GET /aqhrp/perna-funeral-home-obituaries.html HTTP/1.1" 200 37701 "-" "Mozilla/5.0 (compatible; YandexBot/3.0; +http://yandex.com/bots)"
85.208.96.210 - - [07/Feb/2025:09:25:15 -0600] "GET /aqhrp/other-away-win.html HTTP/1.1" 200 40498 "-" "Mozilla/5.0 (compatible; SemrushBot/7~bl; +http://www.semrush.com/bot.html)"
85.208.96.203 - - [07/Feb/2025:09:25:33 -0600] "GET /aqhrp/tdcj-phone-call-application.html HTTP/1.1" 200 51151 "-" "Mozilla/5.0 (compatible; SemrushBot/7~bl; +http://www.semrush.com/bot.html)"
85.208.96.212 - - [07/Feb/2025:09:25:51 -0600] "GET /fblslia/urgent-cash-jobs-in-brampton-for-ladies.html HTTP/1.1" 200 40464 "-" "Mozilla/5.0 (compatible; SemrushBot/7~bl; +http://www.semrush.com/bot.html)"
85.208.96.200 - - [07/Feb/2025:09:25:56 -0600] "GET /aqhrp/ielts-question-paper-2024-pdf.html HTTP/1.1" 200 48781 "-" "Mozilla/5.0 (compatible; SemrushBot/7~bl; +http://www.semrush.com/bot.html)"
185.191.171.2 - - [07/Feb/2025:09:25:57 -0600] "GET /fblslia/graphic-designer-job-bank-scarborough.html HTTP/1.1" 200 41056 "-" "Mozilla/5.0 (compatible; SemrushBot/7~bl; +http://www.semrush.com/bot.html)"
185.191.171.12 - - [07/Feb/2025:09:25:59 -0600] "GET /aqhrp/cogat-composite-score-132-meaning-child-reddit.html HTTP/1.1" 200 30804 "-" "Mozilla/5.0 (compatible; SemrushBot/7~bl; +http://www.semrush.com/bot.html)"
185.191.171.10 - - [07/Feb/2025:09:26:12 -0600] "GET /aqhrp/shooting-in-carencro-la.html HTTP/1.1" 200 42845 "-" "Mozilla/5.0 (compatible; SemrushBot/7~bl; +http://www.semrush.com/bot.html)"
185.191.171.2 - - [07/Feb/2025:09:26:25 -0600] "GET /aqhrp/citi-bank-best-buy.html HTTP/1.1" 200 38990 "-" "Mozilla/5.0 (compatible; SemrushBot/7~bl; +http://www.semrush.com/bot.html)"
85.208.96.195 - - [07/Feb/2025:09:26:31 -0600] "GET /aqhrp/bank-of-mexico-locations.html HTTP/1.1" 200 40655 "-" "Mozilla/5.0 (compatible; SemrushBot/7~bl; +http://www.semrush.com/bot.html)"
85.208.96.198 - - [07/Feb/2025:09:26:43 -0600] "GET /aqhrp/mobile-movies-bollywood.html HTTP/1.1" 200 25216 "-" "Mozilla/5.0 (compatible; SemrushBot/7~bl; +http://www.semrush.com/bot.html)"
85.208.96.212 - - [07/Feb/2025:09:26:58 -0600] "GET /aqhrp/harrisonville-mackinac-island-homes-for-sale.html HTTP/1.1" 200 25893 "-" "Mozilla/5.0 (compatible; SemrushBot/7~bl; +http://www.semrush.com/bot.html)"
85.208.96.195 - - [07/Feb/2025:09:27:11 -0600] "GET /aqhrp/watch-drunk-girls-forced-sex.html HTTP/1.1" 200 26764 "-" "Mozilla/5.0 (compatible; SemrushBot/7~bl; +http://www.semrush.com/bot.html)"
119.8.123.57 - - [07/Feb/2025:09:27:12 -0600] "GET /aqhrp/burnet-tx-newspaper-classifieds-cars-craigslist-for-sale.html HTTP/2.0" 200 40224 "http://impactplugin.calvarycrossag.com/aqhrp/burnet-tx-newspaper-classifieds-cars-craigslist-for-sale.html" "Mozilla/5.0 (Windows NT 10.0; Win64; x64) AppleWebKit/537.36 (KHTML, like Gecko) Chrome/104.0.0.0 Safari/537.36"
119.8.123.57 - - [07/Feb/2025:09:27:12 -0600] "GET /aqhrp/burnet-tx-newspaper-classifieds-cars-craigslist-for-sale.html HTTP/1.1" 101 - "http://impactplugin.calvarycrossag.com/aqhrp/burnet-tx-newspaper-classifieds-cars-craigslist-for-sale.html" "Mozilla/5.0 (Windows NT 10.0; Win64; x64) AppleWebKit/537.36 (KHTML, like Gecko) Chrome/104.0.0.0 Safari/537.36"
213.180.203.188 - - [07/Feb/2025:09:27:32 -0600] "GET /aqhrp/auzubillah-and-bismillah.html HTTP/1.1" 200 36728 "-" "Mozilla/5.0 (compatible; YandexBot/3.0; +http://yandex.com/bots)"
194.44.65.204 - - [07/Feb/2025:09:27:47 -0600] "GET /assets/images/wcrmxg.php HTTP/1.1" 200 5717 "-" "Mozilla/5.0 (Windows NT 10.0; Win64; x64) AppleWebKit/537.36 (KHTML, like Gecko) Chrome/130.0.0.0 Safari/537.36"
194.44.65.204 - - [07/Feb/2025:09:27:48 -0600] "GET /favicon.ico HTTP/1.1" 200 - "http://impactplugin.calvarycrossag.com/assets/images/wcrmxg.php" "Mozilla/5.0 (Windows NT 10.0; Win64; x64) AppleWebKit/537.36 (KHTML, like Gecko) Chrome/130.0.0.0 Safari/537.36"
185.191.171.2 - - [07/Feb/2025:09:28:01 -0600] "GET /aqhrp/bookings-and-arrests-near-denmark.html HTTP/1.1" 200 53575 "-" "Mozilla/5.0 (compatible; SemrushBot/7~bl; +http://www.semrush.com/bot.html)"
173.252.83.4 - - [07/Feb/2025:09:28:04 -0600] "GET /fblslia/tokyo-revengers-after-tenjiku-arc.html HTTP/1.1" 200 24373 "-" "meta-externalagent/1.1 (+https://developers.facebook.com/docs/sharing/webmasters/crawler)"
194.44.65.204 - - [07/Feb/2025:09:28:01 -0600] "POST /assets/images/wcrmxg.php HTTP/1.1" 200 4027946 "http://impactplugin.calvarycrossag.com/assets/images/wcrmxg.php" "Mozilla/5.0 (Windows NT 10.0; Win64; x64) AppleWebKit/537.36 (KHTML, like Gecko) Chrome/130.0.0.0 Safari/537.36"
194.44.65.204 - - [07/Feb/2025:09:28:08 -0600] "GET /favicon.ico HTTP/1.1" 200 - "http://impactplugin.calvarycrossag.com/assets/images/wcrmxg.php" "Mozilla/5.0 (Windows NT 10.0; Win64; x64) AppleWebKit/537.36 (KHTML, like Gecko) Chrome/130.0.0.0 Safari/537.36"
185.191.171.14 - - [07/Feb/2025:09:28:31 -0600] "GET /aqhrp/tweed-plier.html HTTP/1.1" 200 38208 "-" "Mozilla/5.0 (compatible; SemrushBot/7~bl; +http://www.semrush.com/bot.html)"
185.191.171.15 - - [07/Feb/2025:09:28:36 -0600] "GET /aqhrp/california-military-department.html HTTP/1.1" 200 31811 "-" "Mozilla/5.0 (compatible; SemrushBot/7~bl; +http://www.semrush.com/bot.html)"
185.191.171.12 - - [07/Feb/2025:09:28:49 -0600] "GET /fblslia/urgently-hiring-immediately-near-me.html HTTP/1.1" 200 45336 "-" "Mozilla/5.0 (compatible; SemrushBot/7~bl; +http://www.semrush.com/bot.html)"
185.191.171.15 - - [07/Feb/2025:09:28:52 -0600] "GET /aqhrp/junee-correctional-centre-management.html HTTP/1.1" 200 47897 "-" "Mozilla/5.0 (compatible; SemrushBot/7~bl; +http://www.semrush.com/bot.html)"
185.191.171.19 - - [07/Feb/2025:09:29:01 -0600] "GET /aqhrp/poway-bernardo-funeral-home-obituaries.html HTTP/1.1" 200 31580 "-" "Mozilla/5.0 (compatible; SemrushBot/7~bl; +http://www.semrush.com/bot.html)"
47.128.98.55 - - [07/Feb/2025:09:29:10 -0600] "GET /aqhrp/dxc-technology.html HTTP/1.1" 200 30076 "-" "Mozilla/5.0 (Linux; Android 5.0) AppleWebKit/537.36 (KHTML, like Gecko) Mobile Safari/537.36 (compatible; Bytespider; spider-feedback@bytedance.com)"
185.191.171.12 - - [07/Feb/2025:09:29:30 -0600] "GET /fblslia/shivery-funeral-home-obituaries-near-miraflores.html HTTP/1.1" 200 36607 "-" "Mozilla/5.0 (compatible; SemrushBot/7~bl; +http://www.semrush.com/bot.html)"
185.191.171.6 - - [07/Feb/2025:09:29:32 -0600] "GET /aqhrp/senzai-sushi-msg.html HTTP/1.1" 200 51469 "-" "Mozilla/5.0 (compatible; SemrushBot/7~bl; +http://www.semrush.com/bot.html)"
185.191.171.2 - - [07/Feb/2025:09:29:41 -0600] "GET /aqhrp/obituaries-0f-22939-and-22980.html HTTP/1.1" 200 27931 "-" "Mozilla/5.0 (compatible; SemrushBot/7~bl; +http://www.semrush.com/bot.html)"
185.191.171.9 - - [07/Feb/2025:09:29:50 -0600] "GET /aqhrp/mecklenburg-county-jail-mugshots-last-24-hours.html HTTP/1.1" 200 64317 "-" "Mozilla/5.0 (compatible; SemrushBot/7~bl; +http://www.semrush.com/bot.html)"
185.191.171.2 - - [07/Feb/2025:09:29:53 -0600] "GET /aqhrp/nv4500-hydraulic-clutch.html HTTP/1.1" 200 36040 "-" "Mozilla/5.0 (compatible; SemrushBot/7~bl; +http://www.semrush.com/bot.html)"
185.191.171.4 - - [07/Feb/2025:09:30:00 -0600] "GET /aqhrp/arkansas-man-arrested.html HTTP/1.1" 200 35924 "-" "Mozilla/5.0 (compatible; SemrushBot/7~bl; +http://www.semrush.com/bot.html)"
185.191.171.4 - - [07/Feb/2025:09:30:05 -0600] "GET /aqhrp/telegram-forgot-additional-password.html HTTP/1.1" 200 32340 "-" "Mozilla/5.0 (compatible; SemrushBot/7~bl; +http://www.semrush.com/bot.html)"
147.78.47.38 - - [07/Feb/2025:09:30:09 -0600] "GET /?of=1 HTTP/1.1" 200 - "-" "Mozilla/5.0 (Macintosh; Intel Mac OS X 10.15; rv:82.0) Gecko/20100101 Firefox/82.0"
85.208.96.208 - - [07/Feb/2025:09:30:14 -0600] "GET /aqhrp/new-police-chief-beulaville.html HTTP/1.1" 200 48481 "-" "Mozilla/5.0 (compatible; SemrushBot/7~bl; +http://www.semrush.com/bot.html)"
190.92.233.210 - - [07/Feb/2025:09:30:42 -0600] "GET /aqhrp/lancaster-county-public-index.html HTTP/2.0" 200 26190 "http://impactplugin.calvarycrossag.com/aqhrp/lancaster-county-public-index.html" "Mozilla/5.0 (Windows NT 10.0; Win64; x64) AppleWebKit/537.36 (KHTML, like Gecko) Chrome/110.0.0.0 Safari/537.36"
190.92.233.210 - - [07/Feb/2025:09:30:42 -0600] "GET /aqhrp/lancaster-county-public-index.html HTTP/1.1" 101 - "http://impactplugin.calvarycrossag.com/aqhrp/lancaster-county-public-index.html" "Mozilla/5.0 (Windows NT 10.0; Win64; x64) AppleWebKit/537.36 (KHTML, like Gecko) Chrome/110.0.0.0 Safari/537.36"
185.191.171.15 - - [07/Feb/2025:09:30:49 -0600] "GET /aqhrp/bellefontaine-examiner-obituaries-ohio.html HTTP/1.1" 200 33931 "-" "Mozilla/5.0 (compatible; SemrushBot/7~bl; +http://www.semrush.com/bot.html)"
85.208.96.197 - - [07/Feb/2025:09:31:02 -0600] "GET /aqhrp/ranboo-x-reader-imagines-tumblr.html HTTP/1.1" 200 46707 "-" "Mozilla/5.0 (compatible; SemrushBot/7~bl; +http://www.semrush.com/bot.html)"
85.208.96.196 - - [07/Feb/2025:09:31:03 -0600] "GET /aqhrp/obituaries-huntsville-ontario-canada.html HTTP/1.1" 200 36661 "-" "Mozilla/5.0 (compatible; SemrushBot/7~bl; +http://www.semrush.com/bot.html)"
185.191.171.19 - - [07/Feb/2025:09:31:05 -0600] "GET /aqhrp/temporary-email-disposable.html HTTP/1.1" 200 48861 "-" "Mozilla/5.0 (compatible; SemrushBot/7~bl; +http://www.semrush.com/bot.html)"
85.208.96.202 - - [07/Feb/2025:09:31:52 -0600] "GET /aqhrp/citibusiness-mobile-app-download.html HTTP/1.1" 200 36391 "-" "Mozilla/5.0 (compatible; SemrushBot/7~bl; +http://www.semrush.com/bot.html)"
85.208.96.200 - - [07/Feb/2025:09:32:30 -0600] "GET /aqhrp/jackson-county-florida-funeral-homes-obituaries.html HTTP/1.1" 200 33933 "-" "Mozilla/5.0 (compatible; SemrushBot/7~bl; +http://www.semrush.com/bot.html)"
185.191.171.7 - - [07/Feb/2025:09:32:37 -0600] "GET /aqhrp/kijiji-calgary-construction-labour-job.html HTTP/1.1" 200 38213 "-" "Mozilla/5.0 (compatible; SemrushBot/7~bl; +http://www.semrush.com/bot.html)"
85.208.96.202 - - [07/Feb/2025:09:32:43 -0600] "GET /aqhrp/greek-tv-channels-in-greece.html HTTP/1.1" 200 31208 "-" "Mozilla/5.0 (compatible; SemrushBot/7~bl; +http://www.semrush.com/bot.html)"
185.191.171.16 - - [07/Feb/2025:09:33:05 -0600] "GET /aqhrp/how-to-sync-snowmobile-carbs.html HTTP/1.1" 200 63655 "-" "Mozilla/5.0 (compatible; SemrushBot/7~bl; +http://www.semrush.com/bot.html)"
85.208.96.195 - - [07/Feb/2025:09:33:22 -0600] "GET /aqhrp/eshgh-harf-halish-nemishe-100.html HTTP/1.1" 200 22480 "-" "Mozilla/5.0 (compatible; SemrushBot/7~bl; +http://www.semrush.com/bot.html)"
185.191.171.7 - - [07/Feb/2025:09:33:28 -0600] "GET /aqhrp/psw-cash-jobs-scarborough-part-time-salary.html HTTP/1.1" 200 38205 "-" "Mozilla/5.0 (compatible; SemrushBot/7~bl; +http://www.semrush.com/bot.html)"
185.191.171.6 - - [07/Feb/2025:09:33:40 -0600] "GET /aqhrp/luxury-rv-port-homes-clermont-florida-for-rent.html HTTP/1.1" 200 34576 "-" "Mozilla/5.0 (compatible; SemrushBot/7~bl; +http://www.semrush.com/bot.html)"
185.191.171.6 - - [07/Feb/2025:09:33:42 -0600] "GET /aqhrp/recargas-a-cuba-fonoma.html HTTP/1.1" 200 20724 "-" "Mozilla/5.0 (compatible; SemrushBot/7~bl; +http://www.semrush.com/bot.html)"
185.191.171.19 - - [07/Feb/2025:09:33:43 -0600] "GET /aqhrp/budak-kecil-cerita-lucah.html HTTP/1.1" 200 19098 "-" "Mozilla/5.0 (compatible; SemrushBot/7~bl; +http://www.semrush.com/bot.html)"
85.208.96.200 - - [07/Feb/2025:09:33:54 -0600] "GET /aqhrp/thomason-funeral-home-lockhart-obituaries.html HTTP/1.1" 200 28163 "-" "Mozilla/5.0 (compatible; SemrushBot/7~bl; +http://www.semrush.com/bot.html)"
85.208.96.200 - - [07/Feb/2025:09:34:00 -0600] "GET /aqhrp/amsco-period-4.html HTTP/1.1" 200 28716 "-" "Mozilla/5.0 (compatible; SemrushBot/7~bl; +http://www.semrush.com/bot.html)"
185.191.171.14 - - [07/Feb/2025:09:34:07 -0600] "GET /aqhrp/wordstream-free-keyword-tool.html HTTP/1.1" 200 40883 "-" "Mozilla/5.0 (compatible; SemrushBot/7~bl; +http://www.semrush.com/bot.html)"
