85.208.96.209 - - [07/Feb/2025:10:09:30 -0600] "GET /aqhrp/indian-companies-database-xls.html HTTP/1.1" 200 47656 "-" "Mozilla/5.0 (compatible; SemrushBot/7~bl; +http://www.semrush.com/bot.html)"
185.191.171.11 - - [07/Feb/2025:10:09:32 -0600] "GET /aqhrp/angular-7-scrollintoview-not-working.html HTTP/1.1" 200 45363 "-" "Mozilla/5.0 (compatible; SemrushBot/7~bl; +http://www.semrush.com/bot.html)"
85.208.96.197 - - [07/Feb/2025:10:09:56 -0600] "GET /aqhrp/marina-acquisitions.html HTTP/1.1" 200 43937 "-" "Mozilla/5.0 (compatible; SemrushBot/7~bl; +http://www.semrush.com/bot.html)"
185.191.171.7 - - [07/Feb/2025:10:10:04 -0600] "GET /aqhrp/mercedes-280sl-vs-450sl.html HTTP/1.1" 200 30159 "-" "Mozilla/5.0 (compatible; SemrushBot/7~bl; +http://www.semrush.com/bot.html)"
185.191.171.8 - - [07/Feb/2025:10:10:46 -0600] "GET /fblslia/cash-jobs-hiring-near-me.html HTTP/1.1" 200 63263 "-" "Mozilla/5.0 (compatible; SemrushBot/7~bl; +http://www.semrush.com/bot.html)"
185.191.171.11 - - [07/Feb/2025:10:10:48 -0600] "GET /fblslia/223-n-live-oak-dr-moncks-corner-sc-29461.html HTTP/1.1" 200 35468 "-" "Mozilla/5.0 (compatible; SemrushBot/7~bl; +http://www.semrush.com/bot.html)"
185.191.171.11 - - [07/Feb/2025:10:10:50 -0600] "GET /aqhrp/cleveland-county-jail-arrests.html HTTP/1.1" 200 47530 "-" "Mozilla/5.0 (compatible; SemrushBot/7~bl; +http://www.semrush.com/bot.html)"
185.191.171.14 - - [07/Feb/2025:10:10:52 -0600] "GET /aqhrp/appdeploy-toolkit-execute-process.html HTTP/1.1" 200 58671 "-" "Mozilla/5.0 (compatible; SemrushBot/7~bl; +http://www.semrush.com/bot.html)"
85.208.96.209 - - [07/Feb/2025:10:10:54 -0600] "GET /aqhrp/citibank-customer-service-malaysia.html HTTP/1.1" 200 37044 "-" "Mozilla/5.0 (compatible; SemrushBot/7~bl; +http://www.semrush.com/bot.html)"
185.191.171.15 - - [07/Feb/2025:10:10:56 -0600] "GET /aqhrp/Modded-roblox-accounts.html HTTP/1.1" 200 52556 "-" "Mozilla/5.0 (compatible; SemrushBot/7~bl; +http://www.semrush.com/bot.html)"
185.191.171.15 - - [07/Feb/2025:10:11:08 -0600] "GET /aqhrp/download-kaswida-ya-dhana-mbaya.html HTTP/1.1" 200 26398 "-" "Mozilla/5.0 (compatible; SemrushBot/7~bl; +http://www.semrush.com/bot.html)"
47.128.26.230 - - [07/Feb/2025:10:11:09 -0600] "GET /fblslia/exotic-pet-store-monkey.html HTTP/1.1" 200 44168 "-" "Mozilla/5.0 (Linux; Android 5.0) AppleWebKit/537.36 (KHTML, like Gecko) Mobile Safari/537.36 (compatible; Bytespider; spider-feedback@bytedance.com)"
85.208.96.199 - - [07/Feb/2025:10:11:13 -0600] "GET /fblslia/chauncey-hannibal.html HTTP/1.1" 200 45651 "-" "Mozilla/5.0 (compatible; SemrushBot/7~bl; +http://www.semrush.com/bot.html)"
185.191.171.1 - - [07/Feb/2025:10:11:23 -0600] "GET /aqhrp/black-funeral-homes-in-pittsburgh-pa.html HTTP/1.1" 200 42310 "-" "Mozilla/5.0 (compatible; SemrushBot/7~bl; +http://www.semrush.com/bot.html)"
85.208.96.205 - - [07/Feb/2025:10:11:28 -0600] "GET /aqhrp/parking-citation-houston.html HTTP/1.1" 200 37168 "-" "Mozilla/5.0 (compatible; SemrushBot/7~bl; +http://www.semrush.com/bot.html)"
85.208.96.201 - - [07/Feb/2025:10:11:43 -0600] "GET /aqhrp/wausau-wi-bus-station.html HTTP/1.1" 200 43057 "-" "Mozilla/5.0 (compatible; SemrushBot/7~bl; +http://www.semrush.com/bot.html)"
185.191.171.15 - - [07/Feb/2025:10:11:59 -0600] "GET /aqhrp/live-tracking-sim-data.html HTTP/1.1" 200 48028 "-" "Mozilla/5.0 (compatible; SemrushBot/7~bl; +http://www.semrush.com/bot.html)"
85.208.96.207 - - [07/Feb/2025:10:12:00 -0600] "GET /fblslia/lucas-memorial-chapel-garfield-heights.html HTTP/1.1" 200 33761 "-" "Mozilla/5.0 (compatible; SemrushBot/7~bl; +http://www.semrush.com/bot.html)"
85.208.96.211 - - [07/Feb/2025:10:12:18 -0600] "GET /fblslia/taylor-county-court-records-abilene-texas-property.html HTTP/1.1" 200 37245 "-" "Mozilla/5.0 (compatible; SemrushBot/7~bl; +http://www.semrush.com/bot.html)"
213.180.203.143 - - [07/Feb/2025:10:12:36 -0600] "GET /aqhrp/brunei-it-jobs.html HTTP/1.1" 200 32645 "-" "Mozilla/5.0 (compatible; YandexBot/3.0; +http://yandex.com/bots)"
185.191.171.11 - - [07/Feb/2025:10:12:38 -0600] "GET /aqhrp/mp4-sickbeard.html HTTP/1.1" 200 51835 "-" "Mozilla/5.0 (compatible; SemrushBot/7~bl; +http://www.semrush.com/bot.html)"
185.191.171.11 - - [07/Feb/2025:10:13:29 -0600] "GET /aqhrp/gallagher-funeral-home-stamford-obituaries.html HTTP/1.1" 200 37633 "-" "Mozilla/5.0 (compatible; SemrushBot/7~bl; +http://www.semrush.com/bot.html)"
85.208.96.198 - - [07/Feb/2025:10:13:35 -0600] "GET /aqhrp/ssd-not-showing-unallocated-space.html HTTP/1.1" 200 45302 "-" "Mozilla/5.0 (compatible; SemrushBot/7~bl; +http://www.semrush.com/bot.html)"
85.208.96.195 - - [07/Feb/2025:10:13:49 -0600] "GET /aqhrp/car-gearbox-price.html HTTP/1.1" 200 66050 "-" "Mozilla/5.0 (compatible; SemrushBot/7~bl; +http://www.semrush.com/bot.html)"
85.208.96.205 - - [07/Feb/2025:10:13:54 -0600] "GET /aqhrp/i-want-to-be-immortal.html HTTP/1.1" 200 42067 "-" "Mozilla/5.0 (compatible; SemrushBot/7~bl; +http://www.semrush.com/bot.html)"
85.208.96.193 - - [07/Feb/2025:10:14:19 -0600] "GET /fblslia/4-zida-prodaja-nekretnina.html HTTP/1.1" 200 40653 "-" "Mozilla/5.0 (compatible; SemrushBot/7~bl; +http://www.semrush.com/bot.html)"
185.191.171.18 - - [07/Feb/2025:10:14:29 -0600] "GET /aqhrp/grand-prairie-cinemark-16-showtimes.html HTTP/1.1" 200 26597 "-" "Mozilla/5.0 (compatible; SemrushBot/7~bl; +http://www.semrush.com/bot.html)"
85.208.96.193 - - [07/Feb/2025:10:14:40 -0600] "GET /aqhrp/harry-potter-fanfiction-neglected-by-parents.html HTTP/1.1" 200 63135 "-" "Mozilla/5.0 (compatible; SemrushBot/7~bl; +http://www.semrush.com/bot.html)"
185.191.171.10 - - [07/Feb/2025:10:14:49 -0600] "GET /aqhrp/aisc-360-pdf.html HTTP/1.1" 200 44881 "-" "Mozilla/5.0 (compatible; SemrushBot/7~bl; +http://www.semrush.com/bot.html)"
85.208.96.206 - - [07/Feb/2025:10:15:01 -0600] "GET /aqhrp/Korean-Websites-Netflix.html HTTP/1.1" 200 48890 "-" "Mozilla/5.0 (compatible; SemrushBot/7~bl; +http://www.semrush.com/bot.html)"
185.191.171.18 - - [07/Feb/2025:10:15:04 -0600] "GET /fblslia/john-riccardi-death.html HTTP/1.1" 200 49803 "-" "Mozilla/5.0 (compatible; SemrushBot/7~bl; +http://www.semrush.com/bot.html)"
185.191.171.14 - - [07/Feb/2025:10:15:06 -0600] "GET /fblslia/new-italian-drama-movies.html HTTP/1.1" 200 33494 "-" "Mozilla/5.0 (compatible; SemrushBot/7~bl; +http://www.semrush.com/bot.html)"
85.208.96.193 - - [07/Feb/2025:10:15:14 -0600] "GET /aqhrp/this-close-to-okay-vk.html HTTP/1.1" 200 48939 "-" "Mozilla/5.0 (compatible; SemrushBot/7~bl; +http://www.semrush.com/bot.html)"
185.191.171.11 - - [07/Feb/2025:10:15:16 -0600] "GET /aqhrp/free-work-from-home-packing-cards-singapore.html HTTP/1.1" 200 33989 "-" "Mozilla/5.0 (compatible; SemrushBot/7~bl; +http://www.semrush.com/bot.html)"
185.191.171.12 - - [07/Feb/2025:10:15:25 -0600] "GET /aqhrp/wbbj-jackson-tn-mugshots-today-2022-november.html HTTP/1.1" 200 31036 "-" "Mozilla/5.0 (compatible; SemrushBot/7~bl; +http://www.semrush.com/bot.html)"
185.191.171.16 - - [07/Feb/2025:10:15:41 -0600] "GET /aqhrp/prodaja-stanova-kotez-age.html HTTP/1.1" 200 27849 "-" "Mozilla/5.0 (compatible; SemrushBot/7~bl; +http://www.semrush.com/bot.html)"
185.191.171.18 - - [07/Feb/2025:10:15:45 -0600] "GET /aqhrp/fab-fa-icons.html HTTP/1.1" 200 27509 "-" "Mozilla/5.0 (compatible; SemrushBot/7~bl; +http://www.semrush.com/bot.html)"
85.208.96.202 - - [07/Feb/2025:10:15:55 -0600] "GET /aqhrp/snow-tubing-virginia.html HTTP/1.1" 200 44256 "-" "Mozilla/5.0 (compatible; SemrushBot/7~bl; +http://www.semrush.com/bot.html)"
85.208.96.199 - - [07/Feb/2025:10:16:05 -0600] "GET /aqhrp/farewell-blessing-for-colleague.html HTTP/1.1" 200 52877 "-" "Mozilla/5.0 (compatible; SemrushBot/7~bl; +http://www.semrush.com/bot.html)"
185.191.171.7 - - [07/Feb/2025:10:16:06 -0600] "GET /aqhrp/gaston-county-fatal-wreck.html HTTP/1.1" 200 44897 "-" "Mozilla/5.0 (compatible; SemrushBot/7~bl; +http://www.semrush.com/bot.html)"
5.255.231.161 - - [07/Feb/2025:10:17:10 -0600] "GET /aqhrp/qbcore-job-scripts-free.html HTTP/1.1" 200 31004 "-" "Mozilla/5.0 (compatible; YandexBot/3.0; +http://yandex.com/bots)"
185.191.171.6 - - [07/Feb/2025:10:17:22 -0600] "GET /aqhrp/i-want-to-move-closer-to-my-family-but-my-husband-does-not.html HTTP/1.1" 200 41454 "-" "Mozilla/5.0 (compatible; SemrushBot/7~bl; +http://www.semrush.com/bot.html)"
185.191.171.9 - - [07/Feb/2025:10:17:37 -0600] "GET /aqhrp/gw2-addon-manager.html HTTP/1.1" 200 25736 "-" "Mozilla/5.0 (compatible; SemrushBot/7~bl; +http://www.semrush.com/bot.html)"
85.208.96.196 - - [07/Feb/2025:10:17:58 -0600] "GET /aqhrp/how-to-make-imovie-not-zoom-in-on-pictures-iphone.html HTTP/1.1" 200 38754 "-" "Mozilla/5.0 (compatible; SemrushBot/7~bl; +http://www.semrush.com/bot.html)"
185.191.171.11 - - [07/Feb/2025:10:18:07 -0600] "GET /aqhrp/jobs-downtown-toronto-kijiji.html HTTP/1.1" 200 44138 "-" "Mozilla/5.0 (compatible; SemrushBot/7~bl; +http://www.semrush.com/bot.html)"
85.208.96.193 - - [07/Feb/2025:10:18:10 -0600] "GET /aqhrp/holly-springs-newspaper-classifieds-houses-for-rent.html HTTP/1.1" 200 46360 "-" "Mozilla/5.0 (compatible; SemrushBot/7~bl; +http://www.semrush.com/bot.html)"
185.191.171.19 - - [07/Feb/2025:10:18:26 -0600] "GET /aqhrp/telefonski-imenik-po-broju-hrvatska.html HTTP/1.1" 200 29795 "-" "Mozilla/5.0 (compatible; SemrushBot/7~bl; +http://www.semrush.com/bot.html)"
85.208.96.205 - - [07/Feb/2025:10:18:37 -0600] "GET /aqhrp/bracebridge-obituaries-2023.html HTTP/1.1" 200 25667 "-" "Mozilla/5.0 (compatible; SemrushBot/7~bl; +http://www.semrush.com/bot.html)"
185.191.171.11 - - [07/Feb/2025:10:18:40 -0600] "GET /aqhrp/brojeva-iz-matematike.html HTTP/1.1" 200 54125 "-" "Mozilla/5.0 (compatible; SemrushBot/7~bl; +http://www.semrush.com/bot.html)"
185.191.171.7 - - [07/Feb/2025:10:18:49 -0600] "GET /aqhrp/live-ip-cameras-near-leon-guanajuato.html HTTP/1.1" 200 39003 "-" "Mozilla/5.0 (compatible; SemrushBot/7~bl; +http://www.semrush.com/bot.html)"
185.191.171.17 - - [07/Feb/2025:10:18:51 -0600] "GET /fblslia/m3u-iptv-file-free-download.html HTTP/1.1" 200 38565 "-" "Mozilla/5.0 (compatible; SemrushBot/7~bl; +http://www.semrush.com/bot.html)"
185.191.171.17 - - [07/Feb/2025:10:18:53 -0600] "GET /aqhrp/nwi-times-police-blotter-yesterday.html HTTP/1.1" 200 30520 "-" "Mozilla/5.0 (compatible; SemrushBot/7~bl; +http://www.semrush.com/bot.html)"
85.208.96.193 - - [07/Feb/2025:10:19:14 -0600] "GET /aqhrp/admin-brookhaven.html HTTP/1.1" 200 27108 "-" "Mozilla/5.0 (compatible; SemrushBot/7~bl; +http://www.semrush.com/bot.html)"
47.82.11.214 - - [07/Feb/2025:10:19:24 -0600] "GET /aqhrp/1-2-galvanized-metal-strap.html HTTP/1.1" 200 45249 "http://impactplugin.calvarycrossag.com/aqhrp/1-2-galvanized-metal-strap.html" "Mozilla/5.0 (Windows NT 10.0; Win64; x64) AppleWebKit/537.36 (KHTML, like Gecko) Chrome/114.0.0.0 Safari/537.36 Edg/114.0.1823.43"
85.208.96.195 - - [07/Feb/2025:10:19:29 -0600] "GET /aqhrp/top-ranking-key-words-on-google.html HTTP/1.1" 200 35710 "-" "Mozilla/5.0 (compatible; SemrushBot/7~bl; +http://www.semrush.com/bot.html)"
185.191.171.15 - - [07/Feb/2025:10:19:30 -0600] "GET /fblslia/google-ai-visualization.html HTTP/1.1" 200 37399 "-" "Mozilla/5.0 (compatible; SemrushBot/7~bl; +http://www.semrush.com/bot.html)"
85.208.96.196 - - [07/Feb/2025:10:19:34 -0600] "GET /aqhrp/duty-free-job-vacancies-in-katunayake-airport-for-female-2024-sri.html HTTP/1.1" 200 51218 "-" "Mozilla/5.0 (compatible; SemrushBot/7~bl; +http://www.semrush.com/bot.html)"
185.191.171.14 - - [07/Feb/2025:10:19:46 -0600] "GET /aqhrp/paragould-daily-press-obituaries.html HTTP/1.1" 200 37493 "-" "Mozilla/5.0 (compatible; SemrushBot/7~bl; +http://www.semrush.com/bot.html)"
185.191.171.12 - - [07/Feb/2025:10:19:52 -0600] "GET /aqhrp/zidanje-betonskim-blokovima.html HTTP/1.1" 200 43769 "-" "Mozilla/5.0 (compatible; SemrushBot/7~bl; +http://www.semrush.com/bot.html)"
47.82.10.47 - - [07/Feb/2025:10:19:57 -0600] "GET /aqhrp/ntuc-part-time-packer-review.html HTTP/1.1" 200 40043 "http://impactplugin.calvarycrossag.com/aqhrp/ntuc-part-time-packer-review.html" "Mozilla/5.0 (Windows NT 10.0; Win64; x64) AppleWebKit/537.36 (KHTML, like Gecko) Chrome/114.0.0.0 Safari/537.36 Edg/114.0.1823.43"
85.208.96.197 - - [07/Feb/2025:10:20:03 -0600] "GET /fblslia/deepcool-cpu-fans.html HTTP/1.1" 200 49656 "-" "Mozilla/5.0 (compatible; SemrushBot/7~bl; +http://www.semrush.com/bot.html)"
85.208.96.200 - - [07/Feb/2025:10:20:06 -0600] "GET /aqhrp/the-morrowind-rebirth-mod.html HTTP/1.1" 200 52076 "-" "Mozilla/5.0 (compatible; SemrushBot/7~bl; +http://www.semrush.com/bot.html)"
85.208.96.204 - - [07/Feb/2025:10:20:24 -0600] "GET /aqhrp/hope-valley-funeral-home-obituaries-near-batangas.html HTTP/1.1" 200 42322 "-" "Mozilla/5.0 (compatible; SemrushBot/7~bl; +http://www.semrush.com/bot.html)"
185.191.171.12 - - [07/Feb/2025:10:21:27 -0600] "GET /aqhrp/shtepi-me-qera-100-mij-lek.html HTTP/1.1" 200 39184 "-" "Mozilla/5.0 (compatible; SemrushBot/7~bl; +http://www.semrush.com/bot.html)"
201.71.144.76 - - [07/Feb/2025:10:21:29 -0600] "GET /assets/images/wcrmxg.php HTTP/1.1" 200 5717 "-" "Mozilla/5.0 (Windows NT 10.0; Win64; x64) AppleWebKit/537.36 (KHTML, like Gecko) Chrome/129.0.0.0 Safari/537.36"
201.71.144.76 - - [07/Feb/2025:10:21:36 -0600] "GET /favicon.ico HTTP/1.1" 200 - "http://impactplugin.calvarycrossag.com/assets/images/wcrmxg.php" "Mozilla/5.0 (Windows NT 10.0; Win64; x64) AppleWebKit/537.36 (KHTML, like Gecko) Chrome/129.0.0.0 Safari/537.36"
185.191.171.6 - - [07/Feb/2025:10:21:38 -0600] "GET /aqhrp/okaloosa-county-tax-collector.html HTTP/1.1" 200 47781 "-" "Mozilla/5.0 (compatible; SemrushBot/7~bl; +http://www.semrush.com/bot.html)"
201.71.144.76 - - [07/Feb/2025:10:21:43 -0600] "POST /assets/images/wcrmxg.php HTTP/1.1" 200 4027875 "http://impactplugin.calvarycrossag.com/assets/images/wcrmxg.php" "Mozilla/5.0 (Windows NT 10.0; Win64; x64) AppleWebKit/537.36 (KHTML, like Gecko) Chrome/129.0.0.0 Safari/537.36"
201.71.144.76 - - [07/Feb/2025:10:21:51 -0600] "GET /favicon.ico HTTP/1.1" 200 - "http://impactplugin.calvarycrossag.com/assets/images/wcrmxg.php" "Mozilla/5.0 (Windows NT 10.0; Win64; x64) AppleWebKit/537.36 (KHTML, like Gecko) Chrome/129.0.0.0 Safari/537.36"
185.191.171.14 - - [07/Feb/2025:10:21:53 -0600] "GET /aqhrp/wiz-bot-discord-clash-of-clans.html HTTP/1.1" 200 40083 "-" "Mozilla/5.0 (compatible; SemrushBot/7~bl; +http://www.semrush.com/bot.html)"
85.208.96.206 - - [07/Feb/2025:10:21:55 -0600] "GET /aqhrp/caregiver-jobs-with-visa-sponsorship-in-california.html HTTP/1.1" 200 39773 "-" "Mozilla/5.0 (compatible; SemrushBot/7~bl; +http://www.semrush.com/bot.html)"
185.191.171.7 - - [07/Feb/2025:10:22:14 -0600] "GET /aqhrp/very-small-boys-sex-cute-girls-xnxx.html HTTP/1.1" 200 30920 "-" "Mozilla/5.0 (compatible; SemrushBot/7~bl; +http://www.semrush.com/bot.html)"
85.208.96.202 - - [07/Feb/2025:10:22:20 -0600] "GET /aqhrp/charleston-sc-police-blotter-report.html HTTP/1.1" 200 30504 "-" "Mozilla/5.0 (compatible; SemrushBot/7~bl; +http://www.semrush.com/bot.html)"
185.191.171.10 - - [07/Feb/2025:10:22:42 -0600] "GET /fblslia/30-minute-email-generator.html HTTP/1.1" 200 39977 "-" "Mozilla/5.0 (compatible; SemrushBot/7~bl; +http://www.semrush.com/bot.html)"
85.208.96.199 - - [07/Feb/2025:10:22:43 -0600] "GET /aqhrp/buffalo-news-death-notices-sunday.html HTTP/1.1" 200 40314 "-" "Mozilla/5.0 (compatible; SemrushBot/7~bl; +http://www.semrush.com/bot.html)"
185.191.171.3 - - [07/Feb/2025:10:22:56 -0600] "GET /aqhrp/how-to-wear-ffp2-mask.html HTTP/1.1" 200 31044 "-" "Mozilla/5.0 (compatible; SemrushBot/7~bl; +http://www.semrush.com/bot.html)"
185.191.171.14 - - [07/Feb/2025:10:23:01 -0600] "GET /aqhrp/elmwood-meunier-funeral-home-obituaries.html HTTP/1.1" 200 32445 "-" "Mozilla/5.0 (compatible; SemrushBot/7~bl; +http://www.semrush.com/bot.html)"
185.191.171.3 - - [07/Feb/2025:10:23:16 -0600] "GET /aqhrp/scotland-zip-code.html HTTP/1.1" 200 30716 "-" "Mozilla/5.0 (compatible; SemrushBot/7~bl; +http://www.semrush.com/bot.html)"
5.255.231.64 - - [07/Feb/2025:10:23:18 -0600] "GET /aqhrp/leccion-6-contextos-logico-o-ilogico.html HTTP/1.1" 200 27139 "-" "Mozilla/5.0 (compatible; YandexBot/3.0; +http://yandex.com/bots)"
85.208.96.210 - - [07/Feb/2025:10:23:25 -0600] "GET /aqhrp/view-microsoft-edge-history-file.html HTTP/1.1" 200 42775 "-" "Mozilla/5.0 (compatible; SemrushBot/7~bl; +http://www.semrush.com/bot.html)"
185.191.171.18 - - [07/Feb/2025:10:23:30 -0600] "GET /aqhrp/car-stalling-after-timing-belt-change.html HTTP/1.1" 200 56113 "-" "Mozilla/5.0 (compatible; SemrushBot/7~bl; +http://www.semrush.com/bot.html)"
85.208.96.207 - - [07/Feb/2025:10:23:55 -0600] "GET /aqhrp/greenville-tx-death-records-free.html HTTP/1.1" 200 49213 "-" "Mozilla/5.0 (compatible; SemrushBot/7~bl; +http://www.semrush.com/bot.html)"
85.208.96.198 - - [07/Feb/2025:10:23:59 -0600] "GET /aqhrp/bruce-ms-news.html HTTP/1.1" 200 49260 "-" "Mozilla/5.0 (compatible; SemrushBot/7~bl; +http://www.semrush.com/bot.html)"
85.208.96.210 - - [07/Feb/2025:10:24:05 -0600] "GET /aqhrp/roanoke-va-arrest-photos.html HTTP/1.1" 200 29226 "-" "Mozilla/5.0 (compatible; SemrushBot/7~bl; +http://www.semrush.com/bot.html)"
185.191.171.12 - - [07/Feb/2025:10:24:10 -0600] "GET /aqhrp/free-cinematic-music-download.html HTTP/1.1" 200 37973 "-" "Mozilla/5.0 (compatible; SemrushBot/7~bl; +http://www.semrush.com/bot.html)"
85.208.96.209 - - [07/Feb/2025:10:24:36 -0600] "GET /aqhrp/broadcastify-new-feeds.html HTTP/1.1" 200 33322 "-" "Mozilla/5.0 (compatible; SemrushBot/7~bl; +http://www.semrush.com/bot.html)"
185.191.171.13 - - [07/Feb/2025:10:24:42 -0600] "GET /fblslia/brampton-full-time-jobs.html HTTP/1.1" 200 40395 "-" "Mozilla/5.0 (compatible; SemrushBot/7~bl; +http://www.semrush.com/bot.html)"
216.244.66.234 - - [07/Feb/2025:10:24:44 -0600] "GET /robots.txt HTTP/1.1" 200 1017 "-" "Mozilla/5.0 (compatible; DotBot/1.2; +https://opensiteexplorer.org/dotbot; help@moz.com)"
185.191.171.9 - - [07/Feb/2025:10:25:25 -0600] "GET /aqhrp/oiled-up-phat-ass-black-girls.html HTTP/1.1" 200 34158 "-" "Mozilla/5.0 (compatible; SemrushBot/7~bl; +http://www.semrush.com/bot.html)"
85.208.96.210 - - [07/Feb/2025:10:25:41 -0600] "GET /aqhrp/beretta-686-vs-browning-725-forum-2020.html HTTP/1.1" 200 46468 "-" "Mozilla/5.0 (compatible; SemrushBot/7~bl; +http://www.semrush.com/bot.html)"
85.208.96.194 - - [07/Feb/2025:10:26:15 -0600] "GET /aqhrp/stanovi-novi-beograd-hitna-prodaja.html HTTP/1.1" 200 55760 "-" "Mozilla/5.0 (compatible; SemrushBot/7~bl; +http://www.semrush.com/bot.html)"
185.191.171.5 - - [07/Feb/2025:10:26:23 -0600] "GET /aqhrp/imanje-na-prodaju-srbija.html HTTP/1.1" 200 51430 "-" "Mozilla/5.0 (compatible; SemrushBot/7~bl; +http://www.semrush.com/bot.html)"
185.191.171.8 - - [07/Feb/2025:10:26:25 -0600] "GET /aqhrp/franklin-lakes-news.html HTTP/1.1" 200 43865 "-" "Mozilla/5.0 (compatible; SemrushBot/7~bl; +http://www.semrush.com/bot.html)"
185.191.171.11 - - [07/Feb/2025:10:26:27 -0600] "GET /aqhrp/forfait-internet-ccap.html HTTP/1.1" 200 40033 "-" "Mozilla/5.0 (compatible; SemrushBot/7~bl; +http://www.semrush.com/bot.html)"
185.191.171.15 - - [07/Feb/2025:10:26:48 -0600] "GET /fblslia/shumate-funeral-home-obituaries-middlesboro.html HTTP/1.1" 200 38533 "-" "Mozilla/5.0 (compatible; SemrushBot/7~bl; +http://www.semrush.com/bot.html)"
185.191.171.15 - - [07/Feb/2025:10:26:53 -0600] "GET /fblslia/health-care-assistant-jobs-with-sponsorship.html HTTP/1.1" 200 42308 "-" "Mozilla/5.0 (compatible; SemrushBot/7~bl; +http://www.semrush.com/bot.html)"
185.191.171.15 - - [07/Feb/2025:10:26:55 -0600] "GET /aqhrp/filipino-martial-arts-training-knives-amazon.html HTTP/1.1" 200 42340 "-" "Mozilla/5.0 (compatible; SemrushBot/7~bl; +http://www.semrush.com/bot.html)"
85.208.96.206 - - [07/Feb/2025:10:26:58 -0600] "GET /aqhrp/iphone-notes-disappeared-2019.html HTTP/1.1" 200 44308 "-" "Mozilla/5.0 (compatible; SemrushBot/7~bl; +http://www.semrush.com/bot.html)"
185.191.171.13 - - [07/Feb/2025:10:27:09 -0600] "GET /aqhrp/what-is-open-in-lahaina-today.html HTTP/1.1" 200 37844 "-" "Mozilla/5.0 (compatible; SemrushBot/7~bl; +http://www.semrush.com/bot.html)"
185.191.171.16 - - [07/Feb/2025:10:27:34 -0600] "GET /aqhrp/jose-luis-tafur-carande.html HTTP/1.1" 200 36146 "-" "Mozilla/5.0 (compatible; SemrushBot/7~bl; +http://www.semrush.com/bot.html)"
85.208.96.206 - - [07/Feb/2025:10:27:51 -0600] "GET /aqhrp/the-rye-record-classifieds.html HTTP/1.1" 200 30675 "-" "Mozilla/5.0 (compatible; SemrushBot/7~bl; +http://www.semrush.com/bot.html)"
213.180.203.111 - - [07/Feb/2025:10:27:52 -0600] "GET /aqhrp/bud-racing-ktm.html HTTP/1.1" 200 28592 "-" "Mozilla/5.0 (compatible; YandexBot/3.0; +http://yandex.com/bots)"
47.82.11.26 - - [07/Feb/2025:10:28:07 -0600] "GET /aqhrp/jpay-inmate-care-packages.html HTTP/1.1" 200 42523 "http://impactplugin.calvarycrossag.com/aqhrp/jpay-inmate-care-packages.html" "Mozilla/5.0 (Windows NT 10.0; Win64; x64) AppleWebKit/537.36 (KHTML, like Gecko) Chrome/114.0.0.0 Safari/537.36 Edg/114.0.1823.43"
185.191.171.12 - - [07/Feb/2025:10:28:08 -0600] "GET /fblslia/methods-of-solving-quadratic-equations-with-examples-class.html HTTP/1.1" 200 48740 "-" "Mozilla/5.0 (compatible; SemrushBot/7~bl; +http://www.semrush.com/bot.html)"
185.191.171.7 - - [07/Feb/2025:10:28:10 -0600] "GET /aqhrp/retail-warehouse-jobs-near-me.html HTTP/1.1" 200 41933 "-" "Mozilla/5.0 (compatible; SemrushBot/7~bl; +http://www.semrush.com/bot.html)"
185.191.171.16 - - [07/Feb/2025:10:28:20 -0600] "GET /aqhrp/vacancies-in-animal-health-near-bandung-bandung-city-west-java.html HTTP/1.1" 200 37890 "-" "Mozilla/5.0 (compatible; SemrushBot/7~bl; +http://www.semrush.com/bot.html)"
185.191.171.9 - - [07/Feb/2025:10:28:42 -0600] "GET /aqhrp/the-wallace-enterprise-online.html HTTP/1.1" 200 43731 "-" "Mozilla/5.0 (compatible; SemrushBot/7~bl; +http://www.semrush.com/bot.html)"
185.191.171.1 - - [07/Feb/2025:10:29:04 -0600] "GET /aqhrp/eileen-bloodborne-face.html HTTP/1.1" 200 28218 "-" "Mozilla/5.0 (compatible; SemrushBot/7~bl; +http://www.semrush.com/bot.html)"
47.82.10.108 - - [07/Feb/2025:10:29:19 -0600] "GET /aqhrp/apartamentai-su-jacuzzi-palanga.html HTTP/1.1" 200 40331 "http://impactplugin.calvarycrossag.com/aqhrp/apartamentai-su-jacuzzi-palanga.html" "Mozilla/5.0 (Windows NT 10.0; Win64; x64) AppleWebKit/537.36 (KHTML, like Gecko) Chrome/114.0.0.0 Safari/537.36 Edg/114.0.1823.43"
185.191.171.16 - - [07/Feb/2025:10:29:30 -0600] "GET /fblslia/telling-people-what-to-think-review.html HTTP/1.1" 200 52053 "-" "Mozilla/5.0 (compatible; SemrushBot/7~bl; +http://www.semrush.com/bot.html)"
185.191.171.18 - - [07/Feb/2025:10:29:35 -0600] "GET /aqhrp/craftsman-mini-miter-saw.html HTTP/1.1" 200 30919 "-" "Mozilla/5.0 (compatible; SemrushBot/7~bl; +http://www.semrush.com/bot.html)"
185.191.171.11 - - [07/Feb/2025:10:29:42 -0600] "GET /aqhrp/edgy-quotes-reddit.html HTTP/1.1" 200 41316 "-" "Mozilla/5.0 (compatible; SemrushBot/7~bl; +http://www.semrush.com/bot.html)"
185.191.171.14 - - [07/Feb/2025:10:30:29 -0600] "GET /aqhrp/okc-jail-mugshots.html HTTP/1.1" 200 42989 "-" "Mozilla/5.0 (compatible; SemrushBot/7~bl; +http://www.semrush.com/bot.html)"
185.191.171.10 - - [07/Feb/2025:10:30:30 -0600] "GET /aqhrp/palmetto-funeral-home-obituaries-fort-mill.html HTTP/1.1" 200 57058 "-" "Mozilla/5.0 (compatible; SemrushBot/7~bl; +http://www.semrush.com/bot.html)"
185.191.171.2 - - [07/Feb/2025:10:30:32 -0600] "GET /aqhrp/buggs-funeral-home-recent-obituaries-near-kammanahalli-bengaluru.html HTTP/1.1" 200 32284 "-" "Mozilla/5.0 (compatible; SemrushBot/7~bl; +http://www.semrush.com/bot.html)"
185.191.171.7 - - [07/Feb/2025:10:30:32 -0600] "GET /robots.txt HTTP/1.1" 200 1017 "-" "Mozilla/5.0 (compatible; SemrushBot/7~bl; +http://www.semrush.com/bot.html)"
185.191.171.16 - - [07/Feb/2025:10:30:33 -0600] "GET /aqhrp/locate-a-prisoner-nsw.html HTTP/1.1" 200 28634 "-" "Mozilla/5.0 (compatible; SemrushBot/7~bl; +http://www.semrush.com/bot.html)"
85.208.96.197 - - [07/Feb/2025:10:30:42 -0600] "GET /fblslia/hitna-prodaja-stanova-novi-beograd.html HTTP/1.1" 200 42317 "-" "Mozilla/5.0 (compatible; SemrushBot/7~bl; +http://www.semrush.com/bot.html)"
185.191.171.16 - - [07/Feb/2025:10:31:02 -0600] "GET /aqhrp/evans-funeral-home-obituaries-near-richmond-bc.html HTTP/1.1" 200 40163 "-" "Mozilla/5.0 (compatible; SemrushBot/7~bl; +http://www.semrush.com/bot.html)"
85.208.96.202 - - [07/Feb/2025:10:31:05 -0600] "GET /aqhrp/citibank-australia-address-melbourne.html HTTP/1.1" 200 47880 "-" "Mozilla/5.0 (compatible; SemrushBot/7~bl; +http://www.semrush.com/bot.html)"
185.191.171.7 - - [07/Feb/2025:10:31:14 -0600] "GET /fblslia/nvent-headquarters-address.html HTTP/1.1" 200 33363 "-" "Mozilla/5.0 (compatible; SemrushBot/7~bl; +http://www.semrush.com/bot.html)"
185.191.171.16 - - [07/Feb/2025:10:31:19 -0600] "GET /aqhrp/zul-farrak-axe.html HTTP/1.1" 200 39572 "-" "Mozilla/5.0 (compatible; SemrushBot/7~bl; +http://www.semrush.com/bot.html)"
185.191.171.5 - - [07/Feb/2025:10:31:48 -0600] "GET /fblslia/juan-bosch-hijos.html HTTP/1.1" 200 58580 "-" "Mozilla/5.0 (compatible; SemrushBot/7~bl; +http://www.semrush.com/bot.html)"
185.191.171.10 - - [07/Feb/2025:10:31:56 -0600] "GET /aqhrp/a-website-that-lacks-credibility.html HTTP/1.1" 200 55429 "-" "Mozilla/5.0 (compatible; SemrushBot/7~bl; +http://www.semrush.com/bot.html)"
185.191.171.2 - - [07/Feb/2025:10:31:57 -0600] "GET /aqhrp/brust-funeral-home-sullivan-in.html HTTP/1.1" 200 61010 "-" "Mozilla/5.0 (compatible; SemrushBot/7~bl; +http://www.semrush.com/bot.html)"
47.128.119.211 - - [07/Feb/2025:10:32:09 -0600] "GET /aqhrp/furniture-upholsterers-near-my-location.html HTTP/1.1" 200 31769 "-" "Mozilla/5.0 (Linux; Android 5.0) AppleWebKit/537.36 (KHTML, like Gecko) Mobile Safari/537.36 (compatible; Bytespider; spider-feedback@bytedance.com)"
85.208.96.195 - - [07/Feb/2025:10:32:12 -0600] "GET /aqhrp/card-is-not-enrolled-for-3d-secure-authentication-meaning.html HTTP/1.1" 200 32634 "-" "Mozilla/5.0 (compatible; SemrushBot/7~bl; +http://www.semrush.com/bot.html)"
85.208.96.208 - - [07/Feb/2025:10:32:13 -0600] "GET /aqhrp/st-jude-catholic-church-priests.html HTTP/1.1" 200 36484 "-" "Mozilla/5.0 (compatible; SemrushBot/7~bl; +http://www.semrush.com/bot.html)"
85.208.96.210 - - [07/Feb/2025:10:32:41 -0600] "GET /aqhrp/homes-for-sale-in-cape-coral-fl-with-an-rv-garage.html HTTP/1.1" 200 56026 "-" "Mozilla/5.0 (compatible; SemrushBot/7~bl; +http://www.semrush.com/bot.html)"
185.191.171.7 - - [07/Feb/2025:10:32:43 -0600] "GET /aqhrp/grooms-funeral-home-obituaries.html HTTP/1.1" 200 38865 "-" "Mozilla/5.0 (compatible; SemrushBot/7~bl; +http://www.semrush.com/bot.html)"
85.208.96.202 - - [07/Feb/2025:10:33:20 -0600] "GET /aqhrp/how-to-connect-dongle-to-linux.html HTTP/1.1" 200 30514 "-" "Mozilla/5.0 (compatible; SemrushBot/7~bl; +http://www.semrush.com/bot.html)"
85.208.96.203 - - [07/Feb/2025:10:33:32 -0600] "GET /aqhrp/jenkins-funeral-st-matthews-sc.html HTTP/1.1" 200 47072 "-" "Mozilla/5.0 (compatible; SemrushBot/7~bl; +http://www.semrush.com/bot.html)"
85.208.96.208 - - [07/Feb/2025:10:33:41 -0600] "GET /aqhrp/citi-business-credit-card.html HTTP/1.1" 200 48557 "-" "Mozilla/5.0 (compatible; SemrushBot/7~bl; +http://www.semrush.com/bot.html)"
185.191.171.15 - - [07/Feb/2025:10:33:43 -0600] "GET /fblslia/staffordshire-police-chief-constable.html HTTP/1.1" 200 44186 "-" "Mozilla/5.0 (compatible; SemrushBot/7~bl; +http://www.semrush.com/bot.html)"
85.208.96.210 - - [07/Feb/2025:10:34:17 -0600] "GET /aqhrp/gold-tv-iptv-reseller-panel.html HTTP/1.1" 200 29818 "-" "Mozilla/5.0 (compatible; SemrushBot/7~bl; +http://www.semrush.com/bot.html)"
85.208.96.193 - - [07/Feb/2025:10:34:34 -0600] "GET /aqhrp/mountain-view-funeral-home-obituaries.html HTTP/1.1" 200 54637 "-" "Mozilla/5.0 (compatible; SemrushBot/7~bl; +http://www.semrush.com/bot.html)"
185.191.171.17 - - [07/Feb/2025:10:34:36 -0600] "GET /aqhrp/vw-amarok-gearbox.html HTTP/1.1" 200 63087 "-" "Mozilla/5.0 (compatible; SemrushBot/7~bl; +http://www.semrush.com/bot.html)"
85.208.96.198 - - [07/Feb/2025:10:34:39 -0600] "GET /aqhrp/izuku-midoriya-fan-fiction-gamer-revamped.html HTTP/1.1" 200 49178 "-" "Mozilla/5.0 (compatible; SemrushBot/7~bl; +http://www.semrush.com/bot.html)"
185.191.171.13 - - [07/Feb/2025:10:34:44 -0600] "GET /aqhrp/upholstery-webbing-near-sharjah.html HTTP/1.1" 200 67541 "-" "Mozilla/5.0 (compatible; SemrushBot/7~bl; +http://www.semrush.com/bot.html)"
85.208.96.206 - - [07/Feb/2025:10:34:51 -0600] "GET /aqhrp/bridesmaid-should-be-single-or-married.html HTTP/1.1" 200 51841 "-" "Mozilla/5.0 (compatible; SemrushBot/7~bl; +http://www.semrush.com/bot.html)"
47.82.11.201 - - [07/Feb/2025:10:35:06 -0600] "GET /aqhrp/perkins-funeral-home-obituaries-near-newcastle-nsw.html HTTP/1.1" 200 37000 "http://impactplugin.calvarycrossag.com/aqhrp/perkins-funeral-home-obituaries-near-newcastle-nsw.html" "Mozilla/5.0 (Windows NT 10.0; Win64; x64) AppleWebKit/537.36 (KHTML, like Gecko) Chrome/114.0.0.0 Safari/537.36 Edg/114.0.1823.43"
216.244.66.234 - - [07/Feb/2025:10:35:08 -0600] "GET /aqhrp/king-george-obituaries.html HTTP/1.1" 200 35380 "-" "Mozilla/5.0 (compatible; DotBot/1.2; +https://opensiteexplorer.org/dotbot; help@moz.com)"
85.208.96.197 - - [07/Feb/2025:10:35:27 -0600] "GET /fblslia/joyce-mitchell-wikipedia.html HTTP/1.1" 200 33397 "-" "Mozilla/5.0 (compatible; SemrushBot/7~bl; +http://www.semrush.com/bot.html)"
216.244.66.234 - - [07/Feb/2025:10:35:36 -0600] "GET /aqhrp/bladee-vocals-reddit.html HTTP/1.1" 200 56276 "-" "Mozilla/5.0 (compatible; DotBot/1.2; +https://opensiteexplorer.org/dotbot; help@moz.com)"
85.208.96.202 - - [07/Feb/2025:10:35:37 -0600] "GET /fblslia/heavy-duty-rattan-webbing-roll-bunnings.html HTTP/1.1" 200 44630 "-" "Mozilla/5.0 (compatible; SemrushBot/7~bl; +http://www.semrush.com/bot.html)"
85.208.96.198 - - [07/Feb/2025:10:35:38 -0600] "GET /aqhrp/specpharm-directors.html HTTP/1.1" 200 35580 "-" "Mozilla/5.0 (compatible; SemrushBot/7~bl; +http://www.semrush.com/bot.html)"
85.208.96.209 - - [07/Feb/2025:10:35:47 -0600] "GET /aqhrp/media-shelf-unit.html HTTP/1.1" 200 37427 "-" "Mozilla/5.0 (compatible; SemrushBot/7~bl; +http://www.semrush.com/bot.html)"
85.208.96.196 - - [07/Feb/2025:10:35:52 -0600] "GET /aqhrp/driving-while-intoxicated-arkansas-statute.html HTTP/1.1" 200 51858 "-" "Mozilla/5.0 (compatible; SemrushBot/7~bl; +http://www.semrush.com/bot.html)"
85.208.96.194 - - [07/Feb/2025:10:35:54 -0600] "GET /aqhrp/university-of-edinburgh-scholarships.html HTTP/1.1" 200 41553 "-" "Mozilla/5.0 (compatible; SemrushBot/7~bl; +http://www.semrush.com/bot.html)"
85.208.96.201 - - [07/Feb/2025:10:35:56 -0600] "GET /aqhrp/augusta-county-va-jail-roster.html HTTP/1.1" 200 66769 "-" "Mozilla/5.0 (compatible; SemrushBot/7~bl; +http://www.semrush.com/bot.html)"
216.244.66.234 - - [07/Feb/2025:10:36:04 -0600] "GET /aqhrp/free-editable-business-letter-template.html HTTP/1.1" 200 55231 "-" "Mozilla/5.0 (compatible; DotBot/1.2; +https://opensiteexplorer.org/dotbot; help@moz.com)"
185.191.171.10 - - [07/Feb/2025:10:36:04 -0600] "GET /aqhrp/contact-us-templates-free-word-editable-microsoft-word.html HTTP/1.1" 200 58554 "-" "Mozilla/5.0 (compatible; SemrushBot/7~bl; +http://www.semrush.com/bot.html)"
47.82.9.2 - - [07/Feb/2025:10:36:09 -0600] "GET /aqhrp/strong-izuku-fanfic.html HTTP/1.1" 200 57815 "http://impactplugin.calvarycrossag.com/aqhrp/strong-izuku-fanfic.html" "Mozilla/5.0 (Windows NT 10.0; Win64; x64) AppleWebKit/537.36 (KHTML, like Gecko) Chrome/114.0.0.0 Safari/537.36 Edg/114.0.1823.43"
47.82.11.201 - - [07/Feb/2025:10:36:15 -0600] "GET /aqhrp/yardi-login-page-app-not-working-reddit.html HTTP/1.1" 200 34617 "http://impactplugin.calvarycrossag.com/aqhrp/yardi-login-page-app-not-working-reddit.html" "Mozilla/5.0 (Windows NT 10.0; Win64; x64) AppleWebKit/537.36 (KHTML, like Gecko) Chrome/114.0.0.0 Safari/537.36 Edg/114.0.1823.43"
216.244.66.234 - - [07/Feb/2025:10:36:30 -0600] "GET /aqhrp/junee-correctional-centre-management.html HTTP/1.1" 200 47897 "-" "Mozilla/5.0 (compatible; DotBot/1.2; +https://opensiteexplorer.org/dotbot; help@moz.com)"
185.191.171.11 - - [07/Feb/2025:10:36:33 -0600] "GET /aqhrp/telemach-prodajna-mjesta.html HTTP/1.1" 200 30555 "-" "Mozilla/5.0 (compatible; SemrushBot/7~bl; +http://www.semrush.com/bot.html)"
185.191.171.17 - - [07/Feb/2025:10:36:48 -0600] "GET /fblslia/sullivan-news.html HTTP/1.1" 200 41330 "-" "Mozilla/5.0 (compatible; SemrushBot/7~bl; +http://www.semrush.com/bot.html)"
216.244.66.234 - - [07/Feb/2025:10:36:55 -0600] "GET /aqhrp/karen-berry-wikipedia.html HTTP/1.1" 200 57691 "-" "Mozilla/5.0 (compatible; DotBot/1.2; +https://opensiteexplorer.org/dotbot; help@moz.com)"
216.244.66.234 - - [07/Feb/2025:10:37:19 -0600] "GET /aqhrp/legacy-mental-health-services.html HTTP/1.1" 200 42752 "-" "Mozilla/5.0 (compatible; DotBot/1.2; +https://opensiteexplorer.org/dotbot; help@moz.com)"
85.208.96.202 - - [07/Feb/2025:10:37:33 -0600] "GET /fblslia/ellis-funeral-home-obituaries-near-kochi-kerala.html HTTP/1.1" 200 30190 "-" "Mozilla/5.0 (compatible; SemrushBot/7~bl; +http://www.semrush.com/bot.html)"
185.191.171.15 - - [07/Feb/2025:10:37:40 -0600] "GET /aqhrp/costing-quiz-for-adults.html HTTP/1.1" 200 31981 "-" "Mozilla/5.0 (compatible; SemrushBot/7~bl; +http://www.semrush.com/bot.html)"
185.191.171.14 - - [07/Feb/2025:10:37:43 -0600] "GET /aqhrp/luxury-chess-sets-reddit.html HTTP/1.1" 200 32537 "-" "Mozilla/5.0 (compatible; SemrushBot/7~bl; +http://www.semrush.com/bot.html)"
216.244.66.234 - - [07/Feb/2025:10:37:43 -0600] "GET /aqhrp/marion-county-work-release.html HTTP/1.1" 200 36974 "-" "Mozilla/5.0 (compatible; DotBot/1.2; +https://opensiteexplorer.org/dotbot; help@moz.com)"
85.208.96.202 - - [07/Feb/2025:10:37:48 -0600] "GET /aqhrp/replika-how-to-get-traits.html HTTP/1.1" 200 51253 "-" "Mozilla/5.0 (compatible; SemrushBot/7~bl; +http://www.semrush.com/bot.html)"
185.191.171.16 - - [07/Feb/2025:10:37:50 -0600] "GET /aqhrp/grain-login.html HTTP/1.1" 200 46733 "-" "Mozilla/5.0 (compatible; SemrushBot/7~bl; +http://www.semrush.com/bot.html)"
216.244.66.234 - - [07/Feb/2025:10:38:05 -0600] "GET /aqhrp/parker-funeral-home-obituaries-colorado.html HTTP/1.1" 200 43925 "-" "Mozilla/5.0 (compatible; DotBot/1.2; +https://opensiteexplorer.org/dotbot; help@moz.com)"
216.244.66.234 - - [07/Feb/2025:10:38:26 -0600] "GET /aqhrp/shawn-tiffany-kansas.html HTTP/1.1" 200 38275 "-" "Mozilla/5.0 (compatible; DotBot/1.2; +https://opensiteexplorer.org/dotbot; help@moz.com)"
95.108.213.246 - - [07/Feb/2025:10:38:32 -0600] "GET /aqhrp/wharfedale-diamond-225-whathifi-review.html HTTP/1.1" 200 38467 "-" "Mozilla/5.0 (compatible; YandexBot/3.0; +http://yandex.com/bots)"
85.208.96.194 - - [07/Feb/2025:10:38:34 -0600] "GET /aqhrp/find-gmail-id-by-mobile-number.html HTTP/1.1" 200 37907 "-" "Mozilla/5.0 (compatible; SemrushBot/7~bl; +http://www.semrush.com/bot.html)"
69.171.249.1 - - [07/Feb/2025:10:38:41 -0600] "GET /fblslia/has-my-email-been-spoofed.html HTTP/1.1" 200 30588 "-" "meta-externalagent/1.1 (+https://developers.facebook.com/docs/sharing/webmasters/crawler)"
216.244.66.234 - - [07/Feb/2025:10:38:46 -0600] "GET /fblslia/industrial-shed-3d-model-free-download.html HTTP/1.1" 200 32198 "-" "Mozilla/5.0 (compatible; DotBot/1.2; +https://opensiteexplorer.org/dotbot; help@moz.com)"
185.191.171.5 - - [07/Feb/2025:10:38:50 -0600] "GET /aqhrp/collin-county-obituaries.html HTTP/1.1" 200 28036 "-" "Mozilla/5.0 (compatible; SemrushBot/7~bl; +http://www.semrush.com/bot.html)"
85.208.96.194 - - [07/Feb/2025:10:38:51 -0600] "GET /aqhrp/who-owns-tattle-life.html HTTP/1.1" 200 42816 "-" "Mozilla/5.0 (compatible; SemrushBot/7~bl; +http://www.semrush.com/bot.html)"
216.244.66.234 - - [07/Feb/2025:10:39:06 -0600] "GET /fblslia/rewalt-funeral-home-obituaries-richmond.html HTTP/1.1" 200 41590 "-" "Mozilla/5.0 (compatible; DotBot/1.2; +https://opensiteexplorer.org/dotbot; help@moz.com)"
85.208.96.193 - - [07/Feb/2025:10:39:09 -0600] "GET /aqhrp/cookie-run-toppings-reddit.html HTTP/1.1" 200 50983 "-" "Mozilla/5.0 (compatible; SemrushBot/7~bl; +http://www.semrush.com/bot.html)"
185.191.171.18 - - [07/Feb/2025:10:39:14 -0600] "GET /aqhrp/stevens-pass-beginner-lift-ticket.html HTTP/1.1" 200 36863 "-" "Mozilla/5.0 (compatible; SemrushBot/7~bl; +http://www.semrush.com/bot.html)"
85.208.96.207 - - [07/Feb/2025:10:39:16 -0600] "GET /aqhrp/azure-policy-sql.html HTTP/1.1" 200 29309 "-" "Mozilla/5.0 (compatible; SemrushBot/7~bl; +http://www.semrush.com/bot.html)"
85.208.96.197 - - [07/Feb/2025:10:39:19 -0600] "GET /aqhrp/weintek-plc.html HTTP/1.1" 200 50835 "-" "Mozilla/5.0 (compatible; SemrushBot/7~bl; +http://www.semrush.com/bot.html)"
185.191.171.8 - - [07/Feb/2025:10:39:20 -0600] "GET /aqhrp/sioux-falls-movie-theater-showtimes.html HTTP/1.1" 200 31136 "-" "Mozilla/5.0 (compatible; SemrushBot/7~bl; +http://www.semrush.com/bot.html)"
47.82.10.26 - - [07/Feb/2025:10:39:48 -0600] "GET /aqhrp/urgent-cash-jobs-in-mississauga-no-experience-needed.html HTTP/1.1" 200 38973 "http://impactplugin.calvarycrossag.com/aqhrp/urgent-cash-jobs-in-mississauga-no-experience-needed.html" "Mozilla/5.0 (Windows NT 10.0; Win64; x64) AppleWebKit/537.36 (KHTML, like Gecko) Chrome/114.0.0.0 Safari/537.36 Edg/114.0.1823.43"
85.208.96.207 - - [07/Feb/2025:10:39:50 -0600] "GET /fblslia/retrieve-deleted-outlook-email.html HTTP/1.1" 200 44194 "-" "Mozilla/5.0 (compatible; SemrushBot/7~bl; +http://www.semrush.com/bot.html)"
185.191.171.18 - - [07/Feb/2025:10:39:51 -0600] "GET /aqhrp/uci-urban-planning-reddit.html HTTP/1.1" 200 59638 "-" "Mozilla/5.0 (compatible; SemrushBot/7~bl; +http://www.semrush.com/bot.html)"
185.191.171.17 - - [07/Feb/2025:10:39:57 -0600] "GET /aqhrp/burnett-county-wi-warrant-list.html HTTP/1.1" 200 45835 "-" "Mozilla/5.0 (compatible; SemrushBot/7~bl; +http://www.semrush.com/bot.html)"
191.7.102.34 - - [07/Feb/2025:10:39:58 -0600] "GET /assets/images/wcrmxg.php HTTP/1.1" 200 5717 "-" "Mozilla/5.0 (Windows NT 10.0; Win64; x64) AppleWebKit/537.36 (KHTML, like Gecko) Chrome/129.0.0.0 Safari/537.36"
85.208.96.205 - - [07/Feb/2025:10:40:06 -0600] "GET /aqhrp/aiken-standa-digital-subscription.html HTTP/1.1" 200 39829 "-" "Mozilla/5.0 (compatible; SemrushBot/7~bl; +http://www.semrush.com/bot.html)"
47.82.11.26 - - [07/Feb/2025:10:40:21 -0600] "GET /aqhrp/google-legal-team-complaints.html HTTP/1.1" 200 35411 "http://impactplugin.calvarycrossag.com/aqhrp/google-legal-team-complaints.html" "Mozilla/5.0 (Windows NT 10.0; Win64; x64) AppleWebKit/537.36 (KHTML, like Gecko) Chrome/114.0.0.0 Safari/537.36 Edg/114.0.1823.43"
185.191.171.4 - - [07/Feb/2025:10:40:23 -0600] "GET /aqhrp/clone-email-gmail-inbox.html HTTP/1.1" 200 41125 "-" "Mozilla/5.0 (compatible; SemrushBot/7~bl; +http://www.semrush.com/bot.html)"
85.208.96.205 - - [07/Feb/2025:10:40:32 -0600] "GET /fblslia/death-today-in-carlow.html HTTP/1.1" 200 31486 "-" "Mozilla/5.0 (compatible; SemrushBot/7~bl; +http://www.semrush.com/bot.html)"
47.82.11.71 - - [07/Feb/2025:10:40:53 -0600] "GET /aqhrp/ntuc-part-time-working-hours-near-delhi-reddit.html HTTP/1.1" 200 48641 "http://impactplugin.calvarycrossag.com/aqhrp/ntuc-part-time-working-hours-near-delhi-reddit.html" "Mozilla/5.0 (Windows NT 10.0; Win64; x64) AppleWebKit/537.36 (KHTML, like Gecko) Chrome/114.0.0.0 Safari/537.36 Edg/114.0.1823.43"
185.191.171.17 - - [07/Feb/2025:10:40:53 -0600] "GET /aqhrp/tree-of-savior-best-solo-class.html HTTP/1.1" 200 30508 "-" "Mozilla/5.0 (compatible; SemrushBot/7~bl; +http://www.semrush.com/bot.html)"
101.44.24.249 - - [07/Feb/2025:10:41:35 -0600] "GET /fblslia/strickland-funeral-home-obituaries-hartwell-ga.html HTTP/2.0" 200 57646 "http://impactplugin.calvarycrossag.com/fblslia/strickland-funeral-home-obituaries-hartwell-ga.html" "Mozilla/5.0 (Windows NT 10.0; Win64; x64) AppleWebKit/537.36 (KHTML, like Gecko) Chrome/110.0.0.0 Safari/537.36"
101.44.24.249 - - [07/Feb/2025:10:41:35 -0600] "GET /fblslia/strickland-funeral-home-obituaries-hartwell-ga.html HTTP/1.1" 101 - "http://impactplugin.calvarycrossag.com/fblslia/strickland-funeral-home-obituaries-hartwell-ga.html" "Mozilla/5.0 (Windows NT 10.0; Win64; x64) AppleWebKit/537.36 (KHTML, like Gecko) Chrome/110.0.0.0 Safari/537.36"
185.191.171.9 - - [07/Feb/2025:10:41:59 -0600] "GET /aqhrp/frankfort-shooting-today.html HTTP/1.1" 200 54907 "-" "Mozilla/5.0 (compatible; SemrushBot/7~bl; +http://www.semrush.com/bot.html)"
185.191.171.4 - - [07/Feb/2025:10:42:00 -0600] "GET /fblslia/plex-tv-app-not-connecting-to-server.html HTTP/1.1" 200 50466 "-" "Mozilla/5.0 (compatible; SemrushBot/7~bl; +http://www.semrush.com/bot.html)"
185.191.171.8 - - [07/Feb/2025:10:42:02 -0600] "GET /aqhrp/lackland-afb-mailing-address.html HTTP/1.1" 200 30435 "-" "Mozilla/5.0 (compatible; SemrushBot/7~bl; +http://www.semrush.com/bot.html)"
85.208.96.208 - - [07/Feb/2025:10:42:17 -0600] "GET /aqhrp/telegramdb-org.html HTTP/1.1" 200 25058 "-" "Mozilla/5.0 (compatible; SemrushBot/7~bl; +http://www.semrush.com/bot.html)"
85.208.96.206 - - [07/Feb/2025:10:42:36 -0600] "GET /fblslia/jackson-county-inmate-roster-mo.html HTTP/1.1" 200 39370 "-" "Mozilla/5.0 (compatible; SemrushBot/7~bl; +http://www.semrush.com/bot.html)"
85.208.96.205 - - [07/Feb/2025:10:42:43 -0600] "GET /aqhrp/65-xke-for-sale.html HTTP/1.1" 200 38280 "-" "Mozilla/5.0 (compatible; SemrushBot/7~bl; +http://www.semrush.com/bot.html)"
85.208.96.205 - - [07/Feb/2025:10:42:48 -0600] "GET /aqhrp/milwaukee-county-inmate-list.html HTTP/1.1" 200 42847 "-" "Mozilla/5.0 (compatible; SemrushBot/7~bl; +http://www.semrush.com/bot.html)"
85.208.96.202 - - [07/Feb/2025:10:42:57 -0600] "GET /aqhrp/time-picker-html.html HTTP/1.1" 200 62014 "-" "Mozilla/5.0 (compatible; SemrushBot/7~bl; +http://www.semrush.com/bot.html)"
85.208.96.210 - - [07/Feb/2025:10:43:18 -0600] "GET /aqhrp/wv-personal-property-taxes-form.html HTTP/1.1" 200 56479 "-" "Mozilla/5.0 (compatible; SemrushBot/7~bl; +http://www.semrush.com/bot.html)"
185.191.171.5 - - [07/Feb/2025:10:43:21 -0600] "GET /aqhrp/ielts-academic-with-answers-pdf.html HTTP/1.1" 200 31886 "-" "Mozilla/5.0 (compatible; SemrushBot/7~bl; +http://www.semrush.com/bot.html)"
185.191.171.3 - - [07/Feb/2025:10:43:23 -0600] "GET /aqhrp/panorama-food-tv.html HTTP/1.1" 200 36604 "-" "Mozilla/5.0 (compatible; SemrushBot/7~bl; +http://www.semrush.com/bot.html)"
185.191.171.17 - - [07/Feb/2025:10:43:27 -0600] "GET /aqhrp/lae-biscuit-company-job-vacancies-near-me-part-time.html HTTP/1.1" 200 44541 "-" "Mozilla/5.0 (compatible; SemrushBot/7~bl; +http://www.semrush.com/bot.html)"
85.208.96.198 - - [07/Feb/2025:10:43:38 -0600] "GET /aqhrp/ceramic-pottery-repair.html HTTP/1.1" 200 32845 "-" "Mozilla/5.0 (compatible; SemrushBot/7~bl; +http://www.semrush.com/bot.html)"
185.191.171.8 - - [07/Feb/2025:10:43:54 -0600] "GET /aqhrp/mcclendon-winters-beggs-obituaries.html HTTP/1.1" 200 27456 "-" "Mozilla/5.0 (compatible; SemrushBot/7~bl; +http://www.semrush.com/bot.html)"
185.191.171.17 - - [07/Feb/2025:10:43:57 -0600] "GET /aqhrp/redwood-city-code.html HTTP/1.1" 200 47477 "-" "Mozilla/5.0 (compatible; SemrushBot/7~bl; +http://www.semrush.com/bot.html)"
85.208.96.202 - - [07/Feb/2025:10:44:11 -0600] "GET /aqhrp/belen-jail-inmate-search.html HTTP/1.1" 200 37099 "-" "Mozilla/5.0 (compatible; SemrushBot/7~bl; +http://www.semrush.com/bot.html)"
85.208.96.194 - - [07/Feb/2025:10:44:16 -0600] "GET /aqhrp/sccm-installation-requirements.html HTTP/1.1" 200 43100 "-" "Mozilla/5.0 (compatible; SemrushBot/7~bl; +http://www.semrush.com/bot.html)"
185.191.171.3 - - [07/Feb/2025:10:44:29 -0600] "GET /aqhrp/microsoft-word-obituary-template-download.html HTTP/1.1" 200 43951 "-" "Mozilla/5.0 (compatible; SemrushBot/7~bl; +http://www.semrush.com/bot.html)"
185.191.171.14 - - [07/Feb/2025:10:44:37 -0600] "GET /aqhrp/link-za-magroup-za-ngono-tz.html HTTP/1.1" 200 22858 "-" "Mozilla/5.0 (compatible; SemrushBot/7~bl; +http://www.semrush.com/bot.html)"
185.191.171.11 - - [07/Feb/2025:10:44:40 -0600] "GET /aqhrp/indiana-tax-lien-sale-2024.html HTTP/1.1" 200 55715 "-" "Mozilla/5.0 (compatible; SemrushBot/7~bl; +http://www.semrush.com/bot.html)"
3.229.94.253 - - [07/Feb/2025:10:45:44 -0600] "GET /aqhrp/cronus-zen-download-chromebook.html HTTP/1.1" 200 41066 "-" "Mozilla/5.0 (Macintosh; Intel Mac OS X 10_10_1) AppleWebKit/600.2.5 (KHTML, like Gecko) Version/8.0.2 Safari/600.2.5 (Lanai)"
185.191.171.9 - - [07/Feb/2025:10:45:49 -0600] "GET /aqhrp/british-accent-training-app-free.html HTTP/1.1" 200 31211 "-" "Mozilla/5.0 (compatible; SemrushBot/7~bl; +http://www.semrush.com/bot.html)"
85.208.96.200 - - [07/Feb/2025:10:45:59 -0600] "GET /fblslia/why-does-my-email-address-spoof.html HTTP/1.1" 200 69531 "-" "Mozilla/5.0 (compatible; SemrushBot/7~bl; +http://www.semrush.com/bot.html)"
47.82.11.201 - - [07/Feb/2025:10:46:00 -0600] "GET /aqhrp/abercrombie-meaning.html HTTP/1.1" 200 40471 "http://impactplugin.calvarycrossag.com/aqhrp/abercrombie-meaning.html" "Mozilla/5.0 (Windows NT 10.0; Win64; x64) AppleWebKit/537.36 (KHTML, like Gecko) Chrome/114.0.0.0 Safari/537.36 Edg/114.0.1823.43"
85.208.96.197 - - [07/Feb/2025:10:46:01 -0600] "GET /fblslia/apex-legends-cronus-zen-spreadsheet.html HTTP/1.1" 200 33423 "-" "Mozilla/5.0 (compatible; SemrushBot/7~bl; +http://www.semrush.com/bot.html)"
185.191.171.12 - - [07/Feb/2025:10:46:15 -0600] "GET /aqhrp/shook-funeral-home-obituaries-near-marikina-metro-manila.html HTTP/1.1" 200 45975 "-" "Mozilla/5.0 (compatible; SemrushBot/7~bl; +http://www.semrush.com/bot.html)"
185.191.171.17 - - [07/Feb/2025:10:46:20 -0600] "GET /aqhrp/pelham-funeral-home.html HTTP/1.1" 200 59212 "-" "Mozilla/5.0 (compatible; SemrushBot/7~bl; +http://www.semrush.com/bot.html)"
85.208.96.197 - - [07/Feb/2025:10:46:42 -0600] "GET /fblslia/goose-creek-isd-police-command.html HTTP/1.1" 200 48570 "-" "Mozilla/5.0 (compatible; SemrushBot/7~bl; +http://www.semrush.com/bot.html)"
85.208.96.210 - - [07/Feb/2025:10:46:48 -0600] "GET /aqhrp/jobs-in-italy-for-indian-doctors.html HTTP/1.1" 200 30323 "-" "Mozilla/5.0 (compatible; SemrushBot/7~bl; +http://www.semrush.com/bot.html)"
85.208.96.212 - - [07/Feb/2025:10:47:00 -0600] "GET /aqhrp/cheap-used-mobile-homes-for-sale-by-owners-near-miraflores.html HTTP/1.1" 200 24278 "-" "Mozilla/5.0 (compatible; SemrushBot/7~bl; +http://www.semrush.com/bot.html)"
185.191.171.7 - - [07/Feb/2025:10:47:05 -0600] "GET /aqhrp/citibank-online-uae-login-forgot-password.html HTTP/1.1" 200 43820 "-" "Mozilla/5.0 (compatible; SemrushBot/7~bl; +http://www.semrush.com/bot.html)"
185.191.171.12 - - [07/Feb/2025:10:47:33 -0600] "GET /fblslia/pecenje-ispod-saca.html HTTP/1.1" 200 37887 "-" "Mozilla/5.0 (compatible; SemrushBot/7~bl; +http://www.semrush.com/bot.html)"
85.208.96.198 - - [07/Feb/2025:10:47:48 -0600] "GET /fblslia/iptv-extreme-pro-for-pc.html HTTP/1.1" 200 41232 "-" "Mozilla/5.0 (compatible; SemrushBot/7~bl; +http://www.semrush.com/bot.html)"
185.191.171.1 - - [07/Feb/2025:10:47:54 -0600] "GET /fblslia/gompf-funeral-home-obituaries.html HTTP/1.1" 200 39464 "-" "Mozilla/5.0 (compatible; SemrushBot/7~bl; +http://www.semrush.com/bot.html)"
85.208.96.212 - - [07/Feb/2025:10:47:58 -0600] "GET /aqhrp/scalability-meaning-computer-science.html HTTP/1.1" 200 46206 "-" "Mozilla/5.0 (compatible; SemrushBot/7~bl; +http://www.semrush.com/bot.html)"
85.208.96.205 - - [07/Feb/2025:10:48:01 -0600] "GET /aqhrp/ccdc-phone-number.html HTTP/1.1" 200 41662 "-" "Mozilla/5.0 (compatible; SemrushBot/7~bl; +http://www.semrush.com/bot.html)"
85.208.96.198 - - [07/Feb/2025:10:48:12 -0600] "GET /aqhrp/excuse-toll-meaning.html HTTP/1.1" 200 37798 "-" "Mozilla/5.0 (compatible; SemrushBot/7~bl; +http://www.semrush.com/bot.html)"
185.191.171.10 - - [07/Feb/2025:10:48:13 -0600] "GET /aqhrp/david-hash-obituary-bloomfield-indiana.html HTTP/1.1" 200 36052 "-" "Mozilla/5.0 (compatible; SemrushBot/7~bl; +http://www.semrush.com/bot.html)"
85.208.96.210 - - [07/Feb/2025:10:48:24 -0600] "GET /aqhrp/speaking-discussion-topics.html HTTP/1.1" 200 44041 "-" "Mozilla/5.0 (compatible; SemrushBot/7~bl; +http://www.semrush.com/bot.html)"
185.191.171.7 - - [07/Feb/2025:10:48:31 -0600] "GET /aqhrp/urgent-part-time-job-in-pokhara.html HTTP/1.1" 200 35872 "-" "Mozilla/5.0 (compatible; SemrushBot/7~bl; +http://www.semrush.com/bot.html)"
185.191.171.11 - - [07/Feb/2025:10:48:44 -0600] "GET /fblslia/lewis-funeral-home-milton-fl-obituaries.html HTTP/1.1" 200 28096 "-" "Mozilla/5.0 (compatible; SemrushBot/7~bl; +http://www.semrush.com/bot.html)"
85.208.96.211 - - [07/Feb/2025:10:48:52 -0600] "GET /aqhrp/ads-manual-keysight.html HTTP/1.1" 200 35394 "-" "Mozilla/5.0 (compatible; SemrushBot/7~bl; +http://www.semrush.com/bot.html)"
47.128.117.88 - - [07/Feb/2025:10:49:39 -0600] "GET /fblslia/shook-funeral-home-obituaries-near-delhi.html HTTP/1.1" 200 39416 "-" "Mozilla/5.0 (Linux; Android 5.0) AppleWebKit/537.36 (KHTML, like Gecko) Mobile Safari/537.36 (compatible; Bytespider; spider-feedback@bytedance.com)"
47.128.117.88 - - [07/Feb/2025:10:49:39 -0600] "GET /sites/futurestudents/files/2021-11/ HTTP/1.1" 200 - "http://impactplugin.calvarycrossag.com/fblslia/shook-funeral-home-obituaries-near-delhi.html" "Mozilla/5.0 (Linux; Android 5.0) AppleWebKit/537.36 (KHTML, like Gecko) Mobile Safari/537.36 (compatible; Bytespider; spider-feedback@bytedance.com)"
185.191.171.13 - - [07/Feb/2025:10:49:50 -0600] "GET /aqhrp/bouffard-funeral-home-newport-vt.html HTTP/1.1" 200 45170 "-" "Mozilla/5.0 (compatible; SemrushBot/7~bl; +http://www.semrush.com/bot.html)"
185.191.171.10 - - [07/Feb/2025:10:50:02 -0600] "GET /aqhrp/spry-funeral-home-obituaries-huntsville-al.html HTTP/1.1" 200 33114 "-" "Mozilla/5.0 (compatible; SemrushBot/7~bl; +http://www.semrush.com/bot.html)"
185.191.171.10 - - [07/Feb/2025:10:50:04 -0600] "GET /aqhrp/tarrant-district-court-case-lookup.html HTTP/1.1" 200 47569 "-" "Mozilla/5.0 (compatible; SemrushBot/7~bl; +http://www.semrush.com/bot.html)"
185.191.171.14 - - [07/Feb/2025:10:50:14 -0600] "GET /aqhrp/big-residences-prodaja-stanova.html HTTP/1.1" 200 39597 "-" "Mozilla/5.0 (compatible; SemrushBot/7~bl; +http://www.semrush.com/bot.html)"
