185.191.171.17 - - [07/Feb/2025:12:14:05 -0600] "GET /aqhrp/canadian-county-oklahoma-obituaries.html HTTP/1.1" 200 35562 "-" "Mozilla/5.0 (compatible; SemrushBot/7~bl; +http://www.semrush.com/bot.html)"
185.191.171.15 - - [07/Feb/2025:12:14:22 -0600] "GET /aqhrp/valley-courier-alamosa-obituaries-death.html HTTP/1.1" 200 26545 "-" "Mozilla/5.0 (compatible; SemrushBot/7~bl; +http://www.semrush.com/bot.html)"
185.191.171.16 - - [07/Feb/2025:12:14:44 -0600] "GET /aqhrp/ss22jwb-quizlet.html HTTP/1.1" 200 61515 "-" "Mozilla/5.0 (compatible; SemrushBot/7~bl; +http://www.semrush.com/bot.html)"
185.191.171.6 - - [07/Feb/2025:12:14:49 -0600] "GET /aqhrp/how-do-people-get-cancer.html HTTP/1.1" 200 48858 "-" "Mozilla/5.0 (compatible; SemrushBot/7~bl; +http://www.semrush.com/bot.html)"
87.250.224.254 - - [07/Feb/2025:12:15:38 -0600] "GET /aqhrp/iptv-github-list.html HTTP/1.1" 200 24284 "-" "Mozilla/5.0 (compatible; YandexBot/3.0; +http://yandex.com/bots)"
185.191.171.12 - - [07/Feb/2025:12:15:58 -0600] "GET /aqhrp/ntuc-packer-job-part-time-work-from-home.html HTTP/1.1" 200 48497 "-" "Mozilla/5.0 (compatible; SemrushBot/7~bl; +http://www.semrush.com/bot.html)"
185.191.171.12 - - [07/Feb/2025:12:16:00 -0600] "GET /aqhrp/marketing-jobs-in-google-india.html HTTP/1.1" 200 47403 "-" "Mozilla/5.0 (compatible; SemrushBot/7~bl; +http://www.semrush.com/bot.html)"
185.191.171.7 - - [07/Feb/2025:12:16:05 -0600] "GET /fblslia/urgent-job-vacancies-in-port-moresby-2024-for-students-ngo.html HTTP/1.1" 200 35092 "-" "Mozilla/5.0 (compatible; SemrushBot/7~bl; +http://www.semrush.com/bot.html)"
185.191.171.6 - - [07/Feb/2025:12:16:07 -0600] "GET /aqhrp/saline-county-jail-booking-activity-last-24-hours.html HTTP/1.1" 200 34296 "-" "Mozilla/5.0 (compatible; SemrushBot/7~bl; +http://www.semrush.com/bot.html)"
185.191.171.9 - - [07/Feb/2025:12:16:27 -0600] "GET /aqhrp/72mm-apo.html HTTP/1.1" 200 46603 "-" "Mozilla/5.0 (compatible; SemrushBot/7~bl; +http://www.semrush.com/bot.html)"
85.208.96.197 - - [07/Feb/2025:12:16:35 -0600] "GET /robots.txt HTTP/1.1" 200 1017 "-" "Mozilla/5.0 (compatible; SemrushBot/7~bl; +http://www.semrush.com/bot.html)"
185.191.171.6 - - [07/Feb/2025:12:16:35 -0600] "GET /aqhrp/richmond-city-jail-website.html HTTP/1.1" 200 48212 "-" "Mozilla/5.0 (compatible; SemrushBot/7~bl; +http://www.semrush.com/bot.html)"
85.208.96.193 - - [07/Feb/2025:12:17:00 -0600] "GET /fblslia/what-county-is-plainfield-il.html HTTP/1.1" 200 36649 "-" "Mozilla/5.0 (compatible; SemrushBot/7~bl; +http://www.semrush.com/bot.html)"
185.191.171.17 - - [07/Feb/2025:12:17:04 -0600] "GET /aqhrp/gta-5-ppsspp.html HTTP/1.1" 200 41783 "-" "Mozilla/5.0 (compatible; SemrushBot/7~bl; +http://www.semrush.com/bot.html)"
47.128.59.113 - - [07/Feb/2025:12:17:07 -0600] "GET /aqhrp/harbor-springs-obituaries.html HTTP/1.1" 200 50576 "-" "Mozilla/5.0 (Linux; Android 5.0) AppleWebKit/537.36 (KHTML, like Gecko) Mobile Safari/537.36 (compatible; Bytespider; spider-feedback@bytedance.com)"
47.128.59.113 - - [07/Feb/2025:12:17:08 -0600] "GET /aqhrp/css/ HTTP/1.1" 404 - "http://impactplugin.calvarycrossag.com/aqhrp/harbor-springs-obituaries.html" "Mozilla/5.0 (Linux; Android 5.0) AppleWebKit/537.36 (KHTML, like Gecko) Mobile Safari/537.36 (compatible; Bytespider; spider-feedback@bytedance.com)"
85.208.96.210 - - [07/Feb/2025:12:17:19 -0600] "GET /aqhrp/davie-county-nc-mugshots.html HTTP/1.1" 200 53649 "-" "Mozilla/5.0 (compatible; SemrushBot/7~bl; +http://www.semrush.com/bot.html)"
216.244.66.234 - - [07/Feb/2025:12:17:51 -0600] "GET /aqhrp/jail-roster-inmate.html HTTP/1.1" 200 42207 "-" "Mozilla/5.0 (compatible; DotBot/1.2; +https://opensiteexplorer.org/dotbot; help@moz.com)"
85.208.96.206 - - [07/Feb/2025:12:17:52 -0600] "GET /fblslia/my-temporary-email.html HTTP/1.1" 200 36899 "-" "Mozilla/5.0 (compatible; SemrushBot/7~bl; +http://www.semrush.com/bot.html)"
85.208.96.198 - - [07/Feb/2025:12:17:54 -0600] "GET /fblslia/13th-judicial-district-court-grants-nm.html HTTP/1.1" 200 46828 "-" "Mozilla/5.0 (compatible; SemrushBot/7~bl; +http://www.semrush.com/bot.html)"
216.244.66.234 - - [07/Feb/2025:12:17:54 -0600] "GET /fblslia/nz-immigration-forms-download.html HTTP/1.1" 200 43559 "-" "Mozilla/5.0 (compatible; DotBot/1.2; +https://opensiteexplorer.org/dotbot; help@moz.com)"
85.208.96.202 - - [07/Feb/2025:12:17:55 -0600] "GET /aqhrp/google-marketing-jobs-entry-level-salary.html HTTP/1.1" 200 48865 "-" "Mozilla/5.0 (compatible; SemrushBot/7~bl; +http://www.semrush.com/bot.html)"
85.208.96.196 - - [07/Feb/2025:12:17:58 -0600] "GET /aqhrp/the-world-equity-index-function-shown-contains.html HTTP/1.1" 200 36283 "-" "Mozilla/5.0 (compatible; SemrushBot/7~bl; +http://www.semrush.com/bot.html)"
85.208.96.199 - - [07/Feb/2025:12:18:02 -0600] "GET /aqhrp/jailatm-com-commissary-deposit-login.html HTTP/1.1" 200 56315 "-" "Mozilla/5.0 (compatible; SemrushBot/7~bl; +http://www.semrush.com/bot.html)"
185.191.171.7 - - [07/Feb/2025:12:18:04 -0600] "GET /aqhrp/Sonic-games-for-itel-keypad.html HTTP/1.1" 200 38661 "-" "Mozilla/5.0 (compatible; SemrushBot/7~bl; +http://www.semrush.com/bot.html)"
85.208.96.210 - - [07/Feb/2025:12:18:13 -0600] "GET /aqhrp/franklin-county-jail-visitation-schedule.html HTTP/1.1" 200 45829 "-" "Mozilla/5.0 (compatible; SemrushBot/7~bl; +http://www.semrush.com/bot.html)"
85.208.96.209 - - [07/Feb/2025:12:18:21 -0600] "GET /fblslia/porter-v-city-of-manchester-case.html HTTP/1.1" 200 47061 "-" "Mozilla/5.0 (compatible; SemrushBot/7~bl; +http://www.semrush.com/bot.html)"
185.191.171.2 - - [07/Feb/2025:12:18:36 -0600] "GET /aqhrp/nylon-webbing-straps-for-bags.html HTTP/1.1" 200 30719 "-" "Mozilla/5.0 (compatible; SemrushBot/7~bl; +http://www.semrush.com/bot.html)"
185.191.171.7 - - [07/Feb/2025:12:18:41 -0600] "GET /aqhrp/hoboken-residential-parking-permit.html HTTP/1.1" 200 36447 "-" "Mozilla/5.0 (compatible; SemrushBot/7~bl; +http://www.semrush.com/bot.html)"
185.191.171.5 - - [07/Feb/2025:12:18:51 -0600] "GET /aqhrp/html-to-excel-javascript-library.html HTTP/1.1" 200 51447 "-" "Mozilla/5.0 (compatible; SemrushBot/7~bl; +http://www.semrush.com/bot.html)"
85.208.96.204 - - [07/Feb/2025:12:20:05 -0600] "GET /fblslia/cheap-2-and-3-bedroom-houses-for-sale-in-pembroke-dock.html HTTP/1.1" 200 61784 "-" "Mozilla/5.0 (compatible; SemrushBot/7~bl; +http://www.semrush.com/bot.html)"
185.191.171.15 - - [07/Feb/2025:12:20:09 -0600] "GET /fblslia/st-clair-county-mi-court-dockets.html HTTP/1.1" 200 37907 "-" "Mozilla/5.0 (compatible; SemrushBot/7~bl; +http://www.semrush.com/bot.html)"
185.191.171.18 - - [07/Feb/2025:12:20:15 -0600] "GET /fblslia/dignity-memorial-funerals.html HTTP/1.1" 200 29081 "-" "Mozilla/5.0 (compatible; SemrushBot/7~bl; +http://www.semrush.com/bot.html)"
185.191.171.3 - - [07/Feb/2025:12:20:19 -0600] "GET /fblslia/cash-paid-employment-agency-toronto.html HTTP/1.1" 200 43799 "-" "Mozilla/5.0 (compatible; SemrushBot/7~bl; +http://www.semrush.com/bot.html)"
85.208.96.212 - - [07/Feb/2025:12:20:29 -0600] "GET /aqhrp/google-gemini-problems.html HTTP/1.1" 200 53244 "-" "Mozilla/5.0 (compatible; SemrushBot/7~bl; +http://www.semrush.com/bot.html)"
185.191.171.11 - - [07/Feb/2025:12:20:35 -0600] "GET /aqhrp/seed-stitch-selvedge-edge.html HTTP/1.1" 200 56322 "-" "Mozilla/5.0 (compatible; SemrushBot/7~bl; +http://www.semrush.com/bot.html)"
185.191.171.14 - - [07/Feb/2025:12:21:03 -0600] "GET /aqhrp/datadog-cassandra-monitoring.html HTTP/1.1" 200 47603 "-" "Mozilla/5.0 (compatible; SemrushBot/7~bl; +http://www.semrush.com/bot.html)"
111.119.214.205 - - [07/Feb/2025:12:21:11 -0600] "GET /aqhrp/citi-mobile-app-face-id-not-working.html HTTP/2.0" 200 49943 "http://impactplugin.calvarycrossag.com/aqhrp/citi-mobile-app-face-id-not-working.html" "Mozilla/5.0 (Windows NT 10.0; Win64; x64) AppleWebKit/537.36 (KHTML, like Gecko) Chrome/101.0.4951.64 Safari/537.36 Edg/101.0.1210.47"
85.208.96.197 - - [07/Feb/2025:12:21:12 -0600] "GET /aqhrp/indianapolis-inmate-lookup-tool.html HTTP/1.1" 200 65517 "-" "Mozilla/5.0 (compatible; SemrushBot/7~bl; +http://www.semrush.com/bot.html)"
111.119.214.205 - - [07/Feb/2025:12:21:11 -0600] "GET /aqhrp/citi-mobile-app-face-id-not-working.html HTTP/1.1" 101 - "http://impactplugin.calvarycrossag.com/aqhrp/citi-mobile-app-face-id-not-working.html" "Mozilla/5.0 (Windows NT 10.0; Win64; x64) AppleWebKit/537.36 (KHTML, like Gecko) Chrome/101.0.4951.64 Safari/537.36 Edg/101.0.1210.47"
85.208.96.210 - - [07/Feb/2025:12:21:19 -0600] "GET /aqhrp/bing-filter-results-by-date.html HTTP/1.1" 200 40960 "-" "Mozilla/5.0 (compatible; SemrushBot/7~bl; +http://www.semrush.com/bot.html)"
85.208.96.205 - - [07/Feb/2025:12:21:30 -0600] "GET /fblslia/no-email-no-password.html HTTP/1.1" 200 39639 "-" "Mozilla/5.0 (compatible; SemrushBot/7~bl; +http://www.semrush.com/bot.html)"
85.208.96.212 - - [07/Feb/2025:12:21:32 -0600] "GET /aqhrp/arkansas-adc-inmate-search.html HTTP/1.1" 200 52224 "-" "Mozilla/5.0 (compatible; SemrushBot/7~bl; +http://www.semrush.com/bot.html)"
85.208.96.205 - - [07/Feb/2025:12:21:47 -0600] "GET /aqhrp/columbus-dispatch-obituary-archives.html HTTP/1.1" 200 31471 "-" "Mozilla/5.0 (compatible; SemrushBot/7~bl; +http://www.semrush.com/bot.html)"
185.191.171.16 - - [07/Feb/2025:12:22:03 -0600] "GET /fblslia/decorative-brass-upholstery-tacks.html HTTP/1.1" 200 54096 "-" "Mozilla/5.0 (compatible; SemrushBot/7~bl; +http://www.semrush.com/bot.html)"
85.208.96.198 - - [07/Feb/2025:12:22:05 -0600] "GET /aqhrp/best-sex-scene-romance-movies.html HTTP/1.1" 200 27497 "-" "Mozilla/5.0 (compatible; SemrushBot/7~bl; +http://www.semrush.com/bot.html)"
185.191.171.8 - - [07/Feb/2025:12:22:14 -0600] "GET /aqhrp/crime-times-roanoke-va-obituaries-past-3-days.html HTTP/1.1" 200 28248 "-" "Mozilla/5.0 (compatible; SemrushBot/7~bl; +http://www.semrush.com/bot.html)"
185.191.171.8 - - [07/Feb/2025:12:22:15 -0600] "GET /aqhrp/kokichi-x-shuichi-wattpad.html HTTP/1.1" 200 36726 "-" "Mozilla/5.0 (compatible; SemrushBot/7~bl; +http://www.semrush.com/bot.html)"
85.208.96.198 - - [07/Feb/2025:12:22:51 -0600] "GET /aqhrp/how-to-find-ip-address-of-server-using-command-prompt.html HTTP/1.1" 200 58232 "-" "Mozilla/5.0 (compatible; SemrushBot/7~bl; +http://www.semrush.com/bot.html)"
185.191.171.18 - - [07/Feb/2025:12:22:52 -0600] "GET /aqhrp/lewistown-sentinel-obituaries-archives-free-classifieds.html HTTP/1.1" 200 41068 "-" "Mozilla/5.0 (compatible; SemrushBot/7~bl; +http://www.semrush.com/bot.html)"
85.208.96.209 - - [07/Feb/2025:12:23:01 -0600] "GET /aqhrp/montreal-gazette-obituary-archives-free.html HTTP/1.1" 200 42915 "-" "Mozilla/5.0 (compatible; SemrushBot/7~bl; +http://www.semrush.com/bot.html)"
85.208.96.207 - - [07/Feb/2025:12:23:15 -0600] "GET /aqhrp/maksud-syukron-jazilan.html HTTP/1.1" 200 42079 "-" "Mozilla/5.0 (compatible; SemrushBot/7~bl; +http://www.semrush.com/bot.html)"
69.171.249.115 - - [07/Feb/2025:12:23:33 -0600] "GET /fblslia/duplin-county-nc-shooting-today.html HTTP/1.1" 200 37109 "-" "meta-externalagent/1.1 (+https://developers.facebook.com/docs/sharing/webmasters/crawler)"
85.208.96.204 - - [07/Feb/2025:12:23:46 -0600] "GET /aqhrp/intraoperative-neuromonitoring-pdf.html HTTP/1.1" 200 40054 "-" "Mozilla/5.0 (compatible; SemrushBot/7~bl; +http://www.semrush.com/bot.html)"
85.208.96.204 - - [07/Feb/2025:12:24:09 -0600] "GET /aqhrp/fairs-in-wisconsin-this-weekend.html HTTP/1.1" 200 41043 "-" "Mozilla/5.0 (compatible; SemrushBot/7~bl; +http://www.semrush.com/bot.html)"
185.191.171.7 - - [07/Feb/2025:12:24:11 -0600] "GET /aqhrp/deemix-download-pc.html HTTP/1.1" 200 17609 "-" "Mozilla/5.0 (compatible; SemrushBot/7~bl; +http://www.semrush.com/bot.html)"
85.208.96.198 - - [07/Feb/2025:12:24:27 -0600] "GET /aqhrp/chrysler-300c-p0670.html HTTP/1.1" 200 60916 "-" "Mozilla/5.0 (compatible; SemrushBot/7~bl; +http://www.semrush.com/bot.html)"
185.191.171.17 - - [07/Feb/2025:12:24:29 -0600] "GET /aqhrp/uiscrollview-autolayout-contentsize.html HTTP/1.1" 200 29220 "-" "Mozilla/5.0 (compatible; SemrushBot/7~bl; +http://www.semrush.com/bot.html)"
85.208.96.212 - - [07/Feb/2025:12:25:04 -0600] "GET /aqhrp/timothy-p-doyle-funeral-home-inc-obituaries.html HTTP/1.1" 200 39201 "-" "Mozilla/5.0 (compatible; SemrushBot/7~bl; +http://www.semrush.com/bot.html)"
185.191.171.18 - - [07/Feb/2025:12:25:08 -0600] "GET /fblslia/henrico-jail-west-inmate-search.html HTTP/1.1" 200 45870 "-" "Mozilla/5.0 (compatible; SemrushBot/7~bl; +http://www.semrush.com/bot.html)"
216.244.66.234 - - [07/Feb/2025:12:25:27 -0600] "GET /aqhrp/best-upholstery-webbing-near-cauca-el-tambo-cauca-2022.html HTTP/1.1" 200 51776 "-" "Mozilla/5.0 (compatible; DotBot/1.2; +https://opensiteexplorer.org/dotbot; help@moz.com)"
216.244.66.234 - - [07/Feb/2025:12:25:28 -0600] "GET /aqhrp/east-baton-rouge-criminal-court.html HTTP/1.1" 200 32963 "-" "Mozilla/5.0 (compatible; DotBot/1.2; +https://opensiteexplorer.org/dotbot; help@moz.com)"
185.191.171.9 - - [07/Feb/2025:12:25:28 -0600] "GET /aqhrp/glassdoor-jobs-in-brampton-today.html HTTP/1.1" 200 26260 "-" "Mozilla/5.0 (compatible; SemrushBot/7~bl; +http://www.semrush.com/bot.html)"
216.244.66.234 - - [07/Feb/2025:12:25:29 -0600] "GET /aqhrp/shooting-in-opelika-al-today.html HTTP/1.1" 200 42378 "-" "Mozilla/5.0 (compatible; DotBot/1.2; +https://opensiteexplorer.org/dotbot; help@moz.com)"
216.244.66.234 - - [07/Feb/2025:12:25:30 -0600] "GET /fblslia/13th-judicial-district-court-grants-nm.html HTTP/1.1" 200 46828 "-" "Mozilla/5.0 (compatible; DotBot/1.2; +https://opensiteexplorer.org/dotbot; help@moz.com)"
216.244.66.234 - - [07/Feb/2025:12:25:31 -0600] "GET /fblslia/kim-wayans-daughter.html HTTP/1.1" 200 52110 "-" "Mozilla/5.0 (compatible; DotBot/1.2; +https://opensiteexplorer.org/dotbot; help@moz.com)"
216.244.66.234 - - [07/Feb/2025:12:25:32 -0600] "GET /fblslia/philadelphia-docket-search-by-name.html HTTP/1.1" 200 52178 "-" "Mozilla/5.0 (compatible; DotBot/1.2; +https://opensiteexplorer.org/dotbot; help@moz.com)"
216.244.66.234 - - [07/Feb/2025:12:25:33 -0600] "GET /fblslia/port-moresby-general-hospital-f45.html HTTP/1.1" 200 48363 "-" "Mozilla/5.0 (compatible; DotBot/1.2; +https://opensiteexplorer.org/dotbot; help@moz.com)"
216.244.66.234 - - [07/Feb/2025:12:25:34 -0600] "GET /fblslia/seemore-putter-shaft.html HTTP/1.1" 200 45545 "-" "Mozilla/5.0 (compatible; DotBot/1.2; +https://opensiteexplorer.org/dotbot; help@moz.com)"
85.208.96.208 - - [07/Feb/2025:12:25:36 -0600] "GET /aqhrp/agency-play-fun-77.html HTTP/1.1" 200 30001 "-" "Mozilla/5.0 (compatible; SemrushBot/7~bl; +http://www.semrush.com/bot.html)"
91.211.37.36 - - [07/Feb/2025:12:25:36 -0600] "GET /assets/images/wcrmxg.php HTTP/1.1" 200 5717 "-" "Mozilla/5.0 (Windows NT 10.0; Win64; x64) AppleWebKit/537.36 (KHTML, like Gecko) Chrome/129.0.0.0 Safari/537.36"
91.211.37.36 - - [07/Feb/2025:12:25:39 -0600] "GET /favicon.ico HTTP/1.1" 200 - "http://impactplugin.calvarycrossag.com/assets/images/wcrmxg.php" "Mozilla/5.0 (Windows NT 10.0; Win64; x64) AppleWebKit/537.36 (KHTML, like Gecko) Chrome/129.0.0.0 Safari/537.36"
185.191.171.6 - - [07/Feb/2025:12:25:45 -0600] "GET /aqhrp/nylon-lifting-straps-for-sale.html HTTP/1.1" 200 49303 "-" "Mozilla/5.0 (compatible; SemrushBot/7~bl; +http://www.semrush.com/bot.html)"
91.211.37.36 - - [07/Feb/2025:12:25:49 -0600] "POST /assets/images/wcrmxg.php HTTP/1.1" 200 4027777 "http://impactplugin.calvarycrossag.com/assets/images/wcrmxg.php" "Mozilla/5.0 (Windows NT 10.0; Win64; x64) AppleWebKit/537.36 (KHTML, like Gecko) Chrome/129.0.0.0 Safari/537.36"
85.208.96.206 - - [07/Feb/2025:12:25:56 -0600] "GET /aqhrp/ormond-beach-obituaries.html HTTP/1.1" 200 26856 "-" "Mozilla/5.0 (compatible; SemrushBot/7~bl; +http://www.semrush.com/bot.html)"
91.211.37.36 - - [07/Feb/2025:12:25:59 -0600] "GET /favicon.ico HTTP/1.1" 200 - "http://impactplugin.calvarycrossag.com/assets/images/wcrmxg.php" "Mozilla/5.0 (Windows NT 10.0; Win64; x64) AppleWebKit/537.36 (KHTML, like Gecko) Chrome/129.0.0.0 Safari/537.36"
85.208.96.211 - - [07/Feb/2025:12:26:03 -0600] "GET /aqhrp/tillamook-county-jail-roster.html HTTP/1.1" 200 49987 "-" "Mozilla/5.0 (compatible; SemrushBot/7~bl; +http://www.semrush.com/bot.html)"
85.208.96.202 - - [07/Feb/2025:12:26:15 -0600] "GET /aqhrp/university-of-hail-login.html HTTP/1.1" 200 33378 "-" "Mozilla/5.0 (compatible; SemrushBot/7~bl; +http://www.semrush.com/bot.html)"
185.191.171.8 - - [07/Feb/2025:12:26:20 -0600] "GET /aqhrp/engage-therapeutics.html HTTP/1.1" 200 42111 "-" "Mozilla/5.0 (compatible; SemrushBot/7~bl; +http://www.semrush.com/bot.html)"
185.191.171.19 - - [07/Feb/2025:12:26:21 -0600] "GET /aqhrp/busted-newspaper-inmate-search.html HTTP/1.1" 200 21792 "-" "Mozilla/5.0 (compatible; SemrushBot/7~bl; +http://www.semrush.com/bot.html)"
185.191.171.3 - - [07/Feb/2025:12:26:24 -0600] "GET /aqhrp/2001-p-kentucky-quarter-value.html HTTP/1.1" 200 62018 "-" "Mozilla/5.0 (compatible; SemrushBot/7~bl; +http://www.semrush.com/bot.html)"
85.208.96.204 - - [07/Feb/2025:12:26:25 -0600] "GET /fblslia/howards-mill-disappearances.html HTTP/1.1" 200 51024 "-" "Mozilla/5.0 (compatible; SemrushBot/7~bl; +http://www.semrush.com/bot.html)"
85.208.96.211 - - [07/Feb/2025:12:26:50 -0600] "GET /aqhrp/cooler-master-vertical-gpu-mount-argb.html HTTP/1.1" 200 57054 "-" "Mozilla/5.0 (compatible; SemrushBot/7~bl; +http://www.semrush.com/bot.html)"
85.208.96.210 - - [07/Feb/2025:12:26:56 -0600] "GET /aqhrp/lori-chappell-funeral-home-obituaries.html HTTP/1.1" 200 34303 "-" "Mozilla/5.0 (compatible; SemrushBot/7~bl; +http://www.semrush.com/bot.html)"
185.191.171.15 - - [07/Feb/2025:12:26:58 -0600] "GET /aqhrp/ec-error-code-kolin.html HTTP/1.1" 200 26236 "-" "Mozilla/5.0 (compatible; SemrushBot/7~bl; +http://www.semrush.com/bot.html)"
5.255.231.184 - - [07/Feb/2025:12:27:53 -0600] "GET /robots.txt HTTP/1.1" 200 1017 "-" "Mozilla/5.0 (compatible; YandexBot/3.0; +http://yandex.com/bots)"
185.191.171.7 - - [07/Feb/2025:12:28:08 -0600] "GET /aqhrp/maqam-hijaz-quran.html HTTP/1.1" 200 58370 "-" "Mozilla/5.0 (compatible; SemrushBot/7~bl; +http://www.semrush.com/bot.html)"
85.208.96.203 - - [07/Feb/2025:12:28:12 -0600] "GET /aqhrp/eulogy-for-daughter-from-dad.html HTTP/1.1" 200 47514 "-" "Mozilla/5.0 (compatible; SemrushBot/7~bl; +http://www.semrush.com/bot.html)"
185.191.171.1 - - [07/Feb/2025:12:28:20 -0600] "GET /fblslia/cross-funeral-home-obituaries-lafollette-tn.html HTTP/1.1" 200 42776 "-" "Mozilla/5.0 (compatible; SemrushBot/7~bl; +http://www.semrush.com/bot.html)"
85.208.96.203 - - [07/Feb/2025:12:28:24 -0600] "GET /aqhrp/reddit-archive-deleted-posts.html HTTP/1.1" 200 45474 "-" "Mozilla/5.0 (compatible; SemrushBot/7~bl; +http://www.semrush.com/bot.html)"
85.208.96.196 - - [07/Feb/2025:12:28:30 -0600] "GET /aqhrp/how-to-find-a-min-number-on-facebook-app.html HTTP/1.1" 200 60137 "-" "Mozilla/5.0 (compatible; SemrushBot/7~bl; +http://www.semrush.com/bot.html)"
185.191.171.11 - - [07/Feb/2025:12:28:38 -0600] "GET /aqhrp/wodemo-young-paradise-invite.html HTTP/1.1" 200 29552 "-" "Mozilla/5.0 (compatible; SemrushBot/7~bl; +http://www.semrush.com/bot.html)"
85.208.96.207 - - [07/Feb/2025:12:29:05 -0600] "GET /fblslia/busted-magazine-kent-county-michigan-today.html HTTP/1.1" 200 52295 "-" "Mozilla/5.0 (compatible; SemrushBot/7~bl; +http://www.semrush.com/bot.html)"
216.244.66.234 - - [07/Feb/2025:12:29:07 -0600] "GET /aqhrp/california-obituaries-by-last-name.html HTTP/1.1" 200 31219 "-" "Mozilla/5.0 (compatible; DotBot/1.2; +https://opensiteexplorer.org/dotbot; help@moz.com)"
185.191.171.12 - - [07/Feb/2025:12:29:30 -0600] "GET /aqhrp/jeftini-stanovi-zemun.html HTTP/1.1" 200 28254 "-" "Mozilla/5.0 (compatible; SemrushBot/7~bl; +http://www.semrush.com/bot.html)"
185.191.171.9 - - [07/Feb/2025:12:29:34 -0600] "GET /fblslia/create-temporary-gmail.html HTTP/1.1" 200 42374 "-" "Mozilla/5.0 (compatible; SemrushBot/7~bl; +http://www.semrush.com/bot.html)"
85.208.96.205 - - [07/Feb/2025:12:29:42 -0600] "GET /fblslia/dispatch-argus-qconline-obituaries.html HTTP/1.1" 200 25191 "-" "Mozilla/5.0 (compatible; SemrushBot/7~bl; +http://www.semrush.com/bot.html)"
85.208.96.193 - - [07/Feb/2025:12:29:50 -0600] "GET /fblslia/kent-police-activity-now.html HTTP/1.1" 200 42338 "-" "Mozilla/5.0 (compatible; SemrushBot/7~bl; +http://www.semrush.com/bot.html)"
85.208.96.210 - - [07/Feb/2025:12:29:52 -0600] "GET /fblslia/replacement-for-microsoft-outlook.html HTTP/1.1" 200 41559 "-" "Mozilla/5.0 (compatible; SemrushBot/7~bl; +http://www.semrush.com/bot.html)"
85.208.96.202 - - [07/Feb/2025:12:29:59 -0600] "GET /aqhrp/eric-williams-parents.html HTTP/1.1" 200 49850 "-" "Mozilla/5.0 (compatible; SemrushBot/7~bl; +http://www.semrush.com/bot.html)"
185.191.171.9 - - [07/Feb/2025:12:30:17 -0600] "GET /aqhrp/how-to-use-lifting-straps-for-dumbbells.html HTTP/1.1" 200 43190 "-" "Mozilla/5.0 (compatible; SemrushBot/7~bl; +http://www.semrush.com/bot.html)"
216.244.66.234 - - [07/Feb/2025:12:30:34 -0600] "GET /fblslia/google-api-barcode-generator.html HTTP/1.1" 200 59885 "-" "Mozilla/5.0 (compatible; DotBot/1.2; +https://opensiteexplorer.org/dotbot; help@moz.com)"
216.244.66.234 - - [07/Feb/2025:12:30:35 -0600] "GET /fblslia/robeson-county-shooting-today.html HTTP/1.1" 200 33103 "-" "Mozilla/5.0 (compatible; DotBot/1.2; +https://opensiteexplorer.org/dotbot; help@moz.com)"
185.191.171.7 - - [07/Feb/2025:12:30:37 -0600] "GET /aqhrp/raymond-jail-mugshots.html HTTP/1.1" 200 50362 "-" "Mozilla/5.0 (compatible; SemrushBot/7~bl; +http://www.semrush.com/bot.html)"
85.208.96.201 - - [07/Feb/2025:12:30:57 -0600] "GET /aqhrp/buchanan-county-va-jail-mugshots.html HTTP/1.1" 200 41879 "-" "Mozilla/5.0 (compatible; SemrushBot/7~bl; +http://www.semrush.com/bot.html)"
85.208.96.197 - - [07/Feb/2025:12:30:59 -0600] "GET /aqhrp/tarkov-vsync.html HTTP/1.1" 200 46163 "-" "Mozilla/5.0 (compatible; SemrushBot/7~bl; +http://www.semrush.com/bot.html)"
85.208.96.196 - - [07/Feb/2025:12:31:03 -0600] "GET /fblslia/kevin-sumlin-today.html HTTP/1.1" 200 43629 "-" "Mozilla/5.0 (compatible; SemrushBot/7~bl; +http://www.semrush.com/bot.html)"
185.191.171.6 - - [07/Feb/2025:12:31:05 -0600] "GET /aqhrp/words-from-ocean.html HTTP/1.1" 200 39228 "-" "Mozilla/5.0 (compatible; SemrushBot/7~bl; +http://www.semrush.com/bot.html)"
47.128.37.213 - - [07/Feb/2025:12:31:08 -0600] "GET /fblslia/plain-dealer-obituaries-past-3-days.html HTTP/1.1" 200 39733 "-" "Mozilla/5.0 (Linux; Android 5.0) AppleWebKit/537.36 (KHTML, like Gecko) Mobile Safari/537.36 (compatible; Bytespider; spider-feedback@bytedance.com)"
185.191.171.19 - - [07/Feb/2025:12:31:13 -0600] "GET /fblslia/izdavanje-stanova-novi-beograd.html HTTP/1.1" 200 39588 "-" "Mozilla/5.0 (compatible; SemrushBot/7~bl; +http://www.semrush.com/bot.html)"
173.252.83.14 - - [07/Feb/2025:12:31:35 -0600] "GET /fblslia/medina-ny-obituaries.html HTTP/1.1" 200 34178 "-" "meta-externalagent/1.1 (+https://developers.facebook.com/docs/sharing/webmasters/crawler)"
85.208.96.201 - - [07/Feb/2025:12:31:57 -0600] "GET /aqhrp/raspberry-pi-start-gui-from-command-line.html HTTP/1.1" 200 30034 "-" "Mozilla/5.0 (compatible; SemrushBot/7~bl; +http://www.semrush.com/bot.html)"
185.191.171.14 - - [07/Feb/2025:12:32:14 -0600] "GET /aqhrp/sri-lanka-job-openings.html HTTP/1.1" 200 34906 "-" "Mozilla/5.0 (compatible; SemrushBot/7~bl; +http://www.semrush.com/bot.html)"
85.208.96.193 - - [07/Feb/2025:12:32:34 -0600] "GET /aqhrp/entry-level-student-jobs-brampton-peel.html HTTP/1.1" 200 22324 "-" "Mozilla/5.0 (compatible; SemrushBot/7~bl; +http://www.semrush.com/bot.html)"
85.208.96.197 - - [07/Feb/2025:12:32:47 -0600] "GET /aqhrp/recent-deaths-in-columbus-in.html HTTP/1.1" 200 28465 "-" "Mozilla/5.0 (compatible; SemrushBot/7~bl; +http://www.semrush.com/bot.html)"
87.250.224.207 - - [07/Feb/2025:12:32:47 -0600] "GET /aqhrp/iptv-github-list.html HTTP/1.1" 200 24284 "-" "Mozilla/5.0 (compatible; YandexBot/3.0; +http://yandex.com/bots)"
85.208.96.203 - - [07/Feb/2025:12:33:02 -0600] "GET /aqhrp/who-asked-feat-nobody-did-copy-and-paste.html HTTP/1.1" 200 49697 "-" "Mozilla/5.0 (compatible; SemrushBot/7~bl; +http://www.semrush.com/bot.html)"
85.208.96.210 - - [07/Feb/2025:12:33:17 -0600] "GET /aqhrp/sim-ownership-details-2024.html HTTP/1.1" 200 47064 "-" "Mozilla/5.0 (compatible; SemrushBot/7~bl; +http://www.semrush.com/bot.html)"
185.191.171.9 - - [07/Feb/2025:12:33:20 -0600] "GET /aqhrp/ruth-mcallister-obituary.html HTTP/1.1" 200 26947 "-" "Mozilla/5.0 (compatible; SemrushBot/7~bl; +http://www.semrush.com/bot.html)"
185.191.171.9 - - [07/Feb/2025:12:33:40 -0600] "GET /fblslia/raleigh-nc-police-incident-reports.html HTTP/1.1" 200 36512 "-" "Mozilla/5.0 (compatible; SemrushBot/7~bl; +http://www.semrush.com/bot.html)"
85.208.96.201 - - [07/Feb/2025:12:33:46 -0600] "GET /aqhrp/pudukkottai-to-madurai-distance.html HTTP/1.1" 200 59552 "-" "Mozilla/5.0 (compatible; SemrushBot/7~bl; +http://www.semrush.com/bot.html)"
213.180.203.90 - - [07/Feb/2025:12:33:47 -0600] "GET /fblslia/bbva-compass.html HTTP/1.1" 200 40544 "-" "Mozilla/5.0 (compatible; YandexBot/3.0; +http://yandex.com/bots)"
213.180.203.143 - - [07/Feb/2025:12:33:47 -0600] "GET /fblslia/citi-vmware-horizon-client-server.html HTTP/1.1" 200 46062 "-" "Mozilla/5.0 (compatible; YandexBot/3.0; +http://yandex.com/bots)"
213.180.203.81 - - [07/Feb/2025:12:33:47 -0600] "GET /fblslia/cost-accounting-mcq-examples.html HTTP/1.1" 200 55448 "-" "Mozilla/5.0 (compatible; YandexBot/3.0; +http://yandex.com/bots)"
85.208.96.209 - - [07/Feb/2025:12:33:50 -0600] "GET /aqhrp/react-base64-image-not-showing-react-js.html HTTP/1.1" 200 43950 "-" "Mozilla/5.0 (compatible; SemrushBot/7~bl; +http://www.semrush.com/bot.html)"
85.208.96.202 - - [07/Feb/2025:12:33:56 -0600] "GET /aqhrp/texas-prison-inmate-search-free.html HTTP/1.1" 200 49596 "-" "Mozilla/5.0 (compatible; SemrushBot/7~bl; +http://www.semrush.com/bot.html)"
185.191.171.10 - - [07/Feb/2025:12:34:00 -0600] "GET /aqhrp/download-citibank-app-ios-apk.html HTTP/1.1" 200 57418 "-" "Mozilla/5.0 (compatible; SemrushBot/7~bl; +http://www.semrush.com/bot.html)"
85.208.96.208 - - [07/Feb/2025:12:34:04 -0600] "GET /aqhrp/kratom-farm-florida.html HTTP/1.1" 200 44447 "-" "Mozilla/5.0 (compatible; SemrushBot/7~bl; +http://www.semrush.com/bot.html)"
85.208.96.201 - - [07/Feb/2025:12:34:23 -0600] "GET /aqhrp/amazon-uae.html HTTP/1.1" 200 34294 "-" "Mozilla/5.0 (compatible; SemrushBot/7~bl; +http://www.semrush.com/bot.html)"
47.128.60.101 - - [07/Feb/2025:12:34:38 -0600] "GET /aqhrp/2001-vw-beetle-cup-holder.html HTTP/1.1" 200 39603 "-" "Mozilla/5.0 (Linux; Android 5.0) AppleWebKit/537.36 (KHTML, like Gecko) Mobile Safari/537.36 (compatible; Bytespider; spider-feedback@bytedance.com)"
185.191.171.12 - - [07/Feb/2025:12:34:38 -0600] "GET /aqhrp/forest-park-funeral-home-obituaries.html HTTP/1.1" 200 43114 "-" "Mozilla/5.0 (compatible; SemrushBot/7~bl; +http://www.semrush.com/bot.html)"
47.128.60.101 - - [07/Feb/2025:12:34:38 -0600] "GET /uploads/ HTTP/1.1" 200 - "http://impactplugin.calvarycrossag.com/aqhrp/2001-vw-beetle-cup-holder.html" "Mozilla/5.0 (Linux; Android 5.0) AppleWebKit/537.36 (KHTML, like Gecko) Mobile Safari/537.36 (compatible; Bytespider; spider-feedback@bytedance.com)"
185.191.171.15 - - [07/Feb/2025:12:34:39 -0600] "GET /aqhrp/caregiver-recruitment-agencies-in-uk.html HTTP/1.1" 200 51980 "-" "Mozilla/5.0 (compatible; SemrushBot/7~bl; +http://www.semrush.com/bot.html)"
185.191.171.10 - - [07/Feb/2025:12:34:53 -0600] "GET /aqhrp/samsung-front-load-washer-not-draining.html HTTP/1.1" 200 44760 "-" "Mozilla/5.0 (compatible; SemrushBot/7~bl; +http://www.semrush.com/bot.html)"
185.191.171.17 - - [07/Feb/2025:12:34:58 -0600] "GET /aqhrp/how-do-i-fix-wireless-capability-is-turned-off.html HTTP/1.1" 200 29614 "-" "Mozilla/5.0 (compatible; SemrushBot/7~bl; +http://www.semrush.com/bot.html)"
185.191.171.9 - - [07/Feb/2025:12:35:10 -0600] "GET /aqhrp/sporadic-hives-worse-in-evening.html HTTP/1.1" 200 52672 "-" "Mozilla/5.0 (compatible; SemrushBot/7~bl; +http://www.semrush.com/bot.html)"
185.191.171.4 - - [07/Feb/2025:12:35:15 -0600] "GET /aqhrp/cattery-kansas-city.html HTTP/1.1" 200 39525 "-" "Mozilla/5.0 (compatible; SemrushBot/7~bl; +http://www.semrush.com/bot.html)"
85.208.96.193 - - [07/Feb/2025:12:36:08 -0600] "GET /aqhrp/behold-i-do-a-new-thing-niv.html HTTP/1.1" 200 29341 "-" "Mozilla/5.0 (compatible; SemrushBot/7~bl; +http://www.semrush.com/bot.html)"
85.208.96.201 - - [07/Feb/2025:12:36:16 -0600] "GET /aqhrp/do-gas-stations-sell-super-glue.html HTTP/1.1" 200 48038 "-" "Mozilla/5.0 (compatible; SemrushBot/7~bl; +http://www.semrush.com/bot.html)"
85.208.96.210 - - [07/Feb/2025:12:36:23 -0600] "GET /aqhrp/lake-dunson-robertson-funeral-home-lagrange-ga.html HTTP/1.1" 200 40891 "-" "Mozilla/5.0 (compatible; SemrushBot/7~bl; +http://www.semrush.com/bot.html)"
185.191.171.5 - - [07/Feb/2025:12:36:38 -0600] "GET /aqhrp/snow-accumulation-last-48-hours.html HTTP/1.1" 200 51091 "-" "Mozilla/5.0 (compatible; SemrushBot/7~bl; +http://www.semrush.com/bot.html)"
185.191.171.19 - - [07/Feb/2025:12:36:49 -0600] "GET /aqhrp/la-porte-tx-jail.html HTTP/1.1" 200 43335 "-" "Mozilla/5.0 (compatible; SemrushBot/7~bl; +http://www.semrush.com/bot.html)"
85.208.96.202 - - [07/Feb/2025:12:37:08 -0600] "GET /aqhrp/how-to-take-medicine-correctly.html HTTP/1.1" 200 67636 "-" "Mozilla/5.0 (compatible; SemrushBot/7~bl; +http://www.semrush.com/bot.html)"
185.191.171.12 - - [07/Feb/2025:12:37:27 -0600] "GET /aqhrp/wbbj-jackson-tn-mugshots-today-free-download.html HTTP/1.1" 200 35177 "-" "Mozilla/5.0 (compatible; SemrushBot/7~bl; +http://www.semrush.com/bot.html)"
85.208.96.201 - - [07/Feb/2025:12:37:45 -0600] "GET /robots.txt HTTP/1.1" 200 1017 "-" "Mozilla/5.0 (compatible; SemrushBot/7~bl; +http://www.semrush.com/bot.html)"
85.208.96.209 - - [07/Feb/2025:12:37:45 -0600] "GET /aqhrp/costco-feedback-survey.html HTTP/1.1" 200 33642 "-" "Mozilla/5.0 (compatible; SemrushBot/7~bl; +http://www.semrush.com/bot.html)"
85.208.96.210 - - [07/Feb/2025:12:37:48 -0600] "GET /aqhrp/exhausted-before-exam.html HTTP/1.1" 200 30513 "-" "Mozilla/5.0 (compatible; SemrushBot/7~bl; +http://www.semrush.com/bot.html)"
85.208.96.205 - - [07/Feb/2025:12:38:02 -0600] "GET /aqhrp/surgoinsville-tn-obituaries.html HTTP/1.1" 200 32686 "-" "Mozilla/5.0 (compatible; SemrushBot/7~bl; +http://www.semrush.com/bot.html)"
85.208.96.202 - - [07/Feb/2025:12:38:04 -0600] "GET /fblslia/inmate-search-nsw.html HTTP/1.1" 200 49619 "-" "Mozilla/5.0 (compatible; SemrushBot/7~bl; +http://www.semrush.com/bot.html)"
185.191.171.12 - - [07/Feb/2025:12:38:17 -0600] "GET /fblslia/baker-funeral-home-obituaries-near-rock-hill-sc.html HTTP/1.1" 200 42814 "-" "Mozilla/5.0 (compatible; SemrushBot/7~bl; +http://www.semrush.com/bot.html)"
185.191.171.17 - - [07/Feb/2025:12:38:31 -0600] "GET /fblslia/missing-zipmod-some-items-are.html HTTP/1.1" 200 25539 "-" "Mozilla/5.0 (compatible; SemrushBot/7~bl; +http://www.semrush.com/bot.html)"
185.191.171.9 - - [07/Feb/2025:12:38:32 -0600] "GET /aqhrp/barra-swap-transmission.html HTTP/1.1" 200 35060 "-" "Mozilla/5.0 (compatible; SemrushBot/7~bl; +http://www.semrush.com/bot.html)"
185.191.171.8 - - [07/Feb/2025:12:38:39 -0600] "GET /aqhrp/stewmac-router-base.html HTTP/1.1" 200 34606 "-" "Mozilla/5.0 (compatible; SemrushBot/7~bl; +http://www.semrush.com/bot.html)"
185.191.171.7 - - [07/Feb/2025:12:38:41 -0600] "GET /aqhrp/how-can-i-see-who-is-connected-to-my-wifi-spectrum.html HTTP/1.1" 200 55143 "-" "Mozilla/5.0 (compatible; SemrushBot/7~bl; +http://www.semrush.com/bot.html)"
95.108.213.2 - - [07/Feb/2025:12:38:52 -0600] "GET /robots.txt HTTP/1.1" 200 1017 "-" "Mozilla/5.0 (compatible; YandexBot/3.0; +http://yandex.com/bots)"
5.255.231.161 - - [07/Feb/2025:12:38:53 -0600] "GET /aqhrp/tronxy-x3-repetier-settings.html HTTP/1.1" 200 24399 "-" "Mozilla/5.0 (compatible; YandexBot/3.0; +http://yandex.com/bots)"
95.108.213.1 - - [07/Feb/2025:12:38:53 -0600] "GET /aqhrp/tronxy-x3-repetier-settings.html HTTP/1.1" 200 24399 "-" "Mozilla/5.0 (compatible; YandexBot/3.0; +http://yandex.com/bots)"
85.208.96.194 - - [07/Feb/2025:12:39:02 -0600] "GET /aqhrp/citi-government-travel-card-phone-number.html HTTP/1.1" 200 44391 "-" "Mozilla/5.0 (compatible; SemrushBot/7~bl; +http://www.semrush.com/bot.html)"
85.208.96.211 - - [07/Feb/2025:12:39:05 -0600] "GET /aqhrp/mildmay-institute-of-health-sciences-fees-structure-for-nursing.html HTTP/1.1" 200 31440 "-" "Mozilla/5.0 (compatible; SemrushBot/7~bl; +http://www.semrush.com/bot.html)"
85.208.96.210 - - [07/Feb/2025:12:39:16 -0600] "GET /aqhrp/Eyonu-todaju-gan.html HTTP/1.1" 200 35537 "-" "Mozilla/5.0 (compatible; SemrushBot/7~bl; +http://www.semrush.com/bot.html)"
159.138.100.73 - - [07/Feb/2025:12:39:19 -0600] "GET /aqhrp/how-to-make-hard-candy-with-wax.html HTTP/2.0" 200 31670 "http://impactplugin.calvarycrossag.com/aqhrp/how-to-make-hard-candy-with-wax.html" "Mozilla/5.0 (Macintosh; Intel Mac OS X 10_15_7) AppleWebKit/537.36 (KHTML, like Gecko) Chrome/131.0.0.0 Safari/537.36"
185.191.171.16 - - [07/Feb/2025:12:39:24 -0600] "GET /aqhrp/check-google-keyword-search-volume.html HTTP/1.1" 200 37135 "-" "Mozilla/5.0 (compatible; SemrushBot/7~bl; +http://www.semrush.com/bot.html)"
159.138.100.73 - - [07/Feb/2025:12:39:19 -0600] "GET /aqhrp/how-to-make-hard-candy-with-wax.html HTTP/1.1" 101 - "http://impactplugin.calvarycrossag.com/aqhrp/how-to-make-hard-candy-with-wax.html" "Mozilla/5.0 (Macintosh; Intel Mac OS X 10_15_7) AppleWebKit/537.36 (KHTML, like Gecko) Chrome/131.0.0.0 Safari/537.36"
185.191.171.12 - - [07/Feb/2025:12:40:25 -0600] "GET /fblslia/download-base64-image.html HTTP/1.1" 200 28625 "-" "Mozilla/5.0 (compatible; SemrushBot/7~bl; +http://www.semrush.com/bot.html)"
85.208.96.197 - - [07/Feb/2025:12:40:32 -0600] "GET /aqhrp/jackson-georgia-prison-inmate-lookup.html HTTP/1.1" 200 41744 "-" "Mozilla/5.0 (compatible; SemrushBot/7~bl; +http://www.semrush.com/bot.html)"
185.191.171.15 - - [07/Feb/2025:12:40:45 -0600] "GET /aqhrp/google-photos-app.html HTTP/1.1" 200 24489 "-" "Mozilla/5.0 (compatible; SemrushBot/7~bl; +http://www.semrush.com/bot.html)"
85.208.96.195 - - [07/Feb/2025:12:41:03 -0600] "GET /aqhrp/judkins-colonial-home-obituary.html HTTP/1.1" 200 20364 "-" "Mozilla/5.0 (compatible; SemrushBot/7~bl; +http://www.semrush.com/bot.html)"
85.208.96.212 - - [07/Feb/2025:12:41:10 -0600] "GET /aqhrp/arrest-warrants-in-arkansas-today.html HTTP/1.1" 200 47260 "-" "Mozilla/5.0 (compatible; SemrushBot/7~bl; +http://www.semrush.com/bot.html)"
185.191.171.11 - - [07/Feb/2025:12:41:29 -0600] "GET /aqhrp/irving-oil-phone-number.html HTTP/1.1" 200 33790 "-" "Mozilla/5.0 (compatible; SemrushBot/7~bl; +http://www.semrush.com/bot.html)"
85.208.96.212 - - [07/Feb/2025:12:41:34 -0600] "GET /aqhrp/usb-relay-linux.html HTTP/1.1" 200 37154 "-" "Mozilla/5.0 (compatible; SemrushBot/7~bl; +http://www.semrush.com/bot.html)"
47.128.59.137 - - [07/Feb/2025:12:41:37 -0600] "GET /fblslia/deaths-in-worcester-ma-this-week.html HTTP/1.1" 200 29653 "-" "Mozilla/5.0 (Linux; Android 5.0) AppleWebKit/537.36 (KHTML, like Gecko) Mobile Safari/537.36 (compatible; Bytespider; spider-feedback@bytedance.com)"
85.208.96.208 - - [07/Feb/2025:12:41:41 -0600] "GET /aqhrp/indeed-resume.html HTTP/1.1" 200 31155 "-" "Mozilla/5.0 (compatible; SemrushBot/7~bl; +http://www.semrush.com/bot.html)"
85.208.96.200 - - [07/Feb/2025:12:41:51 -0600] "GET /aqhrp/wilson-county-court-records.html HTTP/1.1" 200 55975 "-" "Mozilla/5.0 (compatible; SemrushBot/7~bl; +http://www.semrush.com/bot.html)"
185.191.171.4 - - [07/Feb/2025:12:41:53 -0600] "GET /aqhrp/citibank-military-travel-card.html HTTP/1.1" 200 41081 "-" "Mozilla/5.0 (compatible; SemrushBot/7~bl; +http://www.semrush.com/bot.html)"
85.208.96.206 - - [07/Feb/2025:12:42:03 -0600] "GET /aqhrp/falls-funeral-home-obituaries-near-jaipur-rajasthan.html HTTP/1.1" 200 48324 "-" "Mozilla/5.0 (compatible; SemrushBot/7~bl; +http://www.semrush.com/bot.html)"
185.191.171.7 - - [07/Feb/2025:12:42:15 -0600] "GET /aqhrp/hall-effect-sensor-joystick.html HTTP/1.1" 200 50802 "-" "Mozilla/5.0 (compatible; SemrushBot/7~bl; +http://www.semrush.com/bot.html)"
5.255.231.64 - - [07/Feb/2025:12:42:16 -0600] "GET /aqhrp/mcb-symbol-iec.html HTTP/1.1" 200 50715 "-" "Mozilla/5.0 (compatible; YandexBot/3.0; +http://yandex.com/bots)"
85.208.96.201 - - [07/Feb/2025:12:42:35 -0600] "GET /aqhrp/plainfield-indiana-arrests-today.html HTTP/1.1" 200 40609 "-" "Mozilla/5.0 (compatible; SemrushBot/7~bl; +http://www.semrush.com/bot.html)"
85.208.96.212 - - [07/Feb/2025:12:42:40 -0600] "GET /aqhrp/assistant-accountant-job-vacancy.html HTTP/1.1" 200 47263 "-" "Mozilla/5.0 (compatible; SemrushBot/7~bl; +http://www.semrush.com/bot.html)"
85.208.96.207 - - [07/Feb/2025:12:42:45 -0600] "GET /fblslia/richmond-sheriff-inmate-search.html HTTP/1.1" 200 50287 "-" "Mozilla/5.0 (compatible; SemrushBot/7~bl; +http://www.semrush.com/bot.html)"
85.208.96.210 - - [07/Feb/2025:12:43:04 -0600] "GET /aqhrp/part-time-ziprecruiter.html HTTP/1.1" 200 33723 "-" "Mozilla/5.0 (compatible; SemrushBot/7~bl; +http://www.semrush.com/bot.html)"
85.208.96.209 - - [07/Feb/2025:12:43:10 -0600] "GET /aqhrp/augusta-ga-detention-center.html HTTP/1.1" 200 30986 "-" "Mozilla/5.0 (compatible; SemrushBot/7~bl; +http://www.semrush.com/bot.html)"
177.92.18.194 - - [07/Feb/2025:12:43:13 -0600] "GET /assets/images/wcrmxg.php HTTP/1.1" 200 5717 "-" "Mozilla/5.0 (Windows NT 10.0; Win64; x64) AppleWebKit/537.36 (KHTML, like Gecko) Chrome/130.0.0.0 Safari/537.36"
69.171.251.2 - - [07/Feb/2025:12:43:13 -0600] "GET /robots.txt HTTP/1.1" 200 1017 "-" "facebookexternalhit/1.1 (+http://www.facebook.com/externalhit_uatext.php)"
57.141.7.29 - - [07/Feb/2025:12:43:14 -0600] "GET /fblslia/medi-feet-selangor.html HTTP/1.1" 200 54202 "-" "meta-externalagent/1.1 (+https://developers.facebook.com/docs/sharing/webmasters/crawler)"
85.208.96.196 - - [07/Feb/2025:12:43:15 -0600] "GET /aqhrp/powerapps-image.html HTTP/1.1" 200 67167 "-" "Mozilla/5.0 (compatible; SemrushBot/7~bl; +http://www.semrush.com/bot.html)"
177.92.18.194 - - [07/Feb/2025:12:43:19 -0600] "GET /favicon.ico HTTP/1.1" 200 - "http://impactplugin.calvarycrossag.com/assets/images/wcrmxg.php" "Mozilla/5.0 (Windows NT 10.0; Win64; x64) AppleWebKit/537.36 (KHTML, like Gecko) Chrome/130.0.0.0 Safari/537.36"
185.191.171.15 - - [07/Feb/2025:12:43:21 -0600] "GET /fblslia/iptv-italia-telegram-2021.html HTTP/1.1" 200 24686 "-" "Mozilla/5.0 (compatible; SemrushBot/7~bl; +http://www.semrush.com/bot.html)"
85.208.96.197 - - [07/Feb/2025:12:43:22 -0600] "GET /aqhrp/craftsman-garage-door-keypad-home-depot.html HTTP/1.1" 200 42710 "-" "Mozilla/5.0 (compatible; SemrushBot/7~bl; +http://www.semrush.com/bot.html)"
177.92.18.194 - - [07/Feb/2025:12:43:26 -0600] "POST /assets/images/wcrmxg.php HTTP/1.1" 200 4027846 "http://impactplugin.calvarycrossag.com/assets/images/wcrmxg.php" "Mozilla/5.0 (Windows NT 10.0; Win64; x64) AppleWebKit/537.36 (KHTML, like Gecko) Chrome/130.0.0.0 Safari/537.36"
177.92.18.194 - - [07/Feb/2025:12:43:33 -0600] "GET /favicon.ico HTTP/1.1" 200 - "http://impactplugin.calvarycrossag.com/assets/images/wcrmxg.php" "Mozilla/5.0 (Windows NT 10.0; Win64; x64) AppleWebKit/537.36 (KHTML, like Gecko) Chrome/130.0.0.0 Safari/537.36"
66.220.149.15 - - [07/Feb/2025:12:44:00 -0600] "GET /fblslia/has-my-email-been-spoofed.html HTTP/1.1" 200 30588 "-" "meta-externalagent/1.1 (+https://developers.facebook.com/docs/sharing/webmasters/crawler)"
85.208.96.209 - - [07/Feb/2025:12:44:09 -0600] "GET /aqhrp/lexus-isf-racing.html HTTP/1.1" 200 34547 "-" "Mozilla/5.0 (compatible; SemrushBot/7~bl; +http://www.semrush.com/bot.html)"
85.208.96.207 - - [07/Feb/2025:12:44:32 -0600] "GET /aqhrp/reddit-delete-all-history.html HTTP/1.1" 200 38293 "-" "Mozilla/5.0 (compatible; SemrushBot/7~bl; +http://www.semrush.com/bot.html)"
185.191.171.19 - - [07/Feb/2025:12:44:43 -0600] "GET /fblslia/medifeet-online.html HTTP/1.1" 200 28743 "-" "Mozilla/5.0 (compatible; SemrushBot/7~bl; +http://www.semrush.com/bot.html)"
85.208.96.202 - - [07/Feb/2025:12:44:54 -0600] "GET /aqhrp/deadpool-vs-pinkie-pie-reaction-fanfiction.html HTTP/1.1" 200 48133 "-" "Mozilla/5.0 (compatible; SemrushBot/7~bl; +http://www.semrush.com/bot.html)"
47.82.11.82 - - [07/Feb/2025:12:45:18 -0600] "GET /aqhrp/marble-falls-breaking-news-today-obituaries.html HTTP/1.1" 200 38950 "http://impactplugin.calvarycrossag.com/aqhrp/marble-falls-breaking-news-today-obituaries.html" "Mozilla/5.0 (Windows NT 10.0; Win64; x64) AppleWebKit/537.36 (KHTML, like Gecko) Chrome/114.0.0.0 Safari/537.36 Edg/114.0.1823.43"
185.191.171.8 - - [07/Feb/2025:12:45:29 -0600] "GET /aqhrp/dolby-atmos-soundbar-reddit.html HTTP/1.1" 200 45107 "-" "Mozilla/5.0 (compatible; SemrushBot/7~bl; +http://www.semrush.com/bot.html)"
47.82.10.64 - - [07/Feb/2025:12:45:40 -0600] "GET /aqhrp/vendo-company.html HTTP/1.1" 200 47274 "http://impactplugin.calvarycrossag.com/aqhrp/vendo-company.html" "Mozilla/5.0 (Windows NT 10.0; Win64; x64) AppleWebKit/537.36 (KHTML, like Gecko) Chrome/114.0.0.0 Safari/537.36 Edg/114.0.1823.43"
85.208.96.196 - - [07/Feb/2025:12:45:43 -0600] "GET /aqhrp/red-dead-redemption-2-best-display-settings-ps4-pro.html HTTP/1.1" 200 38028 "-" "Mozilla/5.0 (compatible; SemrushBot/7~bl; +http://www.semrush.com/bot.html)"
47.82.10.47 - - [07/Feb/2025:12:45:47 -0600] "GET /aqhrp/ruffenach-funeral-21st-street-phila.html HTTP/1.1" 200 29132 "http://impactplugin.calvarycrossag.com/aqhrp/ruffenach-funeral-21st-street-phila.html" "Mozilla/5.0 (Windows NT 10.0; Win64; x64) AppleWebKit/537.36 (KHTML, like Gecko) Chrome/114.0.0.0 Safari/537.36 Edg/114.0.1823.43"
185.191.171.12 - - [07/Feb/2025:12:45:58 -0600] "GET /fblslia/writing-task-2-sample-answers.html HTTP/1.1" 200 67475 "-" "Mozilla/5.0 (compatible; SemrushBot/7~bl; +http://www.semrush.com/bot.html)"
85.208.96.193 - - [07/Feb/2025:12:46:06 -0600] "GET /fblslia/deezer-arl-token-android-2022.html HTTP/1.1" 200 41132 "-" "Mozilla/5.0 (compatible; SemrushBot/7~bl; +http://www.semrush.com/bot.html)"
85.208.96.207 - - [07/Feb/2025:12:46:08 -0600] "GET /fblslia/raleigh-mitchell-funeral-home-obituaries.html HTTP/1.1" 200 49795 "-" "Mozilla/5.0 (compatible; SemrushBot/7~bl; +http://www.semrush.com/bot.html)"
185.191.171.16 - - [07/Feb/2025:12:46:28 -0600] "GET /fblslia/aruckottai-virudhunagar.html HTTP/1.1" 200 41560 "-" "Mozilla/5.0 (compatible; SemrushBot/7~bl; +http://www.semrush.com/bot.html)"
85.208.96.205 - - [07/Feb/2025:12:46:30 -0600] "GET /aqhrp/prairie-rose-funeral-home-obituaries.html HTTP/1.1" 200 38103 "-" "Mozilla/5.0 (compatible; SemrushBot/7~bl; +http://www.semrush.com/bot.html)"
185.191.171.12 - - [07/Feb/2025:12:46:32 -0600] "GET /aqhrp/matrices-and-row-operations-quizlet.html HTTP/1.1" 200 49566 "-" "Mozilla/5.0 (compatible; SemrushBot/7~bl; +http://www.semrush.com/bot.html)"
47.82.10.215 - - [07/Feb/2025:12:46:43 -0600] "GET /aqhrp/gretel-the-boy-in-the-striped-pajamas.html HTTP/1.1" 200 43563 "http://impactplugin.calvarycrossag.com/aqhrp/gretel-the-boy-in-the-striped-pajamas.html" "Mozilla/5.0 (Windows NT 10.0; Win64; x64) AppleWebKit/537.36 (KHTML, like Gecko) Chrome/114.0.0.0 Safari/537.36 Edg/114.0.1823.43"
185.191.171.13 - - [07/Feb/2025:12:46:44 -0600] "GET /aqhrp/north-carolina-slammer-mugshots.html HTTP/1.1" 200 38799 "-" "Mozilla/5.0 (compatible; SemrushBot/7~bl; +http://www.semrush.com/bot.html)"
47.82.11.229 - - [07/Feb/2025:12:46:45 -0600] "GET /aqhrp/nippon-racing-turbo-pistons-review.html HTTP/1.1" 200 38480 "http://impactplugin.calvarycrossag.com/aqhrp/nippon-racing-turbo-pistons-review.html" "Mozilla/5.0 (Windows NT 10.0; Win64; x64) AppleWebKit/537.36 (KHTML, like Gecko) Chrome/114.0.0.0 Safari/537.36 Edg/114.0.1823.43"
185.191.171.4 - - [07/Feb/2025:12:46:46 -0600] "GET /fblslia/walton-county-sheriff-news.html HTTP/1.1" 200 33156 "-" "Mozilla/5.0 (compatible; SemrushBot/7~bl; +http://www.semrush.com/bot.html)"
85.208.96.205 - - [07/Feb/2025:12:46:57 -0600] "GET /fblslia/peel-regional-police-careers-civilian.html HTTP/1.1" 200 33368 "-" "Mozilla/5.0 (compatible; SemrushBot/7~bl; +http://www.semrush.com/bot.html)"
185.191.171.12 - - [07/Feb/2025:12:47:06 -0600] "GET /fblslia/buckle-store-size-chart.html HTTP/1.1" 200 46016 "-" "Mozilla/5.0 (compatible; SemrushBot/7~bl; +http://www.semrush.com/bot.html)"
185.191.171.11 - - [07/Feb/2025:12:47:13 -0600] "GET /aqhrp/prescribing-competencies-in-healthcare-ppt.html HTTP/1.1" 200 55759 "-" "Mozilla/5.0 (compatible; SemrushBot/7~bl; +http://www.semrush.com/bot.html)"
185.191.171.4 - - [07/Feb/2025:12:47:15 -0600] "GET /aqhrp/seoska-domacinstva-na-prodaju-mladenovac.html HTTP/1.1" 200 38662 "-" "Mozilla/5.0 (compatible; SemrushBot/7~bl; +http://www.semrush.com/bot.html)"
123.160.223.73 - - [07/Feb/2025:12:47:19 -0600] "GET / HTTP/1.1" 200 - "-" "Mozilla/5.0 (Macintosh; Intel Mac OS X 10_15_7) AppleWebKit/537.36 (KHTML, like Gecko) Chrome/96.0.4664.110 Safari/537.36"
123.160.223.73 - - [07/Feb/2025:12:47:19 -0600] "GET /favicon.ico HTTP/1.1" 200 - "-" "Mozilla/5.0 (Macintosh; Intel Mac OS X 10_15_7) AppleWebKit/537.36 (KHTML, like Gecko) Chrome/96.0.4664.110 Safari/537.36"
185.191.171.14 - - [07/Feb/2025:12:47:20 -0600] "GET /aqhrp/cost-of-obituaries-by-state.html HTTP/1.1" 200 26989 "-" "Mozilla/5.0 (compatible; SemrushBot/7~bl; +http://www.semrush.com/bot.html)"
185.191.171.10 - - [07/Feb/2025:12:47:38 -0600] "GET /aqhrp/postgres-raw-query.html HTTP/1.1" 200 31191 "-" "Mozilla/5.0 (compatible; SemrushBot/7~bl; +http://www.semrush.com/bot.html)"
85.208.96.199 - - [07/Feb/2025:12:48:32 -0600] "GET /aqhrp/angola-prison-inmate-lookup.html HTTP/1.1" 200 57441 "-" "Mozilla/5.0 (compatible; SemrushBot/7~bl; +http://www.semrush.com/bot.html)"
47.128.55.9 - - [07/Feb/2025:12:48:37 -0600] "GET /fblslia/rent-help-dashboard.html HTTP/1.1" 200 51082 "-" "Mozilla/5.0 (Linux; Android 5.0) AppleWebKit/537.36 (KHTML, like Gecko) Mobile Safari/537.36 (compatible; Bytespider; spider-feedback@bytedance.com)"
185.191.171.19 - - [07/Feb/2025:12:49:00 -0600] "GET /aqhrp/jakarta-property-for-sale.html HTTP/1.1" 200 43288 "-" "Mozilla/5.0 (compatible; SemrushBot/7~bl; +http://www.semrush.com/bot.html)"
85.208.96.202 - - [07/Feb/2025:12:49:01 -0600] "GET /fblslia/elipsa-evaluare.html HTTP/1.1" 200 35171 "-" "Mozilla/5.0 (compatible; SemrushBot/7~bl; +http://www.semrush.com/bot.html)"
185.191.171.19 - - [07/Feb/2025:12:49:15 -0600] "GET /aqhrp/tierce-ordre-en-3.html HTTP/1.1" 200 52732 "-" "Mozilla/5.0 (compatible; SemrushBot/7~bl; +http://www.semrush.com/bot.html)"
85.208.96.196 - - [07/Feb/2025:12:49:21 -0600] "GET /aqhrp/2003-honda-cr-v-awd-mileage.html HTTP/1.1" 200 41839 "-" "Mozilla/5.0 (compatible; SemrushBot/7~bl; +http://www.semrush.com/bot.html)"
85.208.96.208 - - [07/Feb/2025:12:49:33 -0600] "GET /aqhrp/old-bridge-nj-accident-today.html HTTP/1.1" 200 44003 "-" "Mozilla/5.0 (compatible; SemrushBot/7~bl; +http://www.semrush.com/bot.html)"
185.191.171.14 - - [07/Feb/2025:12:50:00 -0600] "GET /aqhrp/fort-pierce-deaths-milton.html HTTP/1.1" 200 33786 "-" "Mozilla/5.0 (compatible; SemrushBot/7~bl; +http://www.semrush.com/bot.html)"
185.191.171.4 - - [07/Feb/2025:12:50:08 -0600] "GET /aqhrp/the-rye-record-obituaries.html HTTP/1.1" 200 43159 "-" "Mozilla/5.0 (compatible; SemrushBot/7~bl; +http://www.semrush.com/bot.html)"
185.191.171.15 - - [07/Feb/2025:12:50:11 -0600] "GET /aqhrp/waukesha-police-blotter-today-facebook.html HTTP/1.1" 200 22347 "-" "Mozilla/5.0 (compatible; SemrushBot/7~bl; +http://www.semrush.com/bot.html)"
185.191.171.3 - - [07/Feb/2025:12:50:38 -0600] "GET /aqhrp/mahindra-university-courses.html HTTP/1.1" 200 52205 "-" "Mozilla/5.0 (compatible; SemrushBot/7~bl; +http://www.semrush.com/bot.html)"
85.208.96.195 - - [07/Feb/2025:12:50:40 -0600] "GET /fblslia/kbtx-news-live-today.html HTTP/1.1" 200 38406 "-" "Mozilla/5.0 (compatible; SemrushBot/7~bl; +http://www.semrush.com/bot.html)"
185.191.171.11 - - [07/Feb/2025:12:50:41 -0600] "GET /aqhrp/aiken-county-most-recent-arrest.html HTTP/1.1" 200 29875 "-" "Mozilla/5.0 (compatible; SemrushBot/7~bl; +http://www.semrush.com/bot.html)"
185.191.171.17 - - [07/Feb/2025:12:50:43 -0600] "GET /fblslia/cleveland-county-jail-inmate-phone-calls.html HTTP/1.1" 200 44313 "-" "Mozilla/5.0 (compatible; SemrushBot/7~bl; +http://www.semrush.com/bot.html)"
185.191.171.19 - - [07/Feb/2025:12:50:58 -0600] "GET /fblslia/gregg-county-texas-property-search.html HTTP/1.1" 200 38427 "-" "Mozilla/5.0 (compatible; SemrushBot/7~bl; +http://www.semrush.com/bot.html)"
85.208.96.200 - - [07/Feb/2025:12:51:02 -0600] "GET /aqhrp/st-clair-inmate-lookup.html HTTP/1.1" 200 40983 "-" "Mozilla/5.0 (compatible; SemrushBot/7~bl; +http://www.semrush.com/bot.html)"
185.191.171.1 - - [07/Feb/2025:12:51:15 -0600] "GET /aqhrp/virginia-ccap-program.html HTTP/1.1" 200 39555 "-" "Mozilla/5.0 (compatible; SemrushBot/7~bl; +http://www.semrush.com/bot.html)"
85.208.96.211 - - [07/Feb/2025:12:51:24 -0600] "GET /aqhrp/how-to-display-data-from-mysql-database-in-jsp-using-servlet.html HTTP/1.1" 200 43047 "-" "Mozilla/5.0 (compatible; SemrushBot/7~bl; +http://www.semrush.com/bot.html)"
185.191.171.6 - - [07/Feb/2025:12:51:34 -0600] "GET /fblslia/wholesale-elastic-by-the-roll.html HTTP/1.1" 200 45657 "-" "Mozilla/5.0 (compatible; SemrushBot/7~bl; +http://www.semrush.com/bot.html)"
85.208.96.208 - - [07/Feb/2025:12:51:38 -0600] "GET /fblslia/guilford-county-court-records-search.html HTTP/1.1" 200 44875 "-" "Mozilla/5.0 (compatible; SemrushBot/7~bl; +http://www.semrush.com/bot.html)"
85.208.96.205 - - [07/Feb/2025:12:51:55 -0600] "GET /aqhrp/prodaja-placeva-cukarica.html HTTP/1.1" 200 29204 "-" "Mozilla/5.0 (compatible; SemrushBot/7~bl; +http://www.semrush.com/bot.html)"
47.128.53.123 - - [07/Feb/2025:12:52:07 -0600] "GET /aqhrp/is-character-ai-down.html HTTP/1.1" 200 30708 "-" "Mozilla/5.0 (Linux; Android 5.0) AppleWebKit/537.36 (KHTML, like Gecko) Mobile Safari/537.36 (compatible; Bytespider; spider-feedback@bytedance.com)"
