85.208.96.209 - - [07/Feb/2025:11:32:55 -0600] "GET /fblslia/wabash-correctional-facility-visitation.html HTTP/1.1" 200 67588 "-" "Mozilla/5.0 (compatible; SemrushBot/7~bl; +http://www.semrush.com/bot.html)"
185.191.171.10 - - [07/Feb/2025:11:32:57 -0600] "GET /fblslia/lakeland-memorial-gardens-obituaries.html HTTP/1.1" 200 35506 "-" "Mozilla/5.0 (compatible; SemrushBot/7~bl; +http://www.semrush.com/bot.html)"
85.208.96.197 - - [07/Feb/2025:11:32:59 -0600] "GET /fblslia/tree-rat-karenmafia-telegram.html HTTP/1.1" 200 32543 "-" "Mozilla/5.0 (compatible; SemrushBot/7~bl; +http://www.semrush.com/bot.html)"
85.208.96.207 - - [07/Feb/2025:11:33:17 -0600] "GET /robots.txt HTTP/1.1" 200 1017 "-" "Mozilla/5.0 (compatible; SemrushBot/7~bl; +http://www.semrush.com/bot.html)"
85.208.96.209 - - [07/Feb/2025:11:33:17 -0600] "GET /aqhrp/waynesboro-new-virginian-obituaries.html HTTP/1.1" 200 33157 "-" "Mozilla/5.0 (compatible; SemrushBot/7~bl; +http://www.semrush.com/bot.html)"
185.191.171.17 - - [07/Feb/2025:11:33:19 -0600] "GET /aqhrp/kendall-county-news-today-shooting-2021.html HTTP/1.1" 200 36428 "-" "Mozilla/5.0 (compatible; SemrushBot/7~bl; +http://www.semrush.com/bot.html)"
85.208.96.211 - - [07/Feb/2025:11:33:20 -0600] "GET /fblslia/is-gemini-a-dangerous-sign.html HTTP/1.1" 200 34153 "-" "Mozilla/5.0 (compatible; SemrushBot/7~bl; +http://www.semrush.com/bot.html)"
185.191.171.7 - - [07/Feb/2025:11:33:33 -0600] "GET /aqhrp/dota-2-hacks.html HTTP/1.1" 200 30593 "-" "Mozilla/5.0 (compatible; SemrushBot/7~bl; +http://www.semrush.com/bot.html)"
185.191.171.7 - - [07/Feb/2025:11:33:36 -0600] "GET /aqhrp/high-court-hearing-list.html HTTP/1.1" 200 37169 "-" "Mozilla/5.0 (compatible; SemrushBot/7~bl; +http://www.semrush.com/bot.html)"
85.208.96.200 - - [07/Feb/2025:11:33:41 -0600] "GET /fblslia/cash-jobs-toronto.html HTTP/1.1" 200 30556 "-" "Mozilla/5.0 (compatible; SemrushBot/7~bl; +http://www.semrush.com/bot.html)"
216.244.66.234 - - [07/Feb/2025:11:34:18 -0600] "GET /aqhrp/daily-telegraph-sydney-death-notices-near-krong-poi-pet.html HTTP/1.1" 200 19233 "-" "Mozilla/5.0 (compatible; DotBot/1.2; +https://opensiteexplorer.org/dotbot; help@moz.com)"
216.244.66.234 - - [07/Feb/2025:11:34:20 -0600] "GET /aqhrp/semrush-keyword-research-free.html HTTP/1.1" 200 28899 "-" "Mozilla/5.0 (compatible; DotBot/1.2; +https://opensiteexplorer.org/dotbot; help@moz.com)"
216.244.66.234 - - [07/Feb/2025:11:34:21 -0600] "GET /fblslia/shivery-funeral-home-obituaries-near-miraflores.html HTTP/1.1" 200 36607 "-" "Mozilla/5.0 (compatible; DotBot/1.2; +https://opensiteexplorer.org/dotbot; help@moz.com)"
185.191.171.4 - - [07/Feb/2025:11:34:48 -0600] "GET /aqhrp/bucks-auto-sales-burlington-wa.html HTTP/1.1" 200 27373 "-" "Mozilla/5.0 (compatible; SemrushBot/7~bl; +http://www.semrush.com/bot.html)"
44.221.104.146 - - [07/Feb/2025:11:34:58 -0600] "GET /aqhrp/second-monitor-lags-when-playing-games.html HTTP/1.1" 200 68229 "-" "Mozilla/5.0 (Macintosh; Intel Mac OS X 10_10_1) AppleWebKit/600.2.5 (KHTML, like Gecko) Version/8.0.2 Safari/600.2.5 (Lanai)"
47.128.21.225 - - [07/Feb/2025:11:35:08 -0600] "GET /aqhrp/telegram-app-download-for-computer.html HTTP/1.1" 200 22418 "-" "Mozilla/5.0 (Linux; Android 5.0) AppleWebKit/537.36 (KHTML, like Gecko) Mobile Safari/537.36 (compatible; Bytespider; spider-feedback@bytedance.com)"
85.208.96.193 - - [07/Feb/2025:11:35:15 -0600] "GET /aqhrp/pynq-tutorial.html HTTP/1.1" 200 40428 "-" "Mozilla/5.0 (compatible; SemrushBot/7~bl; +http://www.semrush.com/bot.html)"
85.208.96.193 - - [07/Feb/2025:11:35:21 -0600] "GET /aqhrp/sri-lanka-teacher-service-circulars.html HTTP/1.1" 200 42730 "-" "Mozilla/5.0 (compatible; SemrushBot/7~bl; +http://www.semrush.com/bot.html)"
85.208.96.203 - - [07/Feb/2025:11:35:32 -0600] "GET /aqhrp/how-to-say-best-wishes-in-urdu.html HTTP/1.1" 200 41644 "-" "Mozilla/5.0 (compatible; SemrushBot/7~bl; +http://www.semrush.com/bot.html)"
85.208.96.202 - - [07/Feb/2025:11:35:47 -0600] "GET /aqhrp/mtel-imenik.html HTTP/1.1" 200 31467 "-" "Mozilla/5.0 (compatible; SemrushBot/7~bl; +http://www.semrush.com/bot.html)"
185.191.171.16 - - [07/Feb/2025:11:36:19 -0600] "GET /aqhrp/legend-property-group.html HTTP/1.1" 200 23757 "-" "Mozilla/5.0 (compatible; SemrushBot/7~bl; +http://www.semrush.com/bot.html)"
185.191.171.11 - - [07/Feb/2025:11:36:32 -0600] "GET /aqhrp/mahou-shoujo-magical-destroyers-manga-chapter-1.html HTTP/1.1" 200 33848 "-" "Mozilla/5.0 (compatible; SemrushBot/7~bl; +http://www.semrush.com/bot.html)"
185.191.171.8 - - [07/Feb/2025:11:36:37 -0600] "GET /fblslia/hopkins-county-jail-arrests.html HTTP/1.1" 200 41975 "-" "Mozilla/5.0 (compatible; SemrushBot/7~bl; +http://www.semrush.com/bot.html)"
85.208.96.200 - - [07/Feb/2025:11:36:40 -0600] "GET /fblslia/appsheet-barcode-generator-google.html HTTP/1.1" 200 30536 "-" "Mozilla/5.0 (compatible; SemrushBot/7~bl; +http://www.semrush.com/bot.html)"
85.208.96.202 - - [07/Feb/2025:11:36:45 -0600] "GET /aqhrp/apostle-funeral-home-obituaries-near-jeddah.html HTTP/1.1" 200 37384 "-" "Mozilla/5.0 (compatible; SemrushBot/7~bl; +http://www.semrush.com/bot.html)"
85.208.96.212 - - [07/Feb/2025:11:36:46 -0600] "GET /aqhrp/x-multiplied-by-x2.html HTTP/1.1" 200 36043 "-" "Mozilla/5.0 (compatible; SemrushBot/7~bl; +http://www.semrush.com/bot.html)"
185.191.171.2 - - [07/Feb/2025:11:36:57 -0600] "GET /aqhrp/massage-in-copacabana-rio.html HTTP/1.1" 200 37272 "-" "Mozilla/5.0 (compatible; SemrushBot/7~bl; +http://www.semrush.com/bot.html)"
85.208.96.205 - - [07/Feb/2025:11:37:01 -0600] "GET /fblslia/government-bridging-program.html HTTP/1.1" 200 34148 "-" "Mozilla/5.0 (compatible; SemrushBot/7~bl; +http://www.semrush.com/bot.html)"
85.208.96.194 - - [07/Feb/2025:11:37:03 -0600] "GET /aqhrp/homemade-rosin-cartridge.html HTTP/1.1" 200 53932 "-" "Mozilla/5.0 (compatible; SemrushBot/7~bl; +http://www.semrush.com/bot.html)"
85.208.96.201 - - [07/Feb/2025:11:37:12 -0600] "GET /aqhrp/google-gemini-not-working-in-my-country.html HTTP/1.1" 200 41620 "-" "Mozilla/5.0 (compatible; SemrushBot/7~bl; +http://www.semrush.com/bot.html)"
185.191.171.6 - - [07/Feb/2025:11:37:16 -0600] "GET /aqhrp/virudhunagar-village-map-with-distance-pdf-download.html HTTP/1.1" 200 40929 "-" "Mozilla/5.0 (compatible; SemrushBot/7~bl; +http://www.semrush.com/bot.html)"
85.208.96.209 - - [07/Feb/2025:11:37:31 -0600] "GET /aqhrp/verify-login-portal.html HTTP/1.1" 200 24519 "-" "Mozilla/5.0 (compatible; SemrushBot/7~bl; +http://www.semrush.com/bot.html)"
185.191.171.11 - - [07/Feb/2025:11:37:34 -0600] "GET /aqhrp/west-hartford-shooting.html HTTP/1.1" 200 33634 "-" "Mozilla/5.0 (compatible; SemrushBot/7~bl; +http://www.semrush.com/bot.html)"
216.244.66.234 - - [07/Feb/2025:11:37:41 -0600] "GET /aqhrp/cijeli-brojevi.html HTTP/1.1" 200 40144 "-" "Mozilla/5.0 (compatible; DotBot/1.2; +https://opensiteexplorer.org/dotbot; help@moz.com)"
185.191.171.8 - - [07/Feb/2025:11:37:42 -0600] "GET /aqhrp/fort-carson-building-330.html HTTP/1.1" 200 44460 "-" "Mozilla/5.0 (compatible; SemrushBot/7~bl; +http://www.semrush.com/bot.html)"
216.244.66.234 - - [07/Feb/2025:11:38:09 -0600] "GET /aqhrp/jenkins-funeral-home-hyattsville-md.html HTTP/1.1" 200 18124 "-" "Mozilla/5.0 (compatible; DotBot/1.2; +https://opensiteexplorer.org/dotbot; help@moz.com)"
216.244.66.234 - - [07/Feb/2025:11:38:10 -0600] "GET /aqhrp/scarborough-civic-centre-toronto.html HTTP/1.1" 200 31397 "-" "Mozilla/5.0 (compatible; DotBot/1.2; +https://opensiteexplorer.org/dotbot; help@moz.com)"
47.128.58.250 - - [07/Feb/2025:11:38:38 -0600] "GET /aqhrp/smyth-county-va-most-wanted.html HTTP/1.1" 200 51461 "-" "Mozilla/5.0 (Linux; Android 5.0) AppleWebKit/537.36 (KHTML, like Gecko) Mobile Safari/537.36 (compatible; Bytespider; spider-feedback@bytedance.com)"
47.128.58.250 - - [07/Feb/2025:11:38:39 -0600] "GET /aqhrp/1024w HTTP/1.1" 404 - "http://impactplugin.calvarycrossag.com/aqhrp/smyth-county-va-most-wanted.html" "Mozilla/5.0 (Linux; Android 5.0) AppleWebKit/537.36 (KHTML, like Gecko) Mobile Safari/537.36 (compatible; Bytespider; spider-feedback@bytedance.com)"
185.191.171.1 - - [07/Feb/2025:11:38:43 -0600] "GET /aqhrp/inmate-woman-orange-county-jail-mugshots.html HTTP/1.1" 200 38500 "-" "Mozilla/5.0 (compatible; SemrushBot/7~bl; +http://www.semrush.com/bot.html)"
85.208.96.200 - - [07/Feb/2025:11:38:54 -0600] "GET /aqhrp/north-penn-reporter-current-obituaries.html HTTP/1.1" 200 31609 "-" "Mozilla/5.0 (compatible; SemrushBot/7~bl; +http://www.semrush.com/bot.html)"
185.191.171.18 - - [07/Feb/2025:11:39:03 -0600] "GET /fblslia/citi-mobile-app-costco-login-activate.html HTTP/1.1" 200 40613 "-" "Mozilla/5.0 (compatible; SemrushBot/7~bl; +http://www.semrush.com/bot.html)"
185.191.171.18 - - [07/Feb/2025:11:39:39 -0600] "GET /aqhrp/google-tag-manager-tutorial.html HTTP/1.1" 200 31018 "-" "Mozilla/5.0 (compatible; SemrushBot/7~bl; +http://www.semrush.com/bot.html)"
185.191.171.1 - - [07/Feb/2025:11:39:52 -0600] "GET /aqhrp/augusta-crime-edgefield-county-mugshots-archives-augusta-ga.html HTTP/1.1" 200 36184 "-" "Mozilla/5.0 (compatible; SemrushBot/7~bl; +http://www.semrush.com/bot.html)"
185.191.171.3 - - [07/Feb/2025:11:40:05 -0600] "GET /fblslia/william-williams-family-tree.html HTTP/1.1" 200 44166 "-" "Mozilla/5.0 (compatible; SemrushBot/7~bl; +http://www.semrush.com/bot.html)"
185.191.171.18 - - [07/Feb/2025:11:40:06 -0600] "GET /fblslia/my-account-google-activity-controls.html HTTP/1.1" 200 14416 "-" "Mozilla/5.0 (compatible; SemrushBot/7~bl; +http://www.semrush.com/bot.html)"
85.208.96.201 - - [07/Feb/2025:11:40:26 -0600] "GET /aqhrp/craigslist-modesto-jobs.html HTTP/1.1" 200 26089 "-" "Mozilla/5.0 (compatible; SemrushBot/7~bl; +http://www.semrush.com/bot.html)"
110.238.108.0 - - [07/Feb/2025:11:40:27 -0600] "GET /aqhrp/bdo-ninja-ps4.html HTTP/2.0" 200 30565 "http://impactplugin.calvarycrossag.com/aqhrp/bdo-ninja-ps4.html" "Mozilla/5.0 (Macintosh; Intel Mac OS X 10_15_7) AppleWebKit/537.36 (KHTML, like Gecko) Chrome/119.0.0.0 Safari/537.36"
85.208.96.201 - - [07/Feb/2025:11:40:27 -0600] "GET /fblslia/maya-xgen-interactive-groom-editor-tutorial.html HTTP/1.1" 200 38597 "-" "Mozilla/5.0 (compatible; SemrushBot/7~bl; +http://www.semrush.com/bot.html)"
110.238.108.0 - - [07/Feb/2025:11:40:27 -0600] "GET /aqhrp/bdo-ninja-ps4.html HTTP/1.1" 101 - "http://impactplugin.calvarycrossag.com/aqhrp/bdo-ninja-ps4.html" "Mozilla/5.0 (Macintosh; Intel Mac OS X 10_15_7) AppleWebKit/537.36 (KHTML, like Gecko) Chrome/119.0.0.0 Safari/537.36"
85.208.96.209 - - [07/Feb/2025:11:40:45 -0600] "GET /aqhrp/gregory-watson-funeral-home-obituaries.html HTTP/1.1" 200 42712 "-" "Mozilla/5.0 (compatible; SemrushBot/7~bl; +http://www.semrush.com/bot.html)"
85.208.96.204 - - [07/Feb/2025:11:40:54 -0600] "GET /aqhrp/uva-law-waitlist-2019.html HTTP/1.1" 200 40392 "-" "Mozilla/5.0 (compatible; SemrushBot/7~bl; +http://www.semrush.com/bot.html)"
85.208.96.211 - - [07/Feb/2025:11:40:55 -0600] "GET /aqhrp/tuscumbia-city-jail.html HTTP/1.1" 200 46559 "-" "Mozilla/5.0 (compatible; SemrushBot/7~bl; +http://www.semrush.com/bot.html)"
85.208.96.200 - - [07/Feb/2025:11:40:58 -0600] "GET /aqhrp/recently-booked-nj-ocean-county-nj.html HTTP/1.1" 200 23335 "-" "Mozilla/5.0 (compatible; SemrushBot/7~bl; +http://www.semrush.com/bot.html)"
85.208.96.212 - - [07/Feb/2025:11:41:12 -0600] "GET /aqhrp/unsend-email-from-gmail.html HTTP/1.1" 200 36241 "-" "Mozilla/5.0 (compatible; SemrushBot/7~bl; +http://www.semrush.com/bot.html)"
85.208.96.211 - - [07/Feb/2025:11:41:19 -0600] "GET /aqhrp/black-desert-prognyl-silver-bar-farm.html HTTP/1.1" 200 57122 "-" "Mozilla/5.0 (compatible; SemrushBot/7~bl; +http://www.semrush.com/bot.html)"
185.191.171.11 - - [07/Feb/2025:11:41:21 -0600] "GET /fblslia/sytsema-funeral-home-muskegon-obituaries.html HTTP/1.1" 200 45269 "-" "Mozilla/5.0 (compatible; SemrushBot/7~bl; +http://www.semrush.com/bot.html)"
185.191.171.18 - - [07/Feb/2025:11:41:23 -0600] "GET /aqhrp/environmental-services-investment-banking.html HTTP/1.1" 200 45933 "-" "Mozilla/5.0 (compatible; SemrushBot/7~bl; +http://www.semrush.com/bot.html)"
85.208.96.206 - - [07/Feb/2025:11:41:29 -0600] "GET /aqhrp/Knowing-t.html HTTP/1.1" 200 31487 "-" "Mozilla/5.0 (compatible; SemrushBot/7~bl; +http://www.semrush.com/bot.html)"
85.208.96.211 - - [07/Feb/2025:11:41:31 -0600] "GET /aqhrp/south-reporter-classifieds-holly-springs.html HTTP/1.1" 200 39673 "-" "Mozilla/5.0 (compatible; SemrushBot/7~bl; +http://www.semrush.com/bot.html)"
185.191.171.9 - - [07/Feb/2025:11:42:03 -0600] "GET /aqhrp/sanford-nc-arrests-last-24-hours.html HTTP/1.1" 200 42342 "-" "Mozilla/5.0 (compatible; SemrushBot/7~bl; +http://www.semrush.com/bot.html)"
47.128.18.76 - - [07/Feb/2025:11:42:08 -0600] "GET /aqhrp/8667q-firmware.html HTTP/1.1" 200 18189 "-" "Mozilla/5.0 (Linux; Android 5.0) AppleWebKit/537.36 (KHTML, like Gecko) Mobile Safari/537.36 (compatible; Bytespider; spider-feedback@bytedance.com)"
85.208.96.210 - - [07/Feb/2025:11:43:07 -0600] "GET /fblslia/pw-library-catalog.html HTTP/1.1" 200 39756 "-" "Mozilla/5.0 (compatible; SemrushBot/7~bl; +http://www.semrush.com/bot.html)"
185.191.171.5 - - [07/Feb/2025:11:43:09 -0600] "GET /aqhrp/vskills-costing-questions.html HTTP/1.1" 200 46387 "-" "Mozilla/5.0 (compatible; SemrushBot/7~bl; +http://www.semrush.com/bot.html)"
185.191.171.13 - - [07/Feb/2025:11:43:21 -0600] "GET /fblslia/view-arrest-records-for-free.html HTTP/1.1" 200 64981 "-" "Mozilla/5.0 (compatible; SemrushBot/7~bl; +http://www.semrush.com/bot.html)"
185.191.171.4 - - [07/Feb/2025:11:43:28 -0600] "GET /aqhrp/channel-twelve-local-news.html HTTP/1.1" 200 25823 "-" "Mozilla/5.0 (compatible; SemrushBot/7~bl; +http://www.semrush.com/bot.html)"
185.191.171.11 - - [07/Feb/2025:11:43:39 -0600] "GET /fblslia/light-the-knight-festival.html HTTP/1.1" 200 45748 "-" "Mozilla/5.0 (compatible; SemrushBot/7~bl; +http://www.semrush.com/bot.html)"
85.208.96.211 - - [07/Feb/2025:11:44:09 -0600] "GET /aqhrp/michael-ballard-house.html HTTP/1.1" 200 32125 "-" "Mozilla/5.0 (compatible; SemrushBot/7~bl; +http://www.semrush.com/bot.html)"
185.191.171.5 - - [07/Feb/2025:11:44:32 -0600] "GET /aqhrp/is-recently-booked-legit.html HTTP/1.1" 200 38727 "-" "Mozilla/5.0 (compatible; SemrushBot/7~bl; +http://www.semrush.com/bot.html)"
185.191.171.12 - - [07/Feb/2025:11:44:50 -0600] "GET /aqhrp/kuce-vojvodina.html HTTP/1.1" 200 27607 "-" "Mozilla/5.0 (compatible; SemrushBot/7~bl; +http://www.semrush.com/bot.html)"
85.208.96.205 - - [07/Feb/2025:11:44:51 -0600] "GET /aqhrp/free-grammar-worksheets-for-adults.html HTTP/1.1" 200 30833 "-" "Mozilla/5.0 (compatible; SemrushBot/7~bl; +http://www.semrush.com/bot.html)"
85.208.96.212 - - [07/Feb/2025:11:44:59 -0600] "GET /aqhrp/how-to-become-a-carrier-for-pods.html HTTP/1.1" 200 32044 "-" "Mozilla/5.0 (compatible; SemrushBot/7~bl; +http://www.semrush.com/bot.html)"
85.208.96.210 - - [07/Feb/2025:11:45:01 -0600] "GET /aqhrp/news-leader-staunton-va-newspaper.html HTTP/1.1" 200 35276 "-" "Mozilla/5.0 (compatible; SemrushBot/7~bl; +http://www.semrush.com/bot.html)"
85.208.96.194 - - [07/Feb/2025:11:45:03 -0600] "GET /aqhrp/cheapest-local-pickup-and-delivery-bangalore.html HTTP/1.1" 200 33187 "-" "Mozilla/5.0 (compatible; SemrushBot/7~bl; +http://www.semrush.com/bot.html)"
185.191.171.13 - - [07/Feb/2025:11:45:04 -0600] "GET /fblslia/health-care-visa-renewal-uk.html HTTP/1.1" 200 45866 "-" "Mozilla/5.0 (compatible; SemrushBot/7~bl; +http://www.semrush.com/bot.html)"
185.191.171.4 - - [07/Feb/2025:11:45:20 -0600] "GET /aqhrp/alabama-highway-patrol-accident-reports.html HTTP/1.1" 200 68976 "-" "Mozilla/5.0 (compatible; SemrushBot/7~bl; +http://www.semrush.com/bot.html)"
185.191.171.2 - - [07/Feb/2025:11:45:23 -0600] "GET /aqhrp/la-crescent-obituaries-minnesota.html HTTP/1.1" 200 46533 "-" "Mozilla/5.0 (compatible; SemrushBot/7~bl; +http://www.semrush.com/bot.html)"
85.208.96.206 - - [07/Feb/2025:11:45:25 -0600] "GET /aqhrp/midstate-funeral-home-obituaries-asheboro-today.html HTTP/1.1" 200 36910 "-" "Mozilla/5.0 (compatible; SemrushBot/7~bl; +http://www.semrush.com/bot.html)"
185.191.171.6 - - [07/Feb/2025:11:45:33 -0600] "GET /aqhrp/iptv-telegram-estable.html HTTP/1.1" 200 33002 "-" "Mozilla/5.0 (compatible; SemrushBot/7~bl; +http://www.semrush.com/bot.html)"
85.208.96.198 - - [07/Feb/2025:11:45:50 -0600] "GET /aqhrp/crto-vs-osep-reddit.html HTTP/1.1" 200 52982 "-" "Mozilla/5.0 (compatible; SemrushBot/7~bl; +http://www.semrush.com/bot.html)"
185.191.171.18 - - [07/Feb/2025:11:46:22 -0600] "GET /aqhrp/athens-ga-mugshot.html HTTP/1.1" 200 61827 "-" "Mozilla/5.0 (compatible; SemrushBot/7~bl; +http://www.semrush.com/bot.html)"
185.191.171.5 - - [07/Feb/2025:11:46:48 -0600] "GET /aqhrp/does-ebt-have-tax.html HTTP/1.1" 200 42358 "-" "Mozilla/5.0 (compatible; SemrushBot/7~bl; +http://www.semrush.com/bot.html)"
185.191.171.7 - - [07/Feb/2025:11:47:05 -0600] "GET /aqhrp/zoomer-wireless.html HTTP/1.1" 200 22203 "-" "Mozilla/5.0 (compatible; SemrushBot/7~bl; +http://www.semrush.com/bot.html)"
85.208.96.203 - - [07/Feb/2025:11:47:13 -0600] "GET /aqhrp/google-dorks-android.html HTTP/1.1" 200 38691 "-" "Mozilla/5.0 (compatible; SemrushBot/7~bl; +http://www.semrush.com/bot.html)"
185.191.171.10 - - [07/Feb/2025:11:47:23 -0600] "GET /aqhrp/first-horizon-atm-check-deposit.html HTTP/1.1" 200 46903 "-" "Mozilla/5.0 (compatible; SemrushBot/7~bl; +http://www.semrush.com/bot.html)"
185.191.171.7 - - [07/Feb/2025:11:47:26 -0600] "GET /fblslia/comal-county-property-search-map.html HTTP/1.1" 200 36698 "-" "Mozilla/5.0 (compatible; SemrushBot/7~bl; +http://www.semrush.com/bot.html)"
85.208.96.205 - - [07/Feb/2025:11:47:30 -0600] "GET /aqhrp/Bihar-sex-10-salad-bidio.html HTTP/1.1" 200 47859 "-" "Mozilla/5.0 (compatible; SemrushBot/7~bl; +http://www.semrush.com/bot.html)"
185.191.171.4 - - [07/Feb/2025:11:47:41 -0600] "GET /aqhrp/lake-county-jail-indiana-phone-number.html HTTP/1.1" 200 42388 "-" "Mozilla/5.0 (compatible; SemrushBot/7~bl; +http://www.semrush.com/bot.html)"
85.208.96.205 - - [07/Feb/2025:11:48:39 -0600] "GET /aqhrp/kevin-knotts-net-worth.html HTTP/1.1" 200 42052 "-" "Mozilla/5.0 (compatible; SemrushBot/7~bl; +http://www.semrush.com/bot.html)"
85.208.96.206 - - [07/Feb/2025:11:48:41 -0600] "GET /aqhrp/suzuki-3-cylinder-turbo.html HTTP/1.1" 200 52096 "-" "Mozilla/5.0 (compatible; SemrushBot/7~bl; +http://www.semrush.com/bot.html)"
185.191.171.5 - - [07/Feb/2025:11:49:01 -0600] "GET /fblslia/schellhaas-and-sons-funeral-home.html HTTP/1.1" 200 36583 "-" "Mozilla/5.0 (compatible; SemrushBot/7~bl; +http://www.semrush.com/bot.html)"
147.78.47.38 - - [07/Feb/2025:11:49:02 -0600] "GET /index.php/jk HTTP/1.1" 200 - "-" "Mozilla/5.0 (Windows NT 6.2; WOW64) AppleWebKit/535.24 (KHTML, like Gecko) Chrome/80.0.1055.1 Safari/535.24"
185.191.171.8 - - [07/Feb/2025:11:49:05 -0600] "GET /aqhrp/bay-city-tx-car-accident-today.html HTTP/1.1" 200 40901 "-" "Mozilla/5.0 (compatible; SemrushBot/7~bl; +http://www.semrush.com/bot.html)"
85.208.96.205 - - [07/Feb/2025:11:49:06 -0600] "GET /aqhrp/barrow-county-mugshots-2024-calendar.html HTTP/1.1" 200 30955 "-" "Mozilla/5.0 (compatible; SemrushBot/7~bl; +http://www.semrush.com/bot.html)"
47.128.62.208 - - [07/Feb/2025:11:49:08 -0600] "GET /aqhrp/gemini-image-ai-free.html HTTP/1.1" 200 43671 "-" "Mozilla/5.0 (Linux; Android 5.0) AppleWebKit/537.36 (KHTML, like Gecko) Mobile Safari/537.36 (compatible; Bytespider; spider-feedback@bytedance.com)"
185.191.171.5 - - [07/Feb/2025:11:49:08 -0600] "GET /aqhrp/space-suit-girl-anime.html HTTP/1.1" 200 49793 "-" "Mozilla/5.0 (compatible; SemrushBot/7~bl; +http://www.semrush.com/bot.html)"
47.128.62.208 - - [07/Feb/2025:11:49:08 -0600] "GET /sites/futurestudents/files/2021-11/ HTTP/1.1" 200 - "http://impactplugin.calvarycrossag.com/aqhrp/gemini-image-ai-free.html" "Mozilla/5.0 (Linux; Android 5.0) AppleWebKit/537.36 (KHTML, like Gecko) Mobile Safari/537.36 (compatible; Bytespider; spider-feedback@bytedance.com)"
185.191.171.3 - - [07/Feb/2025:11:49:19 -0600] "GET /aqhrp/urgent-job-vacancies-in-kandy-kcc-for-female.html HTTP/1.1" 200 44418 "-" "Mozilla/5.0 (compatible; SemrushBot/7~bl; +http://www.semrush.com/bot.html)"
185.191.171.17 - - [07/Feb/2025:11:49:20 -0600] "GET /aqhrp/shaking-ass-nude-school-girl-gif.html HTTP/1.1" 200 52937 "-" "Mozilla/5.0 (compatible; SemrushBot/7~bl; +http://www.semrush.com/bot.html)"
185.191.171.16 - - [07/Feb/2025:11:49:35 -0600] "GET /aqhrp/kendall-county-texas-news.html HTTP/1.1" 200 42097 "-" "Mozilla/5.0 (compatible; SemrushBot/7~bl; +http://www.semrush.com/bot.html)"
85.208.96.209 - - [07/Feb/2025:11:49:37 -0600] "GET /aqhrp/english-speaking-exercises-b1-pdf-with-answers.html HTTP/1.1" 200 48305 "-" "Mozilla/5.0 (compatible; SemrushBot/7~bl; +http://www.semrush.com/bot.html)"
2.58.21.130 - - [07/Feb/2025:11:49:38 -0600] "GET /assets/images/wcrmxg.php HTTP/1.1" 200 5717 "-" "Mozilla/5.0 (Windows NT 10.0; Win64; x64) AppleWebKit/537.36 (KHTML, like Gecko) Chrome/129.0.0.0 Safari/537.36"
2.58.21.130 - - [07/Feb/2025:11:49:39 -0600] "GET /favicon.ico HTTP/1.1" 200 - "http://impactplugin.calvarycrossag.com/assets/images/wcrmxg.php" "Mozilla/5.0 (Windows NT 10.0; Win64; x64) AppleWebKit/537.36 (KHTML, like Gecko) Chrome/129.0.0.0 Safari/537.36"
47.82.11.247 - - [07/Feb/2025:11:49:49 -0600] "GET /aqhrp/best-thanksgiving-movies-2024.html HTTP/1.1" 200 51088 "http://impactplugin.calvarycrossag.com/aqhrp/best-thanksgiving-movies-2024.html" "Mozilla/5.0 (Windows NT 10.0; Win64; x64) AppleWebKit/537.36 (KHTML, like Gecko) Chrome/114.0.0.0 Safari/537.36 Edg/114.0.1823.43"
85.208.96.212 - - [07/Feb/2025:11:49:49 -0600] "GET /fblslia/inmate-commissary-deposit.html HTTP/1.1" 200 49834 "-" "Mozilla/5.0 (compatible; SemrushBot/7~bl; +http://www.semrush.com/bot.html)"
2.58.21.130 - - [07/Feb/2025:11:49:51 -0600] "POST /assets/images/wcrmxg.php HTTP/1.1" 200 4027820 "http://impactplugin.calvarycrossag.com/assets/images/wcrmxg.php" "Mozilla/5.0 (Windows NT 10.0; Win64; x64) AppleWebKit/537.36 (KHTML, like Gecko) Chrome/129.0.0.0 Safari/537.36"
2.58.21.130 - - [07/Feb/2025:11:49:55 -0600] "GET /favicon.ico HTTP/1.1" 200 - "http://impactplugin.calvarycrossag.com/assets/images/wcrmxg.php" "Mozilla/5.0 (Windows NT 10.0; Win64; x64) AppleWebKit/537.36 (KHTML, like Gecko) Chrome/129.0.0.0 Safari/537.36"
185.191.171.6 - - [07/Feb/2025:11:50:03 -0600] "GET /fblslia/will-funeral-chapel-mitchell.html HTTP/1.1" 200 40719 "-" "Mozilla/5.0 (compatible; SemrushBot/7~bl; +http://www.semrush.com/bot.html)"
185.191.171.18 - - [07/Feb/2025:11:50:09 -0600] "GET /aqhrp/oklahoma-obituaries.html HTTP/1.1" 200 39122 "-" "Mozilla/5.0 (compatible; SemrushBot/7~bl; +http://www.semrush.com/bot.html)"
5.255.231.61 - - [07/Feb/2025:11:50:40 -0600] "GET /aqhrp/vung-tauthings-to-do.html HTTP/1.1" 200 67731 "-" "Mozilla/5.0 (compatible; YandexBot/3.0; +http://yandex.com/bots)"
185.191.171.15 - - [07/Feb/2025:11:51:00 -0600] "GET /aqhrp/camden-scampone.html HTTP/1.1" 200 36658 "-" "Mozilla/5.0 (compatible; SemrushBot/7~bl; +http://www.semrush.com/bot.html)"
185.191.171.14 - - [07/Feb/2025:11:51:10 -0600] "GET /aqhrp/lauderdale-county-property-tax-search-by-address.html HTTP/1.1" 200 55468 "-" "Mozilla/5.0 (compatible; SemrushBot/7~bl; +http://www.semrush.com/bot.html)"
185.191.171.4 - - [07/Feb/2025:11:51:20 -0600] "GET /aqhrp/lagrange-murder-update.html HTTP/1.1" 200 28440 "-" "Mozilla/5.0 (compatible; SemrushBot/7~bl; +http://www.semrush.com/bot.html)"
185.191.171.11 - - [07/Feb/2025:11:51:21 -0600] "GET /aqhrp/lee-funeral-home-regina-ny-obituaries.html HTTP/1.1" 200 27993 "-" "Mozilla/5.0 (compatible; SemrushBot/7~bl; +http://www.semrush.com/bot.html)"
85.208.96.199 - - [07/Feb/2025:11:51:36 -0600] "GET /aqhrp/lafayette-la-city-police-arrests.html HTTP/1.1" 200 31967 "-" "Mozilla/5.0 (compatible; SemrushBot/7~bl; +http://www.semrush.com/bot.html)"
185.191.171.9 - - [07/Feb/2025:11:52:16 -0600] "GET /aqhrp/amarillo-police-department-arrests.html HTTP/1.1" 200 36145 "-" "Mozilla/5.0 (compatible; SemrushBot/7~bl; +http://www.semrush.com/bot.html)"
85.208.96.193 - - [07/Feb/2025:11:52:34 -0600] "GET /aqhrp/google-marketing-salary-india.html HTTP/1.1" 200 45298 "-" "Mozilla/5.0 (compatible; SemrushBot/7~bl; +http://www.semrush.com/bot.html)"
185.191.171.12 - - [07/Feb/2025:11:52:45 -0600] "GET /aqhrp/auburn-opelika-events-this-weekend.html HTTP/1.1" 200 51451 "-" "Mozilla/5.0 (compatible; SemrushBot/7~bl; +http://www.semrush.com/bot.html)"
85.208.96.212 - - [07/Feb/2025:11:52:53 -0600] "GET /aqhrp/browning-vs-beretta-reddit.html HTTP/1.1" 200 32460 "-" "Mozilla/5.0 (compatible; SemrushBot/7~bl; +http://www.semrush.com/bot.html)"
85.208.96.193 - - [07/Feb/2025:11:53:04 -0600] "GET /aqhrp/comal-county-civil-case-search.html HTTP/1.1" 200 37301 "-" "Mozilla/5.0 (compatible; SemrushBot/7~bl; +http://www.semrush.com/bot.html)"
185.191.171.12 - - [07/Feb/2025:11:53:05 -0600] "GET /aqhrp/google-ad-manager-conversions.html HTTP/1.1" 200 48438 "-" "Mozilla/5.0 (compatible; SemrushBot/7~bl; +http://www.semrush.com/bot.html)"
185.191.171.12 - - [07/Feb/2025:11:53:08 -0600] "GET /aqhrp/shreveport-times-news-today-breaking.html HTTP/1.1" 200 38276 "-" "Mozilla/5.0 (compatible; SemrushBot/7~bl; +http://www.semrush.com/bot.html)"
85.208.96.193 - - [07/Feb/2025:11:53:22 -0600] "GET /aqhrp/iptv-sky-italia-m3u-autoaggiornante-download-free.html HTTP/1.1" 200 28756 "-" "Mozilla/5.0 (compatible; SemrushBot/7~bl; +http://www.semrush.com/bot.html)"
85.208.96.209 - - [07/Feb/2025:11:53:24 -0600] "GET /aqhrp/yandere-tokyo-revengers-x-reader-harem.html HTTP/1.1" 200 40988 "-" "Mozilla/5.0 (compatible; SemrushBot/7~bl; +http://www.semrush.com/bot.html)"
85.208.96.205 - - [07/Feb/2025:11:53:34 -0600] "GET /aqhrp/how-to-lower-a-tbr7.html HTTP/1.1" 200 63109 "-" "Mozilla/5.0 (compatible; SemrushBot/7~bl; +http://www.semrush.com/bot.html)"
185.191.171.15 - - [07/Feb/2025:11:53:39 -0600] "GET /fblslia/mount-olive-shores-rv-park.html HTTP/1.1" 200 55836 "-" "Mozilla/5.0 (compatible; SemrushBot/7~bl; +http://www.semrush.com/bot.html)"
185.191.171.6 - - [07/Feb/2025:11:53:43 -0600] "GET /aqhrp/indeed-gulf.html HTTP/1.1" 200 28637 "-" "Mozilla/5.0 (compatible; SemrushBot/7~bl; +http://www.semrush.com/bot.html)"
85.208.96.193 - - [07/Feb/2025:11:54:08 -0600] "GET /aqhrp/psa-marriage-certificate-online.html HTTP/1.1" 200 62175 "-" "Mozilla/5.0 (compatible; SemrushBot/7~bl; +http://www.semrush.com/bot.html)"
185.191.171.19 - - [07/Feb/2025:11:54:19 -0600] "GET /aqhrp/shingleton-funeral-home-obituaries-nc.html HTTP/1.1" 200 26316 "-" "Mozilla/5.0 (compatible; SemrushBot/7~bl; +http://www.semrush.com/bot.html)"
85.208.96.195 - - [07/Feb/2025:11:54:50 -0600] "GET /robots.txt HTTP/1.1" 200 1017 "-" "Mozilla/5.0 (compatible; SemrushBot/7~bl; +http://www.semrush.com/bot.html)"
185.191.171.15 - - [07/Feb/2025:11:54:51 -0600] "GET /aqhrp/raleigh-missing-persons.html HTTP/1.1" 200 43031 "-" "Mozilla/5.0 (compatible; SemrushBot/7~bl; +http://www.semrush.com/bot.html)"
85.208.96.195 - - [07/Feb/2025:11:54:52 -0600] "GET /fblslia/sideloadly-download-for-windows-10.html HTTP/1.1" 200 29275 "-" "Mozilla/5.0 (compatible; SemrushBot/7~bl; +http://www.semrush.com/bot.html)"
185.191.171.5 - - [07/Feb/2025:11:55:29 -0600] "GET /aqhrp/free-printable-multiplication-by-2s.html HTTP/1.1" 200 31775 "-" "Mozilla/5.0 (compatible; SemrushBot/7~bl; +http://www.semrush.com/bot.html)"
85.208.96.204 - - [07/Feb/2025:11:55:37 -0600] "GET /aqhrp/century-hairston-funeral-home-obituaries.html HTTP/1.1" 200 58721 "-" "Mozilla/5.0 (compatible; SemrushBot/7~bl; +http://www.semrush.com/bot.html)"
185.191.171.5 - - [07/Feb/2025:11:55:41 -0600] "GET /fblslia/karnes-county-attorney.html HTTP/1.1" 200 28113 "-" "Mozilla/5.0 (compatible; SemrushBot/7~bl; +http://www.semrush.com/bot.html)"
185.191.171.19 - - [07/Feb/2025:11:55:43 -0600] "GET /fblslia/walton-county-property-search-qpublic.html HTTP/1.1" 200 29915 "-" "Mozilla/5.0 (compatible; SemrushBot/7~bl; +http://www.semrush.com/bot.html)"
85.208.96.193 - - [07/Feb/2025:11:56:02 -0600] "GET /aqhrp/ruger-mini-30-magazine-for-sale-canada.html HTTP/1.1" 200 40287 "-" "Mozilla/5.0 (compatible; SemrushBot/7~bl; +http://www.semrush.com/bot.html)"
47.128.62.4 - - [07/Feb/2025:11:56:08 -0600] "GET /aqhrp/advantage-funeral-home-obituaries.html HTTP/1.1" 200 39454 "-" "Mozilla/5.0 (Linux; Android 5.0) AppleWebKit/537.36 (KHTML, like Gecko) Mobile Safari/537.36 (compatible; Bytespider; spider-feedback@bytedance.com)"
185.191.171.16 - - [07/Feb/2025:11:56:32 -0600] "GET /fblslia/principles-of-accounting-exam-questions.html HTTP/1.1" 200 58357 "-" "Mozilla/5.0 (compatible; SemrushBot/7~bl; +http://www.semrush.com/bot.html)"
85.208.96.196 - - [07/Feb/2025:11:56:42 -0600] "GET /aqhrp/prescribing-competencies-template-word.html HTTP/1.1" 200 38357 "-" "Mozilla/5.0 (compatible; SemrushBot/7~bl; +http://www.semrush.com/bot.html)"
85.208.96.195 - - [07/Feb/2025:11:56:55 -0600] "GET /fblslia/local-milwaukee-news-today.html HTTP/1.1" 200 29077 "-" "Mozilla/5.0 (compatible; SemrushBot/7~bl; +http://www.semrush.com/bot.html)"
85.208.96.208 - - [07/Feb/2025:11:57:10 -0600] "GET /aqhrp/halo-oglasi-stanovi-na-prodaju.html HTTP/1.1" 200 16444 "-" "Mozilla/5.0 (compatible; SemrushBot/7~bl; +http://www.semrush.com/bot.html)"
85.208.96.208 - - [07/Feb/2025:11:57:11 -0600] "GET /aqhrp/sofa-webbing.html HTTP/1.1" 200 37555 "-" "Mozilla/5.0 (compatible; SemrushBot/7~bl; +http://www.semrush.com/bot.html)"
85.208.96.208 - - [07/Feb/2025:11:57:21 -0600] "GET /aqhrp/free-databases-to-practice-sql.html HTTP/1.1" 200 50746 "-" "Mozilla/5.0 (compatible; SemrushBot/7~bl; +http://www.semrush.com/bot.html)"
85.208.96.194 - - [07/Feb/2025:11:57:36 -0600] "GET /aqhrp/funeral-homes-augusta-ga.html HTTP/1.1" 200 51143 "-" "Mozilla/5.0 (compatible; SemrushBot/7~bl; +http://www.semrush.com/bot.html)"
185.191.171.3 - - [07/Feb/2025:11:57:38 -0600] "GET /aqhrp/brennan-funeral-home-obituaries-recent.html HTTP/1.1" 200 41380 "-" "Mozilla/5.0 (compatible; SemrushBot/7~bl; +http://www.semrush.com/bot.html)"
85.208.96.205 - - [07/Feb/2025:11:57:40 -0600] "GET /aqhrp/2-bedroom-houses-for-rent-in-clermont-fl-by-owner.html HTTP/1.1" 200 31062 "-" "Mozilla/5.0 (compatible; SemrushBot/7~bl; +http://www.semrush.com/bot.html)"
85.208.96.198 - - [07/Feb/2025:11:57:49 -0600] "GET /fblslia/cronus-zen-fortnite-scripts-free-xbox.html HTTP/1.1" 200 40711 "-" "Mozilla/5.0 (compatible; SemrushBot/7~bl; +http://www.semrush.com/bot.html)"
85.208.96.205 - - [07/Feb/2025:11:57:52 -0600] "GET /aqhrp/dg-legion-app.html HTTP/1.1" 200 34835 "-" "Mozilla/5.0 (compatible; SemrushBot/7~bl; +http://www.semrush.com/bot.html)"
57.141.7.26 - - [07/Feb/2025:11:58:05 -0600] "GET /aqhrp/my-photos-2018-to-2023-google-account-recovery-android.html HTTP/1.1" 200 61556 "-" "meta-externalagent/1.1 (+https://developers.facebook.com/docs/sharing/webmasters/crawler)"
85.208.96.196 - - [07/Feb/2025:11:58:08 -0600] "GET /fblslia/psw-cash-jobs-scarborough-no-experience-no-experience-needed.html HTTP/1.1" 200 36590 "-" "Mozilla/5.0 (compatible; SemrushBot/7~bl; +http://www.semrush.com/bot.html)"
185.191.171.12 - - [07/Feb/2025:11:58:22 -0600] "GET /aqhrp/google-pronunciation-voice-online-audio-download.html HTTP/1.1" 200 45154 "-" "Mozilla/5.0 (compatible; SemrushBot/7~bl; +http://www.semrush.com/bot.html)"
166.108.197.163 - - [07/Feb/2025:11:58:33 -0600] "GET /fblslia/how-to-delete-duplicate-emails-in-outlook.html HTTP/2.0" 200 57292 "http://impactplugin.calvarycrossag.com/fblslia/how-to-delete-duplicate-emails-in-outlook.html" "Mozilla/5.0 (Windows NT 10.0; Win64; x64) AppleWebKit/537.36 (KHTML, like Gecko) Chrome/116.0.0.0 Safari/537.36"
166.108.197.163 - - [07/Feb/2025:11:58:33 -0600] "GET /fblslia/how-to-delete-duplicate-emails-in-outlook.html HTTP/1.1" 101 - "http://impactplugin.calvarycrossag.com/fblslia/how-to-delete-duplicate-emails-in-outlook.html" "Mozilla/5.0 (Windows NT 10.0; Win64; x64) AppleWebKit/537.36 (KHTML, like Gecko) Chrome/116.0.0.0 Safari/537.36"
185.191.171.14 - - [07/Feb/2025:11:59:09 -0600] "GET /fblslia/1-inch-webbing-straps.html HTTP/1.1" 200 44836 "-" "Mozilla/5.0 (compatible; SemrushBot/7~bl; +http://www.semrush.com/bot.html)"
185.191.171.14 - - [07/Feb/2025:11:59:28 -0600] "GET /aqhrp/nccer-basic-safety-quizlet.html HTTP/1.1" 200 39928 "-" "Mozilla/5.0 (compatible; SemrushBot/7~bl; +http://www.semrush.com/bot.html)"
47.128.122.162 - - [07/Feb/2025:11:59:38 -0600] "GET /aqhrp/mystery-snail-leaving-slime.html HTTP/1.1" 200 46687 "-" "Mozilla/5.0 (Linux; Android 5.0) AppleWebKit/537.36 (KHTML, like Gecko) Mobile Safari/537.36 (compatible; Bytespider; spider-feedback@bytedance.com)"
47.128.122.162 - - [07/Feb/2025:11:59:38 -0600] "GET /sites/futurestudents/files/2021-11/ HTTP/1.1" 200 - "http://impactplugin.calvarycrossag.com/aqhrp/mystery-snail-leaving-slime.html" "Mozilla/5.0 (Linux; Android 5.0) AppleWebKit/537.36 (KHTML, like Gecko) Mobile Safari/537.36 (compatible; Bytespider; spider-feedback@bytedance.com)"
185.191.171.5 - - [07/Feb/2025:11:59:46 -0600] "GET /aqhrp/montana-jail-roster-inmate-search.html HTTP/1.1" 200 66543 "-" "Mozilla/5.0 (compatible; SemrushBot/7~bl; +http://www.semrush.com/bot.html)"
185.191.171.14 - - [07/Feb/2025:11:59:56 -0600] "GET /aqhrp/orillia-funeral-home-obituaries.html HTTP/1.1" 200 41506 "-" "Mozilla/5.0 (compatible; SemrushBot/7~bl; +http://www.semrush.com/bot.html)"
85.208.96.204 - - [07/Feb/2025:11:59:59 -0600] "GET /fblslia/grunt-adjust-release-webbing-buckle.html HTTP/1.1" 200 53547 "-" "Mozilla/5.0 (compatible; SemrushBot/7~bl; +http://www.semrush.com/bot.html)"
185.191.171.11 - - [07/Feb/2025:12:00:03 -0600] "GET /fblslia/best-jobs-to-make-money-under-the-table.html HTTP/1.1" 200 29509 "-" "Mozilla/5.0 (compatible; SemrushBot/7~bl; +http://www.semrush.com/bot.html)"
185.191.171.15 - - [07/Feb/2025:12:00:42 -0600] "GET /aqhrp/baxter-county-warrants.html HTTP/1.1" 200 13559 "-" "Mozilla/5.0 (compatible; SemrushBot/7~bl; +http://www.semrush.com/bot.html)"
85.208.96.200 - - [07/Feb/2025:12:01:08 -0600] "GET /aqhrp/un-veterinary-jobs-in-ethiopia.html HTTP/1.1" 200 42252 "-" "Mozilla/5.0 (compatible; SemrushBot/7~bl; +http://www.semrush.com/bot.html)"
185.191.171.18 - - [07/Feb/2025:12:01:09 -0600] "GET /aqhrp/sample-pilot-contract.html HTTP/1.1" 200 57166 "-" "Mozilla/5.0 (compatible; SemrushBot/7~bl; +http://www.semrush.com/bot.html)"
185.191.171.7 - - [07/Feb/2025:12:01:17 -0600] "GET /aqhrp/free-editable-business-letter-template.html HTTP/1.1" 200 55231 "-" "Mozilla/5.0 (compatible; SemrushBot/7~bl; +http://www.semrush.com/bot.html)"
185.191.171.15 - - [07/Feb/2025:12:01:20 -0600] "GET /aqhrp/panda-aim-v4-setup.html HTTP/1.1" 200 36712 "-" "Mozilla/5.0 (compatible; SemrushBot/7~bl; +http://www.semrush.com/bot.html)"
185.191.171.15 - - [07/Feb/2025:12:01:27 -0600] "GET /fblslia/v3cube-ios-2021-download.html HTTP/1.1" 200 55607 "-" "Mozilla/5.0 (compatible; SemrushBot/7~bl; +http://www.semrush.com/bot.html)"
185.191.171.5 - - [07/Feb/2025:12:01:37 -0600] "GET /fblslia/tessa-ia-narcos.html HTTP/1.1" 200 38897 "-" "Mozilla/5.0 (compatible; SemrushBot/7~bl; +http://www.semrush.com/bot.html)"
85.208.96.212 - - [07/Feb/2025:12:01:40 -0600] "GET /aqhrp/aikens-funeral-home-reviews.html HTTP/1.1" 200 38319 "-" "Mozilla/5.0 (compatible; SemrushBot/7~bl; +http://www.semrush.com/bot.html)"
185.191.171.13 - - [07/Feb/2025:12:01:42 -0600] "GET /aqhrp/euclid-death-date.html HTTP/1.1" 200 52381 "-" "Mozilla/5.0 (compatible; SemrushBot/7~bl; +http://www.semrush.com/bot.html)"
185.191.171.2 - - [07/Feb/2025:12:02:09 -0600] "GET /aqhrp/obituaries-morton-illinois.html HTTP/1.1" 200 34606 "-" "Mozilla/5.0 (compatible; SemrushBot/7~bl; +http://www.semrush.com/bot.html)"
185.191.171.7 - - [07/Feb/2025:12:02:12 -0600] "GET /aqhrp/lagrange-ga-news-obituary.html HTTP/1.1" 200 39757 "-" "Mozilla/5.0 (compatible; SemrushBot/7~bl; +http://www.semrush.com/bot.html)"
185.191.171.12 - - [07/Feb/2025:12:02:14 -0600] "GET /aqhrp/time-ppt-for-grade-3.html HTTP/1.1" 200 42724 "-" "Mozilla/5.0 (compatible; SemrushBot/7~bl; +http://www.semrush.com/bot.html)"
185.191.171.7 - - [07/Feb/2025:12:02:29 -0600] "GET /aqhrp/state-of-florida-official-records.html HTTP/1.1" 200 30569 "-" "Mozilla/5.0 (compatible; SemrushBot/7~bl; +http://www.semrush.com/bot.html)"
216.244.66.234 - - [07/Feb/2025:12:03:22 -0600] "GET /robots.txt HTTP/1.1" 200 1017 "-" "Mozilla/5.0 (compatible; DotBot/1.2; +https://opensiteexplorer.org/dotbot; help@moz.com)"
185.191.171.8 - - [07/Feb/2025:12:03:35 -0600] "GET /fblslia/winchester-frederick-co-va-arrest.html HTTP/1.1" 200 49064 "-" "Mozilla/5.0 (compatible; SemrushBot/7~bl; +http://www.semrush.com/bot.html)"
85.208.96.202 - - [07/Feb/2025:12:03:38 -0600] "GET /aqhrp/yoakum-texas-obituaries.html HTTP/1.1" 200 43178 "-" "Mozilla/5.0 (compatible; SemrushBot/7~bl; +http://www.semrush.com/bot.html)"
185.191.171.11 - - [07/Feb/2025:12:03:39 -0600] "GET /aqhrp/add-event-to-outlook-calendar-from-email.html HTTP/1.1" 200 47279 "-" "Mozilla/5.0 (compatible; SemrushBot/7~bl; +http://www.semrush.com/bot.html)"
185.191.171.12 - - [07/Feb/2025:12:04:12 -0600] "GET /aqhrp/pravilnik-o-medicinskom-pomagalu.html HTTP/1.1" 200 44301 "-" "Mozilla/5.0 (compatible; SemrushBot/7~bl; +http://www.semrush.com/bot.html)"
185.191.171.7 - - [07/Feb/2025:12:04:19 -0600] "GET /aqhrp/change-outlook-365-account.html HTTP/1.1" 200 49170 "-" "Mozilla/5.0 (compatible; SemrushBot/7~bl; +http://www.semrush.com/bot.html)"
85.208.96.199 - - [07/Feb/2025:12:04:20 -0600] "GET /fblslia/john-borland-thayer-wiki.html HTTP/1.1" 200 35969 "-" "Mozilla/5.0 (compatible; SemrushBot/7~bl; +http://www.semrush.com/bot.html)"
185.191.171.14 - - [07/Feb/2025:12:04:45 -0600] "GET /fblslia/deaths-at-joiner-anderson-funeral-of-sylvania.html HTTP/1.1" 200 37686 "-" "Mozilla/5.0 (compatible; SemrushBot/7~bl; +http://www.semrush.com/bot.html)"
5.255.231.17 - - [07/Feb/2025:12:05:13 -0600] "GET /aqhrp/duke-political-science-faculty.html HTTP/1.1" 200 59137 "-" "Mozilla/5.0 (compatible; YandexBot/3.0; +http://yandex.com/bots)"
85.208.96.193 - - [07/Feb/2025:12:05:16 -0600] "GET /aqhrp/toronto-police-news-today.html HTTP/1.1" 200 35854 "-" "Mozilla/5.0 (compatible; SemrushBot/7~bl; +http://www.semrush.com/bot.html)"
185.191.171.14 - - [07/Feb/2025:12:05:18 -0600] "GET /aqhrp/quest-wakefield.html HTTP/1.1" 200 45715 "-" "Mozilla/5.0 (compatible; SemrushBot/7~bl; +http://www.semrush.com/bot.html)"
85.208.96.196 - - [07/Feb/2025:12:05:21 -0600] "GET /aqhrp/google-trends-2024-indonesia-app.html HTTP/1.1" 200 37479 "-" "Mozilla/5.0 (compatible; SemrushBot/7~bl; +http://www.semrush.com/bot.html)"
185.191.171.4 - - [07/Feb/2025:12:05:23 -0600] "GET /aqhrp/how-to-pay-citibank-credit-card-bill-immediately.html HTTP/1.1" 200 40584 "-" "Mozilla/5.0 (compatible; SemrushBot/7~bl; +http://www.semrush.com/bot.html)"
85.208.96.210 - - [07/Feb/2025:12:05:35 -0600] "GET /fblslia/newton-county-texas-deaths.html HTTP/1.1" 200 48759 "-" "Mozilla/5.0 (compatible; SemrushBot/7~bl; +http://www.semrush.com/bot.html)"
185.191.171.12 - - [07/Feb/2025:12:05:40 -0600] "GET /aqhrp/walmart-shipping-vs-delivery.html HTTP/1.1" 200 42649 "-" "Mozilla/5.0 (compatible; SemrushBot/7~bl; +http://www.semrush.com/bot.html)"
185.191.171.7 - - [07/Feb/2025:12:05:43 -0600] "GET /aqhrp/stellar-group-construction.html HTTP/1.1" 200 39905 "-" "Mozilla/5.0 (compatible; SemrushBot/7~bl; +http://www.semrush.com/bot.html)"
185.191.171.13 - - [07/Feb/2025:12:05:44 -0600] "GET /aqhrp/carruthers-funeral.html HTTP/1.1" 200 49610 "-" "Mozilla/5.0 (compatible; SemrushBot/7~bl; +http://www.semrush.com/bot.html)"
85.208.96.197 - - [07/Feb/2025:12:05:55 -0600] "GET /aqhrp/citimanager-contact.html HTTP/1.1" 200 64242 "-" "Mozilla/5.0 (compatible; SemrushBot/7~bl; +http://www.semrush.com/bot.html)"
185.191.171.17 - - [07/Feb/2025:12:05:56 -0600] "GET /fblslia/greenville-news-jail-blotter.html HTTP/1.1" 200 39324 "-" "Mozilla/5.0 (compatible; SemrushBot/7~bl; +http://www.semrush.com/bot.html)"
85.208.96.195 - - [07/Feb/2025:12:05:58 -0600] "GET /fblslia/craft-funeral-home-obituaries.html HTTP/1.1" 200 43192 "-" "Mozilla/5.0 (compatible; SemrushBot/7~bl; +http://www.semrush.com/bot.html)"
85.208.96.207 - - [07/Feb/2025:12:06:07 -0600] "GET /fblslia/citi-mobile-aplikacja.html HTTP/1.1" 200 36580 "-" "Mozilla/5.0 (compatible; SemrushBot/7~bl; +http://www.semrush.com/bot.html)"
85.208.96.210 - - [07/Feb/2025:12:06:44 -0600] "GET /aqhrp/top-10-online-advertising-companies.html HTTP/1.1" 200 47725 "-" "Mozilla/5.0 (compatible; SemrushBot/7~bl; +http://www.semrush.com/bot.html)"
47.82.11.82 - - [07/Feb/2025:12:06:56 -0600] "GET /aqhrp/yandere-avengers-x-mitsuri-reader-lemon.html HTTP/1.1" 200 35797 "http://impactplugin.calvarycrossag.com/aqhrp/yandere-avengers-x-mitsuri-reader-lemon.html" "Mozilla/5.0 (Windows NT 10.0; Win64; x64) AppleWebKit/537.36 (KHTML, like Gecko) Chrome/114.0.0.0 Safari/537.36 Edg/114.0.1823.43"
77.79.133.61 - - [07/Feb/2025:12:07:10 -0600] "GET /assets/images/wcrmxg.php HTTP/1.1" 200 5717 "-" "Mozilla/5.0 (Windows NT 10.0; Win64; x64) AppleWebKit/537.36 (KHTML, like Gecko) Chrome/129.0.0.0 Safari/537.36"
77.79.133.61 - - [07/Feb/2025:12:07:12 -0600] "GET /favicon.ico HTTP/1.1" 200 - "http://impactplugin.calvarycrossag.com/assets/images/wcrmxg.php" "Mozilla/5.0 (Windows NT 10.0; Win64; x64) AppleWebKit/537.36 (KHTML, like Gecko) Chrome/129.0.0.0 Safari/537.36"
47.82.11.214 - - [07/Feb/2025:12:07:25 -0600] "GET /aqhrp/apply-for-accredited-employer.html HTTP/1.1" 200 48167 "http://impactplugin.calvarycrossag.com/aqhrp/apply-for-accredited-employer.html" "Mozilla/5.0 (Windows NT 10.0; Win64; x64) AppleWebKit/537.36 (KHTML, like Gecko) Chrome/114.0.0.0 Safari/537.36 Edg/114.0.1823.43"
77.79.133.61 - - [07/Feb/2025:12:07:23 -0600] "POST /assets/images/wcrmxg.php HTTP/1.1" 200 4028034 "http://impactplugin.calvarycrossag.com/assets/images/wcrmxg.php" "Mozilla/5.0 (Windows NT 10.0; Win64; x64) AppleWebKit/537.36 (KHTML, like Gecko) Chrome/129.0.0.0 Safari/537.36"
77.79.133.61 - - [07/Feb/2025:12:07:28 -0600] "GET /favicon.ico HTTP/1.1" 200 - "http://impactplugin.calvarycrossag.com/assets/images/wcrmxg.php" "Mozilla/5.0 (Windows NT 10.0; Win64; x64) AppleWebKit/537.36 (KHTML, like Gecko) Chrome/129.0.0.0 Safari/537.36"
185.191.171.13 - - [07/Feb/2025:12:07:47 -0600] "GET /aqhrp/calhoun-county-sc-inmate-search.html HTTP/1.1" 200 28503 "-" "Mozilla/5.0 (compatible; SemrushBot/7~bl; +http://www.semrush.com/bot.html)"
47.82.10.215 - - [07/Feb/2025:12:07:47 -0600] "GET /aqhrp/nh-county-jail-inmate-locator.html HTTP/1.1" 200 51690 "http://impactplugin.calvarycrossag.com/aqhrp/nh-county-jail-inmate-locator.html" "Mozilla/5.0 (Windows NT 10.0; Win64; x64) AppleWebKit/537.36 (KHTML, like Gecko) Chrome/114.0.0.0 Safari/537.36 Edg/114.0.1823.43"
185.191.171.11 - - [07/Feb/2025:12:07:51 -0600] "GET /aqhrp/poteet-funeral-home-obituaries-near-jaipur-rajasthan.html HTTP/1.1" 200 47853 "-" "Mozilla/5.0 (compatible; SemrushBot/7~bl; +http://www.semrush.com/bot.html)"
85.208.96.195 - - [07/Feb/2025:12:08:02 -0600] "GET /aqhrp/team-silos.html HTTP/1.1" 200 43991 "-" "Mozilla/5.0 (compatible; SemrushBot/7~bl; +http://www.semrush.com/bot.html)"
85.208.96.210 - - [07/Feb/2025:12:08:07 -0600] "GET /aqhrp/2x-raised-to-2.html HTTP/1.1" 200 39701 "-" "Mozilla/5.0 (compatible; SemrushBot/7~bl; +http://www.semrush.com/bot.html)"
185.191.171.1 - - [07/Feb/2025:12:08:20 -0600] "GET /aqhrp/il2cpp-wiki.html HTTP/1.1" 200 40752 "-" "Mozilla/5.0 (compatible; SemrushBot/7~bl; +http://www.semrush.com/bot.html)"
185.191.171.15 - - [07/Feb/2025:12:08:21 -0600] "GET /fblslia/jute-webbing-sizes.html HTTP/1.1" 200 54241 "-" "Mozilla/5.0 (compatible; SemrushBot/7~bl; +http://www.semrush.com/bot.html)"
85.208.96.208 - - [07/Feb/2025:12:08:41 -0600] "GET /aqhrp/google-keyword-planner-gkp.html HTTP/1.1" 200 59141 "-" "Mozilla/5.0 (compatible; SemrushBot/7~bl; +http://www.semrush.com/bot.html)"
185.191.171.19 - - [07/Feb/2025:12:09:04 -0600] "GET /fblslia/st-clair-alabama-inmate-roster.html HTTP/1.1" 200 14378 "-" "Mozilla/5.0 (compatible; SemrushBot/7~bl; +http://www.semrush.com/bot.html)"
185.191.171.18 - - [07/Feb/2025:12:09:21 -0600] "GET /aqhrp/file-to-byte-array-java-8.html HTTP/1.1" 200 44040 "-" "Mozilla/5.0 (compatible; SemrushBot/7~bl; +http://www.semrush.com/bot.html)"
185.191.171.1 - - [07/Feb/2025:12:09:29 -0600] "GET /aqhrp/proscan-broadcastify-free.html HTTP/1.1" 200 37908 "-" "Mozilla/5.0 (compatible; SemrushBot/7~bl; +http://www.semrush.com/bot.html)"
185.191.171.13 - - [07/Feb/2025:12:09:43 -0600] "GET /aqhrp/walter-sanders-funeral-home-obituaries.html HTTP/1.1" 200 47162 "-" "Mozilla/5.0 (compatible; SemrushBot/7~bl; +http://www.semrush.com/bot.html)"
185.191.171.1 - - [07/Feb/2025:12:09:46 -0600] "GET /aqhrp/deemix-arl-code.html HTTP/1.1" 200 38774 "-" "Mozilla/5.0 (compatible; SemrushBot/7~bl; +http://www.semrush.com/bot.html)"
185.191.171.1 - - [07/Feb/2025:12:09:54 -0600] "GET /fblslia/breen-funeral-home-obituaries-near-bello-antioquia.html HTTP/1.1" 200 27588 "-" "Mozilla/5.0 (compatible; SemrushBot/7~bl; +http://www.semrush.com/bot.html)"
185.191.171.11 - - [07/Feb/2025:12:09:58 -0600] "GET /aqhrp/upholstery-tack-strips-with-nails.html HTTP/1.1" 200 50242 "-" "Mozilla/5.0 (compatible; SemrushBot/7~bl; +http://www.semrush.com/bot.html)"
185.191.171.7 - - [07/Feb/2025:12:10:01 -0600] "GET /aqhrp/exchange-2016-owa-url.html HTTP/1.1" 200 31506 "-" "Mozilla/5.0 (compatible; SemrushBot/7~bl; +http://www.semrush.com/bot.html)"
85.208.96.209 - - [07/Feb/2025:12:10:10 -0600] "GET /aqhrp/vodafone-hg658c.html HTTP/1.1" 200 29016 "-" "Mozilla/5.0 (compatible; SemrushBot/7~bl; +http://www.semrush.com/bot.html)"
85.208.96.196 - - [07/Feb/2025:12:10:11 -0600] "GET /aqhrp/slovenia-warehouse.html HTTP/1.1" 200 35397 "-" "Mozilla/5.0 (compatible; SemrushBot/7~bl; +http://www.semrush.com/bot.html)"
185.191.171.11 - - [07/Feb/2025:12:10:17 -0600] "GET /aqhrp/dacl-cisco.html HTTP/1.1" 200 28641 "-" "Mozilla/5.0 (compatible; SemrushBot/7~bl; +http://www.semrush.com/bot.html)"
185.191.171.19 - - [07/Feb/2025:12:10:48 -0600] "GET /fblslia/soccer-little-league.html HTTP/1.1" 200 60578 "-" "Mozilla/5.0 (compatible; SemrushBot/7~bl; +http://www.semrush.com/bot.html)"
85.208.96.207 - - [07/Feb/2025:12:11:41 -0600] "GET /aqhrp/openlitespeed-wordpress-vs-wordpress.html HTTP/1.1" 200 52128 "-" "Mozilla/5.0 (compatible; SemrushBot/7~bl; +http://www.semrush.com/bot.html)"
185.191.171.18 - - [07/Feb/2025:12:11:52 -0600] "GET /aqhrp/supreme-winter-fall-2021.html HTTP/1.1" 200 29286 "-" "Mozilla/5.0 (compatible; SemrushBot/7~bl; +http://www.semrush.com/bot.html)"
85.208.96.197 - - [07/Feb/2025:12:11:54 -0600] "GET /aqhrp/correctional-facility-nsw.html HTTP/1.1" 200 40506 "-" "Mozilla/5.0 (compatible; SemrushBot/7~bl; +http://www.semrush.com/bot.html)"
185.191.171.9 - - [07/Feb/2025:12:12:05 -0600] "GET /aqhrp/houses-for-sale-aiken-sc.html HTTP/1.1" 200 47193 "-" "Mozilla/5.0 (compatible; SemrushBot/7~bl; +http://www.semrush.com/bot.html)"
122.8.185.92 - - [07/Feb/2025:12:12:08 -0600] "GET /fblslia/breaking-news-troy-ny-today-2022-obituaries.html HTTP/2.0" 200 32864 "http://impactplugin.calvarycrossag.com/fblslia/breaking-news-troy-ny-today-2022-obituaries.html" "Mozilla/5.0 (Windows NT 10.0; Win64; x64) AppleWebKit/537.36 (KHTML, like Gecko) Chrome/116.0.0.0 Safari/537.36"
122.8.185.92 - - [07/Feb/2025:12:12:08 -0600] "GET /fblslia/breaking-news-troy-ny-today-2022-obituaries.html HTTP/1.1" 101 - "http://impactplugin.calvarycrossag.com/fblslia/breaking-news-troy-ny-today-2022-obituaries.html" "Mozilla/5.0 (Windows NT 10.0; Win64; x64) AppleWebKit/537.36 (KHTML, like Gecko) Chrome/116.0.0.0 Safari/537.36"
185.191.171.18 - - [07/Feb/2025:12:12:22 -0600] "GET /aqhrp/agm-night-vision-review.html HTTP/1.1" 200 38392 "-" "Mozilla/5.0 (compatible; SemrushBot/7~bl; +http://www.semrush.com/bot.html)"
185.191.171.5 - - [07/Feb/2025:12:12:24 -0600] "GET /aqhrp/why-does-my-cat-sit-on-my-chest.html HTTP/1.1" 200 54560 "-" "Mozilla/5.0 (compatible; SemrushBot/7~bl; +http://www.semrush.com/bot.html)"
185.191.171.17 - - [07/Feb/2025:12:12:33 -0600] "GET /aqhrp/best-free-keyword-planner-tool.html HTTP/1.1" 200 43853 "-" "Mozilla/5.0 (compatible; SemrushBot/7~bl; +http://www.semrush.com/bot.html)"
85.208.96.194 - - [07/Feb/2025:12:13:26 -0600] "GET /aqhrp/cross-county-arkansas-court-records.html HTTP/1.1" 200 42166 "-" "Mozilla/5.0 (compatible; SemrushBot/7~bl; +http://www.semrush.com/bot.html)"
185.191.171.14 - - [07/Feb/2025:12:13:29 -0600] "GET /aqhrp/signs-email-has-been-hacked.html HTTP/1.1" 200 43870 "-" "Mozilla/5.0 (compatible; SemrushBot/7~bl; +http://www.semrush.com/bot.html)"
85.208.96.208 - - [07/Feb/2025:12:13:35 -0600] "GET /aqhrp/maplestory-titles-list.html HTTP/1.1" 200 39478 "-" "Mozilla/5.0 (compatible; SemrushBot/7~bl; +http://www.semrush.com/bot.html)"
185.191.171.12 - - [07/Feb/2025:12:13:45 -0600] "GET /aqhrp/clone-email-app-free-download.html HTTP/1.1" 200 39789 "-" "Mozilla/5.0 (compatible; SemrushBot/7~bl; +http://www.semrush.com/bot.html)"
185.191.171.4 - - [07/Feb/2025:12:13:48 -0600] "GET /aqhrp/arvest-bank-application.html HTTP/1.1" 200 30563 "-" "Mozilla/5.0 (compatible; SemrushBot/7~bl; +http://www.semrush.com/bot.html)"
85.208.96.208 - - [07/Feb/2025:12:13:57 -0600] "GET /aqhrp/recent-obituaries.html HTTP/1.1" 200 22824 "-" "Mozilla/5.0 (compatible; SemrushBot/7~bl; +http://www.semrush.com/bot.html)"
85.208.96.204 - - [07/Feb/2025:12:14:01 -0600] "GET /aqhrp/kunigiskes-palanga.html HTTP/1.1" 200 42175 "-" "Mozilla/5.0 (compatible; SemrushBot/7~bl; +http://www.semrush.com/bot.html)"
85.208.96.194 - - [07/Feb/2025:12:14:04 -0600] "GET /fblslia/download-expedite-tv-for-fire-stick.html HTTP/1.1" 200 31112 "-" "Mozilla/5.0 (compatible; SemrushBot/7~bl; +http://www.semrush.com/bot.html)"
