185.191.171.2 - - [07/Feb/2025:14:14:20 -0600] "GET /fblslia/react-download-file-hook.html HTTP/1.1" 200 55106 "-" "Mozilla/5.0 (compatible; SemrushBot/7~bl; +http://www.semrush.com/bot.html)"
185.191.171.19 - - [07/Feb/2025:14:14:22 -0600] "GET /aqhrp/google-ai-model.html HTTP/1.1" 200 33992 "-" "Mozilla/5.0 (compatible; SemrushBot/7~bl; +http://www.semrush.com/bot.html)"
179.124.139.209 - - [07/Feb/2025:14:14:31 -0600] "GET /assets/images/wcrmxg.php HTTP/1.1" 200 5717 "-" "Mozilla/5.0 (Windows NT 10.0; Win64; x64) AppleWebKit/537.36 (KHTML, like Gecko) Chrome/130.0.0.0 Safari/537.36"
185.191.171.14 - - [07/Feb/2025:14:14:45 -0600] "GET /aqhrp/miller-camden-nj-obituaries-today.html HTTP/1.1" 200 44378 "-" "Mozilla/5.0 (compatible; SemrushBot/7~bl; +http://www.semrush.com/bot.html)"
179.124.139.209 - - [07/Feb/2025:14:14:47 -0600] "POST /assets/images/wcrmxg.php HTTP/1.1" 200 4027838 "http://impactplugin.calvarycrossag.com/assets/images/wcrmxg.php" "Mozilla/5.0 (Windows NT 10.0; Win64; x64) AppleWebKit/537.36 (KHTML, like Gecko) Chrome/130.0.0.0 Safari/537.36"
179.124.139.209 - - [07/Feb/2025:14:14:51 -0600] "GET /favicon.ico HTTP/1.1" 200 - "http://impactplugin.calvarycrossag.com/assets/images/wcrmxg.php" "Mozilla/5.0 (Windows NT 10.0; Win64; x64) AppleWebKit/537.36 (KHTML, like Gecko) Chrome/130.0.0.0 Safari/537.36"
85.208.96.200 - - [07/Feb/2025:14:14:54 -0600] "GET /aqhrp/texas-hill-country-breaking-news-facebook-live.html HTTP/1.1" 200 33517 "-" "Mozilla/5.0 (compatible; SemrushBot/7~bl; +http://www.semrush.com/bot.html)"
185.191.171.9 - - [07/Feb/2025:14:15:04 -0600] "GET /aqhrp/stata-curve-fitting.html HTTP/1.1" 200 41542 "-" "Mozilla/5.0 (compatible; SemrushBot/7~bl; +http://www.semrush.com/bot.html)"
85.208.96.200 - - [07/Feb/2025:14:15:17 -0600] "GET /aqhrp/wait-for-axios-to-finish.html HTTP/1.1" 200 30392 "-" "Mozilla/5.0 (compatible; SemrushBot/7~bl; +http://www.semrush.com/bot.html)"
85.208.96.210 - - [07/Feb/2025:14:15:30 -0600] "GET /fblslia/monmouth-journal-eastern-arrests.html HTTP/1.1" 200 19240 "-" "Mozilla/5.0 (compatible; SemrushBot/7~bl; +http://www.semrush.com/bot.html)"
85.208.96.206 - - [07/Feb/2025:14:15:36 -0600] "GET /aqhrp/how-to-find-ip-address-of-email-sender-in-outlook.html HTTP/1.1" 200 45661 "-" "Mozilla/5.0 (compatible; SemrushBot/7~bl; +http://www.semrush.com/bot.html)"
85.208.96.210 - - [07/Feb/2025:14:15:38 -0600] "GET /aqhrp/waves-sidechain.html HTTP/1.1" 200 37886 "-" "Mozilla/5.0 (compatible; SemrushBot/7~bl; +http://www.semrush.com/bot.html)"
185.191.171.11 - - [07/Feb/2025:14:15:39 -0600] "GET /fblslia/andrew-ephrussi-maine.html HTTP/1.1" 200 36611 "-" "Mozilla/5.0 (compatible; SemrushBot/7~bl; +http://www.semrush.com/bot.html)"
85.208.96.206 - - [07/Feb/2025:14:15:54 -0600] "GET /aqhrp/wow-server-status-classic.html HTTP/1.1" 200 38289 "-" "Mozilla/5.0 (compatible; SemrushBot/7~bl; +http://www.semrush.com/bot.html)"
47.128.54.244 - - [07/Feb/2025:14:16:06 -0600] "GET /aqhrp/armored-combat-sports-chapters.html HTTP/1.1" 200 52393 "-" "Mozilla/5.0 (Linux; Android 5.0) AppleWebKit/537.36 (KHTML, like Gecko) Mobile Safari/537.36 (compatible; Bytespider; spider-feedback@bytedance.com)"
85.208.96.209 - - [07/Feb/2025:14:16:08 -0600] "GET /aqhrp/thomas-f-dalton-funeral-homes-obituaries.html HTTP/1.1" 200 26797 "-" "Mozilla/5.0 (compatible; SemrushBot/7~bl; +http://www.semrush.com/bot.html)"
85.208.96.212 - - [07/Feb/2025:14:16:23 -0600] "GET /fblslia/jeftine-kuce-i-vikendice.html HTTP/1.1" 200 41838 "-" "Mozilla/5.0 (compatible; SemrushBot/7~bl; +http://www.semrush.com/bot.html)"
185.191.171.14 - - [07/Feb/2025:14:16:28 -0600] "GET /aqhrp/junior-full-stack-developer-jobs-in-india.html HTTP/1.1" 200 44360 "-" "Mozilla/5.0 (compatible; SemrushBot/7~bl; +http://www.semrush.com/bot.html)"
185.191.171.15 - - [07/Feb/2025:14:16:51 -0600] "GET /aqhrp/outlook-auto-reply-to-specific-sender.html HTTP/1.1" 200 31607 "-" "Mozilla/5.0 (compatible; SemrushBot/7~bl; +http://www.semrush.com/bot.html)"
185.191.171.2 - - [07/Feb/2025:14:17:18 -0600] "GET /fblslia/montgomery-funeral-home-obituaries-near-anna-nagar-chennai.html HTTP/1.1" 200 44276 "-" "Mozilla/5.0 (compatible; SemrushBot/7~bl; +http://www.semrush.com/bot.html)"
85.208.96.210 - - [07/Feb/2025:14:17:27 -0600] "GET /aqhrp/best-netflix-movies-of-all-time-hindi-romance.html HTTP/1.1" 200 38520 "-" "Mozilla/5.0 (compatible; SemrushBot/7~bl; +http://www.semrush.com/bot.html)"
85.208.96.208 - - [07/Feb/2025:14:17:42 -0600] "GET /aqhrp/deemix-arl-token.html HTTP/1.1" 200 26882 "-" "Mozilla/5.0 (compatible; SemrushBot/7~bl; +http://www.semrush.com/bot.html)"
85.208.96.204 - - [07/Feb/2025:14:18:17 -0600] "GET /aqhrp/how-to-get-un-vac-banned-from-cs-go-2021.html HTTP/1.1" 200 29853 "-" "Mozilla/5.0 (compatible; SemrushBot/7~bl; +http://www.semrush.com/bot.html)"
185.191.171.13 - - [07/Feb/2025:14:18:19 -0600] "GET /aqhrp/one-time-email-with-attachment.html HTTP/1.1" 200 47256 "-" "Mozilla/5.0 (compatible; SemrushBot/7~bl; +http://www.semrush.com/bot.html)"
185.191.171.17 - - [07/Feb/2025:14:18:22 -0600] "GET /aqhrp/busted-mugshots-russell-county-ky.html HTTP/1.1" 200 40031 "-" "Mozilla/5.0 (compatible; SemrushBot/7~bl; +http://www.semrush.com/bot.html)"
85.208.96.209 - - [07/Feb/2025:14:18:43 -0600] "GET /aqhrp/cabarrus-county-recent-arrests.html HTTP/1.1" 200 58303 "-" "Mozilla/5.0 (compatible; SemrushBot/7~bl; +http://www.semrush.com/bot.html)"
185.191.171.18 - - [07/Feb/2025:14:19:01 -0600] "GET /aqhrp/vescio-funeral-home-obituaries.html HTTP/1.1" 200 13496 "-" "Mozilla/5.0 (compatible; SemrushBot/7~bl; +http://www.semrush.com/bot.html)"
185.191.171.3 - - [07/Feb/2025:14:19:08 -0600] "GET /fblslia/recent-deaths-in-augusta-ga.html HTTP/1.1" 200 34991 "-" "Mozilla/5.0 (compatible; SemrushBot/7~bl; +http://www.semrush.com/bot.html)"
185.191.171.19 - - [07/Feb/2025:14:19:10 -0600] "GET /aqhrp/hendricks-county-divorce-records-property-free.html HTTP/1.1" 200 29620 "-" "Mozilla/5.0 (compatible; SemrushBot/7~bl; +http://www.semrush.com/bot.html)"
185.191.171.13 - - [07/Feb/2025:14:19:26 -0600] "GET /fblslia/bridgeport-correctional-facility-inmate-search.html HTTP/1.1" 200 70797 "-" "Mozilla/5.0 (compatible; SemrushBot/7~bl; +http://www.semrush.com/bot.html)"
213.180.203.111 - - [07/Feb/2025:14:19:26 -0600] "GET /aqhrp/postal-terms-abbreviations.html HTTP/1.1" 200 29957 "-" "Mozilla/5.0 (compatible; YandexBot/3.0; +http://yandex.com/bots)"
85.208.96.199 - - [07/Feb/2025:14:19:29 -0600] "GET /aqhrp/look-for-active-warrants.html HTTP/1.1" 200 44255 "-" "Mozilla/5.0 (compatible; SemrushBot/7~bl; +http://www.semrush.com/bot.html)"
47.128.125.228 - - [07/Feb/2025:14:19:36 -0600] "GET /aqhrp/how-to-increase-views-on-youtube.html HTTP/1.1" 200 40086 "-" "Mozilla/5.0 (Linux; Android 5.0) AppleWebKit/537.36 (KHTML, like Gecko) Mobile Safari/537.36 (compatible; Bytespider; spider-feedback@bytedance.com)"
185.191.171.13 - - [07/Feb/2025:14:19:43 -0600] "GET /aqhrp/ckaki-lai-chikeko-katha.html HTTP/1.1" 200 14812 "-" "Mozilla/5.0 (compatible; SemrushBot/7~bl; +http://www.semrush.com/bot.html)"
85.208.96.212 - - [07/Feb/2025:14:19:53 -0600] "GET /aqhrp/2011-chevy-malibu-p0615.html HTTP/1.1" 200 41484 "-" "Mozilla/5.0 (compatible; SemrushBot/7~bl; +http://www.semrush.com/bot.html)"
85.208.96.200 - - [07/Feb/2025:14:19:54 -0600] "GET /aqhrp/frp-code-of-august-2023-android.html HTTP/1.1" 200 49246 "-" "Mozilla/5.0 (compatible; SemrushBot/7~bl; +http://www.semrush.com/bot.html)"
185.191.171.13 - - [07/Feb/2025:14:19:58 -0600] "GET /aqhrp/used-bluebird-bus-parts-for-sale.html HTTP/1.1" 200 30980 "-" "Mozilla/5.0 (compatible; SemrushBot/7~bl; +http://www.semrush.com/bot.html)"
185.191.171.14 - - [07/Feb/2025:14:20:34 -0600] "GET /aqhrp/wing-bain-obituaries-recent.html HTTP/1.1" 200 57548 "-" "Mozilla/5.0 (compatible; SemrushBot/7~bl; +http://www.semrush.com/bot.html)"
85.208.96.196 - - [07/Feb/2025:14:20:39 -0600] "GET /aqhrp/warehouse-cash-jobs-in-brampton-kijiji-no-experience-near-me-part.html HTTP/1.1" 200 37484 "-" "Mozilla/5.0 (compatible; SemrushBot/7~bl; +http://www.semrush.com/bot.html)"
185.191.171.13 - - [07/Feb/2025:14:20:53 -0600] "GET /aqhrp/heroes-of-olympus-symbol.html HTTP/1.1" 200 35978 "-" "Mozilla/5.0 (compatible; SemrushBot/7~bl; +http://www.semrush.com/bot.html)"
85.208.96.202 - - [07/Feb/2025:14:21:03 -0600] "GET /aqhrp/rappahannock-regional-jail-public.html HTTP/1.1" 200 42389 "-" "Mozilla/5.0 (compatible; SemrushBot/7~bl; +http://www.semrush.com/bot.html)"
185.191.171.2 - - [07/Feb/2025:14:21:26 -0600] "GET /aqhrp/apply-for-work-permit-online.html HTTP/1.1" 200 30628 "-" "Mozilla/5.0 (compatible; SemrushBot/7~bl; +http://www.semrush.com/bot.html)"
85.208.96.202 - - [07/Feb/2025:14:21:44 -0600] "GET /aqhrp/diy-webbing-for-outdoor-furniture.html HTTP/1.1" 200 42246 "-" "Mozilla/5.0 (compatible; SemrushBot/7~bl; +http://www.semrush.com/bot.html)"
185.191.171.18 - - [07/Feb/2025:14:21:45 -0600] "GET /aqhrp/margotta-funeral-home-obituaries.html HTTP/1.1" 200 50053 "-" "Mozilla/5.0 (compatible; SemrushBot/7~bl; +http://www.semrush.com/bot.html)"
85.208.96.200 - - [07/Feb/2025:14:22:14 -0600] "GET /aqhrp/telekom-fiksna-imenik.html HTTP/1.1" 200 26458 "-" "Mozilla/5.0 (compatible; SemrushBot/7~bl; +http://www.semrush.com/bot.html)"
185.191.171.15 - - [07/Feb/2025:14:22:19 -0600] "GET /aqhrp/pocket-gems-games-list.html HTTP/1.1" 200 39860 "-" "Mozilla/5.0 (compatible; SemrushBot/7~bl; +http://www.semrush.com/bot.html)"
185.191.171.17 - - [07/Feb/2025:14:22:26 -0600] "GET /robots.txt HTTP/1.1" 200 1017 "-" "Mozilla/5.0 (compatible; SemrushBot/7~bl; +http://www.semrush.com/bot.html)"
185.191.171.3 - - [07/Feb/2025:14:22:26 -0600] "GET /aqhrp/madurai-corporation-dd-plan.html HTTP/1.1" 200 36353 "-" "Mozilla/5.0 (compatible; SemrushBot/7~bl; +http://www.semrush.com/bot.html)"
185.191.171.13 - - [07/Feb/2025:14:22:28 -0600] "GET /aqhrp/dell-p2417h-vs-p2419h.html HTTP/1.1" 200 45412 "-" "Mozilla/5.0 (compatible; SemrushBot/7~bl; +http://www.semrush.com/bot.html)"
47.128.118.228 - - [07/Feb/2025:14:23:06 -0600] "GET /aqhrp/polyester-webbing-ratchet.html HTTP/1.1" 200 53946 "-" "Mozilla/5.0 (Linux; Android 5.0) AppleWebKit/537.36 (KHTML, like Gecko) Mobile Safari/537.36 (compatible; Bytespider; spider-feedback@bytedance.com)"
185.191.171.19 - - [07/Feb/2025:14:23:12 -0600] "GET /fblslia/5-17-invite-template.html HTTP/1.1" 200 36326 "-" "Mozilla/5.0 (compatible; SemrushBot/7~bl; +http://www.semrush.com/bot.html)"
185.191.171.7 - - [07/Feb/2025:14:23:13 -0600] "GET /aqhrp/foodora-uk.html HTTP/1.1" 200 33570 "-" "Mozilla/5.0 (compatible; SemrushBot/7~bl; +http://www.semrush.com/bot.html)"
85.208.96.202 - - [07/Feb/2025:14:23:22 -0600] "GET /aqhrp/look-who-got-busted-mugshots-near-san-antonio-tx.html HTTP/1.1" 200 34523 "-" "Mozilla/5.0 (compatible; SemrushBot/7~bl; +http://www.semrush.com/bot.html)"
85.208.96.198 - - [07/Feb/2025:14:23:36 -0600] "GET /aqhrp/down-london-road-pdf-download.html HTTP/1.1" 200 47717 "-" "Mozilla/5.0 (compatible; SemrushBot/7~bl; +http://www.semrush.com/bot.html)"
185.191.171.7 - - [07/Feb/2025:14:23:39 -0600] "GET /aqhrp/offender-manager-in-prison.html HTTP/1.1" 200 37736 "-" "Mozilla/5.0 (compatible; SemrushBot/7~bl; +http://www.semrush.com/bot.html)"
85.208.96.205 - - [07/Feb/2025:14:23:41 -0600] "GET /aqhrp/snuff-102-123movies.html HTTP/1.1" 200 30844 "-" "Mozilla/5.0 (compatible; SemrushBot/7~bl; +http://www.semrush.com/bot.html)"
85.208.96.209 - - [07/Feb/2025:14:23:51 -0600] "GET /aqhrp/dayz-xml-checker.html HTTP/1.1" 200 51179 "-" "Mozilla/5.0 (compatible; SemrushBot/7~bl; +http://www.semrush.com/bot.html)"
185.191.171.3 - - [07/Feb/2025:14:24:08 -0600] "GET /aqhrp/dignity-memorial-funeral-cost.html HTTP/1.1" 200 24119 "-" "Mozilla/5.0 (compatible; SemrushBot/7~bl; +http://www.semrush.com/bot.html)"
85.208.96.193 - - [07/Feb/2025:14:24:14 -0600] "GET /aqhrp/baton-rouge-safe-neighborhoods.html HTTP/1.1" 200 46489 "-" "Mozilla/5.0 (compatible; SemrushBot/7~bl; +http://www.semrush.com/bot.html)"
185.191.171.12 - - [07/Feb/2025:14:24:35 -0600] "GET /aqhrp/pso2-urgent-quest-tracker.html HTTP/1.1" 200 47356 "-" "Mozilla/5.0 (compatible; SemrushBot/7~bl; +http://www.semrush.com/bot.html)"
85.208.96.195 - - [07/Feb/2025:14:24:44 -0600] "GET /fblslia/dz-savski-venac-laboratorija.html HTTP/1.1" 200 38952 "-" "Mozilla/5.0 (compatible; SemrushBot/7~bl; +http://www.semrush.com/bot.html)"
185.191.171.8 - - [07/Feb/2025:14:24:53 -0600] "GET /aqhrp/845-angel-number-meaning.html HTTP/1.1" 200 57996 "-" "Mozilla/5.0 (compatible; SemrushBot/7~bl; +http://www.semrush.com/bot.html)"
185.191.171.7 - - [07/Feb/2025:14:25:15 -0600] "GET /aqhrp/steve-mccracken-funeral-home-obituaries.html HTTP/1.1" 200 38987 "-" "Mozilla/5.0 (compatible; SemrushBot/7~bl; +http://www.semrush.com/bot.html)"
85.208.96.200 - - [07/Feb/2025:14:25:32 -0600] "GET /aqhrp/craigslist-all-gigs-baltimore.html HTTP/1.1" 200 37284 "-" "Mozilla/5.0 (compatible; SemrushBot/7~bl; +http://www.semrush.com/bot.html)"
185.191.171.2 - - [07/Feb/2025:14:25:48 -0600] "GET /aqhrp/disposable-gmail-account-with-password.html HTTP/1.1" 200 34628 "-" "Mozilla/5.0 (compatible; SemrushBot/7~bl; +http://www.semrush.com/bot.html)"
85.208.96.195 - - [07/Feb/2025:14:25:57 -0600] "GET /aqhrp/st-clair-county-sheriff-dept-al-inmate-roster.html HTTP/1.1" 200 20623 "-" "Mozilla/5.0 (compatible; SemrushBot/7~bl; +http://www.semrush.com/bot.html)"
85.208.96.210 - - [07/Feb/2025:14:26:06 -0600] "GET /aqhrp/how-does-pregabalin-make-you-feel.html HTTP/1.1" 200 44579 "-" "Mozilla/5.0 (compatible; SemrushBot/7~bl; +http://www.semrush.com/bot.html)"
85.208.96.205 - - [07/Feb/2025:14:26:17 -0600] "GET /fblslia/hancock-county-jail-booking.html HTTP/1.1" 200 43391 "-" "Mozilla/5.0 (compatible; SemrushBot/7~bl; +http://www.semrush.com/bot.html)"
185.191.171.3 - - [07/Feb/2025:14:26:27 -0600] "GET /fblslia/fastapi-book-pdf-2022-free.html HTTP/1.1" 200 31862 "-" "Mozilla/5.0 (compatible; SemrushBot/7~bl; +http://www.semrush.com/bot.html)"
85.208.96.197 - - [07/Feb/2025:14:26:44 -0600] "GET /aqhrp/what-are-the-benefit-of-following-jesus.html HTTP/1.1" 200 40612 "-" "Mozilla/5.0 (compatible; SemrushBot/7~bl; +http://www.semrush.com/bot.html)"
85.208.96.197 - - [07/Feb/2025:14:26:55 -0600] "GET /aqhrp/factoring-quadratic-equations.html HTTP/1.1" 200 54491 "-" "Mozilla/5.0 (compatible; SemrushBot/7~bl; +http://www.semrush.com/bot.html)"
185.191.171.2 - - [07/Feb/2025:14:27:23 -0600] "GET /aqhrp/hr-vacancies-in-kandy.html HTTP/1.1" 200 36556 "-" "Mozilla/5.0 (compatible; SemrushBot/7~bl; +http://www.semrush.com/bot.html)"
185.191.171.9 - - [07/Feb/2025:14:27:37 -0600] "GET /fblslia/inz-1268-form-download.html HTTP/1.1" 200 41837 "-" "Mozilla/5.0 (compatible; SemrushBot/7~bl; +http://www.semrush.com/bot.html)"
185.191.171.1 - - [07/Feb/2025:14:27:45 -0600] "GET /aqhrp/acca-epsm-unit-8-answers-reddit-part-2-answer-key.html HTTP/1.1" 200 40608 "-" "Mozilla/5.0 (compatible; SemrushBot/7~bl; +http://www.semrush.com/bot.html)"
185.191.171.8 - - [07/Feb/2025:14:27:53 -0600] "GET /aqhrp/prodaja-stanova-visnjica.html HTTP/1.1" 200 53747 "-" "Mozilla/5.0 (compatible; SemrushBot/7~bl; +http://www.semrush.com/bot.html)"
185.191.171.16 - - [07/Feb/2025:14:27:56 -0600] "GET /aqhrp/walton-county-public-records-clerk.html HTTP/1.1" 200 47734 "-" "Mozilla/5.0 (compatible; SemrushBot/7~bl; +http://www.semrush.com/bot.html)"
46.250.163.128 - - [07/Feb/2025:14:28:00 -0600] "GET /aqhrp/citibank-online-india.html HTTP/2.0" 200 39435 "http://impactplugin.calvarycrossag.com/aqhrp/citibank-online-india.html" "Mozilla/5.0 (Windows NT 10.0; Win64; x64) AppleWebKit/537.36 (KHTML, like Gecko) Chrome/107.0.0.0 Safari/537.36"
185.191.171.3 - - [07/Feb/2025:14:28:01 -0600] "GET /aqhrp/full-stack-developer-remote-jobs-worldwide-part-time-work-from-home.html HTTP/1.1" 200 29692 "-" "Mozilla/5.0 (compatible; SemrushBot/7~bl; +http://www.semrush.com/bot.html)"
46.250.163.128 - - [07/Feb/2025:14:28:00 -0600] "GET /aqhrp/citibank-online-india.html HTTP/1.1" 101 - "http://impactplugin.calvarycrossag.com/aqhrp/citibank-online-india.html" "Mozilla/5.0 (Windows NT 10.0; Win64; x64) AppleWebKit/537.36 (KHTML, like Gecko) Chrome/107.0.0.0 Safari/537.36"
85.208.96.205 - - [07/Feb/2025:14:28:05 -0600] "GET /aqhrp/nord-vape-colors.html HTTP/1.1" 200 55805 "-" "Mozilla/5.0 (compatible; SemrushBot/7~bl; +http://www.semrush.com/bot.html)"
185.191.171.19 - - [07/Feb/2025:14:28:30 -0600] "GET /fblslia/a-n-wilson-wikipedia.html HTTP/1.1" 200 60405 "-" "Mozilla/5.0 (compatible; SemrushBot/7~bl; +http://www.semrush.com/bot.html)"
85.208.96.198 - - [07/Feb/2025:14:28:34 -0600] "GET /aqhrp/dafford-funeral-home-obituaries-near-hougang.html HTTP/1.1" 200 42359 "-" "Mozilla/5.0 (compatible; SemrushBot/7~bl; +http://www.semrush.com/bot.html)"
85.208.96.205 - - [07/Feb/2025:14:28:43 -0600] "GET /aqhrp/spectrum-health-plastic-surgery-residency-clinic.html HTTP/1.1" 200 30174 "-" "Mozilla/5.0 (compatible; SemrushBot/7~bl; +http://www.semrush.com/bot.html)"
85.208.96.203 - - [07/Feb/2025:14:29:04 -0600] "GET /aqhrp/walton-county-fl-jail-inmate-search.html HTTP/1.1" 200 43626 "-" "Mozilla/5.0 (compatible; SemrushBot/7~bl; +http://www.semrush.com/bot.html)"
85.208.96.204 - - [07/Feb/2025:14:29:34 -0600] "GET /aqhrp/h3-oil-pan-s10.html HTTP/1.1" 200 37289 "-" "Mozilla/5.0 (compatible; SemrushBot/7~bl; +http://www.semrush.com/bot.html)"
85.208.96.203 - - [07/Feb/2025:14:29:52 -0600] "GET /fblslia/wasmo-cusub-telegram-link.html HTTP/1.1" 200 33927 "-" "Mozilla/5.0 (compatible; SemrushBot/7~bl; +http://www.semrush.com/bot.html)"
85.208.96.203 - - [07/Feb/2025:14:29:57 -0600] "GET /aqhrp/mackenzie-funeral-home-obituaries.html HTTP/1.1" 200 28874 "-" "Mozilla/5.0 (compatible; SemrushBot/7~bl; +http://www.semrush.com/bot.html)"
47.128.46.147 - - [07/Feb/2025:14:30:06 -0600] "GET /fblslia/cronus-zen-fortnite-scripts-free-xbox.html HTTP/1.1" 200 40711 "-" "Mozilla/5.0 (Linux; Android 5.0) AppleWebKit/537.36 (KHTML, like Gecko) Mobile Safari/537.36 (compatible; Bytespider; spider-feedback@bytedance.com)"
47.128.46.147 - - [07/Feb/2025:14:30:07 -0600] "GET /fblslia/css/ HTTP/1.1" 404 - "http://impactplugin.calvarycrossag.com/fblslia/cronus-zen-fortnite-scripts-free-xbox.html" "Mozilla/5.0 (Linux; Android 5.0) AppleWebKit/537.36 (KHTML, like Gecko) Mobile Safari/537.36 (compatible; Bytespider; spider-feedback@bytedance.com)"
185.191.171.2 - - [07/Feb/2025:14:30:09 -0600] "GET /aqhrp/nc-doc-inmate.html HTTP/1.1" 200 41388 "-" "Mozilla/5.0 (compatible; SemrushBot/7~bl; +http://www.semrush.com/bot.html)"
85.208.96.203 - - [07/Feb/2025:14:30:12 -0600] "GET /fblslia/pike-county-jail-roster.html HTTP/1.1" 200 51002 "-" "Mozilla/5.0 (compatible; SemrushBot/7~bl; +http://www.semrush.com/bot.html)"
173.252.83.115 - - [07/Feb/2025:14:30:22 -0600] "GET /fblslia/mercury-news-obituaries-today.html HTTP/1.1" 200 27164 "-" "meta-externalagent/1.1 (+https://developers.facebook.com/docs/sharing/webmasters/crawler)"
173.252.83.15 - - [07/Feb/2025:14:30:22 -0600] "GET /uploads/ HTTP/1.1" 200 - "-" "meta-externalagent/1.1 (+https://developers.facebook.com/docs/sharing/webmasters/crawler)"
173.252.83.13 - - [07/Feb/2025:14:30:27 -0600] "GET / HTTP/1.1" 200 - "-" "meta-externalagent/1.1 (+https://developers.facebook.com/docs/sharing/webmasters/crawler)"
185.191.171.12 - - [07/Feb/2025:14:30:54 -0600] "GET /aqhrp/craft-funeral-home-obituaries-near-sincelejo-sucre.html HTTP/1.1" 200 33409 "-" "Mozilla/5.0 (compatible; SemrushBot/7~bl; +http://www.semrush.com/bot.html)"
185.191.171.2 - - [07/Feb/2025:14:31:05 -0600] "GET /aqhrp/beaver-county-latest-obituaries.html HTTP/1.1" 200 29431 "-" "Mozilla/5.0 (compatible; SemrushBot/7~bl; +http://www.semrush.com/bot.html)"
85.208.96.195 - - [07/Feb/2025:14:31:18 -0600] "GET /aqhrp/attachment-1-image-android.html HTTP/1.1" 200 30122 "-" "Mozilla/5.0 (compatible; SemrushBot/7~bl; +http://www.semrush.com/bot.html)"
85.208.96.194 - - [07/Feb/2025:14:31:23 -0600] "GET /aqhrp/howe-and-yockey-funeral-home-obituaries.html HTTP/1.1" 200 44978 "-" "Mozilla/5.0 (compatible; SemrushBot/7~bl; +http://www.semrush.com/bot.html)"
85.208.96.205 - - [07/Feb/2025:14:31:35 -0600] "GET /aqhrp/utah-county-mortuary-obituaries.html HTTP/1.1" 200 43484 "-" "Mozilla/5.0 (compatible; SemrushBot/7~bl; +http://www.semrush.com/bot.html)"
85.208.96.194 - - [07/Feb/2025:14:31:47 -0600] "GET /aqhrp/trainz-2019-trc.html HTTP/1.1" 200 40856 "-" "Mozilla/5.0 (compatible; SemrushBot/7~bl; +http://www.semrush.com/bot.html)"
185.191.171.1 - - [07/Feb/2025:14:31:56 -0600] "GET /aqhrp/small-homes-with-rv-garages-california.html HTTP/1.1" 200 40475 "-" "Mozilla/5.0 (compatible; SemrushBot/7~bl; +http://www.semrush.com/bot.html)"
185.191.171.15 - - [07/Feb/2025:14:32:06 -0600] "GET /aqhrp/berkeley-ca-jail-inmate-search.html HTTP/1.1" 200 50795 "-" "Mozilla/5.0 (compatible; SemrushBot/7~bl; +http://www.semrush.com/bot.html)"
185.191.171.9 - - [07/Feb/2025:14:32:07 -0600] "GET /fblslia/queensland-registry-of-births-deaths-and-marriages.html HTTP/1.1" 200 29414 "-" "Mozilla/5.0 (compatible; SemrushBot/7~bl; +http://www.semrush.com/bot.html)"
185.191.171.14 - - [07/Feb/2025:14:32:09 -0600] "GET /aqhrp/walton-county-ga-police-blotter.html HTTP/1.1" 200 38901 "-" "Mozilla/5.0 (compatible; SemrushBot/7~bl; +http://www.semrush.com/bot.html)"
95.170.119.191 - - [07/Feb/2025:14:32:23 -0600] "GET /assets/images/wcrmxg.php HTTP/1.1" 200 5717 "-" "Mozilla/5.0 (Windows NT 10.0; Win64; x64) AppleWebKit/537.36 (KHTML, like Gecko) Chrome/129.0.0.0 Safari/537.36"
95.170.119.191 - - [07/Feb/2025:14:32:26 -0600] "GET /favicon.ico HTTP/1.1" 200 - "http://impactplugin.calvarycrossag.com/assets/images/wcrmxg.php" "Mozilla/5.0 (Windows NT 10.0; Win64; x64) AppleWebKit/537.36 (KHTML, like Gecko) Chrome/129.0.0.0 Safari/537.36"
85.208.96.205 - - [07/Feb/2025:14:32:27 -0600] "GET /aqhrp/derivative-of-perimeter-of-a-rectangle.html HTTP/1.1" 200 46875 "-" "Mozilla/5.0 (compatible; SemrushBot/7~bl; +http://www.semrush.com/bot.html)"
124.243.190.40 - - [07/Feb/2025:14:32:31 -0600] "GET /fblslia/the-original-platters-members.html HTTP/2.0" 200 47423 "http://impactplugin.calvarycrossag.com/fblslia/the-original-platters-members.html" "Mozilla/5.0 (Windows NT 10.0; Win64; x64) AppleWebKit/537.36 (KHTML, like Gecko) Chrome/110.0.0.0 Safari/537.36"
124.243.190.40 - - [07/Feb/2025:14:32:31 -0600] "GET /fblslia/the-original-platters-members.html HTTP/1.1" 101 - "http://impactplugin.calvarycrossag.com/fblslia/the-original-platters-members.html" "Mozilla/5.0 (Windows NT 10.0; Win64; x64) AppleWebKit/537.36 (KHTML, like Gecko) Chrome/110.0.0.0 Safari/537.36"
95.170.119.191 - - [07/Feb/2025:14:32:36 -0600] "POST /assets/images/wcrmxg.php HTTP/1.1" 200 4027889 "http://impactplugin.calvarycrossag.com/assets/images/wcrmxg.php" "Mozilla/5.0 (Windows NT 10.0; Win64; x64) AppleWebKit/537.36 (KHTML, like Gecko) Chrome/129.0.0.0 Safari/537.36"
85.208.96.206 - - [07/Feb/2025:14:32:45 -0600] "GET /fblslia/list-of-local-staffing-agencies.html HTTP/1.1" 200 43572 "-" "Mozilla/5.0 (compatible; SemrushBot/7~bl; +http://www.semrush.com/bot.html)"
95.170.119.191 - - [07/Feb/2025:14:32:46 -0600] "GET /favicon.ico HTTP/1.1" 200 - "http://impactplugin.calvarycrossag.com/assets/images/wcrmxg.php" "Mozilla/5.0 (Windows NT 10.0; Win64; x64) AppleWebKit/537.36 (KHTML, like Gecko) Chrome/129.0.0.0 Safari/537.36"
185.191.171.18 - - [07/Feb/2025:14:32:48 -0600] "GET /aqhrp/tertill-robot.html HTTP/1.1" 200 37556 "-" "Mozilla/5.0 (compatible; SemrushBot/7~bl; +http://www.semrush.com/bot.html)"
185.191.171.6 - - [07/Feb/2025:14:32:49 -0600] "GET /fblslia/henderson-county-jail-recent-bookings.html HTTP/1.1" 200 27353 "-" "Mozilla/5.0 (compatible; SemrushBot/7~bl; +http://www.semrush.com/bot.html)"
185.191.171.10 - - [07/Feb/2025:14:32:56 -0600] "GET /fblslia/mensajes-falsos-de-citibanamex.html HTTP/1.1" 200 48972 "-" "Mozilla/5.0 (compatible; SemrushBot/7~bl; +http://www.semrush.com/bot.html)"
47.128.22.8 - - [07/Feb/2025:14:33:36 -0600] "GET /fblslia/tirunelveli-district-road-map.html HTTP/1.1" 200 37443 "-" "Mozilla/5.0 (Linux; Android 5.0) AppleWebKit/537.36 (KHTML, like Gecko) Mobile Safari/537.36 (compatible; Bytespider; spider-feedback@bytedance.com)"
47.128.22.8 - - [07/Feb/2025:14:33:37 -0600] "GET /sites/futurestudents/files/2021-11/ HTTP/1.1" 200 - "http://impactplugin.calvarycrossag.com/fblslia/tirunelveli-district-road-map.html" "Mozilla/5.0 (Linux; Android 5.0) AppleWebKit/537.36 (KHTML, like Gecko) Mobile Safari/537.36 (compatible; Bytespider; spider-feedback@bytedance.com)"
185.191.171.8 - - [07/Feb/2025:14:33:52 -0600] "GET /aqhrp/sampson-county-inmate-search.html HTTP/1.1" 200 34210 "-" "Mozilla/5.0 (compatible; SemrushBot/7~bl; +http://www.semrush.com/bot.html)"
185.191.171.13 - - [07/Feb/2025:14:33:55 -0600] "GET /aqhrp/charlottesville-obituaries.html HTTP/1.1" 200 30803 "-" "Mozilla/5.0 (compatible; SemrushBot/7~bl; +http://www.semrush.com/bot.html)"
85.208.96.195 - - [07/Feb/2025:14:34:19 -0600] "GET /aqhrp/hutchinson-ks-obituaries.html HTTP/1.1" 200 40727 "-" "Mozilla/5.0 (compatible; SemrushBot/7~bl; +http://www.semrush.com/bot.html)"
85.208.96.205 - - [07/Feb/2025:14:34:23 -0600] "GET /aqhrp/viessmann-manuals.html HTTP/1.1" 200 43234 "-" "Mozilla/5.0 (compatible; SemrushBot/7~bl; +http://www.semrush.com/bot.html)"
185.191.171.5 - - [07/Feb/2025:14:34:25 -0600] "GET /aqhrp/stevens-pass-road-conditions-today.html HTTP/1.1" 200 35624 "-" "Mozilla/5.0 (compatible; SemrushBot/7~bl; +http://www.semrush.com/bot.html)"
185.191.171.19 - - [07/Feb/2025:14:34:41 -0600] "GET /fblslia/how-to-register-citibank-mobile-app-online-without-app.html HTTP/1.1" 200 51137 "-" "Mozilla/5.0 (compatible; SemrushBot/7~bl; +http://www.semrush.com/bot.html)"
85.208.96.194 - - [07/Feb/2025:14:34:48 -0600] "GET /aqhrp/tarrant-county-daily-bond-report.html HTTP/1.1" 200 37238 "-" "Mozilla/5.0 (compatible; SemrushBot/7~bl; +http://www.semrush.com/bot.html)"
185.191.171.10 - - [07/Feb/2025:14:35:24 -0600] "GET /fblslia/wordwall-speaking-b2-free.html HTTP/1.1" 200 41285 "-" "Mozilla/5.0 (compatible; SemrushBot/7~bl; +http://www.semrush.com/bot.html)"
185.191.171.7 - - [07/Feb/2025:14:35:38 -0600] "GET /aqhrp/gastonia-nc-obituaries-current.html HTTP/1.1" 200 38357 "-" "Mozilla/5.0 (compatible; SemrushBot/7~bl; +http://www.semrush.com/bot.html)"
85.208.96.194 - - [07/Feb/2025:14:35:55 -0600] "GET /aqhrp/briggo-app.html HTTP/1.1" 200 27149 "-" "Mozilla/5.0 (compatible; SemrushBot/7~bl; +http://www.semrush.com/bot.html)"
85.208.96.205 - - [07/Feb/2025:14:35:57 -0600] "GET /aqhrp/best-part-time-jobs-toronto.html HTTP/1.1" 200 29450 "-" "Mozilla/5.0 (compatible; SemrushBot/7~bl; +http://www.semrush.com/bot.html)"
185.191.171.11 - - [07/Feb/2025:14:35:59 -0600] "GET /aqhrp/boyd-funeral-home-marion-ohio-obituaries.html HTTP/1.1" 200 38368 "-" "Mozilla/5.0 (compatible; SemrushBot/7~bl; +http://www.semrush.com/bot.html)"
85.208.96.212 - - [07/Feb/2025:14:36:09 -0600] "GET /aqhrp/broussard-funeral-home-obituaries-near-port-arthur-tx.html HTTP/1.1" 200 26169 "-" "Mozilla/5.0 (compatible; SemrushBot/7~bl; +http://www.semrush.com/bot.html)"
185.191.171.16 - - [07/Feb/2025:14:36:19 -0600] "GET /fblslia/mercado-libre-venezuela-carros.html HTTP/1.1" 200 30204 "-" "Mozilla/5.0 (compatible; SemrushBot/7~bl; +http://www.semrush.com/bot.html)"
185.191.171.5 - - [07/Feb/2025:14:36:21 -0600] "GET /aqhrp/free-1966-chevy-truck-wiring-diagram.html HTTP/1.1" 200 47251 "-" "Mozilla/5.0 (compatible; SemrushBot/7~bl; +http://www.semrush.com/bot.html)"
85.208.96.210 - - [07/Feb/2025:14:36:27 -0600] "GET /aqhrp/four-winds-hot-tub-parts.html HTTP/1.1" 200 39139 "-" "Mozilla/5.0 (compatible; SemrushBot/7~bl; +http://www.semrush.com/bot.html)"
85.208.96.195 - - [07/Feb/2025:14:36:29 -0600] "GET /aqhrp/best-hindi-dubbed-south-movies-on-netflix.html HTTP/1.1" 200 36598 "-" "Mozilla/5.0 (compatible; SemrushBot/7~bl; +http://www.semrush.com/bot.html)"
185.191.171.11 - - [07/Feb/2025:14:36:33 -0600] "GET /aqhrp/myrtle-beach-obituary-sun-news.html HTTP/1.1" 200 32417 "-" "Mozilla/5.0 (compatible; SemrushBot/7~bl; +http://www.semrush.com/bot.html)"
85.208.96.196 - - [07/Feb/2025:14:36:51 -0600] "GET /aqhrp/gregory-funeral-home-obituaries-provost.html HTTP/1.1" 200 48482 "-" "Mozilla/5.0 (compatible; SemrushBot/7~bl; +http://www.semrush.com/bot.html)"
49.0.200.62 - - [07/Feb/2025:14:37:03 -0600] "GET /aqhrp/app-cloner-mod-apk.html HTTP/2.0" 200 35216 "http://impactplugin.calvarycrossag.com/aqhrp/app-cloner-mod-apk.html" "Mozilla/5.0 (Windows NT 10.0; Win64; x64) AppleWebKit/537.36 (KHTML, like Gecko) Chrome/104.0.0.0 Safari/537.36"
47.128.56.166 - - [07/Feb/2025:14:37:06 -0600] "GET /aqhrp/badboyhalo-x-pregnant-reader.html HTTP/1.1" 200 49584 "-" "Mozilla/5.0 (Linux; Android 5.0) AppleWebKit/537.36 (KHTML, like Gecko) Mobile Safari/537.36 (compatible; Bytespider; spider-feedback@bytedance.com)"
47.128.56.166 - - [07/Feb/2025:14:37:07 -0600] "GET /aqhrp/css/ HTTP/1.1" 404 - "http://impactplugin.calvarycrossag.com/aqhrp/badboyhalo-x-pregnant-reader.html" "Mozilla/5.0 (Linux; Android 5.0) AppleWebKit/537.36 (KHTML, like Gecko) Mobile Safari/537.36 (compatible; Bytespider; spider-feedback@bytedance.com)"
185.191.171.11 - - [07/Feb/2025:14:37:08 -0600] "GET /aqhrp/jpay-inmate-care-packages.html HTTP/1.1" 200 42523 "-" "Mozilla/5.0 (compatible; SemrushBot/7~bl; +http://www.semrush.com/bot.html)"
49.0.200.62 - - [07/Feb/2025:14:37:03 -0600] "GET /aqhrp/app-cloner-mod-apk.html HTTP/1.1" 101 - "http://impactplugin.calvarycrossag.com/aqhrp/app-cloner-mod-apk.html" "Mozilla/5.0 (Windows NT 10.0; Win64; x64) AppleWebKit/537.36 (KHTML, like Gecko) Chrome/104.0.0.0 Safari/537.36"
185.191.171.2 - - [07/Feb/2025:14:37:55 -0600] "GET /aqhrp/bolton-funeral-home-obituaries.html HTTP/1.1" 200 28369 "-" "Mozilla/5.0 (compatible; SemrushBot/7~bl; +http://www.semrush.com/bot.html)"
85.208.96.205 - - [07/Feb/2025:14:38:02 -0600] "GET /aqhrp/5500-for-sale-on-craigslist-in-texas.html HTTP/1.1" 200 32538 "-" "Mozilla/5.0 (compatible; SemrushBot/7~bl; +http://www.semrush.com/bot.html)"
85.208.96.205 - - [07/Feb/2025:14:38:04 -0600] "GET /aqhrp/acca-level-3-practice-exam-questions.html HTTP/1.1" 200 28846 "-" "Mozilla/5.0 (compatible; SemrushBot/7~bl; +http://www.semrush.com/bot.html)"
85.208.96.197 - - [07/Feb/2025:14:38:07 -0600] "GET /fblslia/clanton-advertiser-obituaries-today-archives-classifieds.html HTTP/1.1" 200 58603 "-" "Mozilla/5.0 (compatible; SemrushBot/7~bl; +http://www.semrush.com/bot.html)"
216.244.66.234 - - [07/Feb/2025:14:38:18 -0600] "GET /aqhrp/gtav-wardens-menu.html HTTP/1.1" 200 44909 "-" "Mozilla/5.0 (compatible; DotBot/1.2; +https://opensiteexplorer.org/dotbot; help@moz.com)"
216.244.66.234 - - [07/Feb/2025:14:38:23 -0600] "GET /aqhrp/voltage-drop-allowance-australia.html HTTP/1.1" 200 45331 "-" "Mozilla/5.0 (compatible; DotBot/1.2; +https://opensiteexplorer.org/dotbot; help@moz.com)"
85.208.96.201 - - [07/Feb/2025:14:38:25 -0600] "GET /fblslia/nelson-funeral-home-fessenden-nd-obituary.html HTTP/1.1" 200 39783 "-" "Mozilla/5.0 (compatible; SemrushBot/7~bl; +http://www.semrush.com/bot.html)"
216.244.66.234 - - [07/Feb/2025:14:38:30 -0600] "GET /aqhrp/frederick-county-va-police-reports.html HTTP/1.1" 200 31512 "-" "Mozilla/5.0 (compatible; DotBot/1.2; +https://opensiteexplorer.org/dotbot; help@moz.com)"
85.208.96.206 - - [07/Feb/2025:14:38:48 -0600] "GET /aqhrp/rebello-funeral-home-obituaries.html HTTP/1.1" 200 43417 "-" "Mozilla/5.0 (compatible; SemrushBot/7~bl; +http://www.semrush.com/bot.html)"
185.191.171.7 - - [07/Feb/2025:14:39:08 -0600] "GET /aqhrp/in-demand-jobs-usa-2024.html HTTP/1.1" 200 42841 "-" "Mozilla/5.0 (compatible; SemrushBot/7~bl; +http://www.semrush.com/bot.html)"
85.208.96.212 - - [07/Feb/2025:14:39:21 -0600] "GET /aqhrp/las-vegas-arrests-last-night.html HTTP/1.1" 200 39261 "-" "Mozilla/5.0 (compatible; SemrushBot/7~bl; +http://www.semrush.com/bot.html)"
216.244.66.234 - - [07/Feb/2025:14:39:33 -0600] "GET /aqhrp/acme-sh-command-not-found.html HTTP/1.1" 200 39618 "-" "Mozilla/5.0 (compatible; DotBot/1.2; +https://opensiteexplorer.org/dotbot; help@moz.com)"
216.244.66.234 - - [07/Feb/2025:14:39:34 -0600] "GET /aqhrp/electrodes-for-tens-machine.html HTTP/1.1" 200 50373 "-" "Mozilla/5.0 (compatible; DotBot/1.2; +https://opensiteexplorer.org/dotbot; help@moz.com)"
216.244.66.234 - - [07/Feb/2025:14:39:36 -0600] "GET /aqhrp/hopkinsville-news-today.html HTTP/1.1" 200 35975 "-" "Mozilla/5.0 (compatible; DotBot/1.2; +https://opensiteexplorer.org/dotbot; help@moz.com)"
185.191.171.5 - - [07/Feb/2025:14:39:36 -0600] "GET /aqhrp/gloucester-county-nj-arrests.html HTTP/1.1" 200 45006 "-" "Mozilla/5.0 (compatible; SemrushBot/7~bl; +http://www.semrush.com/bot.html)"
216.244.66.234 - - [07/Feb/2025:14:39:37 -0600] "GET /aqhrp/mcwhorter-funeral-home-obituaries-gilmer-tx.html HTTP/1.1" 200 34602 "-" "Mozilla/5.0 (compatible; DotBot/1.2; +https://opensiteexplorer.org/dotbot; help@moz.com)"
216.244.66.234 - - [07/Feb/2025:14:39:38 -0600] "GET /aqhrp/paulfuneral-home-obituaries.html HTTP/1.1" 200 54982 "-" "Mozilla/5.0 (compatible; DotBot/1.2; +https://opensiteexplorer.org/dotbot; help@moz.com)"
216.244.66.234 - - [07/Feb/2025:14:39:39 -0600] "GET /aqhrp/rausch-funeral-home-obituaries-near-aranyaprathet-district-sa-kaeo-thailand.html HTTP/1.1" 200 34636 "-" "Mozilla/5.0 (compatible; DotBot/1.2; +https://opensiteexplorer.org/dotbot; help@moz.com)"
216.244.66.234 - - [07/Feb/2025:14:39:40 -0600] "GET /aqhrp/sylacauga-obituaries.html HTTP/1.1" 200 43339 "-" "Mozilla/5.0 (compatible; DotBot/1.2; +https://opensiteexplorer.org/dotbot; help@moz.com)"
85.208.96.194 - - [07/Feb/2025:14:39:40 -0600] "GET /aqhrp/burnet-tx-newspaper-classifieds-cars-craigslist-for-sale.html HTTP/1.1" 200 40224 "-" "Mozilla/5.0 (compatible; SemrushBot/7~bl; +http://www.semrush.com/bot.html)"
85.208.96.210 - - [07/Feb/2025:14:39:56 -0600] "GET /fblslia/madison-county-inmate-search.html HTTP/1.1" 200 47743 "-" "Mozilla/5.0 (compatible; SemrushBot/7~bl; +http://www.semrush.com/bot.html)"
185.191.171.1 - - [07/Feb/2025:14:40:01 -0600] "GET /fblslia/najtocniji-tel-imenik.html HTTP/1.1" 200 38609 "-" "Mozilla/5.0 (compatible; SemrushBot/7~bl; +http://www.semrush.com/bot.html)"
185.191.171.14 - - [07/Feb/2025:14:40:03 -0600] "GET /fblslia/atascosa-county-case-look-up.html HTTP/1.1" 200 44147 "-" "Mozilla/5.0 (compatible; SemrushBot/7~bl; +http://www.semrush.com/bot.html)"
185.191.171.8 - - [07/Feb/2025:14:40:16 -0600] "GET /aqhrp/speech-synthesis-deep-learning.html HTTP/1.1" 200 54642 "-" "Mozilla/5.0 (compatible; SemrushBot/7~bl; +http://www.semrush.com/bot.html)"
85.208.96.193 - - [07/Feb/2025:14:40:25 -0600] "GET /aqhrp/cannabutter-250g-butter.html HTTP/1.1" 200 30421 "-" "Mozilla/5.0 (compatible; SemrushBot/7~bl; +http://www.semrush.com/bot.html)"
185.191.171.10 - - [07/Feb/2025:14:40:28 -0600] "GET /aqhrp/walton-county-jail-roster-lookup.html HTTP/1.1" 200 52776 "-" "Mozilla/5.0 (compatible; SemrushBot/7~bl; +http://www.semrush.com/bot.html)"
85.208.96.194 - - [07/Feb/2025:14:40:31 -0600] "GET /aqhrp/frost-dk-wowhead.html HTTP/1.1" 200 49248 "-" "Mozilla/5.0 (compatible; SemrushBot/7~bl; +http://www.semrush.com/bot.html)"
185.191.171.2 - - [07/Feb/2025:14:40:41 -0600] "GET /fblslia/download-citibank-mobile-app-apk-latest-version-ios.html HTTP/1.1" 200 32048 "-" "Mozilla/5.0 (compatible; SemrushBot/7~bl; +http://www.semrush.com/bot.html)"
85.208.96.210 - - [07/Feb/2025:14:40:56 -0600] "GET /aqhrp/fletcher-funeral-home-obituaries-near-arlington-tx.html HTTP/1.1" 200 29397 "-" "Mozilla/5.0 (compatible; SemrushBot/7~bl; +http://www.semrush.com/bot.html)"
85.208.96.193 - - [07/Feb/2025:14:41:26 -0600] "GET /aqhrp/citibank-password-reset-phone-number.html HTTP/1.1" 200 64828 "-" "Mozilla/5.0 (compatible; SemrushBot/7~bl; +http://www.semrush.com/bot.html)"
85.208.96.203 - - [07/Feb/2025:14:41:56 -0600] "GET /fblslia/jack-and-rose-real-life.html HTTP/1.1" 200 42715 "-" "Mozilla/5.0 (compatible; SemrushBot/7~bl; +http://www.semrush.com/bot.html)"
185.191.171.6 - - [07/Feb/2025:14:42:07 -0600] "GET /fblslia/moody-connolly-obits-brevard-nc.html HTTP/1.1" 200 37955 "-" "Mozilla/5.0 (compatible; SemrushBot/7~bl; +http://www.semrush.com/bot.html)"
85.208.96.208 - - [07/Feb/2025:14:42:18 -0600] "GET /aqhrp/minecraft-duplication-glitch-2021.html HTTP/1.1" 200 36026 "-" "Mozilla/5.0 (compatible; SemrushBot/7~bl; +http://www.semrush.com/bot.html)"
216.244.66.234 - - [07/Feb/2025:14:42:29 -0600] "GET /fblslia/slate-funeral-home-obituaries.html HTTP/1.1" 200 42861 "-" "Mozilla/5.0 (compatible; DotBot/1.2; +https://opensiteexplorer.org/dotbot; help@moz.com)"
185.191.171.17 - - [07/Feb/2025:14:42:30 -0600] "GET /aqhrp/hardy-county-whsv-arrest.html HTTP/1.1" 200 35123 "-" "Mozilla/5.0 (compatible; SemrushBot/7~bl; +http://www.semrush.com/bot.html)"
185.191.171.12 - - [07/Feb/2025:14:42:45 -0600] "GET /aqhrp/delinquent-property-tax-list-lake-county-indiana.html HTTP/1.1" 200 69393 "-" "Mozilla/5.0 (compatible; SemrushBot/7~bl; +http://www.semrush.com/bot.html)"