47.128.53.161 - - [07/Feb/2025:13:34:06 -0600] "GET /aqhrp/block-letter-generator-copy-and-paste.html HTTP/1.1" 200 31471 "-" "Mozilla/5.0 (Linux; Android 5.0) AppleWebKit/537.36 (KHTML, like Gecko) Mobile Safari/537.36 (compatible; Bytespider; spider-feedback@bytedance.com)"
185.191.171.5 - - [07/Feb/2025:13:34:17 -0600] "GET /aqhrp/craigslist-labor-gigs-near-me.html HTTP/1.1" 200 37534 "-" "Mozilla/5.0 (compatible; SemrushBot/7~bl; +http://www.semrush.com/bot.html)"
185.191.171.10 - - [07/Feb/2025:13:34:38 -0600] "GET /aqhrp/ielts-academic-writing-task-2-samples-with-answers-pdf.html HTTP/1.1" 200 41698 "-" "Mozilla/5.0 (compatible; SemrushBot/7~bl; +http://www.semrush.com/bot.html)"
185.191.171.11 - - [07/Feb/2025:13:34:57 -0600] "GET /aqhrp/ssd-with-dram-list.html HTTP/1.1" 200 52843 "-" "Mozilla/5.0 (compatible; SemrushBot/7~bl; +http://www.semrush.com/bot.html)"
85.208.96.203 - - [07/Feb/2025:13:35:12 -0600] "GET /aqhrp/swift-annotation-callout.html HTTP/1.1" 200 42858 "-" "Mozilla/5.0 (compatible; SemrushBot/7~bl; +http://www.semrush.com/bot.html)"
85.208.96.196 - - [07/Feb/2025:13:35:24 -0600] "GET /aqhrp/what-size-tacks-for-upholstery.html HTTP/1.1" 200 37313 "-" "Mozilla/5.0 (compatible; SemrushBot/7~bl; +http://www.semrush.com/bot.html)"
185.191.171.9 - - [07/Feb/2025:13:35:26 -0600] "GET /aqhrp/qatar-house-driver-job-contact-number-near-doha-whatsapp-number.html HTTP/1.1" 200 37915 "-" "Mozilla/5.0 (compatible; SemrushBot/7~bl; +http://www.semrush.com/bot.html)"
85.208.96.193 - - [07/Feb/2025:13:35:44 -0600] "GET /aqhrp/sampson-county-news-today.html HTTP/1.1" 200 32867 "-" "Mozilla/5.0 (compatible; SemrushBot/7~bl; +http://www.semrush.com/bot.html)"
185.191.171.18 - - [07/Feb/2025:13:35:49 -0600] "GET /aqhrp/qatar-vip-house-driver-uk-job-salary-in-dubai.html HTTP/1.1" 200 40150 "-" "Mozilla/5.0 (compatible; SemrushBot/7~bl; +http://www.semrush.com/bot.html)"
85.208.96.196 - - [07/Feb/2025:13:36:14 -0600] "GET /aqhrp/rosman-nc-obituaries.html HTTP/1.1" 200 29393 "-" "Mozilla/5.0 (compatible; SemrushBot/7~bl; +http://www.semrush.com/bot.html)"
85.208.96.207 - - [07/Feb/2025:13:36:18 -0600] "GET /aqhrp/brainpop-anger.html HTTP/1.1" 200 31804 "-" "Mozilla/5.0 (compatible; SemrushBot/7~bl; +http://www.semrush.com/bot.html)"
85.208.96.209 - - [07/Feb/2025:13:36:20 -0600] "GET /aqhrp/iron-goat-trail-directions.html HTTP/1.1" 200 31092 "-" "Mozilla/5.0 (compatible; SemrushBot/7~bl; +http://www.semrush.com/bot.html)"
85.208.96.201 - - [07/Feb/2025:13:36:35 -0600] "GET /fblslia/1025-form-pdf.html HTTP/1.1" 200 30804 "-" "Mozilla/5.0 (compatible; SemrushBot/7~bl; +http://www.semrush.com/bot.html)"
85.208.96.205 - - [07/Feb/2025:13:36:40 -0600] "GET /aqhrp/houston-funeral-procession-today.html HTTP/1.1" 200 31190 "-" "Mozilla/5.0 (compatible; SemrushBot/7~bl; +http://www.semrush.com/bot.html)"
185.191.171.1 - - [07/Feb/2025:13:37:00 -0600] "GET /aqhrp/modern-warfare-chat-audio-not-working-pc.html HTTP/1.1" 200 63236 "-" "Mozilla/5.0 (compatible; SemrushBot/7~bl; +http://www.semrush.com/bot.html)"
185.191.171.18 - - [07/Feb/2025:13:37:06 -0600] "GET /aqhrp/missed-antibiotic-dose-by-an-hour.html HTTP/1.1" 200 31163 "-" "Mozilla/5.0 (compatible; SemrushBot/7~bl; +http://www.semrush.com/bot.html)"
185.191.171.16 - - [07/Feb/2025:13:37:12 -0600] "GET /aqhrp/urgent-cash-jobs-in-mississauga-no-experience-needed.html HTTP/1.1" 200 38973 "-" "Mozilla/5.0 (compatible; SemrushBot/7~bl; +http://www.semrush.com/bot.html)"
85.208.96.195 - - [07/Feb/2025:13:37:31 -0600] "GET /aqhrp/150-borough-drive-scarborough-toronto-on-m1p-4n7.html HTTP/1.1" 200 44077 "-" "Mozilla/5.0 (compatible; SemrushBot/7~bl; +http://www.semrush.com/bot.html)"
85.208.96.206 - - [07/Feb/2025:13:37:40 -0600] "GET /fblslia/monmouth-county-foreclosures.html HTTP/1.1" 200 34851 "-" "Mozilla/5.0 (compatible; SemrushBot/7~bl; +http://www.semrush.com/bot.html)"
85.208.96.205 - - [07/Feb/2025:13:37:58 -0600] "GET /fblslia/franklin-county-roster-wa.html HTTP/1.1" 200 34478 "-" "Mozilla/5.0 (compatible; SemrushBot/7~bl; +http://www.semrush.com/bot.html)"
85.208.96.200 - - [07/Feb/2025:13:38:02 -0600] "GET /aqhrp/iptv-italia-telegram-login-download.html HTTP/1.1" 200 35708 "-" "Mozilla/5.0 (compatible; SemrushBot/7~bl; +http://www.semrush.com/bot.html)"
185.191.171.9 - - [07/Feb/2025:13:38:09 -0600] "GET /aqhrp/btt-price-prediction-reddit-2021.html HTTP/1.1" 200 22536 "-" "Mozilla/5.0 (compatible; SemrushBot/7~bl; +http://www.semrush.com/bot.html)"
49.0.203.235 - - [07/Feb/2025:13:38:10 -0600] "GET /aqhrp/panguitch-utah-obituaries.html HTTP/2.0" 200 57473 "http://impactplugin.calvarycrossag.com/aqhrp/panguitch-utah-obituaries.html" "Mozilla/5.0 (Windows NT 10.0; Win64; x64) AppleWebKit/537.36 (KHTML, like Gecko) Chrome/107.0.0.0 Safari/537.36"
49.0.203.235 - - [07/Feb/2025:13:38:10 -0600] "GET /aqhrp/panguitch-utah-obituaries.html HTTP/1.1" 101 - "http://impactplugin.calvarycrossag.com/aqhrp/panguitch-utah-obituaries.html" "Mozilla/5.0 (Windows NT 10.0; Win64; x64) AppleWebKit/537.36 (KHTML, like Gecko) Chrome/107.0.0.0 Safari/537.36"
57.141.7.6 - - [07/Feb/2025:13:38:19 -0600] "GET /fblslia/10175-harwin-dr-houston-tx-77036.html HTTP/1.1" 200 41454 "-" "meta-externalagent/1.1 (+https://developers.facebook.com/docs/sharing/webmasters/crawler)"
103.36.35.134 - - [07/Feb/2025:13:38:26 -0600] "GET /assets/images/wcrmxg.php HTTP/1.1" 200 5717 "-" "Mozilla/5.0 (Windows NT 10.0; Win64; x64) AppleWebKit/537.36 (KHTML, like Gecko) Chrome/130.0.0.0 Safari/537.36"
103.36.35.134 - - [07/Feb/2025:13:38:32 -0600] "GET /favicon.ico HTTP/1.1" 200 - "http://impactplugin.calvarycrossag.com/assets/images/wcrmxg.php" "Mozilla/5.0 (Windows NT 10.0; Win64; x64) AppleWebKit/537.36 (KHTML, like Gecko) Chrome/130.0.0.0 Safari/537.36"
69.171.249.114 - - [07/Feb/2025:13:38:38 -0600] "GET /fblslia/death-today-in-carlow.html HTTP/1.1" 200 31486 "-" "meta-externalagent/1.1 (+https://developers.facebook.com/docs/sharing/webmasters/crawler)"
185.191.171.5 - - [07/Feb/2025:13:38:46 -0600] "GET /aqhrp/pomagala-za-hodanje-cenovnik.html HTTP/1.1" 200 56822 "-" "Mozilla/5.0 (compatible; SemrushBot/7~bl; +http://www.semrush.com/bot.html)"
69.171.249.9 - - [07/Feb/2025:13:38:48 -0600] "GET / HTTP/1.1" 200 - "-" "meta-externalagent/1.1 (+https://developers.facebook.com/docs/sharing/webmasters/crawler)"
103.36.35.134 - - [07/Feb/2025:13:38:40 -0600] "POST /assets/images/wcrmxg.php HTTP/1.1" 200 4027891 "http://impactplugin.calvarycrossag.com/assets/images/wcrmxg.php" "Mozilla/5.0 (Windows NT 10.0; Win64; x64) AppleWebKit/537.36 (KHTML, like Gecko) Chrome/130.0.0.0 Safari/537.36"
103.36.35.134 - - [07/Feb/2025:13:38:52 -0600] "GET /favicon.ico HTTP/1.1" 200 - "http://impactplugin.calvarycrossag.com/assets/images/wcrmxg.php" "Mozilla/5.0 (Windows NT 10.0; Win64; x64) AppleWebKit/537.36 (KHTML, like Gecko) Chrome/130.0.0.0 Safari/537.36"
85.208.96.209 - - [07/Feb/2025:13:39:00 -0600] "GET /aqhrp/prodaja-stanova-u-beogradu-novogradnja.html HTTP/1.1" 200 49841 "-" "Mozilla/5.0 (compatible; SemrushBot/7~bl; +http://www.semrush.com/bot.html)"
185.191.171.18 - - [07/Feb/2025:13:39:02 -0600] "GET /aqhrp/age-limit-for-nurses-in-finland.html HTTP/1.1" 200 48696 "-" "Mozilla/5.0 (compatible; SemrushBot/7~bl; +http://www.semrush.com/bot.html)"
85.208.96.200 - - [07/Feb/2025:13:39:11 -0600] "GET /aqhrp/euclid-distinction.html HTTP/1.1" 200 67337 "-" "Mozilla/5.0 (compatible; SemrushBot/7~bl; +http://www.semrush.com/bot.html)"
185.191.171.8 - - [07/Feb/2025:13:39:49 -0600] "GET /aqhrp/what-is-an-rsa-token.html HTTP/1.1" 200 40798 "-" "Mozilla/5.0 (compatible; SemrushBot/7~bl; +http://www.semrush.com/bot.html)"
185.191.171.14 - - [07/Feb/2025:13:39:50 -0600] "GET /aqhrp/iryu-sousa-special-2019.html HTTP/1.1" 200 35442 "-" "Mozilla/5.0 (compatible; SemrushBot/7~bl; +http://www.semrush.com/bot.html)"
185.191.171.3 - - [07/Feb/2025:13:39:58 -0600] "GET /aqhrp/30w-oil-vs-5w30.html HTTP/1.1" 200 41360 "-" "Mozilla/5.0 (compatible; SemrushBot/7~bl; +http://www.semrush.com/bot.html)"
185.191.171.13 - - [07/Feb/2025:13:40:02 -0600] "GET /aqhrp/willow-conifer-caravans.html HTTP/1.1" 200 42378 "-" "Mozilla/5.0 (compatible; SemrushBot/7~bl; +http://www.semrush.com/bot.html)"
85.208.96.198 - - [07/Feb/2025:13:40:14 -0600] "GET /fblslia/sweets-for-diabetics.html HTTP/1.1" 200 34469 "-" "Mozilla/5.0 (compatible; SemrushBot/7~bl; +http://www.semrush.com/bot.html)"
85.208.96.202 - - [07/Feb/2025:13:40:24 -0600] "GET /robots.txt HTTP/1.1" 200 1017 "-" "Mozilla/5.0 (compatible; SemrushBot/7~bl; +http://www.semrush.com/bot.html)"
185.191.171.7 - - [07/Feb/2025:13:40:24 -0600] "GET /aqhrp/utah-county-funeral-homes-obituaries.html HTTP/1.1" 200 33692 "-" "Mozilla/5.0 (compatible; SemrushBot/7~bl; +http://www.semrush.com/bot.html)"
185.191.171.15 - - [07/Feb/2025:13:40:30 -0600] "GET /aqhrp/today-job-vacancy-in-pokhara-2080-part-time-for-female.html HTTP/1.1" 200 36613 "-" "Mozilla/5.0 (compatible; SemrushBot/7~bl; +http://www.semrush.com/bot.html)"
185.191.171.10 - - [07/Feb/2025:13:40:41 -0600] "GET /aqhrp/aluminum-knife-blade-replacement.html HTTP/1.1" 200 45653 "-" "Mozilla/5.0 (compatible; SemrushBot/7~bl; +http://www.semrush.com/bot.html)"
185.191.171.12 - - [07/Feb/2025:13:40:46 -0600] "GET /fblslia/fletcher-funeral-home-fountain-inn-sc-obituaries.html HTTP/1.1" 200 33022 "-" "Mozilla/5.0 (compatible; SemrushBot/7~bl; +http://www.semrush.com/bot.html)"
85.208.96.206 - - [07/Feb/2025:13:40:50 -0600] "GET /aqhrp/south-reporter-classifieds-jobs-near-me.html HTTP/1.1" 200 32090 "-" "Mozilla/5.0 (compatible; SemrushBot/7~bl; +http://www.semrush.com/bot.html)"
47.128.121.20 - - [07/Feb/2025:13:41:06 -0600] "GET /aqhrp/fitchburg-ma-obituaries-past-30-days.html HTTP/1.1" 200 55529 "-" "Mozilla/5.0 (Linux; Android 5.0) AppleWebKit/537.36 (KHTML, like Gecko) Mobile Safari/537.36 (compatible; Bytespider; spider-feedback@bytedance.com)"
185.191.171.15 - - [07/Feb/2025:13:41:16 -0600] "GET /aqhrp/280zx-parts-catalog.html HTTP/1.1" 200 29429 "-" "Mozilla/5.0 (compatible; SemrushBot/7~bl; +http://www.semrush.com/bot.html)"
185.191.171.17 - - [07/Feb/2025:13:41:33 -0600] "GET /aqhrp/enviva-nc.html HTTP/1.1" 200 57744 "-" "Mozilla/5.0 (compatible; SemrushBot/7~bl; +http://www.semrush.com/bot.html)"
85.208.96.195 - - [07/Feb/2025:13:41:45 -0600] "GET /fblslia/premium-iptv.html HTTP/1.1" 200 39393 "-" "Mozilla/5.0 (compatible; SemrushBot/7~bl; +http://www.semrush.com/bot.html)"
85.208.96.199 - - [07/Feb/2025:13:41:49 -0600] "GET /aqhrp/the-abandoned-wife-lucian-chapter-10.html HTTP/1.1" 200 18980 "-" "Mozilla/5.0 (compatible; SemrushBot/7~bl; +http://www.semrush.com/bot.html)"
85.208.96.195 - - [07/Feb/2025:13:42:18 -0600] "GET /aqhrp/palanga-pirtis-uses.html HTTP/1.1" 200 54678 "-" "Mozilla/5.0 (compatible; SemrushBot/7~bl; +http://www.semrush.com/bot.html)"
185.191.171.5 - - [07/Feb/2025:13:42:20 -0600] "GET /aqhrp/housekeeping-desk-attendant-job.html HTTP/1.1" 200 41808 "-" "Mozilla/5.0 (compatible; SemrushBot/7~bl; +http://www.semrush.com/bot.html)"
94.74.97.51 - - [07/Feb/2025:13:42:42 -0600] "GET /aqhrp/citi-bank-customer-service.html HTTP/2.0" 200 43309 "http://impactplugin.calvarycrossag.com/aqhrp/citi-bank-customer-service.html" "Mozilla/5.0 (Windows NT 10.0; Win64; x64) AppleWebKit/537.36 (KHTML, like Gecko) Chrome/101.0.4951.67 Safari/537.36"
94.74.97.51 - - [07/Feb/2025:13:42:42 -0600] "GET /aqhrp/citi-bank-customer-service.html HTTP/1.1" 101 - "http://impactplugin.calvarycrossag.com/aqhrp/citi-bank-customer-service.html" "Mozilla/5.0 (Windows NT 10.0; Win64; x64) AppleWebKit/537.36 (KHTML, like Gecko) Chrome/101.0.4951.67 Safari/537.36"
185.191.171.3 - - [07/Feb/2025:13:43:04 -0600] "GET /aqhrp/neon-city-saudi.html HTTP/1.1" 200 39110 "-" "Mozilla/5.0 (compatible; SemrushBot/7~bl; +http://www.semrush.com/bot.html)"
185.191.171.11 - - [07/Feb/2025:13:43:08 -0600] "GET /aqhrp/my-google-photos-2017-download.html HTTP/1.1" 200 24477 "-" "Mozilla/5.0 (compatible; SemrushBot/7~bl; +http://www.semrush.com/bot.html)"
85.208.96.200 - - [07/Feb/2025:13:43:16 -0600] "GET /fblslia/rock-springs-wy-breaking-news-today-car-accident.html HTTP/1.1" 200 38515 "-" "Mozilla/5.0 (compatible; SemrushBot/7~bl; +http://www.semrush.com/bot.html)"
185.191.171.10 - - [07/Feb/2025:13:43:27 -0600] "GET /aqhrp/selling-ozil-fm20.html HTTP/1.1" 200 36816 "-" "Mozilla/5.0 (compatible; SemrushBot/7~bl; +http://www.semrush.com/bot.html)"
185.191.171.19 - - [07/Feb/2025:13:43:28 -0600] "GET /aqhrp/smyth-county-va-most-wanted.html HTTP/1.1" 200 51461 "-" "Mozilla/5.0 (compatible; SemrushBot/7~bl; +http://www.semrush.com/bot.html)"
85.208.96.198 - - [07/Feb/2025:13:43:45 -0600] "GET /aqhrp/the-best-hits-of-platters.html HTTP/1.1" 200 29095 "-" "Mozilla/5.0 (compatible; SemrushBot/7~bl; +http://www.semrush.com/bot.html)"
185.191.171.3 - - [07/Feb/2025:13:44:04 -0600] "GET /aqhrp/check-sim-card-number-valid.html HTTP/1.1" 200 40345 "-" "Mozilla/5.0 (compatible; SemrushBot/7~bl; +http://www.semrush.com/bot.html)"
85.208.96.198 - - [07/Feb/2025:13:44:11 -0600] "GET /aqhrp/list-of-central-jail-in-west-bengal.html HTTP/1.1" 200 49250 "-" "Mozilla/5.0 (compatible; SemrushBot/7~bl; +http://www.semrush.com/bot.html)"
85.208.96.198 - - [07/Feb/2025:13:44:27 -0600] "GET /fblslia/user-token-deezer.html HTTP/1.1" 200 40301 "-" "Mozilla/5.0 (compatible; SemrushBot/7~bl; +http://www.semrush.com/bot.html)"
185.191.171.9 - - [07/Feb/2025:13:44:32 -0600] "GET /fblslia/izuku-x-inko-lemon.html HTTP/1.1" 200 48747 "-" "Mozilla/5.0 (compatible; SemrushBot/7~bl; +http://www.semrush.com/bot.html)"
185.191.171.2 - - [07/Feb/2025:13:44:34 -0600] "GET /fblslia/ean-edwards-indiana.html HTTP/1.1" 200 28722 "-" "Mozilla/5.0 (compatible; SemrushBot/7~bl; +http://www.semrush.com/bot.html)"
47.128.121.1 - - [07/Feb/2025:13:44:36 -0600] "GET /aqhrp/methocel-distributors.html HTTP/1.1" 200 35896 "-" "Mozilla/5.0 (Linux; Android 5.0) AppleWebKit/537.36 (KHTML, like Gecko) Mobile Safari/537.36 (compatible; Bytespider; spider-feedback@bytedance.com)"
47.128.121.1 - - [07/Feb/2025:13:44:37 -0600] "GET /sites/futurestudents/files/2021-11/ HTTP/1.1" 200 - "http://impactplugin.calvarycrossag.com/aqhrp/methocel-distributors.html" "Mozilla/5.0 (Linux; Android 5.0) AppleWebKit/537.36 (KHTML, like Gecko) Mobile Safari/537.36 (compatible; Bytespider; spider-feedback@bytedance.com)"
185.191.171.15 - - [07/Feb/2025:13:45:01 -0600] "GET /aqhrp/general-labour-jobs.html HTTP/1.1" 200 28644 "-" "Mozilla/5.0 (compatible; SemrushBot/7~bl; +http://www.semrush.com/bot.html)"
185.191.171.16 - - [07/Feb/2025:13:45:02 -0600] "GET /aqhrp/revlon-brands.html HTTP/1.1" 200 55519 "-" "Mozilla/5.0 (compatible; SemrushBot/7~bl; +http://www.semrush.com/bot.html)"
185.191.171.16 - - [07/Feb/2025:13:45:04 -0600] "GET /aqhrp/terrebonne-parish-sheriff-auction-results.html HTTP/1.1" 200 39823 "-" "Mozilla/5.0 (compatible; SemrushBot/7~bl; +http://www.semrush.com/bot.html)"
185.191.171.19 - - [07/Feb/2025:13:45:19 -0600] "GET /aqhrp/moab-times-independent-obituaries-2021-archives.html HTTP/1.1" 200 52185 "-" "Mozilla/5.0 (compatible; SemrushBot/7~bl; +http://www.semrush.com/bot.html)"
185.191.171.5 - - [07/Feb/2025:13:45:22 -0600] "GET /aqhrp/telemach-registracija.html HTTP/1.1" 200 46143 "-" "Mozilla/5.0 (compatible; SemrushBot/7~bl; +http://www.semrush.com/bot.html)"
185.191.171.17 - - [07/Feb/2025:13:45:53 -0600] "GET /aqhrp/phillips-funeral-home-vinton-ia-obits.html HTTP/1.1" 200 53804 "-" "Mozilla/5.0 (compatible; SemrushBot/7~bl; +http://www.semrush.com/bot.html)"
85.208.96.193 - - [07/Feb/2025:13:46:15 -0600] "GET /fblslia/abercrombie-and-fitch-financial-news.html HTTP/1.1" 200 32312 "-" "Mozilla/5.0 (compatible; SemrushBot/7~bl; +http://www.semrush.com/bot.html)"
85.208.96.211 - - [07/Feb/2025:13:46:24 -0600] "GET /aqhrp/hudson-county-jail-inmate-lookup.html HTTP/1.1" 200 44738 "-" "Mozilla/5.0 (compatible; SemrushBot/7~bl; +http://www.semrush.com/bot.html)"
85.208.96.203 - - [07/Feb/2025:13:46:38 -0600] "GET /aqhrp/hollywood-beach-resorts.html HTTP/1.1" 200 49761 "-" "Mozilla/5.0 (compatible; SemrushBot/7~bl; +http://www.semrush.com/bot.html)"
85.208.96.200 - - [07/Feb/2025:13:47:08 -0600] "GET /aqhrp/iwantthenews-obituaries.html HTTP/1.1" 200 30865 "-" "Mozilla/5.0 (compatible; SemrushBot/7~bl; +http://www.semrush.com/bot.html)"
85.208.96.193 - - [07/Feb/2025:13:47:14 -0600] "GET /aqhrp/del-monte-movie-theater.html HTTP/1.1" 200 45356 "-" "Mozilla/5.0 (compatible; SemrushBot/7~bl; +http://www.semrush.com/bot.html)"
185.191.171.11 - - [07/Feb/2025:13:47:27 -0600] "GET /aqhrp/construction-worker-toronto.html HTTP/1.1" 200 33833 "-" "Mozilla/5.0 (compatible; SemrushBot/7~bl; +http://www.semrush.com/bot.html)"
185.191.171.12 - - [07/Feb/2025:13:47:30 -0600] "GET /aqhrp/breaking-news-duplin-county-today-live-crime.html HTTP/1.1" 200 41854 "-" "Mozilla/5.0 (compatible; SemrushBot/7~bl; +http://www.semrush.com/bot.html)"
85.208.96.201 - - [07/Feb/2025:13:47:46 -0600] "GET /aqhrp/how-to-program-charter-remote.html HTTP/1.1" 200 40824 "-" "Mozilla/5.0 (compatible; SemrushBot/7~bl; +http://www.semrush.com/bot.html)"
185.191.171.11 - - [07/Feb/2025:13:48:05 -0600] "GET /aqhrp/salisbury-beach-greenheads-2022.html HTTP/1.1" 200 38615 "-" "Mozilla/5.0 (compatible; SemrushBot/7~bl; +http://www.semrush.com/bot.html)"
185.191.171.2 - - [07/Feb/2025:13:48:19 -0600] "GET /fblslia/fauquier-county-breaking-news.html HTTP/1.1" 200 42068 "-" "Mozilla/5.0 (compatible; SemrushBot/7~bl; +http://www.semrush.com/bot.html)"
185.191.171.4 - - [07/Feb/2025:13:48:29 -0600] "GET /aqhrp/locate-anyone-anywhere-right-now.html HTTP/1.1" 200 40610 "-" "Mozilla/5.0 (compatible; SemrushBot/7~bl; +http://www.semrush.com/bot.html)"
185.191.171.9 - - [07/Feb/2025:13:48:42 -0600] "GET /aqhrp/tarrant-county-correctional-facility-inmates.html HTTP/1.1" 200 40270 "-" "Mozilla/5.0 (compatible; SemrushBot/7~bl; +http://www.semrush.com/bot.html)"
85.208.96.198 - - [07/Feb/2025:13:48:49 -0600] "GET /fblslia/acme-sh-google-domains-github.html HTTP/1.1" 200 28815 "-" "Mozilla/5.0 (compatible; SemrushBot/7~bl; +http://www.semrush.com/bot.html)"
185.191.171.10 - - [07/Feb/2025:13:48:50 -0600] "GET /fblslia/old-fashioned-snowball-bush.html HTTP/1.1" 200 44325 "-" "Mozilla/5.0 (compatible; SemrushBot/7~bl; +http://www.semrush.com/bot.html)"
85.208.96.209 - - [07/Feb/2025:13:48:54 -0600] "GET /aqhrp/arrow-fanfiction-oliver-returns-from-the-island-broken.html HTTP/1.1" 200 37780 "-" "Mozilla/5.0 (compatible; SemrushBot/7~bl; +http://www.semrush.com/bot.html)"
85.208.96.209 - - [07/Feb/2025:13:49:00 -0600] "GET /aqhrp/sweeny-funeral-home-bridgewater-ns-obituaries.html HTTP/1.1" 200 49231 "-" "Mozilla/5.0 (compatible; SemrushBot/7~bl; +http://www.semrush.com/bot.html)"
185.191.171.11 - - [07/Feb/2025:13:49:05 -0600] "GET /fblslia/healthcare-assistant-jobs-in-usa-for-foreigners-with-visa-sponsor.html HTTP/1.1" 200 53507 "-" "Mozilla/5.0 (compatible; SemrushBot/7~bl; +http://www.semrush.com/bot.html)"
85.208.96.198 - - [07/Feb/2025:13:49:18 -0600] "GET /aqhrp/acapella-rap-albums.html HTTP/1.1" 200 41698 "-" "Mozilla/5.0 (compatible; SemrushBot/7~bl; +http://www.semrush.com/bot.html)"
85.208.96.200 - - [07/Feb/2025:13:49:37 -0600] "GET /aqhrp/cancel-jury-duty-online.html HTTP/1.1" 200 43990 "-" "Mozilla/5.0 (compatible; SemrushBot/7~bl; +http://www.semrush.com/bot.html)"
185.191.171.17 - - [07/Feb/2025:13:49:56 -0600] "GET /aqhrp/fallout-76-fractured-steel-rewards.html HTTP/1.1" 200 30088 "-" "Mozilla/5.0 (compatible; SemrushBot/7~bl; +http://www.semrush.com/bot.html)"
185.191.171.16 - - [07/Feb/2025:13:50:23 -0600] "GET /aqhrp/parker-az-cemetery.html HTTP/1.1" 200 53352 "-" "Mozilla/5.0 (compatible; SemrushBot/7~bl; +http://www.semrush.com/bot.html)"
85.208.96.196 - - [07/Feb/2025:13:50:25 -0600] "GET /aqhrp/3060-ti-x16-vs-x8.html HTTP/1.1" 200 37081 "-" "Mozilla/5.0 (compatible; SemrushBot/7~bl; +http://www.semrush.com/bot.html)"
85.208.96.211 - - [07/Feb/2025:13:50:51 -0600] "GET /aqhrp/ortus-petroleum.html HTTP/1.1" 200 27423 "-" "Mozilla/5.0 (compatible; SemrushBot/7~bl; +http://www.semrush.com/bot.html)"
85.208.96.194 - - [07/Feb/2025:13:50:56 -0600] "GET /aqhrp/gladstone-valley-funerals-obituaries.html HTTP/1.1" 200 35501 "-" "Mozilla/5.0 (compatible; SemrushBot/7~bl; +http://www.semrush.com/bot.html)"
185.191.171.18 - - [07/Feb/2025:13:51:10 -0600] "GET /fblslia/robeson-county-shooting-today.html HTTP/1.1" 200 33103 "-" "Mozilla/5.0 (compatible; SemrushBot/7~bl; +http://www.semrush.com/bot.html)"
185.191.171.2 - - [07/Feb/2025:13:51:16 -0600] "GET /aqhrp/odd-jobs-for-extra-cash.html HTTP/1.1" 200 45634 "-" "Mozilla/5.0 (compatible; SemrushBot/7~bl; +http://www.semrush.com/bot.html)"
47.128.25.220 - - [07/Feb/2025:13:51:36 -0600] "GET /aqhrp/marcus-carter-5-minutos.html HTTP/1.1" 200 21151 "-" "Mozilla/5.0 (Linux; Android 5.0) AppleWebKit/537.36 (KHTML, like Gecko) Mobile Safari/537.36 (compatible; Bytespider; spider-feedback@bytedance.com)"
85.208.96.204 - - [07/Feb/2025:13:51:48 -0600] "GET /fblslia/nizovi-brojevi.html HTTP/1.1" 200 38985 "-" "Mozilla/5.0 (compatible; SemrushBot/7~bl; +http://www.semrush.com/bot.html)"
185.191.171.7 - - [07/Feb/2025:13:52:04 -0600] "GET /fblslia/chameleon-caravan-price.html HTTP/1.1" 200 43009 "-" "Mozilla/5.0 (compatible; SemrushBot/7~bl; +http://www.semrush.com/bot.html)"
85.208.96.209 - - [07/Feb/2025:13:52:05 -0600] "GET /fblslia/forest-whitaker-brother-ali-lyrics.html HTTP/1.1" 200 58379 "-" "Mozilla/5.0 (compatible; SemrushBot/7~bl; +http://www.semrush.com/bot.html)"
85.208.96.194 - - [07/Feb/2025:13:52:07 -0600] "GET /fblslia/endangered-animals-chart-2022.html HTTP/1.1" 200 46023 "-" "Mozilla/5.0 (compatible; SemrushBot/7~bl; +http://www.semrush.com/bot.html)"
85.208.96.212 - - [07/Feb/2025:13:52:08 -0600] "GET /fblslia/mas-biyagama-vacancies.html HTTP/1.1" 200 41999 "-" "Mozilla/5.0 (compatible; SemrushBot/7~bl; +http://www.semrush.com/bot.html)"
216.244.66.234 - - [07/Feb/2025:13:52:09 -0600] "GET /robots.txt HTTP/1.1" 200 1017 "-" "Mozilla/5.0 (compatible; DotBot/1.2; +https://opensiteexplorer.org/dotbot; help@moz.com)"
85.208.96.195 - - [07/Feb/2025:13:52:27 -0600] "GET /aqhrp/ponant-deriveur-sardaigne.html HTTP/1.1" 200 42992 "-" "Mozilla/5.0 (compatible; SemrushBot/7~bl; +http://www.semrush.com/bot.html)"
185.191.171.16 - - [07/Feb/2025:13:52:49 -0600] "GET /fblslia/breaking-news-floyd-county-indiana.html HTTP/1.1" 200 47844 "-" "Mozilla/5.0 (compatible; SemrushBot/7~bl; +http://www.semrush.com/bot.html)"
85.208.96.206 - - [07/Feb/2025:13:53:01 -0600] "GET /aqhrp/duplin-county-jobs-remote-part-time.html HTTP/1.1" 200 60188 "-" "Mozilla/5.0 (compatible; SemrushBot/7~bl; +http://www.semrush.com/bot.html)"
185.191.171.17 - - [07/Feb/2025:13:53:05 -0600] "GET /aqhrp/tomato-sauce-protein.html HTTP/1.1" 200 31068 "-" "Mozilla/5.0 (compatible; SemrushBot/7~bl; +http://www.semrush.com/bot.html)"
185.191.171.7 - - [07/Feb/2025:13:53:06 -0600] "GET /fblslia/sedalia-democrat-newspaper.html HTTP/1.1" 200 28081 "-" "Mozilla/5.0 (compatible; SemrushBot/7~bl; +http://www.semrush.com/bot.html)"
185.191.171.13 - - [07/Feb/2025:13:53:15 -0600] "GET /aqhrp/wooden-almari-olx-lahore.html HTTP/1.1" 200 20919 "-" "Mozilla/5.0 (compatible; SemrushBot/7~bl; +http://www.semrush.com/bot.html)"
185.191.171.1 - - [07/Feb/2025:13:54:00 -0600] "GET /aqhrp/sezzle-vs-afterpay-for-merchants.html HTTP/1.1" 200 57016 "-" "Mozilla/5.0 (compatible; SemrushBot/7~bl; +http://www.semrush.com/bot.html)"
85.208.96.203 - - [07/Feb/2025:13:54:02 -0600] "GET /aqhrp/jordan-gipson-mugshot.html HTTP/1.1" 200 35386 "-" "Mozilla/5.0 (compatible; SemrushBot/7~bl; +http://www.semrush.com/bot.html)"
185.191.171.14 - - [07/Feb/2025:13:54:10 -0600] "GET /aqhrp/rappahannock-regional-jail-stafford-virginia.html HTTP/1.1" 200 38673 "-" "Mozilla/5.0 (compatible; SemrushBot/7~bl; +http://www.semrush.com/bot.html)"
185.191.171.3 - - [07/Feb/2025:13:54:27 -0600] "GET /aqhrp/obits-abc12-obituaries.html HTTP/1.1" 200 25413 "-" "Mozilla/5.0 (compatible; SemrushBot/7~bl; +http://www.semrush.com/bot.html)"
85.208.96.210 - - [07/Feb/2025:13:54:40 -0600] "GET /aqhrp/open-my-photos-2018-to-2023-google-free-iphone.html HTTP/1.1" 200 27298 "-" "Mozilla/5.0 (compatible; SemrushBot/7~bl; +http://www.semrush.com/bot.html)"
85.208.96.201 - - [07/Feb/2025:13:54:50 -0600] "GET /aqhrp/riverside-regional-jail-inmate-locator.html HTTP/1.1" 200 66065 "-" "Mozilla/5.0 (compatible; SemrushBot/7~bl; +http://www.semrush.com/bot.html)"
85.208.96.207 - - [07/Feb/2025:13:55:02 -0600] "GET /aqhrp/applewatch-activation-unlock.html HTTP/1.1" 200 45657 "-" "Mozilla/5.0 (compatible; SemrushBot/7~bl; +http://www.semrush.com/bot.html)"
47.128.33.52 - - [07/Feb/2025:13:55:06 -0600] "GET /aqhrp/zorka-agency.html HTTP/1.1" 200 38141 "-" "Mozilla/5.0 (Linux; Android 5.0) AppleWebKit/537.36 (KHTML, like Gecko) Mobile Safari/537.36 (compatible; Bytespider; spider-feedback@bytedance.com)"
47.128.33.52 - - [07/Feb/2025:13:55:07 -0600] "GET /uploads/ HTTP/1.1" 200 - "http://impactplugin.calvarycrossag.com/aqhrp/zorka-agency.html" "Mozilla/5.0 (Linux; Android 5.0) AppleWebKit/537.36 (KHTML, like Gecko) Mobile Safari/537.36 (compatible; Bytespider; spider-feedback@bytedance.com)"
85.208.96.197 - - [07/Feb/2025:13:55:15 -0600] "GET /aqhrp/duplin-county-deaths.html HTTP/1.1" 200 63971 "-" "Mozilla/5.0 (compatible; SemrushBot/7~bl; +http://www.semrush.com/bot.html)"
85.208.96.211 - - [07/Feb/2025:13:55:17 -0600] "GET /aqhrp/marketing-report-template-word-free-download.html HTTP/1.1" 200 32595 "-" "Mozilla/5.0 (compatible; SemrushBot/7~bl; +http://www.semrush.com/bot.html)"
85.208.96.211 - - [07/Feb/2025:13:55:28 -0600] "GET /aqhrp/dynasty-haiti-music-2019.html HTTP/1.1" 200 33620 "-" "Mozilla/5.0 (compatible; SemrushBot/7~bl; +http://www.semrush.com/bot.html)"
185.191.171.10 - - [07/Feb/2025:13:56:07 -0600] "GET /aqhrp/download-sideloader-for-oculus.html HTTP/1.1" 200 48159 "-" "Mozilla/5.0 (compatible; SemrushBot/7~bl; +http://www.semrush.com/bot.html)"
36.66.139.37 - - [07/Feb/2025:13:56:17 -0600] "GET /assets/images/wcrmxg.php HTTP/1.1" 200 5717 "-" "Mozilla/5.0 (Windows NT 10.0; Win64; x64) AppleWebKit/537.36 (KHTML, like Gecko) Chrome/129.0.0.0 Safari/537.36"
85.208.96.208 - - [07/Feb/2025:13:56:19 -0600] "GET /aqhrp/polyester-webbing-ratchet.html HTTP/1.1" 200 53946 "-" "Mozilla/5.0 (compatible; SemrushBot/7~bl; +http://www.semrush.com/bot.html)"
36.66.139.37 - - [07/Feb/2025:13:56:24 -0600] "GET /favicon.ico HTTP/1.1" 200 - "http://impactplugin.calvarycrossag.com/assets/images/wcrmxg.php" "Mozilla/5.0 (Windows NT 10.0; Win64; x64) AppleWebKit/537.36 (KHTML, like Gecko) Chrome/129.0.0.0 Safari/537.36"
185.191.171.2 - - [07/Feb/2025:13:56:31 -0600] "GET /fblslia/best-certifications-for-civil-engineers.html HTTP/1.1" 200 52584 "-" "Mozilla/5.0 (compatible; SemrushBot/7~bl; +http://www.semrush.com/bot.html)"
185.191.171.14 - - [07/Feb/2025:13:56:36 -0600] "GET /fblslia/sardis-mississippi-obituaries.html HTTP/1.1" 200 57808 "-" "Mozilla/5.0 (compatible; SemrushBot/7~bl; +http://www.semrush.com/bot.html)"
36.66.139.37 - - [07/Feb/2025:13:56:32 -0600] "POST /assets/images/wcrmxg.php HTTP/1.1" 200 4027810 "http://impactplugin.calvarycrossag.com/assets/images/wcrmxg.php" "Mozilla/5.0 (Windows NT 10.0; Win64; x64) AppleWebKit/537.36 (KHTML, like Gecko) Chrome/129.0.0.0 Safari/537.36"
36.66.139.37 - - [07/Feb/2025:13:56:39 -0600] "GET /favicon.ico HTTP/1.1" 200 - "http://impactplugin.calvarycrossag.com/assets/images/wcrmxg.php" "Mozilla/5.0 (Windows NT 10.0; Win64; x64) AppleWebKit/537.36 (KHTML, like Gecko) Chrome/129.0.0.0 Safari/537.36"
185.191.171.8 - - [07/Feb/2025:13:56:55 -0600] "GET /aqhrp/np300-tailgate-seal.html HTTP/1.1" 200 23587 "-" "Mozilla/5.0 (compatible; SemrushBot/7~bl; +http://www.semrush.com/bot.html)"
185.191.171.6 - - [07/Feb/2025:13:57:00 -0600] "GET /aqhrp/tony-williams-lifetime-live.html HTTP/1.1" 200 32257 "-" "Mozilla/5.0 (compatible; SemrushBot/7~bl; +http://www.semrush.com/bot.html)"
85.208.96.209 - - [07/Feb/2025:13:57:02 -0600] "GET /aqhrp/the-wizarding-world-of-harry-potter-cartoon.html HTTP/1.1" 200 36832 "-" "Mozilla/5.0 (compatible; SemrushBot/7~bl; +http://www.semrush.com/bot.html)"
85.208.96.196 - - [07/Feb/2025:13:57:20 -0600] "GET /aqhrp/osmc-chromium.html HTTP/1.1" 200 54394 "-" "Mozilla/5.0 (compatible; SemrushBot/7~bl; +http://www.semrush.com/bot.html)"
185.191.171.8 - - [07/Feb/2025:13:57:28 -0600] "GET /aqhrp/roberts-funeral-home-of-dunnellon-obituaries.html HTTP/1.1" 200 38306 "-" "Mozilla/5.0 (compatible; SemrushBot/7~bl; +http://www.semrush.com/bot.html)"
85.208.96.204 - - [07/Feb/2025:13:57:37 -0600] "GET /aqhrp/citimanager-government-travel-card-login.html HTTP/1.1" 200 50655 "-" "Mozilla/5.0 (compatible; SemrushBot/7~bl; +http://www.semrush.com/bot.html)"
185.191.171.12 - - [07/Feb/2025:13:57:54 -0600] "GET /fblslia/218-and-81-district-court-atascosa-county.html HTTP/1.1" 200 39088 "-" "Mozilla/5.0 (compatible; SemrushBot/7~bl; +http://www.semrush.com/bot.html)"
185.191.171.13 - - [07/Feb/2025:13:58:14 -0600] "GET /aqhrp/nhl-combine-2022.html HTTP/1.1" 200 48685 "-" "Mozilla/5.0 (compatible; SemrushBot/7~bl; +http://www.semrush.com/bot.html)"
85.208.96.204 - - [07/Feb/2025:13:58:17 -0600] "GET /aqhrp/how-to-tell-if-a-virgo-woman-is-flirting.html HTTP/1.1" 200 45495 "-" "Mozilla/5.0 (compatible; SemrushBot/7~bl; +http://www.semrush.com/bot.html)"
85.208.96.207 - - [07/Feb/2025:13:58:28 -0600] "GET /aqhrp/klipsch-production.html HTTP/1.1" 200 45290 "-" "Mozilla/5.0 (compatible; SemrushBot/7~bl; +http://www.semrush.com/bot.html)"
185.191.171.5 - - [07/Feb/2025:13:58:37 -0600] "GET /fblslia/sql-practice-with-sample-database.html HTTP/1.1" 200 45472 "-" "Mozilla/5.0 (compatible; SemrushBot/7~bl; +http://www.semrush.com/bot.html)"
185.191.171.6 - - [07/Feb/2025:13:58:47 -0600] "GET /aqhrp/flytampa-p3d-v5.html HTTP/1.1" 200 47208 "-" "Mozilla/5.0 (compatible; SemrushBot/7~bl; +http://www.semrush.com/bot.html)"
185.191.171.19 - - [07/Feb/2025:13:59:04 -0600] "GET /aqhrp/lafayette-police-arrest-for-today.html HTTP/1.1" 200 49381 "-" "Mozilla/5.0 (compatible; SemrushBot/7~bl; +http://www.semrush.com/bot.html)"
185.191.171.19 - - [07/Feb/2025:13:59:18 -0600] "GET /aqhrp/g11-insulation-board.html HTTP/1.1" 200 46037 "-" "Mozilla/5.0 (compatible; SemrushBot/7~bl; +http://www.semrush.com/bot.html)"
185.191.171.19 - - [07/Feb/2025:13:59:35 -0600] "GET /aqhrp/deemix-2024-descargar-free-download-apkpure.html HTTP/1.1" 200 38821 "-" "Mozilla/5.0 (compatible; SemrushBot/7~bl; +http://www.semrush.com/bot.html)"
85.208.96.198 - - [07/Feb/2025:13:59:38 -0600] "GET /aqhrp/mugshots-ottawa-county.html HTTP/1.1" 200 53562 "-" "Mozilla/5.0 (compatible; SemrushBot/7~bl; +http://www.semrush.com/bot.html)"
185.191.171.11 - - [07/Feb/2025:13:59:50 -0600] "GET /aqhrp/williams-funeral-home-obituaries-florence-al.html HTTP/1.1" 200 39303 "-" "Mozilla/5.0 (compatible; SemrushBot/7~bl; +http://www.semrush.com/bot.html)"
85.208.96.206 - - [07/Feb/2025:14:00:11 -0600] "GET /aqhrp/supercharger-oil-substitute.html HTTP/1.1" 200 31390 "-" "Mozilla/5.0 (compatible; SemrushBot/7~bl; +http://www.semrush.com/bot.html)"
185.191.171.13 - - [07/Feb/2025:14:00:22 -0600] "GET /fblslia/ranktank-google-sheets.html HTTP/1.1" 200 36281 "-" "Mozilla/5.0 (compatible; SemrushBot/7~bl; +http://www.semrush.com/bot.html)"
85.208.96.211 - - [07/Feb/2025:14:00:57 -0600] "GET /fblslia/factory-job-with-accommodation-near-kasoa.html HTTP/1.1" 200 26734 "-" "Mozilla/5.0 (compatible; SemrushBot/7~bl; +http://www.semrush.com/bot.html)"
85.208.96.212 - - [07/Feb/2025:14:01:01 -0600] "GET /aqhrp/whole-foods-folsom.html HTTP/1.1" 200 39195 "-" "Mozilla/5.0 (compatible; SemrushBot/7~bl; +http://www.semrush.com/bot.html)"
185.191.171.15 - - [07/Feb/2025:14:01:07 -0600] "GET /aqhrp/gpu-hot-spot-temp.html HTTP/1.1" 200 46577 "-" "Mozilla/5.0 (compatible; SemrushBot/7~bl; +http://www.semrush.com/bot.html)"
85.208.96.193 - - [07/Feb/2025:14:01:09 -0600] "GET /aqhrp/lagrange-daily-news-arrests-yesterday-obituaries-archives-today-facebook-near-near-arizona.html HTTP/1.1" 200 38521 "-" "Mozilla/5.0 (compatible; SemrushBot/7~bl; +http://www.semrush.com/bot.html)"
185.191.171.3 - - [07/Feb/2025:14:01:18 -0600] "GET /robots.txt HTTP/1.1" 200 1017 "-" "Mozilla/5.0 (compatible; SemrushBot/7~bl; +http://www.semrush.com/bot.html)"
185.191.171.2 - - [07/Feb/2025:14:01:18 -0600] "GET /aqhrp/deezer-arl-token-android-2022.html HTTP/1.1" 200 54422 "-" "Mozilla/5.0 (compatible; SemrushBot/7~bl; +http://www.semrush.com/bot.html)"
85.208.96.212 - - [07/Feb/2025:14:01:43 -0600] "GET /aqhrp/django-is-authenticated.html HTTP/1.1" 200 59137 "-" "Mozilla/5.0 (compatible; SemrushBot/7~bl; +http://www.semrush.com/bot.html)"
85.208.96.199 - - [07/Feb/2025:14:01:52 -0600] "GET /fblslia/kansas-2nd-district-polls.html HTTP/1.1" 200 35775 "-" "Mozilla/5.0 (compatible; SemrushBot/7~bl; +http://www.semrush.com/bot.html)"
85.208.96.197 - - [07/Feb/2025:14:01:55 -0600] "GET /fblslia/obituary-search-recent-obituaries-wisconsin.html HTTP/1.1" 200 29466 "-" "Mozilla/5.0 (compatible; SemrushBot/7~bl; +http://www.semrush.com/bot.html)"
85.208.96.206 - - [07/Feb/2025:14:02:06 -0600] "GET /aqhrp/most-recently-booked-near-st-clair-ave-w-toronto.html HTTP/1.1" 200 43726 "-" "Mozilla/5.0 (compatible; SemrushBot/7~bl; +http://www.semrush.com/bot.html)"
47.128.24.99 - - [07/Feb/2025:14:02:07 -0600] "GET /fblslia/demark-indicators-tradingview.html HTTP/1.1" 200 45536 "-" "Mozilla/5.0 (Linux; Android 5.0) AppleWebKit/537.36 (KHTML, like Gecko) Mobile Safari/537.36 (compatible; Bytespider; spider-feedback@bytedance.com)"
85.208.96.195 - - [07/Feb/2025:14:02:18 -0600] "GET /aqhrp/harvard-fintech-programme.html HTTP/1.1" 200 46022 "-" "Mozilla/5.0 (compatible; SemrushBot/7~bl; +http://www.semrush.com/bot.html)"
185.191.171.9 - - [07/Feb/2025:14:02:34 -0600] "GET /aqhrp/dobby-from-harry-potter-crossword.html HTTP/1.1" 200 41336 "-" "Mozilla/5.0 (compatible; SemrushBot/7~bl; +http://www.semrush.com/bot.html)"
216.244.66.234 - - [07/Feb/2025:14:02:35 -0600] "GET /aqhrp/gtav-wardens-menu.html HTTP/1.1" 200 44909 "-" "Mozilla/5.0 (compatible; DotBot/1.2; +https://opensiteexplorer.org/dotbot; help@moz.com)"
216.244.66.234 - - [07/Feb/2025:14:02:40 -0600] "GET /aqhrp/voltage-drop-allowance-australia.html HTTP/1.1" 200 45331 "-" "Mozilla/5.0 (compatible; DotBot/1.2; +https://opensiteexplorer.org/dotbot; help@moz.com)"
216.244.66.234 - - [07/Feb/2025:14:02:44 -0600] "GET /aqhrp/frederick-county-va-police-reports.html HTTP/1.1" 200 31512 "-" "Mozilla/5.0 (compatible; DotBot/1.2; +https://opensiteexplorer.org/dotbot; help@moz.com)"
185.191.171.1 - - [07/Feb/2025:14:03:05 -0600] "GET /aqhrp/death-announcement-template-hindu.html HTTP/1.1" 200 47246 "-" "Mozilla/5.0 (compatible; SemrushBot/7~bl; +http://www.semrush.com/bot.html)"
185.191.171.1 - - [07/Feb/2025:14:03:09 -0600] "GET /aqhrp/sony-car-audio-remote-control.html HTTP/1.1" 200 29001 "-" "Mozilla/5.0 (compatible; SemrushBot/7~bl; +http://www.semrush.com/bot.html)"
85.208.96.198 - - [07/Feb/2025:14:03:14 -0600] "GET /aqhrp/robertson-county-nursing-home-mt-olivet.html HTTP/1.1" 200 61525 "-" "Mozilla/5.0 (compatible; SemrushBot/7~bl; +http://www.semrush.com/bot.html)"
185.191.171.9 - - [07/Feb/2025:14:03:16 -0600] "GET /aqhrp/upholstery-webbing-near-kuala-lumpur-federal-territory-of-kuala-lumpur.html HTTP/1.1" 200 30457 "-" "Mozilla/5.0 (compatible; SemrushBot/7~bl; +http://www.semrush.com/bot.html)"
85.208.96.208 - - [07/Feb/2025:14:03:19 -0600] "GET /fblslia/new-zealand-visa-official-website.html HTTP/1.1" 200 41223 "-" "Mozilla/5.0 (compatible; SemrushBot/7~bl; +http://www.semrush.com/bot.html)"
216.244.66.234 - - [07/Feb/2025:14:03:26 -0600] "GET /aqhrp/acme-sh-command-not-found.html HTTP/1.1" 200 39618 "-" "Mozilla/5.0 (compatible; DotBot/1.2; +https://opensiteexplorer.org/dotbot; help@moz.com)"
216.244.66.234 - - [07/Feb/2025:14:03:28 -0600] "GET /aqhrp/electrodes-for-tens-machine.html HTTP/1.1" 200 50373 "-" "Mozilla/5.0 (compatible; DotBot/1.2; +https://opensiteexplorer.org/dotbot; help@moz.com)"
216.244.66.234 - - [07/Feb/2025:14:03:30 -0600] "GET /aqhrp/hopkinsville-news-today.html HTTP/1.1" 200 35975 "-" "Mozilla/5.0 (compatible; DotBot/1.2; +https://opensiteexplorer.org/dotbot; help@moz.com)"
216.244.66.234 - - [07/Feb/2025:14:03:31 -0600] "GET /aqhrp/mcwhorter-funeral-home-obituaries-gilmer-tx.html HTTP/1.1" 200 34602 "-" "Mozilla/5.0 (compatible; DotBot/1.2; +https://opensiteexplorer.org/dotbot; help@moz.com)"
216.244.66.234 - - [07/Feb/2025:14:03:32 -0600] "GET /aqhrp/paulfuneral-home-obituaries.html HTTP/1.1" 200 54982 "-" "Mozilla/5.0 (compatible; DotBot/1.2; +https://opensiteexplorer.org/dotbot; help@moz.com)"
216.244.66.234 - - [07/Feb/2025:14:03:33 -0600] "GET /aqhrp/rausch-funeral-home-obituaries-near-aranyaprathet-district-sa-kaeo-thailand.html HTTP/1.1" 200 34636 "-" "Mozilla/5.0 (compatible; DotBot/1.2; +https://opensiteexplorer.org/dotbot; help@moz.com)"
216.244.66.234 - - [07/Feb/2025:14:03:34 -0600] "GET /aqhrp/sylacauga-obituaries.html HTTP/1.1" 200 43339 "-" "Mozilla/5.0 (compatible; DotBot/1.2; +https://opensiteexplorer.org/dotbot; help@moz.com)"
85.208.96.198 - - [07/Feb/2025:14:03:52 -0600] "GET /aqhrp/y15-smartwatch.html HTTP/1.1" 200 43643 "-" "Mozilla/5.0 (compatible; SemrushBot/7~bl; +http://www.semrush.com/bot.html)"
85.208.96.198 - - [07/Feb/2025:14:04:04 -0600] "GET /aqhrp/rust-parse.html HTTP/1.1" 200 28657 "-" "Mozilla/5.0 (compatible; SemrushBot/7~bl; +http://www.semrush.com/bot.html)"
85.208.96.198 - - [07/Feb/2025:14:04:06 -0600] "GET /aqhrp/wilson-county-court-case-search.html HTTP/1.1" 200 50022 "-" "Mozilla/5.0 (compatible; SemrushBot/7~bl; +http://www.semrush.com/bot.html)"
85.208.96.195 - - [07/Feb/2025:14:04:11 -0600] "GET /aqhrp/gaston-county-mugshots-2024.html HTTP/1.1" 200 29041 "-" "Mozilla/5.0 (compatible; SemrushBot/7~bl; +http://www.semrush.com/bot.html)"
85.208.96.212 - - [07/Feb/2025:14:04:56 -0600] "GET /aqhrp/elkader-iowa-funeral-home-obituaries.html HTTP/1.1" 200 40973 "-" "Mozilla/5.0 (compatible; SemrushBot/7~bl; +http://www.semrush.com/bot.html)"
85.208.96.198 - - [07/Feb/2025:14:05:00 -0600] "GET /aqhrp/computer-fundamental-question-with-answer.html HTTP/1.1" 200 37181 "-" "Mozilla/5.0 (compatible; SemrushBot/7~bl; +http://www.semrush.com/bot.html)"
185.191.171.1 - - [07/Feb/2025:14:05:04 -0600] "GET /aqhrp/point-towards-mouse-unity-2d.html HTTP/1.1" 200 48363 "-" "Mozilla/5.0 (compatible; SemrushBot/7~bl; +http://www.semrush.com/bot.html)"
119.8.161.143 - - [07/Feb/2025:14:05:21 -0600] "GET /aqhrp/free-obituary-search-newspaper-obituaries.html HTTP/2.0" 200 27292 "http://impactplugin.calvarycrossag.com/aqhrp/free-obituary-search-newspaper-obituaries.html" "Mozilla/5.0 (Macintosh; Intel Mac OS X 10_15_7) AppleWebKit/537.36 (KHTML, like Gecko) Chrome/119.0.0.0 Safari/537.36"
85.208.96.195 - - [07/Feb/2025:14:05:26 -0600] "GET /fblslia/osbornes-funeral-directors-rotorua-obituaries.html HTTP/1.1" 200 33380 "-" "Mozilla/5.0 (compatible; SemrushBot/7~bl; +http://www.semrush.com/bot.html)"
119.8.161.143 - - [07/Feb/2025:14:05:21 -0600] "GET /aqhrp/free-obituary-search-newspaper-obituaries.html HTTP/1.1" 101 - "http://impactplugin.calvarycrossag.com/aqhrp/free-obituary-search-newspaper-obituaries.html" "Mozilla/5.0 (Macintosh; Intel Mac OS X 10_15_7) AppleWebKit/537.36 (KHTML, like Gecko) Chrome/119.0.0.0 Safari/537.36"
85.208.96.207 - - [07/Feb/2025:14:05:35 -0600] "GET /aqhrp/bunnings-high-density-foam.html HTTP/1.1" 200 38130 "-" "Mozilla/5.0 (compatible; SemrushBot/7~bl; +http://www.semrush.com/bot.html)"
47.128.123.142 - - [07/Feb/2025:14:05:36 -0600] "GET /fblslia/newton-county-texas-deaths.html HTTP/1.1" 200 48759 "-" "Mozilla/5.0 (Linux; Android 5.0) AppleWebKit/537.36 (KHTML, like Gecko) Mobile Safari/537.36 (compatible; Bytespider; spider-feedback@bytedance.com)"
47.128.123.142 - - [07/Feb/2025:14:05:37 -0600] "GET /fblslia/1024w HTTP/1.1" 404 - "http://impactplugin.calvarycrossag.com/fblslia/newton-county-texas-deaths.html" "Mozilla/5.0 (Linux; Android 5.0) AppleWebKit/537.36 (KHTML, like Gecko) Mobile Safari/537.36 (compatible; Bytespider; spider-feedback@bytedance.com)"
216.244.66.234 - - [07/Feb/2025:14:05:53 -0600] "GET /fblslia/slate-funeral-home-obituaries.html HTTP/1.1" 200 42861 "-" "Mozilla/5.0 (compatible; DotBot/1.2; +https://opensiteexplorer.org/dotbot; help@moz.com)"
85.208.96.208 - - [07/Feb/2025:14:05:56 -0600] "GET /aqhrp/clinton-county-michigan-mugshots.html HTTP/1.1" 200 39261 "-" "Mozilla/5.0 (compatible; SemrushBot/7~bl; +http://www.semrush.com/bot.html)"
85.208.96.208 - - [07/Feb/2025:14:06:01 -0600] "GET /fblslia/how-to-become-google-certified-publishing-partner.html HTTP/1.1" 200 29068 "-" "Mozilla/5.0 (compatible; SemrushBot/7~bl; +http://www.semrush.com/bot.html)"
85.208.96.194 - - [07/Feb/2025:14:06:06 -0600] "GET /aqhrp/Xnxx-melayu-ayu-fahana.html HTTP/1.1" 200 21950 "-" "Mozilla/5.0 (compatible; SemrushBot/7~bl; +http://www.semrush.com/bot.html)"
85.208.96.209 - - [07/Feb/2025:14:06:08 -0600] "GET /aqhrp/td42-patrol-ute-for-sale.html HTTP/1.1" 200 46239 "-" "Mozilla/5.0 (compatible; SemrushBot/7~bl; +http://www.semrush.com/bot.html)"
185.191.171.18 - - [07/Feb/2025:14:06:28 -0600] "GET /aqhrp/mueller-funeral-home-53012.html HTTP/1.1" 200 34877 "-" "Mozilla/5.0 (compatible; SemrushBot/7~bl; +http://www.semrush.com/bot.html)"
185.191.171.10 - - [07/Feb/2025:14:06:51 -0600] "GET /aqhrp/dimitrology-iptv-2021.html HTTP/1.1" 200 42043 "-" "Mozilla/5.0 (compatible; SemrushBot/7~bl; +http://www.semrush.com/bot.html)"
85.208.96.196 - - [07/Feb/2025:14:07:15 -0600] "GET /aqhrp/blade-master-build.html HTTP/1.1" 200 41985 "-" "Mozilla/5.0 (compatible; SemrushBot/7~bl; +http://www.semrush.com/bot.html)"
185.191.171.12 - - [07/Feb/2025:14:07:21 -0600] "GET /aqhrp/iptv-player-firestick.html HTTP/1.1" 200 31857 "-" "Mozilla/5.0 (compatible; SemrushBot/7~bl; +http://www.semrush.com/bot.html)"
185.191.171.11 - - [07/Feb/2025:14:07:22 -0600] "GET /aqhrp/cfmoto-uforce-1000-first-service.html HTTP/1.1" 200 42389 "-" "Mozilla/5.0 (compatible; SemrushBot/7~bl; +http://www.semrush.com/bot.html)"
185.191.171.10 - - [07/Feb/2025:14:07:26 -0600] "GET /aqhrp/ethiojobs-vacancy-2024-ngo-in-addis-ababa.html HTTP/1.1" 200 41781 "-" "Mozilla/5.0 (compatible; SemrushBot/7~bl; +http://www.semrush.com/bot.html)"
185.191.171.4 - - [07/Feb/2025:14:07:33 -0600] "GET /aqhrp/lee-funeral-cremation.html HTTP/1.1" 200 55255 "-" "Mozilla/5.0 (compatible; SemrushBot/7~bl; +http://www.semrush.com/bot.html)"
185.191.171.10 - - [07/Feb/2025:14:07:44 -0600] "GET /aqhrp/terry-funeral-home-inc-obituaries.html HTTP/1.1" 200 45193 "-" "Mozilla/5.0 (compatible; SemrushBot/7~bl; +http://www.semrush.com/bot.html)"
85.208.96.208 - - [07/Feb/2025:14:08:13 -0600] "GET /aqhrp/bill-merritt-funeral-service-obituaries.html HTTP/1.1" 200 30060 "-" "Mozilla/5.0 (compatible; SemrushBot/7~bl; +http://www.semrush.com/bot.html)"
185.191.171.13 - - [07/Feb/2025:14:08:27 -0600] "GET /aqhrp/perfdiag-logger.html HTTP/1.1" 200 54666 "-" "Mozilla/5.0 (compatible; SemrushBot/7~bl; +http://www.semrush.com/bot.html)"
85.208.96.208 - - [07/Feb/2025:14:08:44 -0600] "GET /aqhrp/adb-sideloader-for-windows-10.html HTTP/1.1" 200 43152 "-" "Mozilla/5.0 (compatible; SemrushBot/7~bl; +http://www.semrush.com/bot.html)"
85.208.96.203 - - [07/Feb/2025:14:09:00 -0600] "GET /aqhrp/highway-2-weather-conditions.html HTTP/1.1" 200 29715 "-" "Mozilla/5.0 (compatible; SemrushBot/7~bl; +http://www.semrush.com/bot.html)"
185.191.171.16 - - [07/Feb/2025:14:09:02 -0600] "GET /aqhrp/wkok-news-obituaries.html HTTP/1.1" 200 44201 "-" "Mozilla/5.0 (compatible; SemrushBot/7~bl; +http://www.semrush.com/bot.html)"
47.128.109.56 - - [07/Feb/2025:14:09:06 -0600] "GET /fblslia/urgent-part-time-job-vacancy-in-pokhara-today.html HTTP/1.1" 200 48990 "-" "Mozilla/5.0 (Linux; Android 5.0) AppleWebKit/537.36 (KHTML, like Gecko) Mobile Safari/537.36 (compatible; Bytespider; spider-feedback@bytedance.com)"
47.128.109.56 - - [07/Feb/2025:14:09:07 -0600] "GET /fblslia/1024w HTTP/1.1" 404 - "http://impactplugin.calvarycrossag.com/fblslia/urgent-part-time-job-vacancy-in-pokhara-today.html" "Mozilla/5.0 (Linux; Android 5.0) AppleWebKit/537.36 (KHTML, like Gecko) Mobile Safari/537.36 (compatible; Bytespider; spider-feedback@bytedance.com)"
185.191.171.11 - - [07/Feb/2025:14:09:07 -0600] "GET /aqhrp/top-10-best-websites.html HTTP/1.1" 200 27899 "-" "Mozilla/5.0 (compatible; SemrushBot/7~bl; +http://www.semrush.com/bot.html)"
85.208.96.196 - - [07/Feb/2025:14:09:09 -0600] "GET /aqhrp/cheapest-suburbs-to-buy-a-house-in-brisbane.html HTTP/1.1" 200 38459 "-" "Mozilla/5.0 (compatible; SemrushBot/7~bl; +http://www.semrush.com/bot.html)"
185.191.171.9 - - [07/Feb/2025:14:09:25 -0600] "GET /aqhrp/lacarak-kuce-na-prodaju.html HTTP/1.1" 200 56612 "-" "Mozilla/5.0 (compatible; SemrushBot/7~bl; +http://www.semrush.com/bot.html)"
185.191.171.14 - - [07/Feb/2025:14:09:49 -0600] "GET /fblslia/microsoft-teams-sound-effects.html HTTP/1.1" 200 40377 "-" "Mozilla/5.0 (compatible; SemrushBot/7~bl; +http://www.semrush.com/bot.html)"
185.191.171.9 - - [07/Feb/2025:14:10:08 -0600] "GET /fblslia/bourbon-county-ks-arrest-records.html HTTP/1.1" 200 54843 "-" "Mozilla/5.0 (compatible; SemrushBot/7~bl; +http://www.semrush.com/bot.html)"
185.191.171.14 - - [07/Feb/2025:14:10:24 -0600] "GET /fblslia/google-maps-detailed-walking-directions.html HTTP/1.1" 200 27450 "-" "Mozilla/5.0 (compatible; SemrushBot/7~bl; +http://www.semrush.com/bot.html)"
85.208.96.198 - - [07/Feb/2025:14:10:26 -0600] "GET /fblslia/oduzeti-stanovi-prodaja.html HTTP/1.1" 200 34711 "-" "Mozilla/5.0 (compatible; SemrushBot/7~bl; +http://www.semrush.com/bot.html)"
85.208.96.199 - - [07/Feb/2025:14:10:38 -0600] "GET /aqhrp/7th-hindi-poem-mai-bhi-naam-kamata.html HTTP/1.1" 200 48216 "-" "Mozilla/5.0 (compatible; SemrushBot/7~bl; +http://www.semrush.com/bot.html)"
85.208.96.201 - - [07/Feb/2025:14:10:47 -0600] "GET /aqhrp/saline-county-arkansas-jail-log.html HTTP/1.1" 200 61690 "-" "Mozilla/5.0 (compatible; SemrushBot/7~bl; +http://www.semrush.com/bot.html)"
185.191.171.10 - - [07/Feb/2025:14:11:10 -0600] "GET /fblslia/fivem-arrest-script.html HTTP/1.1" 200 37935 "-" "Mozilla/5.0 (compatible; SemrushBot/7~bl; +http://www.semrush.com/bot.html)"
85.208.96.195 - - [07/Feb/2025:14:11:26 -0600] "GET /aqhrp/johnson-county-inmate-roster-ar.html HTTP/1.1" 200 47374 "-" "Mozilla/5.0 (compatible; SemrushBot/7~bl; +http://www.semrush.com/bot.html)"
85.208.96.207 - - [07/Feb/2025:14:11:28 -0600] "GET /aqhrp/gsc-movies.html HTTP/1.1" 200 27775 "-" "Mozilla/5.0 (compatible; SemrushBot/7~bl; +http://www.semrush.com/bot.html)"
85.208.96.212 - - [07/Feb/2025:14:11:30 -0600] "GET /aqhrp/alexander-funeral-home-millersburg-ohio-obituaries.html HTTP/1.1" 200 45817 "-" "Mozilla/5.0 (compatible; SemrushBot/7~bl; +http://www.semrush.com/bot.html)"
85.208.96.204 - - [07/Feb/2025:14:11:33 -0600] "GET /aqhrp/hydrofoam-dressing.html HTTP/1.1" 200 38106 "-" "Mozilla/5.0 (compatible; SemrushBot/7~bl; +http://www.semrush.com/bot.html)"
85.208.96.210 - - [07/Feb/2025:14:11:52 -0600] "GET /fblslia/mini-bike-wheel-kit.html HTTP/1.1" 200 46427 "-" "Mozilla/5.0 (compatible; SemrushBot/7~bl; +http://www.semrush.com/bot.html)"
85.208.96.199 - - [07/Feb/2025:14:12:26 -0600] "GET /aqhrp/temp-email-generator-free.html HTTP/1.1" 200 60165 "-" "Mozilla/5.0 (compatible; SemrushBot/7~bl; +http://www.semrush.com/bot.html)"
185.191.171.16 - - [07/Feb/2025:14:12:28 -0600] "GET /aqhrp/roblin-funeral-home-obituaries.html HTTP/1.1" 200 32413 "-" "Mozilla/5.0 (compatible; SemrushBot/7~bl; +http://www.semrush.com/bot.html)"
47.128.116.141 - - [07/Feb/2025:14:12:36 -0600] "GET /aqhrp/izuku-masters-one-for-all-early-fanfiction-ao3.html HTTP/1.1" 200 47937 "-" "Mozilla/5.0 (Linux; Android 5.0) AppleWebKit/537.36 (KHTML, like Gecko) Mobile Safari/537.36 (compatible; Bytespider; spider-feedback@bytedance.com)"
47.128.116.141 - - [07/Feb/2025:14:12:37 -0600] "GET /uploads/ HTTP/1.1" 200 - "http://impactplugin.calvarycrossag.com/aqhrp/izuku-masters-one-for-all-early-fanfiction-ao3.html" "Mozilla/5.0 (Linux; Android 5.0) AppleWebKit/537.36 (KHTML, like Gecko) Mobile Safari/537.36 (compatible; Bytespider; spider-feedback@bytedance.com)"
185.191.171.1 - - [07/Feb/2025:14:12:45 -0600] "GET /aqhrp/bradley-edward-wv-mugshot.html HTTP/1.1" 200 45806 "-" "Mozilla/5.0 (compatible; SemrushBot/7~bl; +http://www.semrush.com/bot.html)"
64.69.216.78 - - [07/Feb/2025:14:13:20 -0600] "GET / HTTP/1.1" 200 - "-" "Go-http-client/1.1"
85.208.96.211 - - [07/Feb/2025:14:13:24 -0600] "GET /fblslia/francis-funeral-home-inc-obituaries.html HTTP/1.1" 200 44923 "-" "Mozilla/5.0 (compatible; SemrushBot/7~bl; +http://www.semrush.com/bot.html)"
85.208.96.199 - - [07/Feb/2025:14:13:26 -0600] "GET /aqhrp/striffler-hamby-funeral-home-columbus-ga.html HTTP/1.1" 200 34811 "-" "Mozilla/5.0 (compatible; SemrushBot/7~bl; +http://www.semrush.com/bot.html)"
185.191.171.9 - - [07/Feb/2025:14:13:33 -0600] "GET /aqhrp/how-to-see-deleted-reddit-search-history-on-phone.html HTTP/1.1" 200 48840 "-" "Mozilla/5.0 (compatible; SemrushBot/7~bl; +http://www.semrush.com/bot.html)"
185.191.171.14 - - [07/Feb/2025:14:13:45 -0600] "GET /fblslia/2004-ford-explorer-gear-shifter.html HTTP/1.1" 200 42924 "-" "Mozilla/5.0 (compatible; SemrushBot/7~bl; +http://www.semrush.com/bot.html)"
185.191.171.7 - - [07/Feb/2025:14:13:54 -0600] "GET /fblslia/jasper-county-public-index.html HTTP/1.1" 200 42631 "-" "Mozilla/5.0 (compatible; SemrushBot/7~bl; +http://www.semrush.com/bot.html)"
185.191.171.16 - - [07/Feb/2025:14:14:09 -0600] "GET /fblslia/malta-public-transport-interview-questions.html HTTP/1.1" 200 43754 "-" "Mozilla/5.0 (compatible; SemrushBot/7~bl; +http://www.semrush.com/bot.html)"
