47.82.11.163 - - [07/Feb/2025:05:43:29 -0600] "GET /aqhrp/brantley-funeral-home-hernando-ms.html HTTP/1.1" 200 38637 "http://impactplugin.calvarycrossag.com/aqhrp/brantley-funeral-home-hernando-ms.html" "Mozilla/5.0 (Windows NT 10.0; Win64; x64) AppleWebKit/537.36 (KHTML, like Gecko) Chrome/114.0.0.0 Safari/537.36 Edg/114.0.1823.43"
47.82.11.163 - - [07/Feb/2025:05:43:29 -0600] "GET /aqhrp/warner-music-group-revenue-2019.html HTTP/1.1" 200 40065 "http://impactplugin.calvarycrossag.com/aqhrp/warner-music-group-revenue-2019.html" "Mozilla/5.0 (Windows NT 10.0; Win64; x64) AppleWebKit/537.36 (KHTML, like Gecko) Chrome/114.0.0.0 Safari/537.36 Edg/114.0.1823.43"
47.82.10.232 - - [07/Feb/2025:05:43:30 -0600] "GET /aqhrp/vivint-arena-food-menu.html HTTP/1.1" 200 50196 "http://impactplugin.calvarycrossag.com/aqhrp/vivint-arena-food-menu.html" "Mozilla/5.0 (Windows NT 10.0; Win64; x64) AppleWebKit/537.36 (KHTML, like Gecko) Chrome/114.0.0.0 Safari/537.36 Edg/114.0.1823.43"
47.82.11.223 - - [07/Feb/2025:05:43:30 -0600] "GET /aqhrp/pulsar-thermion-xm50.html HTTP/1.1" 200 40053 "http://impactplugin.calvarycrossag.com/aqhrp/pulsar-thermion-xm50.html" "Mozilla/5.0 (Windows NT 10.0; Win64; x64) AppleWebKit/537.36 (KHTML, like Gecko) Chrome/114.0.0.0 Safari/537.36 Edg/114.0.1823.43"
47.82.11.198 - - [07/Feb/2025:05:43:30 -0600] "GET /aqhrp/girls-vagina-video.html HTTP/1.1" 200 25584 "http://impactplugin.calvarycrossag.com/aqhrp/girls-vagina-video.html" "Mozilla/5.0 (Windows NT 10.0; Win64; x64) AppleWebKit/537.36 (KHTML, like Gecko) Chrome/114.0.0.0 Safari/537.36 Edg/114.0.1823.43"
47.82.11.94 - - [07/Feb/2025:05:43:30 -0600] "GET /aqhrp/400-ml-beaker-dimensions.html HTTP/1.1" 200 31171 "http://impactplugin.calvarycrossag.com/aqhrp/400-ml-beaker-dimensions.html" "Mozilla/5.0 (Windows NT 10.0; Win64; x64) AppleWebKit/537.36 (KHTML, like Gecko) Chrome/114.0.0.0 Safari/537.36 Edg/114.0.1823.43"
47.82.11.105 - - [07/Feb/2025:05:43:31 -0600] "GET /aqhrp/craigslist-modesto-jobs.html HTTP/1.1" 200 26089 "http://impactplugin.calvarycrossag.com/aqhrp/craigslist-modesto-jobs.html" "Mozilla/5.0 (Windows NT 10.0; Win64; x64) AppleWebKit/537.36 (KHTML, like Gecko) Chrome/114.0.0.0 Safari/537.36 Edg/114.0.1823.43"
47.82.11.105 - - [07/Feb/2025:05:43:31 -0600] "GET /aqhrp/amazon-locker-returns.html HTTP/1.1" 200 45095 "http://impactplugin.calvarycrossag.com/aqhrp/amazon-locker-returns.html" "Mozilla/5.0 (Windows NT 10.0; Win64; x64) AppleWebKit/537.36 (KHTML, like Gecko) Chrome/114.0.0.0 Safari/537.36 Edg/114.0.1823.43"
47.82.11.192 - - [07/Feb/2025:05:43:32 -0600] "GET /aqhrp/avon-indiana-county-court.html HTTP/1.1" 200 29930 "http://impactplugin.calvarycrossag.com/aqhrp/avon-indiana-county-court.html" "Mozilla/5.0 (Windows NT 10.0; Win64; x64) AppleWebKit/537.36 (KHTML, like Gecko) Chrome/114.0.0.0 Safari/537.36 Edg/114.0.1823.43"
47.82.11.8 - - [07/Feb/2025:05:43:32 -0600] "GET /aqhrp/powershell-active-directory-inventory.html HTTP/1.1" 200 37993 "http://impactplugin.calvarycrossag.com/aqhrp/powershell-active-directory-inventory.html" "Mozilla/5.0 (Windows NT 10.0; Win64; x64) AppleWebKit/537.36 (KHTML, like Gecko) Chrome/114.0.0.0 Safari/537.36 Edg/114.0.1823.43"
47.82.11.49 - - [07/Feb/2025:05:43:32 -0600] "GET /aqhrp/oklahoma-county-jail-mugshots.html HTTP/1.1" 200 53403 "http://impactplugin.calvarycrossag.com/aqhrp/oklahoma-county-jail-mugshots.html" "Mozilla/5.0 (Windows NT 10.0; Win64; x64) AppleWebKit/537.36 (KHTML, like Gecko) Chrome/114.0.0.0 Safari/537.36 Edg/114.0.1823.43"
47.82.11.94 - - [07/Feb/2025:05:43:33 -0600] "GET /aqhrp/enchantment-permit-area-rules.html HTTP/1.1" 200 56209 "http://impactplugin.calvarycrossag.com/aqhrp/enchantment-permit-area-rules.html" "Mozilla/5.0 (Windows NT 10.0; Win64; x64) AppleWebKit/537.36 (KHTML, like Gecko) Chrome/114.0.0.0 Safari/537.36 Edg/114.0.1823.43"
47.82.11.93 - - [07/Feb/2025:05:43:35 -0600] "GET /aqhrp/tebex-brutal-notify-script.html HTTP/1.1" 200 31843 "http://impactplugin.calvarycrossag.com/aqhrp/tebex-brutal-notify-script.html" "Mozilla/5.0 (Windows NT 10.0; Win64; x64) AppleWebKit/537.36 (KHTML, like Gecko) Chrome/114.0.0.0 Safari/537.36 Edg/114.0.1823.43"
47.82.10.42 - - [07/Feb/2025:05:43:35 -0600] "GET /aqhrp/griswold-cast-iron-molds.html HTTP/1.1" 200 28365 "http://impactplugin.calvarycrossag.com/aqhrp/griswold-cast-iron-molds.html" "Mozilla/5.0 (Windows NT 10.0; Win64; x64) AppleWebKit/537.36 (KHTML, like Gecko) Chrome/114.0.0.0 Safari/537.36 Edg/114.0.1823.43"
47.82.11.130 - - [07/Feb/2025:05:43:37 -0600] "GET /aqhrp/live-music-in-santa-fe.html HTTP/1.1" 200 42889 "http://impactplugin.calvarycrossag.com/aqhrp/live-music-in-santa-fe.html" "Mozilla/5.0 (Windows NT 10.0; Win64; x64) AppleWebKit/537.36 (KHTML, like Gecko) Chrome/114.0.0.0 Safari/537.36 Edg/114.0.1823.43"
47.82.11.93 - - [07/Feb/2025:05:43:38 -0600] "GET /aqhrp/williams-funeral-home-obituaries.html HTTP/1.1" 200 29616 "http://impactplugin.calvarycrossag.com/aqhrp/williams-funeral-home-obituaries.html" "Mozilla/5.0 (Windows NT 10.0; Win64; x64) AppleWebKit/537.36 (KHTML, like Gecko) Chrome/114.0.0.0 Safari/537.36 Edg/114.0.1823.43"
47.82.10.174 - - [07/Feb/2025:05:43:38 -0600] "GET /aqhrp/dabl-on-spectrum.html HTTP/1.1" 200 47689 "http://impactplugin.calvarycrossag.com/aqhrp/dabl-on-spectrum.html" "Mozilla/5.0 (Windows NT 10.0; Win64; x64) AppleWebKit/537.36 (KHTML, like Gecko) Chrome/114.0.0.0 Safari/537.36 Edg/114.0.1823.43"
47.82.11.193 - - [07/Feb/2025:05:43:40 -0600] "GET /aqhrp/kevin-kearns-millennium-physician-group.html HTTP/1.1" 200 27834 "http://impactplugin.calvarycrossag.com/aqhrp/kevin-kearns-millennium-physician-group.html" "Mozilla/5.0 (Windows NT 10.0; Win64; x64) AppleWebKit/537.36 (KHTML, like Gecko) Chrome/114.0.0.0 Safari/537.36 Edg/114.0.1823.43"
47.82.10.188 - - [07/Feb/2025:05:43:41 -0600] "GET /aqhrp/modularna-gradnja.html HTTP/1.1" 200 49893 "http://impactplugin.calvarycrossag.com/aqhrp/modularna-gradnja.html" "Mozilla/5.0 (Windows NT 10.0; Win64; x64) AppleWebKit/537.36 (KHTML, like Gecko) Chrome/114.0.0.0 Safari/537.36 Edg/114.0.1823.43"
47.128.47.105 - - [07/Feb/2025:05:45:13 -0600] "GET /aqhrp/cccam-premium-co.html HTTP/1.1" 200 38789 "-" "Mozilla/5.0 (Linux; Android 5.0) AppleWebKit/537.36 (KHTML, like Gecko) Mobile Safari/537.36 (compatible; Bytespider; spider-feedback@bytedance.com)"
159.138.28.49 - - [07/Feb/2025:05:45:18 -0600] "GET /aqhrp/free-word-search-games-for-ipad.html HTTP/2.0" 200 45014 "http://impactplugin.calvarycrossag.com/aqhrp/free-word-search-games-for-ipad.html" "Mozilla/5.0 (Macintosh; Intel Mac OS X 10_15_7) AppleWebKit/537.36 (KHTML, like Gecko) Chrome/119.0.0.0 Safari/537.36"
159.138.28.49 - - [07/Feb/2025:05:45:18 -0600] "GET /aqhrp/free-word-search-games-for-ipad.html HTTP/1.1" 101 - "http://impactplugin.calvarycrossag.com/aqhrp/free-word-search-games-for-ipad.html" "Mozilla/5.0 (Macintosh; Intel Mac OS X 10_15_7) AppleWebKit/537.36 (KHTML, like Gecko) Chrome/119.0.0.0 Safari/537.36"
47.82.11.71 - - [07/Feb/2025:05:46:16 -0600] "GET /aqhrp/arizona-unemployment-appeals-office.html HTTP/1.1" 200 44226 "http://impactplugin.calvarycrossag.com/aqhrp/arizona-unemployment-appeals-office.html" "Mozilla/5.0 (Windows NT 10.0; Win64; x64) AppleWebKit/537.36 (KHTML, like Gecko) Chrome/114.0.0.0 Safari/537.36 Edg/114.0.1823.43"
27.106.101.15 - - [07/Feb/2025:05:46:28 -0600] "GET /fblslia/nelson-funeral-home-fessenden-nd-obituary.html HTTP/2.0" 200 39783 "http://impactplugin.calvarycrossag.com/fblslia/nelson-funeral-home-fessenden-nd-obituary.html" "Mozilla/5.0 (Windows NT 10.0; Win64; x64) AppleWebKit/537.36 (KHTML, like Gecko) Chrome/107.0.0.0 Safari/537.36"
27.106.101.15 - - [07/Feb/2025:05:46:28 -0600] "GET /fblslia/nelson-funeral-home-fessenden-nd-obituary.html HTTP/1.1" 101 - "http://impactplugin.calvarycrossag.com/fblslia/nelson-funeral-home-fessenden-nd-obituary.html" "Mozilla/5.0 (Windows NT 10.0; Win64; x64) AppleWebKit/537.36 (KHTML, like Gecko) Chrome/107.0.0.0 Safari/537.36"
47.82.11.130 - - [07/Feb/2025:05:46:45 -0600] "GET /aqhrp/2-movie-theaters-near-you.html HTTP/1.1" 200 44786 "http://impactplugin.calvarycrossag.com/aqhrp/2-movie-theaters-near-you.html" "Mozilla/5.0 (Windows NT 10.0; Win64; x64) AppleWebKit/537.36 (KHTML, like Gecko) Chrome/114.0.0.0 Safari/537.36 Edg/114.0.1823.43"
47.82.11.198 - - [07/Feb/2025:05:46:47 -0600] "GET /aqhrp/chef-do-macacos-karenmafia.html HTTP/1.1" 200 43652 "http://impactplugin.calvarycrossag.com/aqhrp/chef-do-macacos-karenmafia.html" "Mozilla/5.0 (Windows NT 10.0; Win64; x64) AppleWebKit/537.36 (KHTML, like Gecko) Chrome/114.0.0.0 Safari/537.36 Edg/114.0.1823.43"
47.82.10.42 - - [07/Feb/2025:05:46:52 -0600] "GET /aqhrp/clone-email-app-free-download.html HTTP/1.1" 200 39789 "http://impactplugin.calvarycrossag.com/aqhrp/clone-email-app-free-download.html" "Mozilla/5.0 (Windows NT 10.0; Win64; x64) AppleWebKit/537.36 (KHTML, like Gecko) Chrome/114.0.0.0 Safari/537.36 Edg/114.0.1823.43"
47.82.11.49 - - [07/Feb/2025:05:46:54 -0600] "GET /aqhrp/replacing-straps-on-patio-furniture.html HTTP/1.1" 200 32341 "http://impactplugin.calvarycrossag.com/aqhrp/replacing-straps-on-patio-furniture.html" "Mozilla/5.0 (Windows NT 10.0; Win64; x64) AppleWebKit/537.36 (KHTML, like Gecko) Chrome/114.0.0.0 Safari/537.36 Edg/114.0.1823.43"
47.82.10.52 - - [07/Feb/2025:05:46:54 -0600] "GET /aqhrp/election-results-leavenworth-ks.html HTTP/1.1" 200 35211 "http://impactplugin.calvarycrossag.com/aqhrp/election-results-leavenworth-ks.html" "Mozilla/5.0 (Windows NT 10.0; Win64; x64) AppleWebKit/537.36 (KHTML, like Gecko) Chrome/114.0.0.0 Safari/537.36 Edg/114.0.1823.43"
47.82.11.199 - - [07/Feb/2025:05:46:58 -0600] "GET /aqhrp/owen-brown-history.html HTTP/1.1" 200 41916 "http://impactplugin.calvarycrossag.com/aqhrp/owen-brown-history.html" "Mozilla/5.0 (Windows NT 10.0; Win64; x64) AppleWebKit/537.36 (KHTML, like Gecko) Chrome/114.0.0.0 Safari/537.36 Edg/114.0.1823.43"
47.82.10.42 - - [07/Feb/2025:05:46:59 -0600] "GET /aqhrp/kansas-state-senators-by-district.html HTTP/1.1" 200 31957 "http://impactplugin.calvarycrossag.com/aqhrp/kansas-state-senators-by-district.html" "Mozilla/5.0 (Windows NT 10.0; Win64; x64) AppleWebKit/537.36 (KHTML, like Gecko) Chrome/114.0.0.0 Safari/537.36 Edg/114.0.1823.43"
47.82.11.138 - - [07/Feb/2025:05:47:00 -0600] "GET /aqhrp/burnet-newspaper-archives.html HTTP/1.1" 200 34608 "http://impactplugin.calvarycrossag.com/aqhrp/burnet-newspaper-archives.html" "Mozilla/5.0 (Windows NT 10.0; Win64; x64) AppleWebKit/537.36 (KHTML, like Gecko) Chrome/114.0.0.0 Safari/537.36 Edg/114.0.1823.43"
47.82.11.192 - - [07/Feb/2025:05:47:01 -0600] "GET /aqhrp/current-job-vacancies-in-port-moresby-no-experience.html HTTP/1.1" 200 29269 "http://impactplugin.calvarycrossag.com/aqhrp/current-job-vacancies-in-port-moresby-no-experience.html" "Mozilla/5.0 (Windows NT 10.0; Win64; x64) AppleWebKit/537.36 (KHTML, like Gecko) Chrome/114.0.0.0 Safari/537.36 Edg/114.0.1823.43"
47.82.10.232 - - [07/Feb/2025:05:47:02 -0600] "GET /aqhrp/yancey-funeral-home-obituaries.html HTTP/1.1" 200 34636 "http://impactplugin.calvarycrossag.com/aqhrp/yancey-funeral-home-obituaries.html" "Mozilla/5.0 (Windows NT 10.0; Win64; x64) AppleWebKit/537.36 (KHTML, like Gecko) Chrome/114.0.0.0 Safari/537.36 Edg/114.0.1823.43"
47.82.11.198 - - [07/Feb/2025:05:47:02 -0600] "GET /aqhrp/burnet-county-property-records-online.html HTTP/1.1" 200 37160 "http://impactplugin.calvarycrossag.com/aqhrp/burnet-county-property-records-online.html" "Mozilla/5.0 (Windows NT 10.0; Win64; x64) AppleWebKit/537.36 (KHTML, like Gecko) Chrome/114.0.0.0 Safari/537.36 Edg/114.0.1823.43"
47.82.10.232 - - [07/Feb/2025:05:47:03 -0600] "GET /aqhrp/legacy-obituaries-waynesboro-va.html HTTP/1.1" 200 39877 "http://impactplugin.calvarycrossag.com/aqhrp/legacy-obituaries-waynesboro-va.html" "Mozilla/5.0 (Windows NT 10.0; Win64; x64) AppleWebKit/537.36 (KHTML, like Gecko) Chrome/114.0.0.0 Safari/537.36 Edg/114.0.1823.43"
47.82.10.126 - - [07/Feb/2025:05:47:03 -0600] "GET /aqhrp/loading-dock-grafton-il-events.html HTTP/1.1" 200 31761 "http://impactplugin.calvarycrossag.com/aqhrp/loading-dock-grafton-il-events.html" "Mozilla/5.0 (Windows NT 10.0; Win64; x64) AppleWebKit/537.36 (KHTML, like Gecko) Chrome/114.0.0.0 Safari/537.36 Edg/114.0.1823.43"
47.82.10.174 - - [07/Feb/2025:05:47:03 -0600] "GET /aqhrp/stevens-pass-ski-rentals.html HTTP/1.1" 200 41990 "http://impactplugin.calvarycrossag.com/aqhrp/stevens-pass-ski-rentals.html" "Mozilla/5.0 (Windows NT 10.0; Win64; x64) AppleWebKit/537.36 (KHTML, like Gecko) Chrome/114.0.0.0 Safari/537.36 Edg/114.0.1823.43"
47.82.11.111 - - [07/Feb/2025:05:47:04 -0600] "GET /aqhrp/self-prescribing-laws-by-state.html HTTP/1.1" 200 49165 "http://impactplugin.calvarycrossag.com/aqhrp/self-prescribing-laws-by-state.html" "Mozilla/5.0 (Windows NT 10.0; Win64; x64) AppleWebKit/537.36 (KHTML, like Gecko) Chrome/114.0.0.0 Safari/537.36 Edg/114.0.1823.43"
47.82.11.138 - - [07/Feb/2025:05:47:05 -0600] "GET /aqhrp/2007-honda-civic-stereo-wiring-diagram.html HTTP/1.1" 200 37116 "http://impactplugin.calvarycrossag.com/aqhrp/2007-honda-civic-stereo-wiring-diagram.html" "Mozilla/5.0 (Windows NT 10.0; Win64; x64) AppleWebKit/537.36 (KHTML, like Gecko) Chrome/114.0.0.0 Safari/537.36 Edg/114.0.1823.43"
119.8.29.97 - - [07/Feb/2025:05:47:38 -0600] "GET /aqhrp/overseas-care-assistant-jobs-with-visa-sponsorship-near-florida.html HTTP/2.0" 200 28031 "http://impactplugin.calvarycrossag.com/aqhrp/overseas-care-assistant-jobs-with-visa-sponsorship-near-florida.html" "Mozilla/5.0 (Windows NT 10.0; Win64; x64) AppleWebKit/537.36 (KHTML, like Gecko) Chrome/101.0.4951.64 Safari/537.36 Edg/101.0.1210.47"
119.8.29.97 - - [07/Feb/2025:05:47:38 -0600] "GET /aqhrp/overseas-care-assistant-jobs-with-visa-sponsorship-near-florida.html HTTP/1.1" 101 - "http://impactplugin.calvarycrossag.com/aqhrp/overseas-care-assistant-jobs-with-visa-sponsorship-near-florida.html" "Mozilla/5.0 (Windows NT 10.0; Win64; x64) AppleWebKit/537.36 (KHTML, like Gecko) Chrome/101.0.4951.64 Safari/537.36 Edg/101.0.1210.47"
47.82.10.202 - - [07/Feb/2025:05:48:40 -0600] "GET /aqhrp/reddit-delete-all-history.html HTTP/1.1" 200 38293 "http://impactplugin.calvarycrossag.com/aqhrp/reddit-delete-all-history.html" "Mozilla/5.0 (Windows NT 10.0; Win64; x64) AppleWebKit/537.36 (KHTML, like Gecko) Chrome/114.0.0.0 Safari/537.36 Edg/114.0.1823.43"
124.243.174.35 - - [07/Feb/2025:05:48:48 -0600] "GET /aqhrp/form-i-131-checklist.html HTTP/2.0" 200 31926 "http://impactplugin.calvarycrossag.com/aqhrp/form-i-131-checklist.html" "Mozilla/5.0 (Macintosh; Intel Mac OS X 10_15_7) AppleWebKit/537.36 (KHTML, like Gecko) Chrome/120.0.0.0 Safari/537.36"
124.243.174.35 - - [07/Feb/2025:05:48:48 -0600] "GET /aqhrp/form-i-131-checklist.html HTTP/1.1" 101 - "http://impactplugin.calvarycrossag.com/aqhrp/form-i-131-checklist.html" "Mozilla/5.0 (Macintosh; Intel Mac OS X 10_15_7) AppleWebKit/537.36 (KHTML, like Gecko) Chrome/120.0.0.0 Safari/537.36"
47.82.10.202 - - [07/Feb/2025:05:49:02 -0600] "GET /aqhrp/jail-roster-inmate.html HTTP/1.1" 200 42207 "http://impactplugin.calvarycrossag.com/aqhrp/jail-roster-inmate.html" "Mozilla/5.0 (Windows NT 10.0; Win64; x64) AppleWebKit/537.36 (KHTML, like Gecko) Chrome/114.0.0.0 Safari/537.36 Edg/114.0.1823.43"
47.82.11.138 - - [07/Feb/2025:05:49:10 -0600] "GET /aqhrp/read-the-memo-sundar-pichai-sent-to-staffers-after.html HTTP/1.1" 200 46186 "http://impactplugin.calvarycrossag.com/aqhrp/read-the-memo-sundar-pichai-sent-to-staffers-after.html" "Mozilla/5.0 (Windows NT 10.0; Win64; x64) AppleWebKit/537.36 (KHTML, like Gecko) Chrome/114.0.0.0 Safari/537.36 Edg/114.0.1823.43"
47.82.10.42 - - [07/Feb/2025:05:49:12 -0600] "GET /aqhrp/sim-live-tracking.html HTTP/1.1" 200 34694 "http://impactplugin.calvarycrossag.com/aqhrp/sim-live-tracking.html" "Mozilla/5.0 (Windows NT 10.0; Win64; x64) AppleWebKit/537.36 (KHTML, like Gecko) Chrome/114.0.0.0 Safari/537.36 Edg/114.0.1823.43"
47.82.10.42 - - [07/Feb/2025:05:49:15 -0600] "GET /aqhrp/regal-cinemas-in-des-moines.html HTTP/1.1" 200 41199 "http://impactplugin.calvarycrossag.com/aqhrp/regal-cinemas-in-des-moines.html" "Mozilla/5.0 (Windows NT 10.0; Win64; x64) AppleWebKit/537.36 (KHTML, like Gecko) Chrome/114.0.0.0 Safari/537.36 Edg/114.0.1823.43"
47.82.10.182 - - [07/Feb/2025:05:49:16 -0600] "GET /aqhrp/emek-marker.html HTTP/1.1" 200 30834 "http://impactplugin.calvarycrossag.com/aqhrp/emek-marker.html" "Mozilla/5.0 (Windows NT 10.0; Win64; x64) AppleWebKit/537.36 (KHTML, like Gecko) Chrome/114.0.0.0 Safari/537.36 Edg/114.0.1823.43"
47.82.11.138 - - [07/Feb/2025:05:49:25 -0600] "GET /aqhrp/slick-slider-infinite-jump.html HTTP/1.1" 200 37934 "http://impactplugin.calvarycrossag.com/aqhrp/slick-slider-infinite-jump.html" "Mozilla/5.0 (Windows NT 10.0; Win64; x64) AppleWebKit/537.36 (KHTML, like Gecko) Chrome/114.0.0.0 Safari/537.36 Edg/114.0.1823.43"
47.82.11.105 - - [07/Feb/2025:05:49:27 -0600] "GET /aqhrp/awpt-india.html HTTP/1.1" 200 35168 "http://impactplugin.calvarycrossag.com/aqhrp/awpt-india.html" "Mozilla/5.0 (Windows NT 10.0; Win64; x64) AppleWebKit/537.36 (KHTML, like Gecko) Chrome/114.0.0.0 Safari/537.36 Edg/114.0.1823.43"
47.82.11.36 - - [07/Feb/2025:05:49:27 -0600] "GET /aqhrp/orrville-obituaries.html HTTP/1.1" 200 33254 "http://impactplugin.calvarycrossag.com/aqhrp/orrville-obituaries.html" "Mozilla/5.0 (Windows NT 10.0; Win64; x64) AppleWebKit/537.36 (KHTML, like Gecko) Chrome/114.0.0.0 Safari/537.36 Edg/114.0.1823.43"
47.82.11.193 - - [07/Feb/2025:05:49:33 -0600] "GET /aqhrp/movies-closest-to-my-location.html HTTP/1.1" 200 33586 "http://impactplugin.calvarycrossag.com/aqhrp/movies-closest-to-my-location.html" "Mozilla/5.0 (Windows NT 10.0; Win64; x64) AppleWebKit/537.36 (KHTML, like Gecko) Chrome/114.0.0.0 Safari/537.36 Edg/114.0.1823.43"
47.82.11.193 - - [07/Feb/2025:05:49:34 -0600] "GET /aqhrp/how-to-find-minimum-of-a-data-set-calculator.html HTTP/1.1" 200 68499 "http://impactplugin.calvarycrossag.com/aqhrp/how-to-find-minimum-of-a-data-set-calculator.html" "Mozilla/5.0 (Windows NT 10.0; Win64; x64) AppleWebKit/537.36 (KHTML, like Gecko) Chrome/114.0.0.0 Safari/537.36 Edg/114.0.1823.43"
47.82.11.163 - - [07/Feb/2025:05:49:37 -0600] "GET /aqhrp/email-parsing-software.html HTTP/1.1" 200 29898 "http://impactplugin.calvarycrossag.com/aqhrp/email-parsing-software.html" "Mozilla/5.0 (Windows NT 10.0; Win64; x64) AppleWebKit/537.36 (KHTML, like Gecko) Chrome/114.0.0.0 Safari/537.36 Edg/114.0.1823.43"
47.82.11.30 - - [07/Feb/2025:05:49:39 -0600] "GET /aqhrp/plotly-change-hover-text-r.html HTTP/1.1" 200 43202 "http://impactplugin.calvarycrossag.com/aqhrp/plotly-change-hover-text-r.html" "Mozilla/5.0 (Windows NT 10.0; Win64; x64) AppleWebKit/537.36 (KHTML, like Gecko) Chrome/114.0.0.0 Safari/537.36 Edg/114.0.1823.43"
47.82.11.105 - - [07/Feb/2025:05:49:42 -0600] "GET /aqhrp/man-diving-accident-twitter.html HTTP/1.1" 200 50851 "http://impactplugin.calvarycrossag.com/aqhrp/man-diving-accident-twitter.html" "Mozilla/5.0 (Windows NT 10.0; Win64; x64) AppleWebKit/537.36 (KHTML, like Gecko) Chrome/114.0.0.0 Safari/537.36 Edg/114.0.1823.43"
47.82.10.174 - - [07/Feb/2025:05:50:30 -0600] "GET /aqhrp/newcomer-denver-funeral-home-obituaries.html HTTP/1.1" 200 36268 "http://impactplugin.calvarycrossag.com/aqhrp/newcomer-denver-funeral-home-obituaries.html" "Mozilla/5.0 (Windows NT 10.0; Win64; x64) AppleWebKit/537.36 (KHTML, like Gecko) Chrome/114.0.0.0 Safari/537.36 Edg/114.0.1823.43"
47.82.10.21 - - [07/Feb/2025:05:50:32 -0600] "GET /aqhrp/listas-m3u-gratis-actualizadas.html HTTP/1.1" 200 50475 "http://impactplugin.calvarycrossag.com/aqhrp/listas-m3u-gratis-actualizadas.html" "Mozilla/5.0 (Windows NT 10.0; Win64; x64) AppleWebKit/537.36 (KHTML, like Gecko) Chrome/114.0.0.0 Safari/537.36 Edg/114.0.1823.43"
47.82.10.202 - - [07/Feb/2025:05:50:33 -0600] "GET /aqhrp/macaulay-funeral-home-obituaries-near-ballard-seattle.html HTTP/1.1" 200 43427 "http://impactplugin.calvarycrossag.com/aqhrp/macaulay-funeral-home-obituaries-near-ballard-seattle.html" "Mozilla/5.0 (Windows NT 10.0; Win64; x64) AppleWebKit/537.36 (KHTML, like Gecko) Chrome/114.0.0.0 Safari/537.36 Edg/114.0.1823.43"
47.82.11.243 - - [07/Feb/2025:05:50:34 -0600] "GET /aqhrp/decode-base64-image-python.html HTTP/1.1" 200 34144 "http://impactplugin.calvarycrossag.com/aqhrp/decode-base64-image-python.html" "Mozilla/5.0 (Windows NT 10.0; Win64; x64) AppleWebKit/537.36 (KHTML, like Gecko) Chrome/114.0.0.0 Safari/537.36 Edg/114.0.1823.43"
47.82.10.188 - - [07/Feb/2025:05:50:35 -0600] "GET /aqhrp/frederick-county-va-police-reports.html HTTP/1.1" 200 31512 "http://impactplugin.calvarycrossag.com/aqhrp/frederick-county-va-police-reports.html" "Mozilla/5.0 (Windows NT 10.0; Win64; x64) AppleWebKit/537.36 (KHTML, like Gecko) Chrome/114.0.0.0 Safari/537.36 Edg/114.0.1823.43"
47.82.11.30 - - [07/Feb/2025:05:50:36 -0600] "GET /aqhrp/the-creek-company-xr12.html HTTP/1.1" 200 48971 "http://impactplugin.calvarycrossag.com/aqhrp/the-creek-company-xr12.html" "Mozilla/5.0 (Windows NT 10.0; Win64; x64) AppleWebKit/537.36 (KHTML, like Gecko) Chrome/114.0.0.0 Safari/537.36 Edg/114.0.1823.43"
47.82.11.193 - - [07/Feb/2025:05:50:37 -0600] "GET /aqhrp/git-commit-no-such-file-or-directory-ubuntu.html HTTP/1.1" 200 46260 "http://impactplugin.calvarycrossag.com/aqhrp/git-commit-no-such-file-or-directory-ubuntu.html" "Mozilla/5.0 (Windows NT 10.0; Win64; x64) AppleWebKit/537.36 (KHTML, like Gecko) Chrome/114.0.0.0 Safari/537.36 Edg/114.0.1823.43"
47.82.10.21 - - [07/Feb/2025:05:50:41 -0600] "GET /aqhrp/factors-influencing-prescribing.html HTTP/1.1" 302 - "http://impactplugin.calvarycrossag.com/aqhrp/factors-influencing-prescribing.html" "Mozilla/5.0 (Windows NT 10.0; Win64; x64) AppleWebKit/537.36 (KHTML, like Gecko) Chrome/114.0.0.0 Safari/537.36 Edg/114.0.1823.43"
47.82.10.42 - - [07/Feb/2025:05:50:41 -0600] "GET /aqhrp/brutal-pets-script-fivem.html HTTP/1.1" 200 34345 "http://impactplugin.calvarycrossag.com/aqhrp/brutal-pets-script-fivem.html" "Mozilla/5.0 (Windows NT 10.0; Win64; x64) AppleWebKit/537.36 (KHTML, like Gecko) Chrome/114.0.0.0 Safari/537.36 Edg/114.0.1823.43"
47.82.11.223 - - [07/Feb/2025:05:50:42 -0600] "GET /aqhrp/middletown-nj-police-blotter-february-2024.html HTTP/1.1" 200 38338 "http://impactplugin.calvarycrossag.com/aqhrp/middletown-nj-police-blotter-february-2024.html" "Mozilla/5.0 (Windows NT 10.0; Win64; x64) AppleWebKit/537.36 (KHTML, like Gecko) Chrome/114.0.0.0 Safari/537.36 Edg/114.0.1823.43"
47.82.10.126 - - [07/Feb/2025:05:50:42 -0600] "GET /aqhrp/atg-hand-care-pvt-ltd-katunayake-address.html HTTP/1.1" 200 18002 "http://impactplugin.calvarycrossag.com/aqhrp/atg-hand-care-pvt-ltd-katunayake-address.html" "Mozilla/5.0 (Windows NT 10.0; Win64; x64) AppleWebKit/537.36 (KHTML, like Gecko) Chrome/114.0.0.0 Safari/537.36 Edg/114.0.1823.43"
47.82.11.49 - - [07/Feb/2025:05:51:01 -0600] "GET /aqhrp/greene-county-ar-obituaries.html HTTP/1.1" 200 44992 "http://impactplugin.calvarycrossag.com/aqhrp/greene-county-ar-obituaries.html" "Mozilla/5.0 (Windows NT 10.0; Win64; x64) AppleWebKit/537.36 (KHTML, like Gecko) Chrome/114.0.0.0 Safari/537.36 Edg/114.0.1823.43"
47.82.11.198 - - [07/Feb/2025:05:51:04 -0600] "GET /aqhrp/south-lafourche-gazette-news-today.html HTTP/1.1" 200 13987 "http://impactplugin.calvarycrossag.com/aqhrp/south-lafourche-gazette-news-today.html" "Mozilla/5.0 (Windows NT 10.0; Win64; x64) AppleWebKit/537.36 (KHTML, like Gecko) Chrome/114.0.0.0 Safari/537.36 Edg/114.0.1823.43"
47.82.11.30 - - [07/Feb/2025:05:51:05 -0600] "GET /aqhrp/gaston-county-mugshots-2024.html HTTP/1.1" 200 29041 "http://impactplugin.calvarycrossag.com/aqhrp/gaston-county-mugshots-2024.html" "Mozilla/5.0 (Windows NT 10.0; Win64; x64) AppleWebKit/537.36 (KHTML, like Gecko) Chrome/114.0.0.0 Safari/537.36 Edg/114.0.1823.43"
124.243.183.105 - - [07/Feb/2025:05:51:09 -0600] "GET /aqhrp/resthaven-funeral-home-obituaries-lubbock.html HTTP/2.0" 200 38217 "http://impactplugin.calvarycrossag.com/aqhrp/resthaven-funeral-home-obituaries-lubbock.html" "Mozilla/5.0 (Windows NT 10.0; Win64; x64) AppleWebKit/537.36 (KHTML, like Gecko) Chrome/101.0.4951.67 Safari/537.36"
124.243.183.105 - - [07/Feb/2025:05:51:09 -0600] "GET /aqhrp/resthaven-funeral-home-obituaries-lubbock.html HTTP/1.1" 101 - "http://impactplugin.calvarycrossag.com/aqhrp/resthaven-funeral-home-obituaries-lubbock.html" "Mozilla/5.0 (Windows NT 10.0; Win64; x64) AppleWebKit/537.36 (KHTML, like Gecko) Chrome/101.0.4951.67 Safari/537.36"
47.82.11.163 - - [07/Feb/2025:05:51:16 -0600] "GET /aqhrp/immigration-nz-work-to-residence-visa.html HTTP/1.1" 200 51798 "http://impactplugin.calvarycrossag.com/aqhrp/immigration-nz-work-to-residence-visa.html" "Mozilla/5.0 (Windows NT 10.0; Win64; x64) AppleWebKit/537.36 (KHTML, like Gecko) Chrome/114.0.0.0 Safari/537.36 Edg/114.0.1823.43"
47.82.11.49 - - [07/Feb/2025:05:51:18 -0600] "GET /aqhrp/reddit-post-history-viewer.html HTTP/1.1" 200 43492 "http://impactplugin.calvarycrossag.com/aqhrp/reddit-post-history-viewer.html" "Mozilla/5.0 (Windows NT 10.0; Win64; x64) AppleWebKit/537.36 (KHTML, like Gecko) Chrome/114.0.0.0 Safari/537.36 Edg/114.0.1823.43"
47.82.10.126 - - [07/Feb/2025:05:51:19 -0600] "GET /aqhrp/local-part-time-job-opportunities.html HTTP/1.1" 200 51227 "http://impactplugin.calvarycrossag.com/aqhrp/local-part-time-job-opportunities.html" "Mozilla/5.0 (Windows NT 10.0; Win64; x64) AppleWebKit/537.36 (KHTML, like Gecko) Chrome/114.0.0.0 Safari/537.36 Edg/114.0.1823.43"
47.82.11.30 - - [07/Feb/2025:05:51:26 -0600] "GET /aqhrp/when-does-fabric-go-on-sale-at-hobby-lobby.html HTTP/1.1" 200 39753 "http://impactplugin.calvarycrossag.com/aqhrp/when-does-fabric-go-on-sale-at-hobby-lobby.html" "Mozilla/5.0 (Windows NT 10.0; Win64; x64) AppleWebKit/537.36 (KHTML, like Gecko) Chrome/114.0.0.0 Safari/537.36 Edg/114.0.1823.43"
47.82.10.126 - - [07/Feb/2025:05:51:37 -0600] "GET /aqhrp/self-made-gemini-billionaires.html HTTP/1.1" 200 42060 "http://impactplugin.calvarycrossag.com/aqhrp/self-made-gemini-billionaires.html" "Mozilla/5.0 (Windows NT 10.0; Win64; x64) AppleWebKit/537.36 (KHTML, like Gecko) Chrome/114.0.0.0 Safari/537.36 Edg/114.0.1823.43"
47.82.11.199 - - [07/Feb/2025:05:51:41 -0600] "GET /aqhrp/working-in-coles.html HTTP/1.1" 200 40728 "http://impactplugin.calvarycrossag.com/aqhrp/working-in-coles.html" "Mozilla/5.0 (Windows NT 10.0; Win64; x64) AppleWebKit/537.36 (KHTML, like Gecko) Chrome/114.0.0.0 Safari/537.36 Edg/114.0.1823.43"
198.57.247.130 - - [07/Feb/2025:05:51:57 -0600] "GET /.well-known/acme-challenge/9KT-4Q_G9D0EADCKSSFCTIM6NAR-ZB3P HTTP/1.1" 404 - "-" "Cpanel-HTTP-Client/1.0"
198.57.247.130 - - [07/Feb/2025:05:51:59 -0600] "GET /.well-known/acme-challenge/97C9JJ1HJYYO9NYMSWRI9M0XXMN_1TTP HTTP/1.1" 404 - "-" "Cpanel-HTTP-Client/1.0"
47.82.11.111 - - [07/Feb/2025:05:52:09 -0600] "GET /aqhrp/10-days-of-prayer-2023-cebuano.html HTTP/1.1" 200 46139 "http://impactplugin.calvarycrossag.com/aqhrp/10-days-of-prayer-2023-cebuano.html" "Mozilla/5.0 (Windows NT 10.0; Win64; x64) AppleWebKit/537.36 (KHTML, like Gecko) Chrome/114.0.0.0 Safari/537.36 Edg/114.0.1823.43"
47.82.11.71 - - [07/Feb/2025:05:52:10 -0600] "GET /aqhrp/hendricks-county-courthouse-marriage-license-phone-number.html HTTP/1.1" 200 37433 "http://impactplugin.calvarycrossag.com/aqhrp/hendricks-county-courthouse-marriage-license-phone-number.html" "Mozilla/5.0 (Windows NT 10.0; Win64; x64) AppleWebKit/537.36 (KHTML, like Gecko) Chrome/114.0.0.0 Safari/537.36 Edg/114.0.1823.43"
47.82.11.199 - - [07/Feb/2025:05:52:11 -0600] "GET /aqhrp/how-to-clear-reddit-history-on-app.html HTTP/1.1" 200 36664 "http://impactplugin.calvarycrossag.com/aqhrp/how-to-clear-reddit-history-on-app.html" "Mozilla/5.0 (Windows NT 10.0; Win64; x64) AppleWebKit/537.36 (KHTML, like Gecko) Chrome/114.0.0.0 Safari/537.36 Edg/114.0.1823.43"
47.82.11.49 - - [07/Feb/2025:05:52:13 -0600] "GET /aqhrp/pomeranian-puppy-nashville.html HTTP/1.1" 200 27311 "http://impactplugin.calvarycrossag.com/aqhrp/pomeranian-puppy-nashville.html" "Mozilla/5.0 (Windows NT 10.0; Win64; x64) AppleWebKit/537.36 (KHTML, like Gecko) Chrome/114.0.0.0 Safari/537.36 Edg/114.0.1823.43"
47.128.21.150 - - [07/Feb/2025:05:52:13 -0600] "GET /aqhrp/how-to-replace-sofa-webbing.html HTTP/1.1" 200 42548 "-" "Mozilla/5.0 (Linux; Android 5.0) AppleWebKit/537.36 (KHTML, like Gecko) Mobile Safari/537.36 (compatible; Bytespider; spider-feedback@bytedance.com)"
47.128.21.150 - - [07/Feb/2025:05:52:14 -0600] "GET /uploads/ HTTP/1.1" 200 - "http://impactplugin.calvarycrossag.com/aqhrp/how-to-replace-sofa-webbing.html" "Mozilla/5.0 (Linux; Android 5.0) AppleWebKit/537.36 (KHTML, like Gecko) Mobile Safari/537.36 (compatible; Bytespider; spider-feedback@bytedance.com)"
47.82.11.94 - - [07/Feb/2025:05:52:17 -0600] "GET /aqhrp/computer-fundamental-question-with-answer.html HTTP/1.1" 200 37181 "http://impactplugin.calvarycrossag.com/aqhrp/computer-fundamental-question-with-answer.html" "Mozilla/5.0 (Windows NT 10.0; Win64; x64) AppleWebKit/537.36 (KHTML, like Gecko) Chrome/114.0.0.0 Safari/537.36 Edg/114.0.1823.43"
47.82.11.36 - - [07/Feb/2025:05:52:18 -0600] "GET /aqhrp/faces-of-death-2-where-to-watch.html HTTP/1.1" 200 27887 "http://impactplugin.calvarycrossag.com/aqhrp/faces-of-death-2-where-to-watch.html" "Mozilla/5.0 (Windows NT 10.0; Win64; x64) AppleWebKit/537.36 (KHTML, like Gecko) Chrome/114.0.0.0 Safari/537.36 Edg/114.0.1823.43"
47.82.11.49 - - [07/Feb/2025:05:52:21 -0600] "GET /aqhrp/carbondale-news-obituaries.html HTTP/1.1" 200 38525 "http://impactplugin.calvarycrossag.com/aqhrp/carbondale-news-obituaries.html" "Mozilla/5.0 (Windows NT 10.0; Win64; x64) AppleWebKit/537.36 (KHTML, like Gecko) Chrome/114.0.0.0 Safari/537.36 Edg/114.0.1823.43"
47.82.10.202 - - [07/Feb/2025:05:52:22 -0600] "GET /aqhrp/kokomo-police-department-roster.html HTTP/1.1" 200 29062 "http://impactplugin.calvarycrossag.com/aqhrp/kokomo-police-department-roster.html" "Mozilla/5.0 (Windows NT 10.0; Win64; x64) AppleWebKit/537.36 (KHTML, like Gecko) Chrome/114.0.0.0 Safari/537.36 Edg/114.0.1823.43"
47.82.10.182 - - [07/Feb/2025:05:52:22 -0600] "GET /aqhrp/mountain-view-riverton-utah.html HTTP/1.1" 200 49664 "http://impactplugin.calvarycrossag.com/aqhrp/mountain-view-riverton-utah.html" "Mozilla/5.0 (Windows NT 10.0; Win64; x64) AppleWebKit/537.36 (KHTML, like Gecko) Chrome/114.0.0.0 Safari/537.36 Edg/114.0.1823.43"
47.82.10.174 - - [07/Feb/2025:05:52:23 -0600] "GET /aqhrp/how-to-find-past-mugshots-for-free-ontario.html HTTP/1.1" 200 47597 "http://impactplugin.calvarycrossag.com/aqhrp/how-to-find-past-mugshots-for-free-ontario.html" "Mozilla/5.0 (Windows NT 10.0; Win64; x64) AppleWebKit/537.36 (KHTML, like Gecko) Chrome/114.0.0.0 Safari/537.36 Edg/114.0.1823.43"
47.82.11.111 - - [07/Feb/2025:05:52:24 -0600] "GET /aqhrp/how-to-determine-website-reliability.html HTTP/1.1" 200 46389 "http://impactplugin.calvarycrossag.com/aqhrp/how-to-determine-website-reliability.html" "Mozilla/5.0 (Windows NT 10.0; Win64; x64) AppleWebKit/537.36 (KHTML, like Gecko) Chrome/114.0.0.0 Safari/537.36 Edg/114.0.1823.43"
47.82.11.8 - - [07/Feb/2025:05:52:26 -0600] "GET /aqhrp/cavium-key.html HTTP/1.1" 200 29337 "http://impactplugin.calvarycrossag.com/aqhrp/cavium-key.html" "Mozilla/5.0 (Windows NT 10.0; Win64; x64) AppleWebKit/537.36 (KHTML, like Gecko) Chrome/114.0.0.0 Safari/537.36 Edg/114.0.1823.43"
47.82.10.232 - - [07/Feb/2025:05:52:27 -0600] "GET /aqhrp/jackson-funeral-home-demotte-indiana-obituaries.html HTTP/1.1" 200 28129 "http://impactplugin.calvarycrossag.com/aqhrp/jackson-funeral-home-demotte-indiana-obituaries.html" "Mozilla/5.0 (Windows NT 10.0; Win64; x64) AppleWebKit/537.36 (KHTML, like Gecko) Chrome/114.0.0.0 Safari/537.36 Edg/114.0.1823.43"
47.82.10.182 - - [07/Feb/2025:05:52:29 -0600] "GET /aqhrp/immediate-xgen-real-or-fake.html HTTP/1.1" 200 42585 "http://impactplugin.calvarycrossag.com/aqhrp/immediate-xgen-real-or-fake.html" "Mozilla/5.0 (Windows NT 10.0; Win64; x64) AppleWebKit/537.36 (KHTML, like Gecko) Chrome/114.0.0.0 Safari/537.36 Edg/114.0.1823.43"
47.82.11.93 - - [07/Feb/2025:05:52:32 -0600] "GET /aqhrp/base64-to-image-converter.html HTTP/1.1" 200 55361 "http://impactplugin.calvarycrossag.com/aqhrp/base64-to-image-converter.html" "Mozilla/5.0 (Windows NT 10.0; Win64; x64) AppleWebKit/537.36 (KHTML, like Gecko) Chrome/114.0.0.0 Safari/537.36 Edg/114.0.1823.43"
47.82.11.93 - - [07/Feb/2025:05:52:32 -0600] "GET /aqhrp/72nd-district-court-st-clair.html HTTP/1.1" 200 39457 "http://impactplugin.calvarycrossag.com/aqhrp/72nd-district-court-st-clair.html" "Mozilla/5.0 (Windows NT 10.0; Win64; x64) AppleWebKit/537.36 (KHTML, like Gecko) Chrome/114.0.0.0 Safari/537.36 Edg/114.0.1823.43"
47.82.10.182 - - [07/Feb/2025:05:52:34 -0600] "GET /aqhrp/citidirect-mobile-pass-activation-online.html HTTP/1.1" 200 44861 "http://impactplugin.calvarycrossag.com/aqhrp/citidirect-mobile-pass-activation-online.html" "Mozilla/5.0 (Windows NT 10.0; Win64; x64) AppleWebKit/537.36 (KHTML, like Gecko) Chrome/114.0.0.0 Safari/537.36 Edg/114.0.1823.43"
47.82.10.42 - - [07/Feb/2025:05:52:35 -0600] "GET /aqhrp/silverwater-jail-address.html HTTP/1.1" 200 39143 "http://impactplugin.calvarycrossag.com/aqhrp/silverwater-jail-address.html" "Mozilla/5.0 (Windows NT 10.0; Win64; x64) AppleWebKit/537.36 (KHTML, like Gecko) Chrome/114.0.0.0 Safari/537.36 Edg/114.0.1823.43"
47.82.10.174 - - [07/Feb/2025:05:52:42 -0600] "GET /aqhrp/slovenia-population-by-address.html HTTP/1.1" 200 63889 "http://impactplugin.calvarycrossag.com/aqhrp/slovenia-population-by-address.html" "Mozilla/5.0 (Windows NT 10.0; Win64; x64) AppleWebKit/537.36 (KHTML, like Gecko) Chrome/114.0.0.0 Safari/537.36 Edg/114.0.1823.43"
47.82.11.93 - - [07/Feb/2025:05:52:43 -0600] "GET /aqhrp/palm-beach-county-most-recent-arrests-org.html HTTP/1.1" 200 14287 "http://impactplugin.calvarycrossag.com/aqhrp/palm-beach-county-most-recent-arrests-org.html" "Mozilla/5.0 (Windows NT 10.0; Win64; x64) AppleWebKit/537.36 (KHTML, like Gecko) Chrome/114.0.0.0 Safari/537.36 Edg/114.0.1823.43"
177.92.18.194 - - [07/Feb/2025:05:52:47 -0600] "GET /assets/images/wcrmxg.php HTTP/1.1" 200 5717 "-" "Mozilla/5.0 (Windows NT 10.0; Win64; x64) AppleWebKit/537.36 (KHTML, like Gecko) Chrome/129.0.0.0 Safari/537.36"
47.82.11.163 - - [07/Feb/2025:05:52:51 -0600] "GET /aqhrp/sinhala-helakuru-download-for-pc.html HTTP/1.1" 200 53894 "http://impactplugin.calvarycrossag.com/aqhrp/sinhala-helakuru-download-for-pc.html" "Mozilla/5.0 (Windows NT 10.0; Win64; x64) AppleWebKit/537.36 (KHTML, like Gecko) Chrome/114.0.0.0 Safari/537.36 Edg/114.0.1823.43"
47.82.11.163 - - [07/Feb/2025:05:52:53 -0600] "GET /aqhrp/troup-county-breaking-news-today-near-lagrange-ga-obituaries.html HTTP/1.1" 200 34671 "http://impactplugin.calvarycrossag.com/aqhrp/troup-county-breaking-news-today-near-lagrange-ga-obituaries.html" "Mozilla/5.0 (Windows NT 10.0; Win64; x64) AppleWebKit/537.36 (KHTML, like Gecko) Chrome/114.0.0.0 Safari/537.36 Edg/114.0.1823.43"
177.92.18.194 - - [07/Feb/2025:05:52:54 -0600] "GET /favicon.ico HTTP/1.1" 200 - "http://impactplugin.calvarycrossag.com/assets/images/wcrmxg.php" "Mozilla/5.0 (Windows NT 10.0; Win64; x64) AppleWebKit/537.36 (KHTML, like Gecko) Chrome/129.0.0.0 Safari/537.36"
47.82.11.94 - - [07/Feb/2025:05:52:58 -0600] "GET /aqhrp/matt-funeral-home-chadwicks-obituaries.html HTTP/1.1" 200 54021 "http://impactplugin.calvarycrossag.com/aqhrp/matt-funeral-home-chadwicks-obituaries.html" "Mozilla/5.0 (Windows NT 10.0; Win64; x64) AppleWebKit/537.36 (KHTML, like Gecko) Chrome/114.0.0.0 Safari/537.36 Edg/114.0.1823.43"
47.82.11.198 - - [07/Feb/2025:05:53:03 -0600] "GET /aqhrp/jeftini-stanovi-zemun.html HTTP/1.1" 200 28254 "http://impactplugin.calvarycrossag.com/aqhrp/jeftini-stanovi-zemun.html" "Mozilla/5.0 (Windows NT 10.0; Win64; x64) AppleWebKit/537.36 (KHTML, like Gecko) Chrome/114.0.0.0 Safari/537.36 Edg/114.0.1823.43"
47.82.11.199 - - [07/Feb/2025:05:53:03 -0600] "GET /aqhrp/bunnings-grunt-buckle.html HTTP/1.1" 200 24523 "http://impactplugin.calvarycrossag.com/aqhrp/bunnings-grunt-buckle.html" "Mozilla/5.0 (Windows NT 10.0; Win64; x64) AppleWebKit/537.36 (KHTML, like Gecko) Chrome/114.0.0.0 Safari/537.36 Edg/114.0.1823.43"
177.92.18.194 - - [07/Feb/2025:05:53:01 -0600] "POST /assets/images/wcrmxg.php HTTP/1.1" 200 4027969 "http://impactplugin.calvarycrossag.com/assets/images/wcrmxg.php" "Mozilla/5.0 (Windows NT 10.0; Win64; x64) AppleWebKit/537.36 (KHTML, like Gecko) Chrome/129.0.0.0 Safari/537.36"
47.82.10.202 - - [07/Feb/2025:05:53:06 -0600] "GET /aqhrp/full-list-of-netflix-movies.html HTTP/1.1" 200 31871 "http://impactplugin.calvarycrossag.com/aqhrp/full-list-of-netflix-movies.html" "Mozilla/5.0 (Windows NT 10.0; Win64; x64) AppleWebKit/537.36 (KHTML, like Gecko) Chrome/114.0.0.0 Safari/537.36 Edg/114.0.1823.43"
177.92.18.194 - - [07/Feb/2025:05:53:07 -0600] "GET /favicon.ico HTTP/1.1" 200 - "http://impactplugin.calvarycrossag.com/assets/images/wcrmxg.php" "Mozilla/5.0 (Windows NT 10.0; Win64; x64) AppleWebKit/537.36 (KHTML, like Gecko) Chrome/129.0.0.0 Safari/537.36"
69.171.249.4 - - [07/Feb/2025:05:55:13 -0600] "GET /fblslia/sideload-apps-on-wsa.html HTTP/1.1" 200 31842 "-" "meta-externalagent/1.1 (+https://developers.facebook.com/docs/sharing/webmasters/crawler)"
69.171.249.6 - - [07/Feb/2025:05:55:14 -0600] "GET /uploads/ HTTP/1.1" 200 - "-" "meta-externalagent/1.1 (+https://developers.facebook.com/docs/sharing/webmasters/crawler)"
47.82.11.193 - - [07/Feb/2025:05:55:17 -0600] "GET /aqhrp/fivem-job-scripts-qbcore-github.html HTTP/1.1" 200 31951 "http://impactplugin.calvarycrossag.com/aqhrp/fivem-job-scripts-qbcore-github.html" "Mozilla/5.0 (Windows NT 10.0; Win64; x64) AppleWebKit/537.36 (KHTML, like Gecko) Chrome/114.0.0.0 Safari/537.36 Edg/114.0.1823.43"
47.82.10.182 - - [07/Feb/2025:05:55:18 -0600] "GET /aqhrp/wilmington-nc-arrest-today.html HTTP/1.1" 200 49615 "http://impactplugin.calvarycrossag.com/aqhrp/wilmington-nc-arrest-today.html" "Mozilla/5.0 (Windows NT 10.0; Win64; x64) AppleWebKit/537.36 (KHTML, like Gecko) Chrome/114.0.0.0 Safari/537.36 Edg/114.0.1823.43"
47.82.10.21 - - [07/Feb/2025:05:55:47 -0600] "GET /aqhrp/inz-1025-online-application.html HTTP/1.1" 200 62968 "http://impactplugin.calvarycrossag.com/aqhrp/inz-1025-online-application.html" "Mozilla/5.0 (Windows NT 10.0; Win64; x64) AppleWebKit/537.36 (KHTML, like Gecko) Chrome/114.0.0.0 Safari/537.36 Edg/114.0.1823.43"
122.8.187.99 - - [07/Feb/2025:05:55:49 -0600] "GET /aqhrp/best-free-barcode-generator-api-google-github.html HTTP/2.0" 200 43058 "http://impactplugin.calvarycrossag.com/aqhrp/best-free-barcode-generator-api-google-github.html" "Mozilla/5.0 (Macintosh; Intel Mac OS X 10_15_7) AppleWebKit/537.36 (KHTML, like Gecko) Chrome/123.0.0.0 Safari/537.36"
122.8.187.99 - - [07/Feb/2025:05:55:49 -0600] "GET /aqhrp/best-free-barcode-generator-api-google-github.html HTTP/1.1" 101 - "http://impactplugin.calvarycrossag.com/aqhrp/best-free-barcode-generator-api-google-github.html" "Mozilla/5.0 (Macintosh; Intel Mac OS X 10_15_7) AppleWebKit/537.36 (KHTML, like Gecko) Chrome/123.0.0.0 Safari/537.36"
47.82.11.8 - - [07/Feb/2025:05:56:06 -0600] "GET /aqhrp/is-kaotic-legal.html HTTP/1.1" 200 19650 "http://impactplugin.calvarycrossag.com/aqhrp/is-kaotic-legal.html" "Mozilla/5.0 (Windows NT 10.0; Win64; x64) AppleWebKit/537.36 (KHTML, like Gecko) Chrome/114.0.0.0 Safari/537.36 Edg/114.0.1823.43"
47.82.11.8 - - [07/Feb/2025:05:56:10 -0600] "GET /aqhrp/burnet-tx-newspaper-classifieds-cars-craigslist-for-sale.html HTTP/1.1" 200 40224 "http://impactplugin.calvarycrossag.com/aqhrp/burnet-tx-newspaper-classifieds-cars-craigslist-for-sale.html" "Mozilla/5.0 (Windows NT 10.0; Win64; x64) AppleWebKit/537.36 (KHTML, like Gecko) Chrome/114.0.0.0 Safari/537.36 Edg/114.0.1823.43"
47.82.11.49 - - [07/Feb/2025:05:56:11 -0600] "GET /aqhrp/hope-is-alive-website.html HTTP/1.1" 200 30930 "http://impactplugin.calvarycrossag.com/aqhrp/hope-is-alive-website.html" "Mozilla/5.0 (Windows NT 10.0; Win64; x64) AppleWebKit/537.36 (KHTML, like Gecko) Chrome/114.0.0.0 Safari/537.36 Edg/114.0.1823.43"
47.82.11.192 - - [07/Feb/2025:05:56:50 -0600] "GET /aqhrp/fab-fa-icons.html HTTP/1.1" 200 27509 "http://impactplugin.calvarycrossag.com/aqhrp/fab-fa-icons.html" "Mozilla/5.0 (Windows NT 10.0; Win64; x64) AppleWebKit/537.36 (KHTML, like Gecko) Chrome/114.0.0.0 Safari/537.36 Edg/114.0.1823.43"
47.82.11.111 - - [07/Feb/2025:05:56:52 -0600] "GET /aqhrp/claiborne-funeral-home-obituaries-near-westlands-nairobi.html HTTP/1.1" 200 35928 "http://impactplugin.calvarycrossag.com/aqhrp/claiborne-funeral-home-obituaries-near-westlands-nairobi.html" "Mozilla/5.0 (Windows NT 10.0; Win64; x64) AppleWebKit/537.36 (KHTML, like Gecko) Chrome/114.0.0.0 Safari/537.36 Edg/114.0.1823.43"
47.82.10.174 - - [07/Feb/2025:05:58:31 -0600] "GET /aqhrp/expected-value-of-x-2.html HTTP/1.1" 200 37137 "http://impactplugin.calvarycrossag.com/aqhrp/expected-value-of-x-2.html" "Mozilla/5.0 (Windows NT 10.0; Win64; x64) AppleWebKit/537.36 (KHTML, like Gecko) Chrome/114.0.0.0 Safari/537.36 Edg/114.0.1823.43"
47.128.34.54 - - [07/Feb/2025:05:59:13 -0600] "GET /aqhrp/pull-behind-tiller-for-atv.html HTTP/1.1" 200 38452 "-" "Mozilla/5.0 (Linux; Android 5.0) AppleWebKit/537.36 (KHTML, like Gecko) Mobile Safari/537.36 (compatible; Bytespider; spider-feedback@bytedance.com)"
57.141.7.30 - - [07/Feb/2025:05:59:15 -0600] "GET /aqhrp/wordstream-free-keyword-tool.html HTTP/1.1" 200 40883 "-" "meta-externalagent/1.1 (+https://developers.facebook.com/docs/sharing/webmasters/crawler)"
5.255.231.184 - - [07/Feb/2025:05:59:37 -0600] "GET /aqhrp/ikea-legs-hack.html HTTP/1.1" 200 47682 "-" "Mozilla/5.0 (compatible; YandexBot/3.0; +http://yandex.com/bots)"
47.82.10.42 - - [07/Feb/2025:06:00:13 -0600] "GET /aqhrp/deaths-irwin-pa.html HTTP/1.1" 200 25855 "http://impactplugin.calvarycrossag.com/aqhrp/deaths-irwin-pa.html" "Mozilla/5.0 (Windows NT 10.0; Win64; x64) AppleWebKit/537.36 (KHTML, like Gecko) Chrome/114.0.0.0 Safari/537.36 Edg/114.0.1823.43"
47.82.11.166 - - [07/Feb/2025:06:00:43 -0600] "GET /aqhrp/alternator-and-starter-bench-tester.html HTTP/1.1" 200 54532 "http://impactplugin.calvarycrossag.com/aqhrp/alternator-and-starter-bench-tester.html" "Mozilla/5.0 (Windows NT 10.0; Win64; x64) AppleWebKit/537.36 (KHTML, like Gecko) Chrome/114.0.0.0 Safari/537.36 Edg/114.0.1823.43"
47.82.11.49 - - [07/Feb/2025:06:00:59 -0600] "GET /aqhrp/steelseries-laptop-keyboard.html HTTP/1.1" 200 47538 "http://impactplugin.calvarycrossag.com/aqhrp/steelseries-laptop-keyboard.html" "Mozilla/5.0 (Windows NT 10.0; Win64; x64) AppleWebKit/537.36 (KHTML, like Gecko) Chrome/114.0.0.0 Safari/537.36 Edg/114.0.1823.43"
47.82.10.182 - - [07/Feb/2025:06:01:01 -0600] "GET /aqhrp/awaiting-reviewer-selection-how-long-sample.html HTTP/1.1" 200 50223 "http://impactplugin.calvarycrossag.com/aqhrp/awaiting-reviewer-selection-how-long-sample.html" "Mozilla/5.0 (Windows NT 10.0; Win64; x64) AppleWebKit/537.36 (KHTML, like Gecko) Chrome/114.0.0.0 Safari/537.36 Edg/114.0.1823.43"
47.82.11.198 - - [07/Feb/2025:06:01:01 -0600] "GET /aqhrp/midoriya-izuku-has-a-quirk-pdf.html HTTP/1.1" 200 30919 "http://impactplugin.calvarycrossag.com/aqhrp/midoriya-izuku-has-a-quirk-pdf.html" "Mozilla/5.0 (Windows NT 10.0; Win64; x64) AppleWebKit/537.36 (KHTML, like Gecko) Chrome/114.0.0.0 Safari/537.36 Edg/114.0.1823.43"
47.82.10.232 - - [07/Feb/2025:06:01:14 -0600] "GET /aqhrp/haven-dallas-tx.html HTTP/1.1" 200 38786 "http://impactplugin.calvarycrossag.com/aqhrp/haven-dallas-tx.html" "Mozilla/5.0 (Windows NT 10.0; Win64; x64) AppleWebKit/537.36 (KHTML, like Gecko) Chrome/114.0.0.0 Safari/537.36 Edg/114.0.1823.43"
159.138.24.101 - - [07/Feb/2025:06:01:39 -0600] "GET /fblslia/how-to-plug-in-fans.html HTTP/2.0" 200 21033 "http://impactplugin.calvarycrossag.com/fblslia/how-to-plug-in-fans.html" "Mozilla/5.0 (Windows NT 10.0; Win64; x64) AppleWebKit/537.36 (KHTML, like Gecko) Chrome/107.0.0.0 Safari/537.36"
159.138.24.101 - - [07/Feb/2025:06:01:39 -0600] "GET /fblslia/how-to-plug-in-fans.html HTTP/1.1" 101 - "http://impactplugin.calvarycrossag.com/fblslia/how-to-plug-in-fans.html" "Mozilla/5.0 (Windows NT 10.0; Win64; x64) AppleWebKit/537.36 (KHTML, like Gecko) Chrome/107.0.0.0 Safari/537.36"
147.78.47.38 - - [07/Feb/2025:06:02:54 -0600] "GET /index.php/jk HTTP/1.1" 200 - "-" "Mozilla/5.0 (Macintosh; Intel Mac OS X 10.11; rv:103.0) Gecko/20100101 Firefox/102.0"
87.250.224.207 - - [07/Feb/2025:06:03:05 -0600] "GET /aqhrp/2006-riddims-list.html HTTP/1.1" 200 28117 "-" "Mozilla/5.0 (compatible; YandexBot/3.0; +http://yandex.com/bots)"
66.220.149.23 - - [07/Feb/2025:06:03:57 -0600] "GET /aqhrp/karvonen-funeral-home-obituaries-near-dubai.html HTTP/1.1" 200 45346 "-" "meta-externalagent/1.1 (+https://developers.facebook.com/docs/sharing/webmasters/crawler)"
47.128.48.169 - - [07/Feb/2025:06:06:13 -0600] "GET /fblslia/sponsored-caregiving-jobs-in-usa.html HTTP/1.1" 200 53257 "-" "Mozilla/5.0 (Linux; Android 5.0) AppleWebKit/537.36 (KHTML, like Gecko) Mobile Safari/537.36 (compatible; Bytespider; spider-feedback@bytedance.com)"
190.92.241.23 - - [07/Feb/2025:06:06:18 -0600] "GET /fblslia/milwaukee-accidents-today.html HTTP/2.0" 200 48137 "http://impactplugin.calvarycrossag.com/fblslia/milwaukee-accidents-today.html" "Mozilla/5.0 (Windows NT 10.0; Win64; x64) AppleWebKit/537.36 (KHTML, like Gecko) Chrome/101.0.4951.67 Safari/537.36"
190.92.241.23 - - [07/Feb/2025:06:06:18 -0600] "GET /fblslia/milwaukee-accidents-today.html HTTP/1.1" 101 - "http://impactplugin.calvarycrossag.com/fblslia/milwaukee-accidents-today.html" "Mozilla/5.0 (Windows NT 10.0; Win64; x64) AppleWebKit/537.36 (KHTML, like Gecko) Chrome/101.0.4951.67 Safari/537.36"
213.180.203.90 - - [07/Feb/2025:06:06:40 -0600] "GET /aqhrp/peter-greenshields.html HTTP/1.1" 200 37601 "-" "Mozilla/5.0 (compatible; YandexBot/3.0; +http://yandex.com/bots)"
119.8.28.125 - - [07/Feb/2025:06:07:28 -0600] "GET /fblslia/cloudfront-free-account.html HTTP/2.0" 200 39985 "http://impactplugin.calvarycrossag.com/fblslia/cloudfront-free-account.html" "Mozilla/5.0 (Macintosh; Intel Mac OS X 10_15_7) AppleWebKit/537.36 (KHTML, like Gecko) Chrome/120.0.0.0 Safari/537.36"
47.82.11.71 - - [07/Feb/2025:06:07:34 -0600] "GET /aqhrp/kuhler-funeral-home-obituaries.html HTTP/1.1" 200 40723 "http://impactplugin.calvarycrossag.com/aqhrp/kuhler-funeral-home-obituaries.html" "Mozilla/5.0 (Windows NT 10.0; Win64; x64) AppleWebKit/537.36 (KHTML, like Gecko) Chrome/114.0.0.0 Safari/537.36 Edg/114.0.1823.43"
119.8.28.125 - - [07/Feb/2025:06:07:28 -0600] "GET /fblslia/cloudfront-free-account.html HTTP/1.1" 101 - "http://impactplugin.calvarycrossag.com/fblslia/cloudfront-free-account.html" "Mozilla/5.0 (Macintosh; Intel Mac OS X 10_15_7) AppleWebKit/537.36 (KHTML, like Gecko) Chrome/120.0.0.0 Safari/537.36"
47.82.11.8 - - [07/Feb/2025:06:07:35 -0600] "GET /aqhrp/recent-deaths-in-marshalltown-iowa.html HTTP/1.1" 200 34484 "http://impactplugin.calvarycrossag.com/aqhrp/recent-deaths-in-marshalltown-iowa.html" "Mozilla/5.0 (Windows NT 10.0; Win64; x64) AppleWebKit/537.36 (KHTML, like Gecko) Chrome/114.0.0.0 Safari/537.36 Edg/114.0.1823.43"
216.244.66.234 - - [07/Feb/2025:06:08:49 -0600] "GET /robots.txt HTTP/1.1" 200 1017 "-" "Mozilla/5.0 (compatible; DotBot/1.2; +https://opensiteexplorer.org/dotbot; help@moz.com)"
47.82.11.36 - - [07/Feb/2025:06:09:43 -0600] "GET /aqhrp/villain-deku-x-bakugou-fan-fiction.html HTTP/1.1" 200 30587 "http://impactplugin.calvarycrossag.com/aqhrp/villain-deku-x-bakugou-fan-fiction.html" "Mozilla/5.0 (Windows NT 10.0; Win64; x64) AppleWebKit/537.36 (KHTML, like Gecko) Chrome/114.0.0.0 Safari/537.36 Edg/114.0.1823.43"
47.82.11.198 - - [07/Feb/2025:06:09:50 -0600] "GET /aqhrp/albion-il-funeral-homes.html HTTP/1.1" 200 35379 "http://impactplugin.calvarycrossag.com/aqhrp/albion-il-funeral-homes.html" "Mozilla/5.0 (Windows NT 10.0; Win64; x64) AppleWebKit/537.36 (KHTML, like Gecko) Chrome/114.0.0.0 Safari/537.36 Edg/114.0.1823.43"
190.105.213.16 - - [07/Feb/2025:06:10:43 -0600] "GET /assets/images/wcrmxg.php HTTP/1.1" 200 5717 "-" "Mozilla/5.0 (Windows NT 10.0; Win64; x64) AppleWebKit/537.36 (KHTML, like Gecko) Chrome/130.0.0.0 Safari/537.36"
190.105.213.16 - - [07/Feb/2025:06:10:51 -0600] "GET /favicon.ico HTTP/1.1" 200 - "http://impactplugin.calvarycrossag.com/assets/images/wcrmxg.php" "Mozilla/5.0 (Windows NT 10.0; Win64; x64) AppleWebKit/537.36 (KHTML, like Gecko) Chrome/130.0.0.0 Safari/537.36"
190.105.213.16 - - [07/Feb/2025:06:10:56 -0600] "POST /assets/images/wcrmxg.php HTTP/1.1" 200 4028028 "http://impactplugin.calvarycrossag.com/assets/images/wcrmxg.php" "Mozilla/5.0 (Windows NT 10.0; Win64; x64) AppleWebKit/537.36 (KHTML, like Gecko) Chrome/130.0.0.0 Safari/537.36"
190.105.213.16 - - [07/Feb/2025:06:11:05 -0600] "GET /favicon.ico HTTP/1.1" 200 - "http://impactplugin.calvarycrossag.com/assets/images/wcrmxg.php" "Mozilla/5.0 (Windows NT 10.0; Win64; x64) AppleWebKit/537.36 (KHTML, like Gecko) Chrome/130.0.0.0 Safari/537.36"
47.82.11.199 - - [07/Feb/2025:06:11:10 -0600] "GET /aqhrp/acca-epsm-module-7-answers.html HTTP/1.1" 200 26695 "http://impactplugin.calvarycrossag.com/aqhrp/acca-epsm-module-7-answers.html" "Mozilla/5.0 (Windows NT 10.0; Win64; x64) AppleWebKit/537.36 (KHTML, like Gecko) Chrome/114.0.0.0 Safari/537.36 Edg/114.0.1823.43"
47.82.11.193 - - [07/Feb/2025:06:11:43 -0600] "GET /aqhrp/mndot-crashes-today.html HTTP/1.1" 200 34129 "http://impactplugin.calvarycrossag.com/aqhrp/mndot-crashes-today.html" "Mozilla/5.0 (Windows NT 10.0; Win64; x64) AppleWebKit/537.36 (KHTML, like Gecko) Chrome/114.0.0.0 Safari/537.36 Edg/114.0.1823.43"
47.82.11.36 - - [07/Feb/2025:06:11:48 -0600] "GET /fblslia/columbus-ga-death-records.html HTTP/1.1" 200 29631 "http://impactplugin.calvarycrossag.com/fblslia/columbus-ga-death-records.html" "Mozilla/5.0 (Windows NT 10.0; Win64; x64) AppleWebKit/537.36 (KHTML, like Gecko) Chrome/114.0.0.0 Safari/537.36 Edg/114.0.1823.43"
