Your IP : 18.222.169.35
213.176.73.78 - - [25/Feb/2025:00:08:59 -0600] "GET / HTTP/1.1" 200 2327 "-" "Mozilla/5.0 (Macintosh; Intel Mac OS X 10_12_0) AppleWebKit/537.36 (KHTML, like Gecko) Chrome/56.0.2979.57 Safari/537.36"
213.176.73.78 - - [25/Feb/2025:00:08:59 -0600] "GET /wp-content/plugins/wp-file-upload/wfu_file_downloader.php?file=p&ticket=H&handler=dboption&session_legacy=1&dboption_base=cookies&dboption_useold=0&wfu_cookie=wp_wpfileupload_9 HTTP/1.1" 403 2327 "http://offwins.calvarycrossag.com/" "Mozilla/5.0 (Macintosh; Intel Mac OS X 10_12_0) AppleWebKit/537.36 (KHTML, like Gecko) Chrome/56.0.2979.57 Safari/537.36"
213.176.73.78 - - [25/Feb/2025:00:09:01 -0600] "POST /wp-content/plugins/wp-file-upload/wfu_file_downloader.php?file=p&ticket=H&handler=dboption&session_legacy=1&dboption_base=cookies&dboption_useold=0&wfu_cookie=wp_wpfileupload_9 HTTP/1.1" 403 2327 "http://offwins.calvarycrossag.com/wp-content/plugins/wp-file-upload/wfu_file_downloader.php?file=p&ticket=H&handler=dboption&session_legacy=1&dboption_base=cookies&dboption_useold=0&wfu_cookie=wp_wpfileupload_9" "Mozilla/5.0 (Macintosh; Intel Mac OS X 10_12_0) AppleWebKit/537.36 (KHTML, like Gecko) Chrome/56.0.2979.57 Safari/537.36"
213.176.73.78 - - [25/Feb/2025:00:09:03 -0600] "POST /wp-content/plugins/wp-file-upload/wfu_file_downloader.php?file=p&ticket=H&handler=dboption&session_legacy=1&dboption_base=cookies&dboption_useold=0&wfu_cookie=wp_wpfileupload_9 HTTP/1.1" 403 2327 "http://offwins.calvarycrossag.com/wp-content/plugins/wp-file-upload/wfu_file_downloader.php?file=p&ticket=H&handler=dboption&session_legacy=1&dboption_base=cookies&dboption_useold=0&wfu_cookie=wp_wpfileupload_9" "Mozilla/5.0 (Macintosh; Intel Mac OS X 10_12_0) AppleWebKit/537.36 (KHTML, like Gecko) Chrome/56.0.2979.57 Safari/537.36"
213.176.73.78 - - [25/Feb/2025:00:09:04 -0600] "POST /wp-content/plugins/wp-file-upload/wfu_file_downloader.php?file=p&ticket=H&handler=dboption&session_legacy=1&dboption_base=cookies&dboption_useold=0&wfu_cookie=wp_wpfileupload_9 HTTP/1.1" 403 2327 "http://offwins.calvarycrossag.com/wp-content/plugins/wp-file-upload/wfu_file_downloader.php?file=p&ticket=H&handler=dboption&session_legacy=1&dboption_base=cookies&dboption_useold=0&wfu_cookie=wp_wpfileupload_9" "Mozilla/5.0 (Macintosh; Intel Mac OS X 10_12_0) AppleWebKit/537.36 (KHTML, like Gecko) Chrome/56.0.2979.57 Safari/537.36"
213.176.73.78 - - [25/Feb/2025:00:09:05 -0600] "GET /wp-content/plugins/wp-file-upload/f72a2edf155f.php HTTP/1.1" 403 2327 "http://offwins.calvarycrossag.com/wp-content/plugins/wp-file-upload/wfu_file_downloader.php?file=p&ticket=H&handler=dboption&session_legacy=1&dboption_base=cookies&dboption_useold=0&wfu_cookie=wp_wpfileupload_9" "Mozilla/5.0 (Macintosh; Intel Mac OS X 10_12_0) AppleWebKit/537.36 (KHTML, like Gecko) Chrome/56.0.2979.57 Safari/537.36"
213.176.73.78 - - [25/Feb/2025:00:20:15 -0600] "GET / HTTP/1.1" 200 2327 "-" "Mozilla/5.0 (X11; Ubuntu; Linux i686; rv:48.0) Gecko/20100101 Firefox/48.0"
213.176.73.78 - - [25/Feb/2025:00:20:16 -0600] "GET /wp-content/plugins/wp-file-upload/wfu_file_downloader.php?file=p&ticket=H&handler=dboption&session_legacy=1&dboption_base=cookies&dboption_useold=0&wfu_cookie=wp_wpfileupload_9 HTTP/1.1" 403 2327 "http://offwins.calvarycrossag.com/" "Mozilla/5.0 (X11; Ubuntu; Linux i686; rv:48.0) Gecko/20100101 Firefox/48.0"
213.176.73.78 - - [25/Feb/2025:00:20:17 -0600] "POST /wp-content/plugins/wp-file-upload/wfu_file_downloader.php?file=p&ticket=H&handler=dboption&session_legacy=1&dboption_base=cookies&dboption_useold=0&wfu_cookie=wp_wpfileupload_9 HTTP/1.1" 403 2327 "http://offwins.calvarycrossag.com/wp-content/plugins/wp-file-upload/wfu_file_downloader.php?file=p&ticket=H&handler=dboption&session_legacy=1&dboption_base=cookies&dboption_useold=0&wfu_cookie=wp_wpfileupload_9" "Mozilla/5.0 (X11; Ubuntu; Linux i686; rv:48.0) Gecko/20100101 Firefox/48.0"
213.176.73.78 - - [25/Feb/2025:00:20:47 -0600] "POST /wp-content/plugins/wp-file-upload/wfu_file_downloader.php?file=p&ticket=H&handler=dboption&session_legacy=1&dboption_base=cookies&dboption_useold=0&wfu_cookie=wp_wpfileupload_9 HTTP/1.1" 403 2327 "http://offwins.calvarycrossag.com/wp-content/plugins/wp-file-upload/wfu_file_downloader.php?file=p&ticket=H&handler=dboption&session_legacy=1&dboption_base=cookies&dboption_useold=0&wfu_cookie=wp_wpfileupload_9" "Mozilla/5.0 (X11; Ubuntu; Linux i686; rv:48.0) Gecko/20100101 Firefox/48.0"
213.176.73.78 - - [25/Feb/2025:00:20:48 -0600] "POST /wp-content/plugins/wp-file-upload/wfu_file_downloader.php?file=p&ticket=H&handler=dboption&session_legacy=1&dboption_base=cookies&dboption_useold=0&wfu_cookie=wp_wpfileupload_9 HTTP/1.1" 403 2327 "http://offwins.calvarycrossag.com/wp-content/plugins/wp-file-upload/wfu_file_downloader.php?file=p&ticket=H&handler=dboption&session_legacy=1&dboption_base=cookies&dboption_useold=0&wfu_cookie=wp_wpfileupload_9" "Mozilla/5.0 (X11; Ubuntu; Linux i686; rv:48.0) Gecko/20100101 Firefox/48.0"
213.176.73.78 - - [25/Feb/2025:00:20:49 -0600] "GET /wp-content/plugins/wp-file-upload/f72a2edf155f.php HTTP/1.1" 403 2327 "http://offwins.calvarycrossag.com/wp-content/plugins/wp-file-upload/wfu_file_downloader.php?file=p&ticket=H&handler=dboption&session_legacy=1&dboption_base=cookies&dboption_useold=0&wfu_cookie=wp_wpfileupload_9" "Mozilla/5.0 (X11; Ubuntu; Linux i686; rv:48.0) Gecko/20100101 Firefox/48.0"
213.176.73.78 - - [25/Feb/2025:00:31:17 -0600] "GET / HTTP/1.1" 301 - "-" "Mozilla/5.0 (Macintosh; Intel Mac OS X 10_9_3) AppleWebKit/537.36 (KHTML, like Gecko) Chrome/55.0.2884.59 Safari/537.36"
213.176.73.78 - - [25/Feb/2025:00:53:12 -0600] "GET / HTTP/1.1" 301 - "-" "Mozilla/5.0 (Windows NT 6.1; Win64; x64) AppleWebKit/537.36 (KHTML, like Gecko) Chrome/52.0.2747.47 Safari/537.36"
213.176.73.78 - - [25/Feb/2025:01:02:16 -0600] "GET / HTTP/1.1" 301 - "-" "Mozilla/5.0 (Macintosh; Intel Mac OS X 10_9_2) AppleWebKit/537.36 (KHTML, like Gecko) Chrome/53.0.2830.32 Safari/537.36"
147.185.132.22 - - [25/Feb/2025:01:08:10 -0600] "GET /wp-login.php HTTP/1.1" 302 - "-" "Expanse, a Palo Alto Networks company, searches across the global IPv4 space multiple times per day to identify customers' presences on the Internet. If you would like to be excluded from our scans, please send IP addresses/domains to: scaninfo@paloaltonetworks.com"
205.210.31.35 - - [25/Feb/2025:01:08:20 -0600] "GET /wp-login.php HTTP/1.1" 302 - "-" "Expanse, a Palo Alto Networks company, searches across the global IPv4 space multiple times per day to identify customers' presences on the Internet. If you would like to be excluded from our scans, please send IP addresses/domains to: scaninfo@paloaltonetworks.com"
176.114.224.141 - - [25/Feb/2025:01:25:58 -0600] "GET / HTTP/1.1" 301 - "-" "Mozilla/5.0 (Windows NT 10.0) AppleWebKit/537.36 (KHTML, like Gecko) Chrome/53.0.2834.30 Safari/537.36"
162.240.164.25 - - [25/Feb/2025:01:47:14 -0600] "GET /.well-known/acme-challenge/AYBWC6NRFRZSGUC6O5WI2YKPYMZSWOAW HTTP/1.1" 200 64 "-" "Cpanel-HTTP-Client/1.0"
162.240.164.25 - - [25/Feb/2025:01:47:14 -0600] "GET /.well-known/acme-challenge/QBX-YF-O72D3X1Y8P-A_-QQCS_2JCG2F HTTP/1.1" 200 64 "-" "Cpanel-HTTP-Client/1.0"
213.176.73.78 - - [25/Feb/2025:01:51:56 -0600] "GET / HTTP/1.1" 301 - "-" "Mozilla/5.0 (Windows NT 6.2; rv:50.0) Gecko/20100101 Firefox/50.0"
213.176.73.78 - - [25/Feb/2025:01:56:03 -0600] "GET / HTTP/1.1" 301 - "-" "Mozilla/5.0 (X11; Linux i686 on x86_64) AppleWebKit/537.36 (KHTML, like Gecko) Chrome/51.0.2729.73 Safari/537.36"
213.176.73.78 - - [25/Feb/2025:02:01:16 -0600] "GET / HTTP/1.1" 301 - "-" "Mozilla/5.0 (X11; Ubuntu; Linux i686; rv:47.0) Gecko/20100101 Firefox/47.0"
176.114.224.141 - - [25/Feb/2025:02:29:53 -0600] "GET / HTTP/1.1" 301 - "-" "Mozilla/5.0 (Windows NT 10.0) AppleWebKit/537.36 (KHTML, like Gecko) Chrome/56.0.2934.40 Safari/537.36"
176.114.224.141 - - [25/Feb/2025:02:47:01 -0600] "GET / HTTP/1.1" 301 - "-" "Mozilla/5.0 (X11; Linux x86_64) AppleWebKit/537.36 (KHTML, like Gecko) Chrome/50.0.2686.24 Safari/537.36"
176.114.224.141 - - [25/Feb/2025:02:47:04 -0600] "GET / HTTP/1.1" 301 - "-" "Mozilla/5.0 (compatible; MSIE 10.0; Windows NT 6.1; Win64; x64; Trident/6.0)"
213.176.73.78 - - [25/Feb/2025:03:35:17 -0600] "GET / HTTP/1.1" 301 - "-" "Mozilla/5.0 (Windows NT 6.1; Win64; x64) AppleWebKit/537.36 (KHTML, like Gecko) Chrome/51.0.2730.84 Safari/537.36"
213.176.73.78 - - [25/Feb/2025:03:37:12 -0600] "GET / HTTP/1.1" 301 - "-" "Mozilla/5.0 (X11; Ubuntu; Linux i686) AppleWebKit/537.36 (KHTML, like Gecko) Chrome/53.0.2809.85 Safari/537.36"
138.124.78.239 - - [25/Feb/2025:03:52:32 -0600] "GET / HTTP/1.1" 301 - "-" "Mozilla/5.0 (Windows NT 6.2; Win64; x64) AppleWebKit/537.36 (KHTML, like Gecko) Chrome/51.0.2727.3 Safari/537.36"
213.176.73.78 - - [25/Feb/2025:04:09:59 -0600] "GET / HTTP/1.1" 301 - "-" "Mozilla/5.0 (Macintosh; Intel Mac OS X 10_9_3) AppleWebKit/537.36 (KHTML, like Gecko) Chrome/50.0.2688.74 Safari/537.36"
176.114.224.141 - - [25/Feb/2025:04:11:10 -0600] "GET / HTTP/1.1" 301 - "-" "Mozilla/5.0 (Windows NT 6.3) AppleWebKit/537.36 (KHTML, like Gecko) Chrome/49.0.2623.73 Safari/537.36"
115.231.78.6 - - [25/Feb/2025:04:15:18 -0600] "GET / HTTP/1.1" 301 - "-" "Mozilla/5.0 (Windows NT 6.1) AppleWebKit/537.36 (KHTML, like Gecko) Chrome/71.0.2623.112 Safari/537.36"
115.231.78.6 - - [25/Feb/2025:04:15:45 -0600] "GET / HTTP/1.1" 301 - "-" "Mozilla/5.0 (Windows NT 6.1; WOW64) AppleWebKit/537.36 (KHTML, like Gecko) Chrome/63.0.3239.132 Safari/537.36 QIHU 360SE"
115.231.78.6 - - [25/Feb/2025:04:15:55 -0600] "GET /favicon.ico HTTP/1.1" 301 - "-" "Mozilla/5.0 (Windows NT 6.1; WOW64) AppleWebKit/537.36 (KHTML, like Gecko) Chrome/63.0.3239.132 Safari/537.36 QIHU 360SE"
115.231.78.6 - - [25/Feb/2025:04:16:07 -0600] "GET /robots.txt HTTP/1.1" 200 1459 "-" "Mozilla/5.0 (Windows NT 6.1; WOW64) AppleWebKit/537.36 (KHTML, like Gecko) Chrome/63.0.3239.132 Safari/537.36 QIHU 360SE"
213.176.73.78 - - [25/Feb/2025:04:21:20 -0600] "GET / HTTP/1.1" 301 - "-" "Mozilla/5.0 (Macintosh; Intel Mac OS X 10_10_4) AppleWebKit/537.36 (KHTML, like Gecko) Chrome/54.0.2857.2 Safari/537.36"
213.176.73.78 - - [25/Feb/2025:04:38:08 -0600] "GET / HTTP/1.1" 301 - "-" "Mozilla/5.0 (compatible; MSIE 9.0; Windows NT 10.0; WOW64; Trident/5.0)"
176.114.224.141 - - [25/Feb/2025:04:42:57 -0600] "GET / HTTP/1.1" 301 - "-" "Mozilla/5.0 (Windows NT 6.2; rv:47.0) Gecko/20100101 Firefox/47.0"
162.240.164.25 - - [25/Feb/2025:04:47:13 -0600] "GET /.well-known/acme-challenge/G_IKCDZRWKJCJTHNWS6652CYC7VGB5MG HTTP/1.1" 200 64 "-" "Cpanel-HTTP-Client/1.0"
162.240.164.25 - - [25/Feb/2025:04:47:13 -0600] "GET /.well-known/acme-challenge/EJJ7JMAQ6SF04RVOHY27I_RPCM9AZ3_P HTTP/1.1" 200 64 "-" "Cpanel-HTTP-Client/1.0"
213.176.73.78 - - [25/Feb/2025:05:08:06 -0600] "GET / HTTP/1.1" 301 - "-" "Mozilla/5.0 (compatible; MSIE 8.0; Windows NT 10.0; Trident/4.0)"
213.176.73.78 - - [25/Feb/2025:05:10:03 -0600] "GET / HTTP/1.1" 301 - "-" "Mozilla/5.0 (Windows NT 6.1) AppleWebKit/537.36 (KHTML, like Gecko) Chrome/49.0.2658.88 Safari/537.36"
213.176.73.78 - - [25/Feb/2025:05:12:13 -0600] "GET / HTTP/1.1" 301 - "-" "Mozilla/5.0 (compatible; MSIE 8.0; Windows NT 6.1; WOW64; Trident/4.0)"
176.114.224.141 - - [25/Feb/2025:05:43:47 -0600] "GET / HTTP/1.1" 301 - "-" "Mozilla/5.0 (X11; Linux i686) AppleWebKit/537.36 (KHTML, like Gecko) Chrome/53.0.2827.94 Safari/537.36"
213.176.73.78 - - [25/Feb/2025:05:51:07 -0600] "GET / HTTP/1.1" 301 - "-" "Mozilla/5.0 (Windows NT 5.1; rv:45.0) Gecko/20100101 Firefox/45.0"
198.57.247.130 - - [25/Feb/2025:05:52:16 -0600] "GET /.well-known/acme-challenge/4-CTITZ3B18G45CBVCNQW4XAZ8CHFXV- HTTP/1.1" 404 - "-" "Cpanel-HTTP-Client/1.0"
198.57.247.130 - - [25/Feb/2025:05:52:21 -0600] "GET /.well-known/acme-challenge/OUUV00JH-QVHQTNKVP0OU6AUDVFV3I_U HTTP/1.1" 404 - "-" "Cpanel-HTTP-Client/1.0"
213.176.73.78 - - [25/Feb/2025:06:18:53 -0600] "GET / HTTP/1.1" 301 - "-" "Mozilla/5.0 (Macintosh; Intel Mac OS X 10_12_0) AppleWebKit/537.36 (KHTML, like Gecko) Chrome/56.0.2960.60 Safari/537.36"
213.176.73.78 - - [25/Feb/2025:06:34:35 -0600] "GET / HTTP/1.1" 301 - "-" "Mozilla/5.0 (X11; Ubuntu; Linux i686 on x86_64; rv:51.0) Gecko/20100101 Firefox/51.0"
213.176.73.78 - - [25/Feb/2025:07:11:18 -0600] "GET / HTTP/1.1" 301 - "-" "Mozilla/5.0 (compatible; MSIE 10.0; Windows NT 6.1; WOW64; Trident/6.0)"
138.124.78.239 - - [25/Feb/2025:07:11:54 -0600] "GET / HTTP/1.1" 301 - "-" "Mozilla/5.0 (Macintosh; Intel Mac OS X 10_10_0) AppleWebKit/537.36 (KHTML, like Gecko) Chrome/50.0.2673.8 Safari/537.36"
213.176.73.78 - - [25/Feb/2025:07:13:06 -0600] "GET / HTTP/1.1" 301 - "-" "Mozilla/5.0 (Macintosh; Intel Mac OS X 10.11; rv:45.0) Gecko/20100101 Firefox/45.0"
213.176.73.78 - - [25/Feb/2025:07:14:11 -0600] "GET / HTTP/1.1" 301 - "-" "Mozilla/5.0 (Windows NT 10.0; WOW64; rv:50.0) Gecko/20100101 Firefox/50.0"
162.240.164.25 - - [25/Feb/2025:07:47:14 -0600] "GET /.well-known/acme-challenge/AMQRSXAYT0AI4YO1NWT7P-QIU2-W-SLZ HTTP/1.1" 200 64 "-" "Cpanel-HTTP-Client/1.0"
162.240.164.25 - - [25/Feb/2025:07:47:15 -0600] "GET /.well-known/acme-challenge/29JKFI08AC0PAL0HHD_LXBUN0GG9TI8K HTTP/1.1" 200 64 "-" "Cpanel-HTTP-Client/1.0"
213.176.73.78 - - [25/Feb/2025:08:04:48 -0600] "GET / HTTP/1.1" 301 - "-" "Mozilla/5.0 (X11; Ubuntu; Linux x86_64) AppleWebKit/537.36 (KHTML, like Gecko) Chrome/53.0.2836.20 Safari/537.36"
213.176.73.78 - - [25/Feb/2025:08:05:47 -0600] "GET / HTTP/1.1" 301 - "-" "Mozilla/5.0 (Windows NT 5.1; Win64; x64; rv:49.0) Gecko/20100101 Firefox/49.0"
13.68.201.182 - - [25/Feb/2025:08:23:07 -0600] "HEAD /wordpress HTTP/1.1" 301 - "-" "Mozilla/5.0 (Windows NT 10.0; Win64; x64) AppleWebKit/537.36 (KHTML, like Gecko) Chrome/74.0.3729.169 Safari/537.36"
13.68.201.182 - - [25/Feb/2025:08:23:08 -0600] "HEAD / HTTP/1.1" 301 - "-" "Mozilla/5.0 (Windows NT 10.0; Win64; x64) AppleWebKit/537.36 (KHTML, like Gecko) Chrome/74.0.3729.169 Safari/537.36"
13.68.201.182 - - [25/Feb/2025:08:23:08 -0600] "HEAD /wp HTTP/1.1" 301 - "-" "Mozilla/5.0 (Windows NT 10.0; Win64; x64) AppleWebKit/537.36 (KHTML, like Gecko) Chrome/74.0.3729.169 Safari/537.36"
13.68.201.182 - - [25/Feb/2025:08:23:09 -0600] "HEAD /bc HTTP/1.1" 301 - "-" "Mozilla/5.0 (Windows NT 10.0; Win64; x64) AppleWebKit/537.36 (KHTML, like Gecko) Chrome/74.0.3729.169 Safari/537.36"
13.68.201.182 - - [25/Feb/2025:08:23:09 -0600] "HEAD /bk HTTP/1.1" 301 - "-" "Mozilla/5.0 (Windows NT 10.0; Win64; x64) AppleWebKit/537.36 (KHTML, like Gecko) Chrome/74.0.3729.169 Safari/537.36"
13.68.201.182 - - [25/Feb/2025:08:23:09 -0600] "HEAD /backup HTTP/1.1" 301 - "-" "Mozilla/5.0 (Windows NT 10.0; Win64; x64) AppleWebKit/537.36 (KHTML, like Gecko) Chrome/74.0.3729.169 Safari/537.36"
13.68.201.182 - - [25/Feb/2025:08:23:10 -0600] "HEAD /old HTTP/1.1" 301 - "-" "Mozilla/5.0 (Windows NT 10.0; Win64; x64) AppleWebKit/537.36 (KHTML, like Gecko) Chrome/74.0.3729.169 Safari/537.36"
13.68.201.182 - - [25/Feb/2025:08:23:10 -0600] "HEAD /new HTTP/1.1" 301 - "-" "Mozilla/5.0 (Windows NT 10.0; Win64; x64) AppleWebKit/537.36 (KHTML, like Gecko) Chrome/74.0.3729.169 Safari/537.36"
13.68.201.182 - - [25/Feb/2025:08:23:11 -0600] "HEAD /main HTTP/1.1" 301 - "-" "Mozilla/5.0 (Windows NT 10.0; Win64; x64) AppleWebKit/537.36 (KHTML, like Gecko) Chrome/74.0.3729.169 Safari/537.36"
13.68.201.182 - - [25/Feb/2025:08:23:11 -0600] "HEAD /home HTTP/1.1" 301 - "-" "Mozilla/5.0 (Windows NT 10.0; Win64; x64) AppleWebKit/537.36 (KHTML, like Gecko) Chrome/74.0.3729.169 Safari/537.36"
176.114.224.141 - - [25/Feb/2025:08:41:29 -0600] "GET / HTTP/1.1" 301 - "-" "Mozilla/5.0 (X11; Ubuntu; Linux i686) AppleWebKit/537.36 (KHTML, like Gecko) Chrome/49.0.2645.90 Safari/537.36"
176.114.224.141 - - [25/Feb/2025:08:41:46 -0600] "GET / HTTP/1.1" 301 - "-" "Mozilla/5.0 (X11; Ubuntu; Linux x86_64) AppleWebKit/537.36 (KHTML, like Gecko) Chrome/51.0.2733.60 Safari/537.36"
213.176.73.78 - - [25/Feb/2025:08:48:39 -0600] "GET / HTTP/1.1" 301 - "-" "Mozilla/5.0 (Macintosh; Intel Mac OS X 10.12; rv:48.0) Gecko/20100101 Firefox/48.0"
176.114.224.141 - - [25/Feb/2025:09:14:01 -0600] "GET / HTTP/1.1" 301 - "-" "Mozilla/5.0 (X11; Ubuntu; Linux x86_64; rv:48.0) Gecko/20100101 Firefox/48.0"
213.176.73.78 - - [25/Feb/2025:09:30:30 -0600] "GET / HTTP/1.1" 301 - "-" "Mozilla/5.0 (X11; Linux i686; rv:45.0) Gecko/20100101 Firefox/45.0"
176.114.224.141 - - [25/Feb/2025:09:36:29 -0600] "GET / HTTP/1.1" 301 - "-" "Mozilla/5.0 (Windows NT 5.1; rv:46.0) Gecko/20100101 Firefox/46.0"
213.176.73.78 - - [25/Feb/2025:09:46:10 -0600] "GET / HTTP/1.1" 301 - "-" "Mozilla/5.0 (Windows NT 6.1; WOW64) AppleWebKit/537.36 (KHTML, like Gecko) Chrome/49.0.2656.29 Safari/537.36"
213.176.73.78 - - [25/Feb/2025:10:19:00 -0600] "GET / HTTP/1.1" 301 - "-" "Mozilla/5.0 (Macintosh; Intel Mac OS X 10_8_1) AppleWebKit/537.36 (KHTML, like Gecko) Chrome/56.0.2963.64 Safari/537.36"
176.114.224.141 - - [25/Feb/2025:10:20:34 -0600] "GET / HTTP/1.1" 301 - "-" "Mozilla/5.0 (X11; Ubuntu; Linux i686; rv:51.0) Gecko/20100101 Firefox/51.0"
138.124.78.239 - - [25/Feb/2025:10:21:21 -0600] "GET / HTTP/1.1" 301 - "-" "Mozilla/5.0 (X11; Ubuntu; Linux i686 on x86_64; rv:45.0) Gecko/20100101 Firefox/45.0"
176.114.224.141 - - [25/Feb/2025:10:23:17 -0600] "GET / HTTP/1.1" 301 - "-" "Mozilla/5.0 (Macintosh; Intel Mac OS X 10.12; rv:50.0) Gecko/20100101 Firefox/50.0"
213.176.73.78 - - [25/Feb/2025:10:42:18 -0600] "GET / HTTP/1.1" 301 - "-" "Mozilla/5.0 (Macintosh; Intel Mac OS X 10.9; rv:46.0) Gecko/20100101 Firefox/46.0"
162.240.164.25 - - [25/Feb/2025:10:47:14 -0600] "GET /.well-known/acme-challenge/4KCT09-HUQAWQ4L-0E7N6ZJ6BUIDL00D HTTP/1.1" 200 64 "-" "Cpanel-HTTP-Client/1.0"
162.240.164.25 - - [25/Feb/2025:10:47:15 -0600] "GET /.well-known/acme-challenge/P_81PC5-MNGIXVE2G6PMBJTSOVZ7SO17 HTTP/1.1" 200 64 "-" "Cpanel-HTTP-Client/1.0"
213.176.73.78 - - [25/Feb/2025:11:11:16 -0600] "GET / HTTP/1.1" 301 - "-" "Mozilla/5.0 (X11; Ubuntu; Linux x86_64) AppleWebKit/537.36 (KHTML, like Gecko) Chrome/55.0.2886.14 Safari/537.36"
213.176.73.78 - - [25/Feb/2025:11:30:13 -0600] "GET / HTTP/1.1" 301 - "-" "Mozilla/5.0 (Macintosh; Intel Mac OS X 10.12; rv:48.0) Gecko/20100101 Firefox/48.0"
176.114.224.141 - - [25/Feb/2025:11:58:07 -0600] "GET / HTTP/1.1" 301 - "-" "Mozilla/5.0 (X11; Linux i686 on x86_64) AppleWebKit/537.36 (KHTML, like Gecko) Chrome/52.0.2760.23 Safari/537.36"
213.176.73.78 - - [25/Feb/2025:12:20:27 -0600] "GET / HTTP/1.1" 301 - "-" "Mozilla/5.0 (Macintosh; Intel Mac OS X 10.11; rv:48.0) Gecko/20100101 Firefox/48.0"
176.114.224.141 - - [25/Feb/2025:12:43:49 -0600] "GET / HTTP/1.1" 301 - "-" "Mozilla/5.0 (Windows NT 5.1; rv:47.0) Gecko/20100101 Firefox/47.0"
176.114.224.141 - - [25/Feb/2025:12:43:51 -0600] "GET / HTTP/1.1" 301 - "-" "Mozilla/5.0 (Windows NT 5.1; Win64; x64; rv:49.0) Gecko/20100101 Firefox/49.0"
213.176.73.78 - - [25/Feb/2025:12:52:19 -0600] "GET / HTTP/1.1" 301 - "-" "Mozilla/5.0 (compatible; MSIE 9.0; Windows NT 6.2; Win64; x64; Trident/5.0)"
213.176.73.78 - - [25/Feb/2025:13:12:59 -0600] "GET / HTTP/1.1" 301 - "-" "Mozilla/5.0 (Windows NT 10.0; WOW64; rv:46.0) Gecko/20100101 Firefox/46.0"